--------- beginning of /dev/log/main
08-27 20:39:09.789 I/GCoreUlr( 867): Received powerMode change from NLP: com.google.android.location.activity.LOW_POWER_MODE_ENABLED
08-27 20:39:09.789 I/GCoreUlr( 867): Starting service, intent=Intent { act=com.google.android.location.reporting.ACTION_UPDATE_ACTIVE_STATE cmp=xxxx }, extras=null
08-27 20:39:09.819 I/GCoreUlr( 867): Successfully inserted location
08-27 20:39:09.819 I/GCoreUlr( 867): Not calling LocationReportingService, hasMoved: false, elapsed millis: 3249072, request: Phone
08-27 20:39:09.869 I/GCoreUlr( 867): Ensuring that reporting is active for [account#15#]
08-27 20:39:09.869 I/GCoreUlr( 867): Starting service, intent=Intent { act=com.google.android.location.reporting.ACTION_LOCATION_STATUS cmp=xxxx (has extras) }, extras=Bundle[{status=LocationStatus[cell status: STATUS_SUCCESSFUL, wifi status: STATUS_SUCCESSFUL, elapsed realtime ns: 19183643000000]}]
08-27 20:41:07.159 D/Tethering( 276): interfaceLinkStateChanged wlan0, true
08-27 20:41:07.159 D/Tethering( 276): interfaceStatusChanged wlan0, true
08-27 20:42:07.939 D/SensorManager( 867): registerListener :: handle = 0 name= BOSCH 3-axis Accelerometer delay= 10000 Listener= kvn@4144c468
08-27 20:42:07.939 E/SensorManager( 867): thread start
08-27 20:42:07.939 E/SensorManager( 867): =======>>>Sensor Thread RUNNING <<<========
08-27 20:42:08.639 I/SensorManager( 867): Set normal delay = true
08-27 20:42:08.719 D/SensorManager( 867): unregisterListener:: disable all sensors for this listener, name = BOSCH 3-axis Accelerometer listener = kvn@4144c468
08-27 20:42:18.809 I/EventLogService( 737): Aggregate from 1409184738656 (log), 1409184738656 (data)
08-27 20:42:54.179 D/GCM ( 588): Ignoring attempt to send heartbeat on dead connection.
08-27 20:42:59.199 D/Tethering( 276): interfaceLinkStateChanged wlan0, true
08-27 20:42:59.199 D/Tethering( 276): interfaceStatusChanged wlan0, true
08-27 20:43:04.279 D/Tethering( 276): interfaceLinkStateChanged wlan0, true
08-27 20:43:04.279 D/Tethering( 276): interfaceStatusChanged wlan0, true
08-27 20:44:06.129 I/GCoreUlr( 867): WorldUpdater received intent Intent { act=com.google.android.location.reporting.ACTION_UPDATE_WORLD flg=0x4 cmp=xxxx (has extras) } with receiverAction null
08-27 20:44:06.199 D/SyncManager( 276): setSyncAutomatically: , provider com.google.android.location.reporting -> true
08-27 20:44:06.199 D/SyncManager( 276): setSyncAutomatically: already set to true, doing nothing
08-27 20:44:06.339 I/GCoreUlr( 867): Ensuring that reporting is active for [account#15#]
08-27 20:44:06.339 I/GCoreUlr( 867): Starting service, intent=Intent { act=com.google.android.location.reporting.ACTION_LOCATION_STATUS cmp=xxxx (has extras) }, extras=Bundle[{status=LocationStatus[cell status: STATUS_SUCCESSFUL, wifi status: STATUS_SUCCESSFUL, elapsed realtime ns: 19183643000000]}]
08-27 20:44:06.349 I/AdsMeasurementBroadcastReceiver( 737): Reporting settings might have changed, alerting AdsMeasurementService
08-27 20:44:06.359 D/AdsMeasurementBroadcastReceiver( 737): Unauthorized to start the main service
08-27 20:45:06.899 D/SensorManager( 867): registerListener :: handle = 0 name= BOSCH 3-axis Accelerometer delay= 10000 Listener= kvn@4124a640
08-27 20:45:06.899 E/SensorManager( 867): thread start
08-27 20:45:06.899 E/SensorManager( 867): =======>>>Sensor Thread RUNNING <<<========
08-27 20:45:07.589 I/SensorManager( 867): Set normal delay = true
08-27 20:45:07.669 D/SensorManager( 867): unregisterListener:: disable all sensors for this listener, name = BOSCH 3-axis Accelerometer listener = kvn@4124a640
08-27 20:45:24.369 D/GpsLocationProvider( 276): ALARM_WAKEUP
08-27 20:45:24.369 D/GpsLocationProvider( 276): startNavigating
08-27 20:45:24.369 D/GpsLocationProvider( 276): GlobalConfig.GLOBALCONFIG_GPS_CDMA=true
08-27 20:45:24.369 D/GpsLocationProvider( 276): startNavigating with Position Mode = 0
08-27 20:45:24.369 E/libsecgps( 276): gps_start:
08-27 20:45:24.409 V/GpsLocationProvider( 276): reportStatus status: 3
08-27 20:45:24.409 V/GpsLocationProvider( 276): reportStatus status: 1
08-27 20:45:33.359 E/GPSD ( 119): SecLBS_update_location:
08-27 20:45:33.359 D/GpsLocationProvider( 276): TTFF: 8989
08-27 20:45:33.359 D/GpsLocationProvider( 276): got fix, hibernating
08-27 20:45:33.359 D/GpsLocationProvider( 276): stopNavigating
08-27 20:45:33.359 E/libsecgps( 276): gps_stop:
08-27 20:45:33.399 V/GpsLocationProvider( 276): reportStatus status: 2
08-27 20:45:33.399 V/GpsLocationProvider( 276): reportStatus status: 4
08-27 20:45:33.439 D/MyGPSClockApp( 6043): +onLocationChanged
08-27 20:45:33.439 D/MyGPSClockApp( 6043): +getGPSDatetime
08-27 20:45:33.439 D/MyGPSClockApp( 6043): GPSTime: 1409204750000
08-27 20:45:33.449 D/MyGPSClockApp( 6043): GPS Current time: Thu Aug 28 01:45:50 EDT 2014
08-27 20:45:33.449 D/MyGPSClockApp( 6043): -getGPSDatetime
08-27 20:45:33.449 D/MyGPSClockApp( 6043): -onLocationChanged
08-27 20:45:33.499 V/GpsLocationProvider( 276): reportStatus status: 2
08-27 20:45:33.729 I/GCoreUlr( 867): Successfully inserted location
08-27 20:45:33.769 I/GCoreUlr( 867): Starting service, intent=Intent { cmp=xxxx }, extras=null
08-27 20:45:34.049 W/GLSUser ( 588): GoogleAccountDataService.getToken()
08-27 20:45:34.179 W/NetworkManagementSocketTagger( 867): untagSocket(55) failed with errno -22
08-27 20:45:34.189 I/mbh ( 867): I/O exception (org.apache.http.NoHttpResponseException) caught when processing request: The target server failed to respond
08-27 20:45:34.189 I/mbh ( 867): Retrying request
08-27 20:45:34.609 I/GCoreUlr( 867): Starting service, intent=Intent { act=com.google.android.location.reporting.ACTION_UPDATE_ACTIVE_STATE cmp=xxxx }, extras=null
08-27 20:45:34.619 I/AdsMeasurementBroadcastReceiver( 737): Reporting settings might have changed, alerting AdsMeasurementService
08-27 20:45:34.619 D/AdsMeasurementBroadcastReceiver( 737): Unauthorized to start the main service
08-27 20:45:34.629 I/GCoreUlr( 867): Batch Location Update succeeded for account account#15#
08-27 20:45:34.639 E/SqliteDatabaseCpp( 867): sqlite3_exec - Failed to set synchronous mode = 1(Normal)
08-27 20:45:34.759 I/GCoreUlr( 867): Ensuring that reporting is active for [account#15#]
08-27 20:45:34.769 I/GCoreUlr( 867): Starting service, intent=Intent { act=com.google.android.location.reporting.ACTION_LOCATION_STATUS cmp=xxxx (has extras) }, extras=Bundle[{status=LocationStatus[cell status: STATUS_SUCCESSFUL, wifi status: STATUS_SUCCESSFUL, elapsed realtime ns: 19183643000000]}]
08-27 20:45:54.169 D/Tethering( 276): interfaceLinkStateChanged wlan0, true
08-27 20:45:54.169 D/Tethering( 276): interfaceStatusChanged wlan0, true
08-27 20:46:08.429 D/Tethering( 276): interfaceLinkStateChanged wlan0, true
08-27 20:46:08.429 D/Tethering( 276): interfaceStatusChanged wlan0, true
08-27 20:46:37.909 D/Tethering( 276): interfaceLinkStateChanged wlan0, true
08-27 20:46:37.909 D/Tethering( 276): interfaceStatusChanged wlan0, true
08-27 20:46:42.919 D/Tethering( 276): interfaceLinkStateChanged wlan0, true
08-27 20:46:42.919 D/Tethering( 276): interfaceStatusChanged wlan0, true
08-27 20:48:05.849 D/SensorManager( 867): registerListener :: handle = 0 name= BOSCH 3-axis Accelerometer delay= 10000 Listener= kvn@413a0b60
08-27 20:48:05.849 E/SensorManager( 867): thread start
08-27 20:48:05.849 E/SensorManager( 867): =======>>>Sensor Thread RUNNING <<<========
08-27 20:48:06.559 I/SensorManager( 867): Set normal delay = true
08-27 20:48:06.639 D/SensorManager( 867): unregisterListener:: disable all sensors for this listener, name = BOSCH 3-axis Accelerometer listener = kvn@413a0b60
08-27 20:49:44.689 D/Tethering( 276): interfaceLinkStateChanged wlan0, true
08-27 20:49:44.689 D/Tethering( 276): interfaceStatusChanged wlan0, true
08-27 20:51:04.809 D/SensorManager( 867): registerListener :: handle = 0 name= BOSCH 3-axis Accelerometer delay= 10000 Listener= kvn@412cb3e8
08-27 20:51:04.809 E/SensorManager( 867): thread start
08-27 20:51:04.809 E/SensorManager( 867): =======>>>Sensor Thread RUNNING <<<========
08-27 20:51:05.519 I/SensorManager( 867): Set normal delay = true
08-27 20:51:05.599 D/SensorManager( 867): unregisterListener:: disable all sensors for this listener, name = BOSCH 3-axis Accelerometer listener = kvn@412cb3e8
08-27 20:51:05.639 I/GCoreUlr( 867): Received powerMode change from NLP: com.google.android.location.activity.LOW_POWER_MODE_ENABLED
08-27 20:51:05.639 I/GCoreUlr( 867): Starting service, intent=Intent { act=com.google.android.location.reporting.ACTION_UPDATE_ACTIVE_STATE cmp=xxxx }, extras=null
08-27 20:51:05.689 I/GCoreUlr( 867): Ensuring that reporting is active for [account#15#]
08-27 20:51:05.689 I/GCoreUlr( 867): Starting service, intent=Intent { act=com.google.android.location.reporting.ACTION_LOCATION_STATUS cmp=xxxx (has extras) }, extras=Bundle[{status=LocationStatus[cell status: STATUS_SUCCESSFUL, wifi status: STATUS_SUCCESSFUL, elapsed realtime ns: 19183643000000]}]
08-27 20:54:03.789 D/SensorManager( 867): registerListener :: handle = 0 name= BOSCH 3-axis Accelerometer delay= 10000 Listener= kvn@41273bf8
08-27 20:54:03.789 E/SensorManager( 867): thread start
08-27 20:54:03.789 E/SensorManager( 867): =======>>>Sensor Thread RUNNING <<<========
08-27 20:54:04.469 I/SensorManager( 867): Set normal delay = true
08-27 20:54:04.549 D/SensorManager( 867): unregisterListener:: disable all sensors for this listener, name = BOSCH 3-axis Accelerometer listener = kvn@41273bf8
08-27 20:54:18.659 E/WifiStateMachine( 276): set suspend optimizations failed!
08-27 20:54:18.979 E/WifiStateMachine( 276): set suspend optimizations failed!
08-27 20:54:28.679 D/Tethering( 276): interfaceLinkStateChanged wlan0, true
08-27 20:54:28.679 D/Tethering( 276): interfaceStatusChanged wlan0, true
08-27 20:55:33.369 D/GpsLocationProvider( 276): ALARM_WAKEUP
08-27 20:55:33.369 D/GpsLocationProvider( 276): startNavigating
08-27 20:55:33.369 D/GpsLocationProvider( 276): GlobalConfig.GLOBALCONFIG_GPS_CDMA=true
08-27 20:55:33.369 D/GpsLocationProvider( 276): startNavigating with Position Mode = 0
08-27 20:55:33.369 E/libsecgps( 276): gps_start:
08-27 20:55:33.399 V/GpsLocationProvider( 276): reportStatus status: 3
08-27 20:55:33.399 V/GpsLocationProvider( 276): reportStatus status: 1
08-27 20:55:36.349 E/GPSD ( 119): SecLBS_update_location:
08-27 20:55:36.359 D/GpsLocationProvider( 276): TTFF: 2989
08-27 20:55:36.369 D/GpsLocationProvider( 276): got fix, hibernating
08-27 20:55:36.369 D/GpsLocationProvider( 276): stopNavigating
08-27 20:55:36.369 E/libsecgps( 276): gps_stop:
08-27 20:55:36.389 V/GpsLocationProvider( 276): reportStatus status: 2
08-27 20:55:36.399 V/GpsLocationProvider( 276): reportStatus status: 4
08-27 20:55:36.439 D/MyGPSClockApp( 6043): +onLocationChanged
08-27 20:55:36.439 D/MyGPSClockApp( 6043): +getGPSDatetime
08-27 20:55:36.439 D/MyGPSClockApp( 6043): GPSTime: 1409205353000
08-27 20:55:36.439 D/MyGPSClockApp( 6043): GPS Current time: Thu Aug 28 01:55:53 EDT 2014
08-27 20:55:36.439 D/MyGPSClockApp( 6043): -getGPSDatetime
08-27 20:55:36.439 D/MyGPSClockApp( 6043): -onLocationChanged
08-27 20:55:36.479 V/GpsLocationProvider( 276): reportStatus status: 2
08-27 20:55:36.699 I/GCoreUlr( 867): Successfully inserted location
08-27 20:55:36.709 I/GCoreUlr( 867): Not calling LocationReportingService, hasMoved: false, elapsed millis: 602978, request: Phone
08-27 20:57:08.819 E/WifiStateMachine( 276): set suspend optimizations failed!
08-27 20:57:08.849 D/SensorManager( 867): registerListener :: handle = 0 name= BOSCH 3-axis Accelerometer delay= 10000 Listener= kvn@414aec40
08-27 20:57:08.849 E/SensorManager( 867): thread start
08-27 20:57:08.849 E/SensorManager( 867): =======>>>Sensor Thread RUNNING <<<========
08-27 20:57:09.559 D/Tethering( 276): interfaceLinkStateChanged wlan0, true
08-27 20:57:09.559 D/Tethering( 276): interfaceStatusChanged wlan0, true
08-27 20:57:09.579 D/Tethering( 276): interfaceLinkStateChanged wlan0, true
08-27 20:57:09.579 D/Tethering( 276): interfaceStatusChanged wlan0, true
08-27 20:57:09.689 I/SensorManager( 867): Set normal delay = true
08-27 20:57:09.769 D/SensorManager( 867): unregisterListener:: disable all sensors for this listener, name = BOSCH 3-axis Accelerometer listener = kvn@414aec40
08-27 20:57:09.949 E/WifiStateMachine( 276): set suspend optimizations failed!
08-27 20:57:10.079 I/GCoreUlr( 867): Successfully inserted location
08-27 20:57:10.089 I/GCoreUlr( 867): Not calling LocationReportingService, hasMoved: false, elapsed millis: 696362, request: Phone
08-27 20:57:24.899 D/Tethering( 276): interfaceLinkStateChanged wlan0, true
08-27 20:57:24.899 D/Tethering( 276): interfaceStatusChanged wlan0, true
08-27 20:57:31.309 D/Tethering( 276): interfaceLinkStateChanged wlan0, true
08-27 20:57:31.309 D/Tethering( 276): interfaceStatusChanged wlan0, true
08-27 20:57:47.989 D/Tethering( 276): interfaceLinkStateChanged wlan0, true
08-27 20:57:47.989 D/Tethering( 276): interfaceStatusChanged wlan0, true
08-27 20:57:50.829 W/GamesSyncAdapter( 737): User is not G+ enabled. Aborting sync
08-27 20:57:54.269 D/GCM ( 588): Ignoring attempt to send heartbeat on dead connection.
08-27 20:57:59.299 D/Tethering( 276): interfaceLinkStateChanged wlan0, true
08-27 20:57:59.299 D/Tethering( 276): interfaceStatusChanged wlan0, true
08-27 20:58:04.379 D/Tethering( 276): interfaceLinkStateChanged wlan0, true
08-27 20:58:04.379 D/Tethering( 276): interfaceStatusChanged wlan0, true
08-27 20:58:26.349 D/Tethering( 276): interfaceLinkStateChanged wlan0, true
08-27 20:58:26.349 D/Tethering( 276): interfaceStatusChanged wlan0, true
08-27 21:00:08.099 D/SensorManager( 867): registerListener :: handle = 0 name= BOSCH 3-axis Accelerometer delay= 10000 Listener= kvn@412f2128
08-27 21:00:08.099 E/SensorManager( 867): thread start
08-27 21:00:08.099 E/SensorManager( 867): =======>>>Sensor Thread RUNNING <<<========
08-27 21:00:08.899 I/SensorManager( 867): Set normal delay = true
08-27 21:00:08.979 D/SensorManager( 867): unregisterListener:: disable all sensors for this listener, name = BOSCH 3-axis Accelerometer listener = kvn@412f2128
08-27 21:02:28.459 D/Tethering( 276): interfaceLinkStateChanged wlan0, true
08-27 21:02:28.459 D/Tethering( 276): interfaceStatusChanged wlan0, true
08-27 21:03:07.149 D/SensorManager( 867): registerListener :: handle = 0 name= BOSCH 3-axis Accelerometer delay= 10000 Listener= kvn@412aa408
08-27 21:03:07.149 E/SensorManager( 867): thread start
08-27 21:03:07.149 E/SensorManager( 867): =======>>>Sensor Thread RUNNING <<<========
08-27 21:03:07.849 I/SensorManager( 867): Set normal delay = true
08-27 21:03:07.929 D/SensorManager( 867): unregisterListener:: disable all sensors for this listener, name = BOSCH 3-axis Accelerometer listener = kvn@412aa408
08-27 21:03:07.959 I/GCoreUlr( 867): Received powerMode change from NLP: com.google.android.location.activity.LOW_POWER_MODE_ENABLED
08-27 21:03:07.959 I/GCoreUlr( 867): Starting service, intent=Intent { act=com.google.android.location.reporting.ACTION_UPDATE_ACTIVE_STATE cmp=xxxx }, extras=null
08-27 21:03:08.009 I/GCoreUlr( 867): Ensuring that reporting is active for [account#15#]
08-27 21:03:08.009 I/GCoreUlr( 867): Starting service, intent=Intent { act=com.google.android.location.reporting.ACTION_LOCATION_STATUS cmp=xxxx (has extras) }, extras=Bundle[{status=LocationStatus[cell status: STATUS_SUCCESSFUL, wifi status: STATUS_SUCCESSFUL, elapsed realtime ns: 19183643000000]}]
08-27 21:05:36.369 D/GpsLocationProvider( 276): ALARM_WAKEUP
08-27 21:05:36.369 D/GpsLocationProvider( 276): startNavigating
08-27 21:05:36.369 D/GpsLocationProvider( 276): GlobalConfig.GLOBALCONFIG_GPS_CDMA=true
08-27 21:05:36.369 D/GpsLocationProvider( 276): startNavigating with Position Mode = 0
08-27 21:05:36.369 E/libsecgps( 276): gps_start:
08-27 21:05:36.399 V/GpsLocationProvider( 276): reportStatus status: 3
08-27 21:05:36.409 V/GpsLocationProvider( 276): reportStatus status: 1
08-27 21:05:40.349 E/GPSD ( 119): SecLBS_update_location:
08-27 21:05:40.349 D/GpsLocationProvider( 276): TTFF: 3980
08-27 21:05:40.349 D/GpsLocationProvider( 276): got fix, hibernating
08-27 21:05:40.349 D/GpsLocationProvider( 276): stopNavigating
08-27 21:05:40.349 E/libsecgps( 276): gps_stop:
08-27 21:05:40.389 V/GpsLocationProvider( 276): reportStatus status: 2
08-27 21:05:40.389 V/GpsLocationProvider( 276): reportStatus status: 4
08-27 21:05:40.429 D/MyGPSClockApp( 6043): +onLocationChanged
08-27 21:05:40.429 D/MyGPSClockApp( 6043): +getGPSDatetime
08-27 21:05:40.429 D/MyGPSClockApp( 6043): GPSTime: 1409205957000
08-27 21:05:40.429 D/MyGPSClockApp( 6043): GPS Current time: Thu Aug 28 02:05:57 EDT 2014
08-27 21:05:40.429 D/MyGPSClockApp( 6043): -getGPSDatetime
08-27 21:05:40.429 D/MyGPSClockApp( 6043): -onLocationChanged
08-27 21:05:40.489 V/GpsLocationProvider( 276): reportStatus status: 2
08-27 21:05:40.719 I/GCoreUlr( 867): Successfully inserted location
08-27 21:05:40.729 I/GCoreUlr( 867): Not calling LocationReportingService, hasMoved: false, elapsed millis: 1206997, request: Phone
08-27 21:06:06.109 D/SensorManager( 867): registerListener :: handle = 0 name= BOSCH 3-axis Accelerometer delay= 10000 Listener= kvn@4113e1e0
08-27 21:06:06.109 E/SensorManager( 867): thread start
08-27 21:06:06.109 E/SensorManager( 867): =======>>>Sensor Thread RUNNING <<<========
08-27 21:06:06.789 I/SensorManager( 867): Set normal delay = true
08-27 21:06:06.869 D/SensorManager( 867): unregisterListener:: disable all sensors for this listener, name = BOSCH 3-axis Accelerometer listener = kvn@4113e1e0
08-27 21:09:05.059 D/SensorManager( 867): registerListener :: handle = 0 name= BOSCH 3-axis Accelerometer delay= 10000 Listener= kvn@41278800
08-27 21:09:05.059 E/SensorManager( 867): thread start
08-27 21:09:05.059 E/SensorManager( 867): =======>>>Sensor Thread RUNNING <<<========
08-27 21:09:05.749 I/SensorManager( 867): Set normal delay = true
08-27 21:09:05.829 D/SensorManager( 867): unregisterListener:: disable all sensors for this listener, name = BOSCH 3-axis Accelerometer listener = kvn@41278800
08-27 21:12:03.999 D/SensorManager( 867): registerListener :: handle = 0 name= BOSCH 3-axis Accelerometer delay= 10000 Listener= kvn@41155518
08-27 21:12:03.999 E/SensorManager( 867): thread start
08-27 21:12:03.999 E/SensorManager( 867): =======>>>Sensor Thread RUNNING <<<========
08-27 21:12:04.699 I/SensorManager( 867): Set normal delay = true
08-27 21:12:04.779 D/SensorManager( 867): unregisterListener:: disable all sensors for this listener, name = BOSCH 3-axis Accelerometer listener = kvn@41155518
08-27 21:12:14.359 E/WifiStateMachine( 276): set suspend optimizations failed!
08-27 21:12:14.919 E/WifiStateMachine( 276): set suspend optimizations failed!
08-27 21:12:18.939 I/EventLogService( 737): Aggregate from 1409186538818 (log), 1409186538818 (data)
08-27 21:12:24.389 D/Tethering( 276): interfaceLinkStateChanged wlan0, true
08-27 21:12:24.389 D/Tethering( 276): interfaceStatusChanged wlan0, true
08-27 21:12:54.369 D/GCM ( 588): Ignoring attempt to send heartbeat on dead connection.
08-27 21:12:59.389 D/Tethering( 276): interfaceLinkStateChanged wlan0, true
08-27 21:12:59.389 D/Tethering( 276): interfaceStatusChanged wlan0, true
08-27 21:13:04.469 D/Tethering( 276): interfaceLinkStateChanged wlan0, true
08-27 21:13:04.469 D/Tethering( 276): interfaceStatusChanged wlan0, true
08-27 21:15:08.839 E/WifiStateMachine( 276): set suspend optimizations failed!
08-27 21:15:08.869 D/SensorManager( 867): registerListener :: handle = 0 name= BOSCH 3-axis Accelerometer delay= 10000 Listener= kvn@411408b8
08-27 21:15:08.869 E/SensorManager( 867): thread start
08-27 21:15:08.869 E/SensorManager( 867): =======>>>Sensor Thread RUNNING <<<========
08-27 21:15:09.579 D/Tethering( 276): interfaceLinkStateChanged wlan0, true
08-27 21:15:09.579 D/Tethering( 276): interfaceStatusChanged wlan0, true
08-27 21:15:09.579 D/Tethering( 276): interfaceLinkStateChanged wlan0, true
08-27 21:15:09.579 D/Tethering( 276): interfaceStatusChanged wlan0, true
08-27 21:15:09.719 E/WifiStateMachine( 276): set suspend optimizations failed!
08-27 21:15:09.729 I/SensorManager( 867): Set normal delay = true
08-27 21:15:09.809 D/SensorManager( 867): unregisterListener:: disable all sensors for this listener, name = BOSCH 3-axis Accelerometer listener = kvn@411408b8
08-27 21:15:09.849 I/GCoreUlr( 867): Received powerMode change from NLP: com.google.android.location.activity.LOW_POWER_MODE_ENABLED
08-27 21:15:09.849 I/GCoreUlr( 867): Starting service, intent=Intent { act=com.google.android.location.reporting.ACTION_UPDATE_ACTIVE_STATE cmp=xxxx }, extras=null
08-27 21:15:09.899 I/GCoreUlr( 867): Successfully inserted location
08-27 21:15:09.899 I/GCoreUlr( 867): Not calling LocationReportingService, hasMoved: false, elapsed millis: 1776174, request: Phone
08-27 21:15:09.949 I/GCoreUlr( 867): Ensuring that reporting is active for [account#15#]
08-27 21:15:09.949 I/GCoreUlr( 867): Starting service, intent=Intent { act=com.google.android.location.reporting.ACTION_LOCATION_STATUS cmp=xxxx (has extras) }, extras=Bundle[{status=LocationStatus[cell status: STATUS_SUCCESSFUL, wifi status: STATUS_SUCCESSFUL, elapsed realtime ns: 19183643000000]}]
08-27 21:15:40.359 D/GpsLocationProvider( 276): ALARM_WAKEUP
08-27 21:15:40.359 D/GpsLocationProvider( 276): startNavigating
08-27 21:15:40.359 D/GpsLocationProvider( 276): GlobalConfig.GLOBALCONFIG_GPS_CDMA=true
08-27 21:15:40.359 D/GpsLocationProvider( 276): startNavigating with Position Mode = 0
08-27 21:15:40.359 E/libsecgps( 276): gps_start:
08-27 21:15:40.389 V/GpsLocationProvider( 276): reportStatus status: 3
08-27 21:15:40.389 V/GpsLocationProvider( 276): reportStatus status: 1
08-27 21:15:44.349 E/GPSD ( 119): SecLBS_update_location:
08-27 21:15:44.349 D/GpsLocationProvider( 276): TTFF: 3990
08-27 21:15:44.369 D/GpsLocationProvider( 276): got fix, hibernating
08-27 21:15:44.369 D/GpsLocationProvider( 276): stopNavigating
08-27 21:15:44.369 E/libsecgps( 276): gps_stop:
08-27 21:15:44.379 V/GpsLocationProvider( 276): reportStatus status: 2
08-27 21:15:44.389 V/GpsLocationProvider( 276): reportStatus status: 4
08-27 21:15:44.439 D/MyGPSClockApp( 6043): +onLocationChanged
08-27 21:15:44.439 D/MyGPSClockApp( 6043): +getGPSDatetime
08-27 21:15:44.439 D/MyGPSClockApp( 6043): GPSTime: 1409206561000
08-27 21:15:44.439 D/MyGPSClockApp( 6043): GPS Current time: Thu Aug 28 02:16:01 EDT 2014
08-27 21:15:44.439 D/MyGPSClockApp( 6043): -getGPSDatetime
08-27 21:15:44.439 D/MyGPSClockApp( 6043): -onLocationChanged
08-27 21:15:44.479 V/GpsLocationProvider( 276): reportStatus status: 2
08-27 21:16:04.849 D/Tethering( 276): interfaceLinkStateChanged wlan0, true
08-27 21:16:04.849 D/Tethering( 276): interfaceStatusChanged wlan0, true
08-27 21:16:29.109 D/Tethering( 276): interfaceLinkStateChanged wlan0, true
08-27 21:16:29.109 D/Tethering( 276): interfaceStatusChanged wlan0, true
08-27 21:16:48.629 D/Tethering( 276): interfaceLinkStateChanged wlan0, true
08-27 21:16:48.629 D/Tethering( 276): interfaceStatusChanged wlan0, true
08-27 21:16:53.639 D/Tethering( 276): interfaceLinkStateChanged wlan0, true
08-27 21:16:53.639 D/Tethering( 276): interfaceStatusChanged wlan0, true
08-27 21:18:07.989 D/SensorManager( 867): registerListener :: handle = 0 name= BOSCH 3-axis Accelerometer delay= 10000 Listener= kvn@4144a218
08-27 21:18:07.989 E/SensorManager( 867): thread start
08-27 21:18:07.989 E/SensorManager( 867): =======>>>Sensor Thread RUNNING <<<========
08-27 21:18:08.689 I/SensorManager( 867): Set normal delay = true
08-27 21:18:08.769 D/SensorManager( 867): unregisterListener:: disable all sensors for this listener, name = BOSCH 3-axis Accelerometer listener = kvn@4144a218
08-27 21:21:06.949 D/SensorManager( 867): registerListener :: handle = 0 name= BOSCH 3-axis Accelerometer delay= 10000 Listener= kvn@413342e0
08-27 21:21:06.949 E/SensorManager( 867): thread start
08-27 21:21:06.949 E/SensorManager( 867): =======>>>Sensor Thread RUNNING <<<========
08-27 21:21:07.639 I/SensorManager( 867): Set normal delay = true
08-27 21:21:07.719 D/SensorManager( 867): unregisterListener:: disable all sensors for this listener, name = BOSCH 3-axis Accelerometer listener = kvn@413342e0
08-27 21:24:05.899 D/SensorManager( 867): registerListener :: handle = 0 name= BOSCH 3-axis Accelerometer delay= 10000 Listener= kvn@413d2d10
08-27 21:24:05.899 E/SensorManager( 867): thread start
08-27 21:24:05.899 E/SensorManager( 867): =======>>>Sensor Thread RUNNING <<<========
08-27 21:24:06.619 I/SensorManager( 867): Set normal delay = true
08-27 21:24:06.699 D/SensorManager( 867): unregisterListener:: disable all sensors for this listener, name = BOSCH 3-axis Accelerometer listener = kvn@413d2d10
08-27 21:25:44.369 D/GpsLocationProvider( 276): ALARM_WAKEUP
08-27 21:25:44.369 D/GpsLocationProvider( 276): startNavigating
08-27 21:25:44.369 D/GpsLocationProvider( 276): GlobalConfig.GLOBALCONFIG_GPS_CDMA=true
08-27 21:25:44.369 D/GpsLocationProvider( 276): startNavigating with Position Mode = 0
08-27 21:25:44.369 E/libsecgps( 276): gps_start:
08-27 21:25:44.419 V/GpsLocationProvider( 276): reportStatus status: 3
08-27 21:25:44.419 V/GpsLocationProvider( 276): reportStatus status: 1
08-27 21:25:51.339 E/GPSD ( 119): SecLBS_update_location:
08-27 21:25:51.339 D/GpsLocationProvider( 276): TTFF: 6969
08-27 21:25:51.349 D/GpsLocationProvider( 276): got fix, hibernating
08-27 21:25:51.349 D/GpsLocationProvider( 276): stopNavigating
08-27 21:25:51.349 E/libsecgps( 276): gps_stop:
08-27 21:25:51.389 V/GpsLocationProvider( 276): reportStatus status: 2
08-27 21:25:51.399 V/GpsLocationProvider( 276): reportStatus status: 4
08-27 21:25:51.469 V/GpsLocationProvider( 276): reportStatus status: 2
08-27 21:25:51.479 D/MyGPSClockApp( 6043): +onLocationChanged
08-27 21:25:51.479 D/MyGPSClockApp( 6043): +getGPSDatetime
08-27 21:25:51.479 D/MyGPSClockApp( 6043): GPSTime: 1409207168000
08-27 21:25:51.479 D/MyGPSClockApp( 6043): GPS Current time: Thu Aug 28 02:26:08 EDT 2014
08-27 21:25:51.479 D/MyGPSClockApp( 6043): -getGPSDatetime
08-27 21:25:51.479 D/MyGPSClockApp( 6043): -onLocationChanged
08-27 21:25:51.749 I/GCoreUlr( 867): Successfully inserted location
08-27 21:25:51.749 I/GCoreUlr( 867): Not calling LocationReportingService, hasMoved: false, elapsed millis: 2418023, request: Phone
08-27 21:27:04.869 D/SensorManager( 867): registerListener :: handle = 0 name= BOSCH 3-axis Accelerometer delay= 10000 Listener= kvn@4144ce50
08-27 21:27:04.869 E/SensorManager( 867): thread start
08-27 21:27:04.869 E/SensorManager( 867): =======>>>Sensor Thread RUNNING <<<========
08-27 21:27:05.599 I/SensorManager( 867): Set normal delay = true
08-27 21:27:05.679 D/SensorManager( 867): unregisterListener:: disable all sensors for this listener, name = BOSCH 3-axis Accelerometer listener = kvn@4144ce50
08-27 21:27:05.709 I/GCoreUlr( 867): Received powerMode change from NLP: com.google.android.location.activity.LOW_POWER_MODE_ENABLED
08-27 21:27:05.709 I/GCoreUlr( 867): Starting service, intent=Intent { act=com.google.android.location.reporting.ACTION_UPDATE_ACTIVE_STATE cmp=xxxx }, extras=null
08-27 21:27:05.759 I/GCoreUlr( 867): Ensuring that reporting is active for [account#15#]
08-27 21:27:05.759 I/GCoreUlr( 867): Starting service, intent=Intent { act=com.google.android.location.reporting.ACTION_LOCATION_STATUS cmp=xxxx (has extras) }, extras=Bundle[{status=LocationStatus[cell status: STATUS_SUCCESSFUL, wifi status: STATUS_SUCCESSFUL, elapsed realtime ns: 19183643000000]}]
08-27 21:27:51.189 W/GLSUser ( 588): GoogleAccountDataService.getToken()
08-27 21:27:51.229 I/mbh ( 737): I/O exception (javax.net.ssl.SSLException) caught when processing request: Write error: ssl=0xd9d4e8: I/O error during system call, Broken pipe
08-27 21:27:51.229 I/mbh ( 737): Retrying request
08-27 21:27:54.459 D/GCM ( 588): Ignoring attempt to send heartbeat on dead connection.
08-27 21:28:01.239 D/Tethering( 276): interfaceLinkStateChanged wlan0, true
08-27 21:28:01.239 D/Tethering( 276): interfaceStatusChanged wlan0, true
08-27 21:30:03.859 D/SensorManager( 867): registerListener :: handle = 0 name= BOSCH 3-axis Accelerometer delay= 10000 Listener= kvn@4133daa8
08-27 21:30:03.859 E/SensorManager( 867): thread start
08-27 21:30:03.859 E/SensorManager( 867): =======>>>Sensor Thread RUNNING <<<========
08-27 21:30:04.559 I/SensorManager( 867): Set normal delay = true
08-27 21:30:04.639 D/SensorManager( 867): unregisterListener:: disable all sensors for this listener, name = BOSCH 3-axis Accelerometer listener = kvn@4133daa8
08-27 21:30:16.519 E/WifiStateMachine( 276): set suspend optimizations failed!
08-27 21:30:16.939 E/WifiStateMachine( 276): set suspend optimizations failed!
08-27 21:30:26.539 D/Tethering( 276): interfaceLinkStateChanged wlan0, true
08-27 21:30:26.539 D/Tethering( 276): interfaceStatusChanged wlan0, true
08-27 21:31:58.669 D/Tethering( 276): interfaceLinkStateChanged wlan0, true
08-27 21:31:58.669 D/Tethering( 276): interfaceStatusChanged wlan0, true
08-27 21:32:04.599 D/Tethering( 276): interfaceLinkStateChanged wlan0, true
08-27 21:32:04.599 D/Tethering( 276): interfaceStatusChanged wlan0, true
08-27 21:32:28.459 D/Tethering( 276): interfaceLinkStateChanged wlan0, true
08-27 21:32:28.459 D/Tethering( 276): interfaceStatusChanged wlan0, true
08-27 21:33:08.849 E/WifiStateMachine( 276): set suspend optimizations failed!
08-27 21:33:08.889 D/SensorManager( 867): registerListener :: handle = 0 name= BOSCH 3-axis Accelerometer delay= 10000 Listener= kvn@41161218
08-27 21:33:08.889 E/SensorManager( 867): thread start
08-27 21:33:08.889 E/SensorManager( 867): =======>>>Sensor Thread RUNNING <<<========
08-27 21:33:09.589 I/SensorManager( 867): Set normal delay = true
08-27 21:33:09.589 D/Tethering( 276): interfaceLinkStateChanged wlan0, true
08-27 21:33:09.589 D/Tethering( 276): interfaceStatusChanged wlan0, true
08-27 21:33:09.599 D/Tethering( 276): interfaceLinkStateChanged wlan0, true
08-27 21:33:09.599 D/Tethering( 276): interfaceStatusChanged wlan0, true
08-27 21:33:09.669 D/SensorManager( 867): unregisterListener:: disable all sensors for this listener, name = BOSCH 3-axis Accelerometer listener = kvn@41161218
08-27 21:33:09.799 E/WifiStateMachine( 276): set suspend optimizations failed!
08-27 21:33:09.919 I/GCoreUlr( 867): Successfully inserted location
08-27 21:33:09.919 I/GCoreUlr( 867): Not calling LocationReportingService, hasMoved: false, elapsed millis: 2856195, request: Phone
08-27 21:33:24.789 D/Tethering( 276): interfaceLinkStateChanged wlan0, true
08-27 21:33:24.789 D/Tethering( 276): interfaceStatusChanged wlan0, true
08-27 21:33:31.189 D/Tethering( 276): interfaceLinkStateChanged wlan0, true
08-27 21:33:31.189 D/Tethering( 276): interfaceStatusChanged wlan0, true
08-27 21:33:47.869 D/Tethering( 276): interfaceLinkStateChanged wlan0, true
08-27 21:33:47.869 D/Tethering( 276): interfaceStatusChanged wlan0, true
08-27 21:34:21.189 D/Tethering( 276): interfaceLinkStateChanged wlan0, true
08-27 21:34:21.189 D/Tethering( 276): interfaceStatusChanged wlan0, true
08-27 21:34:31.199 D/Tethering( 276): interfaceLinkStateChanged wlan0, true
08-27 21:34:31.199 D/Tethering( 276): interfaceStatusChanged wlan0, true
08-27 21:35:51.349 D/GpsLocationProvider( 276): ALARM_WAKEUP
08-27 21:35:51.349 D/GpsLocationProvider( 276): startNavigating
08-27 21:35:51.349 D/GpsLocationProvider( 276): GlobalConfig.GLOBALCONFIG_GPS_CDMA=true
08-27 21:35:51.349 D/GpsLocationProvider( 276): startNavigating with Position Mode = 0
08-27 21:35:51.349 E/libsecgps( 276): gps_start:
08-27 21:35:51.389 V/GpsLocationProvider( 276): reportStatus status: 3
08-27 21:35:51.389 V/GpsLocationProvider( 276): reportStatus status: 1
08-27 21:35:56.339 E/GPSD ( 119): SecLBS_update_location:
08-27 21:35:56.339 D/GpsLocationProvider( 276): TTFF: 4983
08-27 21:35:56.349 D/GpsLocationProvider( 276): got fix, hibernating
08-27 21:35:56.349 D/GpsLocationProvider( 276): stopNavigating
08-27 21:35:56.349 E/libsecgps( 276): gps_stop:
08-27 21:35:56.399 V/GpsLocationProvider( 276): reportStatus status: 2
08-27 21:35:56.399 V/GpsLocationProvider( 276): reportStatus status: 4
08-27 21:35:56.479 V/GpsLocationProvider( 276): reportStatus status: 2
08-27 21:35:56.719 I/GCoreUlr( 867): Successfully inserted location
08-27 21:35:56.719 I/GCoreUlr( 867): Not calling LocationReportingService, hasMoved: false, elapsed millis: 3022994, request: Phone
08-27 21:36:07.949 D/SensorManager( 867): registerListener :: handle = 0 name= BOSCH 3-axis Accelerometer delay= 10000 Listener= kvn@411ac540
08-27 21:36:07.949 E/SensorManager( 867): thread start
08-27 21:36:07.949 E/SensorManager( 867): =======>>>Sensor Thread RUNNING <<<========
08-27 21:36:08.749 I/SensorManager( 867): Set normal delay = true
08-27 21:36:08.829 D/SensorManager( 867): unregisterListener:: disable all sensors for this listener, name = BOSCH 3-axis Accelerometer listener = kvn@411ac540
08-27 21:39:07.009 D/SensorManager( 867): registerListener :: handle = 0 name= BOSCH 3-axis Accelerometer delay= 10000 Listener= kvn@4110cf00
08-27 21:39:07.009 E/SensorManager( 867): thread start
08-27 21:39:07.009 E/SensorManager( 867): =======>>>Sensor Thread RUNNING <<<========
08-27 21:39:07.699 I/SensorManager( 867): Set normal delay = true
08-27 21:39:07.779 D/SensorManager( 867): unregisterListener:: disable all sensors for this listener, name = BOSCH 3-axis Accelerometer listener = kvn@4110cf00
08-27 21:39:07.809 I/GCoreUlr( 867): Received powerMode change from NLP: com.google.android.location.activity.LOW_POWER_MODE_ENABLED
08-27 21:39:07.809 I/GCoreUlr( 867): Starting service, intent=Intent { act=com.google.android.location.reporting.ACTION_UPDATE_ACTIVE_STATE cmp=xxxx }, extras=null
08-27 21:39:07.849 I/GCoreUlr( 867): Ensuring that reporting is active for [account#15#]
08-27 21:39:07.859 I/GCoreUlr( 867): Starting service, intent=Intent { act=com.google.android.location.reporting.ACTION_LOCATION_STATUS cmp=xxxx (has extras) }, extras=Bundle[{status=LocationStatus[cell status: STATUS_SUCCESSFUL, wifi status: STATUS_SUCCESSFUL, elapsed realtime ns: 19183643000000]}]
08-27 21:42:05.959 D/SensorManager( 867): registerListener :: handle = 0 name= BOSCH 3-axis Accelerometer delay= 10000 Listener= kvn@412f1360
08-27 21:42:05.959 E/SensorManager( 867): thread start
08-27 21:42:05.959 E/SensorManager( 867): =======>>>Sensor Thread RUNNING <<<========
08-27 21:42:06.649 I/SensorManager( 867): Set normal delay = true
08-27 21:42:06.729 D/SensorManager( 867): unregisterListener:: disable all sensors for this listener, name = BOSCH 3-axis Accelerometer listener = kvn@412f1360
08-27 21:42:19.069 I/EventLogService( 737): Aggregate from 1409188338954 (log), 1409188338954 (data)
08-27 21:42:54.579 D/GCM ( 588): Ignoring attempt to send heartbeat on dead connection.
08-27 21:43:09.599 D/Tethering( 276): interfaceLinkStateChanged wlan0, true
08-27 21:43:09.599 D/Tethering( 276): interfaceStatusChanged wlan0, true
08-27 21:44:06.109 I/GCoreUlr( 867): WorldUpdater received intent Intent { act=com.google.android.location.reporting.ACTION_UPDATE_WORLD flg=0x4 cmp=xxxx (has extras) } with receiverAction null
08-27 21:44:06.209 D/SyncManager( 276): setSyncAutomatically: , provider com.google.android.location.reporting -> true
08-27 21:44:06.209 D/SyncManager( 276): setSyncAutomatically: already set to true, doing nothing
08-27 21:44:06.339 I/GCoreUlr( 867): Ensuring that reporting is active for [account#15#]
08-27 21:44:06.339 I/GCoreUlr( 867): Starting service, intent=Intent { act=com.google.android.location.reporting.ACTION_LOCATION_STATUS cmp=xxxx (has extras) }, extras=Bundle[{status=LocationStatus[cell status: STATUS_SUCCESSFUL, wifi status: STATUS_SUCCESSFUL, elapsed realtime ns: 19183643000000]}]
08-27 21:44:06.359 I/AdsMeasurementBroadcastReceiver( 737): Reporting settings might have changed, alerting AdsMeasurementService
08-27 21:44:06.359 D/AdsMeasurementBroadcastReceiver( 737): Unauthorized to start the main service
08-27 21:45:04.899 D/SensorManager( 867): registerListener :: handle = 0 name= BOSCH 3-axis Accelerometer delay= 10000 Listener= kvn@4139aa48
08-27 21:45:04.899 E/SensorManager( 867): thread start
08-27 21:45:04.899 E/SensorManager( 867): =======>>>Sensor Thread RUNNING <<<========
08-27 21:45:05.599 I/SensorManager( 867): Set normal delay = true
08-27 21:45:05.679 D/SensorManager( 867): unregisterListener:: disable all sensors for this listener, name = BOSCH 3-axis Accelerometer listener = kvn@4139aa48
08-27 21:45:56.349 D/GpsLocationProvider( 276): ALARM_WAKEUP
08-27 21:45:56.349 D/GpsLocationProvider( 276): startNavigating
08-27 21:45:56.349 D/GpsLocationProvider( 276): GlobalConfig.GLOBALCONFIG_GPS_CDMA=true
08-27 21:45:56.349 D/GpsLocationProvider( 276): startNavigating with Position Mode = 0
08-27 21:45:56.349 E/libsecgps( 276): gps_start:
08-27 21:45:56.389 V/GpsLocationProvider( 276): reportStatus status: 3
08-27 21:45:56.389 V/GpsLocationProvider( 276): reportStatus status: 1
08-27 21:46:00.329 E/GPSD ( 119): SecLBS_update_location:
08-27 21:46:00.329 D/GpsLocationProvider( 276): TTFF: 3979
08-27 21:46:00.339 D/GpsLocationProvider( 276): got fix, hibernating
08-27 21:46:00.339 D/GpsLocationProvider( 276): stopNavigating
08-27 21:46:00.339 E/libsecgps( 276): gps_stop:
08-27 21:46:00.359 V/GpsLocationProvider( 276): reportStatus status: 2
08-27 21:46:00.359 V/GpsLocationProvider( 276): reportStatus status: 4
08-27 21:46:00.409 D/MyGPSClockApp( 6043): +onLocationChanged
08-27 21:46:00.409 D/MyGPSClockApp( 6043): +getGPSDatetime
08-27 21:46:00.409 D/MyGPSClockApp( 6043): GPSTime: 1409208377000
08-27 21:46:00.409 D/MyGPSClockApp( 6043): GPS Current time: Thu Aug 28 02:46:17 EDT 2014
08-27 21:46:00.409 D/MyGPSClockApp( 6043): -getGPSDatetime
08-27 21:46:00.409 D/MyGPSClockApp( 6043): -onLocationChanged
08-27 21:46:00.459 V/GpsLocationProvider( 276): reportStatus status: 2
08-27 21:46:00.719 I/GCoreUlr( 867): Successfully inserted location
08-27 21:46:00.789 I/GCoreUlr( 867): Starting service, intent=Intent { cmp=xxxx }, extras=null
08-27 21:46:01.039 W/GLSUser ( 588): GoogleAccountDataService.getToken()
08-27 21:46:01.099 W/NetworkManagementSocketTagger( 867): untagSocket(55) failed with errno -22
08-27 21:46:01.099 I/mbh ( 867): I/O exception (org.apache.http.NoHttpResponseException) caught when processing request: The target server failed to respond
08-27 21:46:01.099 I/mbh ( 867): Retrying request
08-27 21:46:01.579 W/mbh ( 867): Authentication error: Unable to respond to any of these challenges: {bearer=WWW-Authenticate: Bearer realm="https://accounts.google.com/AuthSubRequest", error=invalid_token}
08-27 21:46:01.579 E/Volley ( 867): [77] tm.a: Unexpected response code 401 for https://www.googleapis.com/userlocation/v1/reports/902092423?nlpVersion=2010&platform=android%2Fsamsung%2Famazing3gtrf%2Famazing3gtrf%3A4.0.4%2FIMM76D%2FS738CWYAMJ1%3Auser%2Frelease-keys
08-27 21:46:01.729 W/GLSUser ( 588): GoogleAccountDataService.getToken()
08-27 21:46:02.319 W/GLSUser ( 588): [avd][avd] Permission for com.google.android.gms to access oauth2:https://www.googleapis.com/auth/userlocation.reporting will be managed locally.
08-27 21:46:02.569 W/NetworkManagementSocketTagger( 867): untagSocket(55) failed with errno -22
08-27 21:46:02.609 I/GCoreUlr( 867): Starting service, intent=Intent { act=com.google.android.location.reporting.ACTION_UPDATE_ACTIVE_STATE cmp=xxxx }, extras=null
08-27 21:46:02.619 I/AdsMeasurementBroadcastReceiver( 737): Reporting settings might have changed, alerting AdsMeasurementService
08-27 21:46:02.619 D/AdsMeasurementBroadcastReceiver( 737): Unauthorized to start the main service
08-27 21:46:02.619 I/GCoreUlr( 867): Batch Location Update succeeded for account account#15#
08-27 21:46:02.709 I/GCoreUlr( 867): Ensuring that reporting is active for [account#15#]
08-27 21:46:02.709 I/GCoreUlr( 867): Starting service, intent=Intent { act=com.google.android.location.reporting.ACTION_LOCATION_STATUS cmp=xxxx (has extras) }, extras=Bundle[{status=LocationStatus[cell status: STATUS_SUCCESSFUL, wifi status: STATUS_SUCCESSFUL, elapsed realtime ns: 19183643000000]}]
08-27 21:46:16.099 D/Tethering( 276): interfaceLinkStateChanged wlan0, true
08-27 21:46:16.099 D/Tethering( 276): interfaceStatusChanged wlan0, true
08-27 21:48:03.979 D/SensorManager( 867): registerListener :: handle = 0 name= BOSCH 3-axis Accelerometer delay= 10000 Listener= kvn@412fa188
08-27 21:48:03.979 E/SensorManager( 867): thread start
08-27 21:48:03.979 E/SensorManager( 867): =======>>>Sensor Thread RUNNING <<<========
08-27 21:48:04.779 I/SensorManager( 867): Set normal delay = true
08-27 21:48:04.859 D/SensorManager( 867): unregisterListener:: disable all sensors for this listener, name = BOSCH 3-axis Accelerometer listener = kvn@412fa188
08-27 21:49:06.779 E/WifiStateMachine( 276): set suspend optimizations failed!
08-27 21:49:07.219 E/WifiStateMachine( 276): set suspend optimizations failed!
08-27 21:49:16.799 D/Tethering( 276): interfaceLinkStateChanged wlan0, true
08-27 21:49:16.799 D/Tethering( 276): interfaceStatusChanged wlan0, true
08-27 21:50:07.719 D/Tethering( 276): interfaceLinkStateChanged wlan0, true
08-27 21:50:07.719 D/Tethering( 276): interfaceStatusChanged wlan0, true
08-27 21:50:12.729 D/Tethering( 276): interfaceLinkStateChanged wlan0, true
08-27 21:50:12.729 D/Tethering( 276): interfaceStatusChanged wlan0, true
08-27 21:51:08.899 E/WifiStateMachine( 276): set suspend optimizations failed!
08-27 21:51:08.919 D/SensorManager( 867): registerListener :: handle = 0 name= BOSCH 3-axis Accelerometer delay= 10000 Listener= kvn@4120e838
08-27 21:51:08.919 E/SensorManager( 867): thread start
08-27 21:51:08.919 E/SensorManager( 867): =======>>>Sensor Thread RUNNING <<<========
08-27 21:51:09.599 D/Tethering( 276): interfaceLinkStateChanged wlan0, true
08-27 21:51:09.599 D/Tethering( 276): interfaceStatusChanged wlan0, true
08-27 21:51:09.599 D/Tethering( 276): interfaceLinkStateChanged wlan0, true
08-27 21:51:09.599 D/Tethering( 276): interfaceStatusChanged wlan0, true
08-27 21:51:09.739 I/SensorManager( 867): Set normal delay = true
08-27 21:51:09.809 D/SensorManager( 867): unregisterListener:: disable all sensors for this listener, name = BOSCH 3-axis Accelerometer listener = kvn@4120e838
08-27 21:51:09.979 E/WifiStateMachine( 276): set suspend optimizations failed!
08-27 21:51:09.989 I/GCoreUlr( 867): Received powerMode change from NLP: com.google.android.location.activity.LOW_POWER_MODE_ENABLED
08-27 21:51:09.989 I/GCoreUlr( 867): Starting service, intent=Intent { act=com.google.android.location.reporting.ACTION_UPDATE_ACTIVE_STATE cmp=xxxx }, extras=null
08-27 21:51:10.109 I/GCoreUlr( 867): Successfully inserted location
08-27 21:51:10.109 I/GCoreUlr( 867): Not calling LocationReportingService, hasMoved: false, elapsed millis: 309393, request: Phone
08-27 21:51:10.159 I/GCoreUlr( 867): Ensuring that reporting is active for [account#15#]
08-27 21:51:10.169 I/GCoreUlr( 867): Starting service, intent=Intent { act=com.google.android.location.reporting.ACTION_LOCATION_STATUS cmp=xxxx (has extras) }, extras=Bundle[{status=LocationStatus[cell status: STATUS_SUCCESSFUL, wifi status: STATUS_SUCCESSFUL, elapsed realtime ns: 19183643000000]}]
08-27 21:51:24.939 D/Tethering( 276): interfaceLinkStateChanged wlan0, true
08-27 21:51:24.939 D/Tethering( 276): interfaceStatusChanged wlan0, true
08-27 21:51:31.349 D/Tethering( 276): interfaceLinkStateChanged wlan0, true
08-27 21:51:31.349 D/Tethering( 276): interfaceStatusChanged wlan0, true
08-27 21:51:48.029 D/Tethering( 276): interfaceLinkStateChanged wlan0, true
08-27 21:51:48.029 D/Tethering( 276): interfaceStatusChanged wlan0, true
08-27 21:51:53.039 D/Tethering( 276): interfaceLinkStateChanged wlan0, true
08-27 21:51:53.039 D/Tethering( 276): interfaceStatusChanged wlan0, true
08-27 21:52:21.349 D/Tethering( 276): interfaceLinkStateChanged wlan0, true
08-27 21:52:21.349 D/Tethering( 276): interfaceStatusChanged wlan0, true
08-27 21:52:26.359 D/Tethering( 276): interfaceLinkStateChanged wlan0, true
08-27 21:52:26.359 D/Tethering( 276): interfaceStatusChanged wlan0, true
08-27 21:53:17.239 D/Tethering( 276): interfaceLinkStateChanged wlan0, true
08-27 21:53:17.239 D/Tethering( 276): interfaceStatusChanged wlan0, true
08-27 21:54:08.139 D/SensorManager( 867): registerListener :: handle = 0 name= BOSCH 3-axis Accelerometer delay= 10000 Listener= kvn@413d54d0
08-27 21:54:08.139 E/SensorManager( 867): thread start
08-27 21:54:08.139 E/SensorManager( 867): =======>>>Sensor Thread RUNNING <<<========
08-27 21:54:08.869 I/SensorManager( 867): Set normal delay = true
08-27 21:54:08.949 D/SensorManager( 867): unregisterListener:: disable all sensors for this listener, name = BOSCH 3-axis Accelerometer listener = kvn@413d54d0
08-27 21:56:00.339 D/GpsLocationProvider( 276): ALARM_WAKEUP
08-27 21:56:00.339 D/GpsLocationProvider( 276): startNavigating
08-27 21:56:00.339 D/GpsLocationProvider( 276): GlobalConfig.GLOBALCONFIG_GPS_CDMA=true
08-27 21:56:00.339 D/GpsLocationProvider( 276): startNavigating with Position Mode = 0
08-27 21:56:00.339 E/libsecgps( 276): gps_start:
08-27 21:56:00.379 V/GpsLocationProvider( 276): reportStatus status: 3
08-27 21:56:00.379 V/GpsLocationProvider( 276): reportStatus status: 1
08-27 21:56:06.319 E/GPSD ( 119): SecLBS_update_location:
08-27 21:56:06.319 D/GpsLocationProvider( 276): TTFF: 5980
08-27 21:56:06.339 D/GpsLocationProvider( 276): got fix, hibernating
08-27 21:56:06.339 D/GpsLocationProvider( 276): stopNavigating
08-27 21:56:06.339 E/libsecgps( 276): gps_stop:
08-27 21:56:06.359 V/GpsLocationProvider( 276): reportStatus status: 2
08-27 21:56:06.359 V/GpsLocationProvider( 276): reportStatus status: 4
08-27 21:56:06.409 D/MyGPSClockApp( 6043): +onLocationChanged
08-27 21:56:06.409 D/MyGPSClockApp( 6043): +getGPSDatetime
08-27 21:56:06.409 D/MyGPSClockApp( 6043): GPSTime: 1409208983000
08-27 21:56:06.409 D/MyGPSClockApp( 6043): GPS Current time: Thu Aug 28 02:56:23 EDT 2014
08-27 21:56:06.409 D/MyGPSClockApp( 6043): -getGPSDatetime
08-27 21:56:06.409 D/MyGPSClockApp( 6043): -onLocationChanged
08-27 21:56:06.459 V/GpsLocationProvider( 276): reportStatus status: 2
08-27 21:56:06.689 I/GCoreUlr( 867): Successfully inserted location
08-27 21:56:06.699 I/GCoreUlr( 867): Not calling LocationReportingService, hasMoved: false, elapsed millis: 605976, request: Phone
08-27 21:57:07.119 D/SensorManager( 867): registerListener :: handle = 0 name= BOSCH 3-axis Accelerometer delay= 10000 Listener= kvn@413e0a90
08-27 21:57:07.119 E/SensorManager( 867): thread start
08-27 21:57:07.119 E/SensorManager( 867): =======>>>Sensor Thread RUNNING <<<========
08-27 21:57:07.819 I/SensorManager( 867): Set normal delay = true
08-27 21:57:07.899 D/SensorManager( 867): unregisterListener:: disable all sensors for this listener, name = BOSCH 3-axis Accelerometer listener = kvn@413e0a90
08-27 21:57:54.759 D/GCM ( 588): Ignoring attempt to send heartbeat on dead connection.
08-27 21:57:59.779 D/Tethering( 276): interfaceLinkStateChanged wlan0, true
08-27 21:57:59.779 D/Tethering( 276): interfaceStatusChanged wlan0, true
08-27 21:58:04.869 D/Tethering( 276): interfaceLinkStateChanged wlan0, true
08-27 21:58:04.869 D/Tethering( 276): interfaceStatusChanged wlan0, true
08-27 22:00:06.069 D/SensorManager( 867): registerListener :: handle = 0 name= BOSCH 3-axis Accelerometer delay= 10000 Listener= kvn@4128a3e8
08-27 22:00:06.069 E/SensorManager( 867): thread start
08-27 22:00:06.069 E/SensorManager( 867): =======>>>Sensor Thread RUNNING <<<========
08-27 22:00:06.759 I/SensorManager( 867): Set normal delay = true
08-27 22:00:06.839 D/SensorManager( 867): unregisterListener:: disable all sensors for this listener, name = BOSCH 3-axis Accelerometer listener = kvn@4128a3e8
08-27 22:02:28.459 D/Tethering( 276): interfaceLinkStateChanged wlan0, true
08-27 22:02:28.459 D/Tethering( 276): interfaceStatusChanged wlan0, true
08-27 22:03:05.029 D/SensorManager( 867): registerListener :: handle = 0 name= BOSCH 3-axis Accelerometer delay= 10000 Listener= kvn@4138e190
08-27 22:03:05.029 E/SensorManager( 867): thread start
08-27 22:03:05.029 E/SensorManager( 867): =======>>>Sensor Thread RUNNING <<<========
08-27 22:03:05.719 I/SensorManager( 867): Set normal delay = true
08-27 22:03:05.799 D/SensorManager( 867): unregisterListener:: disable all sensors for this listener, name = BOSCH 3-axis Accelerometer listener = kvn@4138e190
08-27 22:03:05.829 I/GCoreUlr( 867): Received powerMode change from NLP: com.google.android.location.activity.LOW_POWER_MODE_ENABLED
08-27 22:03:05.829 I/GCoreUlr( 867): Starting service, intent=Intent { act=com.google.android.location.reporting.ACTION_UPDATE_ACTIVE_STATE cmp=xxxx }, extras=null
08-27 22:03:05.879 I/GCoreUlr( 867): Ensuring that reporting is active for [account#15#]
08-27 22:03:05.879 I/GCoreUlr( 867): Starting service, intent=Intent { act=com.google.android.location.reporting.ACTION_LOCATION_STATUS cmp=xxxx (has extras) }, extras=Bundle[{status=LocationStatus[cell status: STATUS_SUCCESSFUL, wifi status: STATUS_SUCCESSFUL, elapsed realtime ns: 19183643000000]}]
08-27 22:06:03.979 D/SensorManager( 867): registerListener :: handle = 0 name= BOSCH 3-axis Accelerometer delay= 10000 Listener= kvn@412ba708
08-27 22:06:03.979 E/SensorManager( 867): thread start
08-27 22:06:03.979 E/SensorManager( 867): =======>>>Sensor Thread RUNNING <<<========
08-27 22:06:04.669 I/SensorManager( 867): Set normal delay = true
08-27 22:06:04.749 D/SensorManager( 867): unregisterListener:: disable all sensors for this listener, name = BOSCH 3-axis Accelerometer listener = kvn@412ba708
08-27 22:06:06.349 D/GpsLocationProvider( 276): ALARM_WAKEUP
08-27 22:06:06.349 D/GpsLocationProvider( 276): startNavigating
08-27 22:06:06.349 D/GpsLocationProvider( 276): GlobalConfig.GLOBALCONFIG_GPS_CDMA=true
