08-28 03:33:09.789 I/SensorManager( 867): Set normal delay = true
08-28 03:33:09.859 D/SensorManager( 867): unregisterListener:: disable all sensors for this listener, name = BOSCH 3-axis Accelerometer listener = kvn@4111c860
08-28 03:33:09.869 E/WifiStateMachine( 276): set suspend optimizations failed!
08-28 03:33:09.989 I/GCoreUlr( 867): Successfully inserted location
08-28 03:33:09.999 I/GCoreUlr( 867): Not calling LocationReportingService, hasMoved: false, elapsed millis: 2673872, request: Phone
08-28 03:33:14.729 V/StatusBar.BatteryController( 483): status5batteryHealth 2
08-28 03:33:14.729 D/StatusBar.BatteryController( 483): mOldstatus5status 5
08-28 03:33:14.729 D/StatusBar.BatteryController( 483): now old status is 5
08-28 03:33:24.749 V/StatusBar.BatteryController( 483): status5batteryHealth 2
08-28 03:33:24.749 D/StatusBar.BatteryController( 483): mOldstatus5status 5
08-28 03:33:24.749 D/StatusBar.BatteryController( 483): now old status is 5
08-28 03:33:54.809 V/StatusBar.BatteryController( 483): status5batteryHealth 2
08-28 03:33:54.819 D/StatusBar.BatteryController( 483): mOldstatus5status 5
08-28 03:33:54.819 D/StatusBar.BatteryController( 483): now old status is 5
08-28 03:34:04.829 V/StatusBar.BatteryController( 483): status5batteryHealth 2
08-28 03:34:04.829 D/StatusBar.BatteryController( 483): mOldstatus5status 5
08-28 03:34:04.829 D/StatusBar.BatteryController( 483): now old status is 5
08-28 03:34:24.849 D/Tethering( 276): interfaceLinkStateChanged wlan0, true
08-28 03:34:24.849 D/Tethering( 276): interfaceStatusChanged wlan0, true
08-28 03:34:24.869 V/StatusBar.BatteryController( 483): status5batteryHealth 2
08-28 03:34:24.869 D/StatusBar.BatteryController( 483): mOldstatus5status 5
08-28 03:34:24.869 D/StatusBar.BatteryController( 483): now old status is 5
08-28 03:34:34.889 V/StatusBar.BatteryController( 483): status5batteryHealth 2
08-28 03:34:34.889 D/StatusBar.BatteryController( 483): mOldstatus5status 5
08-28 03:34:34.889 D/StatusBar.BatteryController( 483): now old status is 5
08-28 03:34:54.929 V/StatusBar.BatteryController( 483): status5batteryHealth 2
08-28 03:34:54.929 D/StatusBar.BatteryController( 483): mOldstatus5status 5
08-28 03:34:54.939 D/StatusBar.BatteryController( 483): now old status is 5
08-28 03:35:04.949 V/StatusBar.BatteryController( 483): status5batteryHealth 2
08-28 03:35:04.949 D/StatusBar.BatteryController( 483): mOldstatus5status 5
08-28 03:35:04.949 D/StatusBar.BatteryController( 483): now old status is 5
08-28 03:35:24.989 V/StatusBar.BatteryController( 483): status5batteryHealth 2
08-28 03:35:24.989 D/StatusBar.BatteryController( 483): mOldstatus5status 5
08-28 03:35:24.989 D/StatusBar.BatteryController( 483): now old status is 5
08-28 03:35:35.009 V/StatusBar.BatteryController( 483): status5batteryHealth 2
08-28 03:35:35.009 D/StatusBar.BatteryController( 483): mOldstatus5status 5
08-28 03:35:35.009 D/StatusBar.BatteryController( 483): now old status is 5
08-28 03:35:55.059 V/StatusBar.BatteryController( 483): status5batteryHealth 2
08-28 03:35:55.059 D/StatusBar.BatteryController( 483): mOldstatus5status 5
08-28 03:35:55.059 D/StatusBar.BatteryController( 483): now old status is 5
08-28 03:36:08.019 D/SensorManager( 867): registerListener :: handle = 0 name= BOSCH 3-axis Accelerometer delay= 10000 Listener= kvn@415041b0
08-28 03:36:08.019 E/SensorManager( 867): thread start
08-28 03:36:08.019 E/SensorManager( 867): =======>>>Sensor Thread RUNNING <<<========
08-28 03:36:08.729 I/SensorManager( 867): Set normal delay = true
08-28 03:36:08.809 D/SensorManager( 867): unregisterListener:: disable all sensors for this listener, name = BOSCH 3-axis Accelerometer listener = kvn@415041b0
08-28 03:36:15.089 V/StatusBar.BatteryController( 483): status5batteryHealth 2
08-28 03:36:15.089 D/StatusBar.BatteryController( 483): mOldstatus5status 5
08-28 03:36:15.089 D/StatusBar.BatteryController( 483): now old status is 5
08-28 03:36:25.109 V/StatusBar.BatteryController( 483): status5batteryHealth 2
08-28 03:36:25.109 D/StatusBar.BatteryController( 483): mOldstatus5status 5
08-28 03:36:25.109 D/StatusBar.BatteryController( 483): now old status is 5
08-28 03:36:28.949 D/Tethering( 276): interfaceLinkStateChanged wlan0, true
08-28 03:36:28.949 D/Tethering( 276): interfaceStatusChanged wlan0, true
08-28 03:36:35.129 V/StatusBar.BatteryController( 483): status5batteryHealth 2
08-28 03:36:35.129 D/StatusBar.BatteryController( 483): mOldstatus5status 5
08-28 03:36:35.129 D/StatusBar.BatteryController( 483): now old status is 5
08-28 03:36:41.919 D/Tethering( 276): interfaceLinkStateChanged wlan0, true
08-28 03:36:41.919 D/Tethering( 276): interfaceStatusChanged wlan0, true
08-28 03:36:45.149 V/StatusBar.BatteryController( 483): status5batteryHealth 2
08-28 03:36:45.149 D/StatusBar.BatteryController( 483): mOldstatus5status 5
08-28 03:36:45.149 D/StatusBar.BatteryController( 483): now old status is 5
08-28 03:36:55.169 V/StatusBar.BatteryController( 483): status5batteryHealth 2
08-28 03:36:55.169 D/StatusBar.BatteryController( 483): mOldstatus5status 5
08-28 03:36:55.169 D/StatusBar.BatteryController( 483): now old status is 5
08-28 03:37:05.189 V/StatusBar.BatteryController( 483): status5batteryHealth 2
08-28 03:37:05.189 D/StatusBar.BatteryController( 483): mOldstatus5status 5
08-28 03:37:05.189 D/StatusBar.BatteryController( 483): now old status is 5
08-28 03:37:10.119 D/Tethering( 276): interfaceLinkStateChanged wlan0, true
08-28 03:37:10.119 D/Tethering( 276): interfaceStatusChanged wlan0, true
08-28 03:37:15.129 D/Tethering( 276): interfaceLinkStateChanged wlan0, true
08-28 03:37:15.129 D/Tethering( 276): interfaceStatusChanged wlan0, true
08-28 03:37:15.209 V/StatusBar.BatteryController( 483): status5batteryHealth 2
08-28 03:37:15.209 D/StatusBar.BatteryController( 483): mOldstatus5status 5
08-28 03:37:15.209 D/StatusBar.BatteryController( 483): now old status is 5
08-28 03:37:35.249 V/StatusBar.BatteryController( 483): status5batteryHealth 2
08-28 03:37:35.249 D/StatusBar.BatteryController( 483): mOldstatus5status 5
08-28 03:37:35.249 D/StatusBar.BatteryController( 483): now old status is 5
08-28 03:37:45.269 V/StatusBar.BatteryController( 483): status5batteryHealth 2
08-28 03:37:45.269 D/StatusBar.BatteryController( 483): mOldstatus5status 5
08-28 03:37:45.269 D/StatusBar.BatteryController( 483): now old status is 5
08-28 03:37:49.569 W/ThrottleService( 276): unable to find stats for iface rmnet0
08-28 03:37:55.289 V/StatusBar.BatteryController( 483): status5batteryHealth 2
08-28 03:37:55.289 D/StatusBar.BatteryController( 483): mOldstatus5status 5
08-28 03:37:55.289 D/StatusBar.BatteryController( 483): now old status is 5
08-28 03:38:05.309 V/StatusBar.BatteryController( 483): status5batteryHealth 2
08-28 03:38:05.309 D/StatusBar.BatteryController( 483): mOldstatus5status 5
08-28 03:38:05.309 D/StatusBar.BatteryController( 483): now old status is 5
08-28 03:38:15.329 V/StatusBar.BatteryController( 483): status5batteryHealth 2
08-28 03:38:15.329 D/StatusBar.BatteryController( 483): mOldstatus5status 5
08-28 03:38:15.329 D/StatusBar.BatteryController( 483): now old status is 5
08-28 03:38:25.349 V/StatusBar.BatteryController( 483): status5batteryHealth 2
08-28 03:38:25.349 D/StatusBar.BatteryController( 483): mOldstatus5status 5
08-28 03:38:25.349 D/StatusBar.BatteryController( 483): now old status is 5
08-28 03:38:45.389 V/StatusBar.BatteryController( 483): status5batteryHealth 2
08-28 03:38:45.389 D/StatusBar.BatteryController( 483): mOldstatus5status 5
08-28 03:38:45.389 D/StatusBar.BatteryController( 483): now old status is 5
08-28 03:38:53.659 D/GpsLocationProvider( 276): ALARM_WAKEUP
08-28 03:38:53.659 D/GpsLocationProvider( 276): startNavigating
08-28 03:38:53.659 D/GpsLocationProvider( 276): GlobalConfig.GLOBALCONFIG_GPS_CDMA=true
08-28 03:38:53.659 D/GpsLocationProvider( 276): startNavigating with Position Mode = 0
08-28 03:38:53.659 E/libsecgps( 276): gps_start:
08-28 03:38:53.689 V/GpsLocationProvider( 276): reportStatus status: 3
08-28 03:38:53.689 V/GpsLocationProvider( 276): reportStatus status: 1
08-28 03:38:55.409 V/StatusBar.BatteryController( 483): status5batteryHealth 2
08-28 03:38:55.409 D/StatusBar.BatteryController( 483): mOldstatus5status 5
08-28 03:38:55.409 D/StatusBar.BatteryController( 483): now old status is 5
08-28 03:38:56.629 E/GPSD ( 119): SecLBS_update_location:
08-28 03:38:56.629 D/GpsLocationProvider( 276): TTFF: 2973
08-28 03:38:56.649 D/GpsLocationProvider( 276): got fix, hibernating
08-28 03:38:56.649 D/GpsLocationProvider( 276): stopNavigating
08-28 03:38:56.649 E/libsecgps( 276): gps_stop:
08-28 03:38:56.669 V/GpsLocationProvider( 276): reportStatus status: 2
08-28 03:38:56.669 V/GpsLocationProvider( 276): reportStatus status: 4
08-28 03:38:56.759 V/GpsLocationProvider( 276): reportStatus status: 2
08-28 03:38:56.989 I/GCoreUlr( 867): Successfully inserted location
08-28 03:38:56.999 I/GCoreUlr( 867): Not calling LocationReportingService, hasMoved: false, elapsed millis: 3020870, request: Phone
08-28 03:39:05.429 V/StatusBar.BatteryController( 483): status5batteryHealth 2
08-28 03:39:05.429 D/StatusBar.BatteryController( 483): mOldstatus5status 5
08-28 03:39:05.429 D/StatusBar.BatteryController( 483): now old status is 5
08-28 03:39:06.999 D/SensorManager( 867): registerListener :: handle = 0 name= BOSCH 3-axis Accelerometer delay= 10000 Listener= kvn@413cfed8
08-28 03:39:06.999 E/SensorManager( 867): thread start
08-28 03:39:06.999 E/SensorManager( 867): =======>>>Sensor Thread RUNNING <<<========
08-28 03:39:07.699 I/SensorManager( 867): Set normal delay = true
08-28 03:39:07.779 D/SensorManager( 867): unregisterListener:: disable all sensors for this listener, name = BOSCH 3-axis Accelerometer listener = kvn@413cfed8
08-28 03:39:07.809 I/GCoreUlr( 867): Received powerMode change from NLP: com.google.android.location.activity.LOW_POWER_MODE_ENABLED
08-28 03:39:07.809 I/GCoreUlr( 867): Starting service, intent=Intent { act=com.google.android.location.reporting.ACTION_UPDATE_ACTIVE_STATE cmp=xxxx }, extras=null
08-28 03:39:08.009 I/GCoreUlr( 867): Ensuring that reporting is active for [account#15#]
08-28 03:39:08.009 I/GCoreUlr( 867): Starting service, intent=Intent { act=com.google.android.location.reporting.ACTION_LOCATION_STATUS cmp=xxxx (has extras) }, extras=Bundle[{status=LocationStatus[cell status: STATUS_SUCCESSFUL, wifi status: STATUS_SUCCESSFUL, elapsed realtime ns: 19183643000000]}]
08-28 03:39:15.449 V/StatusBar.BatteryController( 483): status5batteryHealth 2
08-28 03:39:15.449 D/StatusBar.BatteryController( 483): mOldstatus5status 5
08-28 03:39:15.449 D/StatusBar.BatteryController( 483): now old status is 5
08-28 03:39:25.469 V/StatusBar.BatteryController( 483): status5batteryHealth 2
08-28 03:39:25.479 D/StatusBar.BatteryController( 483): mOldstatus5status 5
08-28 03:39:25.479 D/StatusBar.BatteryController( 483): now old status is 5
08-28 03:39:35.489 V/StatusBar.BatteryController( 483): status5batteryHealth 2
08-28 03:39:35.489 D/StatusBar.BatteryController( 483): mOldstatus5status 5
08-28 03:39:35.489 D/StatusBar.BatteryController( 483): now old status is 5
08-28 03:39:45.519 V/StatusBar.BatteryController( 483): status5batteryHealth 2
08-28 03:39:45.519 D/StatusBar.BatteryController( 483): mOldstatus5status 5
08-28 03:39:45.519 D/StatusBar.BatteryController( 483): now old status is 5
08-28 03:40:25.599 V/StatusBar.BatteryController( 483): status5batteryHealth 2
08-28 03:40:25.599 D/StatusBar.BatteryController( 483): mOldstatus5status 5
08-28 03:40:25.599 D/StatusBar.BatteryController( 483): now old status is 5
08-28 03:40:35.609 V/StatusBar.BatteryController( 483): status5batteryHealth 2
08-28 03:40:35.609 D/StatusBar.BatteryController( 483): mOldstatus5status 5
08-28 03:40:35.609 D/StatusBar.BatteryController( 483): now old status is 5
08-28 03:40:55.649 V/StatusBar.BatteryController( 483): status5batteryHealth 2
08-28 03:40:55.659 D/StatusBar.BatteryController( 483): mOldstatus5status 5
08-28 03:40:55.659 D/StatusBar.BatteryController( 483): now old status is 5
08-28 03:41:05.669 V/StatusBar.BatteryController( 483): status5batteryHealth 2
08-28 03:41:05.669 D/StatusBar.BatteryController( 483): mOldstatus5status 5
08-28 03:41:05.669 D/StatusBar.BatteryController( 483): now old status is 5
08-28 03:41:25.719 V/StatusBar.BatteryController( 483): status5batteryHealth 2
08-28 03:41:25.719 D/StatusBar.BatteryController( 483): mOldstatus5status 5
08-28 03:41:25.719 D/StatusBar.BatteryController( 483): now old status is 5
08-28 03:42:05.789 V/StatusBar.BatteryController( 483): status5batteryHealth 2
08-28 03:42:05.789 D/StatusBar.BatteryController( 483): mOldstatus5status 5
08-28 03:42:05.789 D/StatusBar.BatteryController( 483): now old status is 5
08-28 03:42:06.109 D/SensorManager( 867): registerListener :: handle = 0 name= BOSCH 3-axis Accelerometer delay= 10000 Listener= kvn@4133f058
08-28 03:42:06.109 E/SensorManager( 867): thread start
08-28 03:42:06.109 E/SensorManager( 867): =======>>>Sensor Thread RUNNING <<<========
08-28 03:42:06.919 I/SensorManager( 867): Set normal delay = true
08-28 03:42:06.999 D/SensorManager( 867): unregisterListener:: disable all sensors for this listener, name = BOSCH 3-axis Accelerometer listener = kvn@4133f058
08-28 03:42:21.069 I/EventLogService( 737): Aggregate from 1409209940888 (log), 1409209940888 (data)
08-28 03:42:25.829 V/StatusBar.BatteryController( 483): status5batteryHealth 2
08-28 03:42:25.829 D/StatusBar.BatteryController( 483): mOldstatus5status 5
08-28 03:42:25.829 D/StatusBar.BatteryController( 483): now old status is 5
08-28 03:42:35.849 V/StatusBar.BatteryController( 483): status5batteryHealth 2
08-28 03:42:35.849 D/StatusBar.BatteryController( 483): mOldstatus5status 5
08-28 03:42:35.849 D/StatusBar.BatteryController( 483): now old status is 5
08-28 03:42:45.869 V/StatusBar.BatteryController( 483): status5batteryHealth 2
08-28 03:42:45.869 D/StatusBar.BatteryController( 483): mOldstatus5status 5
08-28 03:42:45.869 D/StatusBar.BatteryController( 483): now old status is 5
08-28 03:42:55.889 V/StatusBar.BatteryController( 483): status5batteryHealth 2
08-28 03:42:55.889 D/StatusBar.BatteryController( 483): mOldstatus5status 5
08-28 03:42:55.889 D/StatusBar.BatteryController( 483): now old status is 5
08-28 03:42:56.759 D/GCM ( 588): Ignoring attempt to send heartbeat on dead connection.
08-28 03:43:01.789 D/Tethering( 276): interfaceLinkStateChanged wlan0, true
08-28 03:43:01.789 D/Tethering( 276): interfaceStatusChanged wlan0, true
08-28 03:43:05.909 V/StatusBar.BatteryController( 483): status5batteryHealth 2
08-28 03:43:05.909 D/StatusBar.BatteryController( 483): mOldstatus5status 5
08-28 03:43:05.909 D/StatusBar.BatteryController( 483): now old status is 5
08-28 03:43:06.869 D/Tethering( 276): interfaceLinkStateChanged wlan0, true
08-28 03:43:06.869 D/Tethering( 276): interfaceStatusChanged wlan0, true
08-28 03:43:15.939 V/StatusBar.BatteryController( 483): status5batteryHealth 2
08-28 03:43:15.939 D/StatusBar.BatteryController( 483): mOldstatus5status 5
08-28 03:43:15.939 D/StatusBar.BatteryController( 483): now old status is 5
08-28 03:43:25.949 V/StatusBar.BatteryController( 483): status5batteryHealth 2
08-28 03:43:25.949 D/StatusBar.BatteryController( 483): mOldstatus5status 5
08-28 03:43:25.949 D/StatusBar.BatteryController( 483): now old status is 5
08-28 03:43:35.969 V/StatusBar.BatteryController( 483): status5batteryHealth 2
08-28 03:43:35.969 D/StatusBar.BatteryController( 483): mOldstatus5status 5
08-28 03:43:35.969 D/StatusBar.BatteryController( 483): now old status is 5
08-28 03:43:45.989 V/StatusBar.BatteryController( 483): status5batteryHealth 2
08-28 03:43:45.989 D/StatusBar.BatteryController( 483): mOldstatus5status 5
08-28 03:43:45.989 D/StatusBar.BatteryController( 483): now old status is 5
08-28 03:43:56.009 V/StatusBar.BatteryController( 483): status5batteryHealth 2
08-28 03:43:56.009 D/StatusBar.BatteryController( 483): mOldstatus5status 5
08-28 03:43:56.009 D/StatusBar.BatteryController( 483): now old status is 5
08-28 03:44:05.619 I/GCoreUlr( 867): WorldUpdater received intent Intent { act=com.google.android.location.reporting.ACTION_UPDATE_WORLD flg=0x4 cmp=xxxx (has extras) } with receiverAction null
08-28 03:44:05.689 D/SyncManager( 276): setSyncAutomatically: , provider com.google.android.location.reporting -> true
08-28 03:44:05.689 D/SyncManager( 276): setSyncAutomatically: already set to true, doing nothing
08-28 03:44:05.839 I/GCoreUlr( 867): Ensuring that reporting is active for [account#15#]
08-28 03:44:05.849 I/GCoreUlr( 867): Starting service, intent=Intent { act=com.google.android.location.reporting.ACTION_LOCATION_STATUS cmp=xxxx (has extras) }, extras=Bundle[{status=LocationStatus[cell status: STATUS_SUCCESSFUL, wifi status: STATUS_SUCCESSFUL, elapsed realtime ns: 19183643000000]}]
08-28 03:44:05.859 I/AdsMeasurementBroadcastReceiver( 737): Reporting settings might have changed, alerting AdsMeasurementService
08-28 03:44:05.859 D/AdsMeasurementBroadcastReceiver( 737): Unauthorized to start the main service
08-28 03:44:06.029 V/StatusBar.BatteryController( 483): status5batteryHealth 2
08-28 03:44:06.029 D/StatusBar.BatteryController( 483): mOldstatus5status 5
08-28 03:44:06.029 D/StatusBar.BatteryController( 483): now old status is 5
08-28 03:44:16.059 V/StatusBar.BatteryController( 483): status5batteryHealth 2
08-28 03:44:16.059 D/StatusBar.BatteryController( 483): mOldstatus5status 5
08-28 03:44:16.059 D/StatusBar.BatteryController( 483): now old status is 5
08-28 03:44:26.069 V/StatusBar.BatteryController( 483): status5batteryHealth 2
08-28 03:44:26.069 D/StatusBar.BatteryController( 483): mOldstatus5status 5
08-28 03:44:26.069 D/StatusBar.BatteryController( 483): now old status is 5
08-28 03:44:36.089 V/StatusBar.BatteryController( 483): status5batteryHealth 2
08-28 03:44:36.089 D/StatusBar.BatteryController( 483): mOldstatus5status 5
08-28 03:44:36.089 D/StatusBar.BatteryController( 483): now old status is 5
08-28 03:44:46.109 V/StatusBar.BatteryController( 483): status5batteryHealth 2
08-28 03:44:46.109 D/StatusBar.BatteryController( 483): mOldstatus5status 5
08-28 03:44:46.109 D/StatusBar.BatteryController( 483): now old status is 5
08-28 03:44:56.139 V/StatusBar.BatteryController( 483): status5batteryHealth 2
08-28 03:44:56.139 D/StatusBar.BatteryController( 483): mOldstatus5status 5
08-28 03:44:56.139 D/StatusBar.BatteryController( 483): now old status is 5
08-28 03:45:05.189 D/SensorManager( 867): registerListener :: handle = 0 name= BOSCH 3-axis Accelerometer delay= 10000 Listener= kvn@4156c668
08-28 03:45:05.189 E/SensorManager( 867): thread start
08-28 03:45:05.189 E/SensorManager( 867): =======>>>Sensor Thread RUNNING <<<========
08-28 03:45:05.889 I/SensorManager( 867): Set normal delay = true
08-28 03:45:05.969 D/SensorManager( 867): unregisterListener:: disable all sensors for this listener, name = BOSCH 3-axis Accelerometer listener = kvn@4156c668
08-28 03:45:26.189 V/StatusBar.BatteryController( 483): status5batteryHealth 2
08-28 03:45:26.189 D/StatusBar.BatteryController( 483): mOldstatus5status 5
08-28 03:45:26.189 D/StatusBar.BatteryController( 483): now old status is 5
08-28 03:45:46.239 V/StatusBar.BatteryController( 483): status5batteryHealth 2
08-28 03:45:46.239 D/StatusBar.BatteryController( 483): mOldstatus5status 5
08-28 03:45:46.239 D/StatusBar.BatteryController( 483): now old status is 5
08-28 03:46:26.319 V/StatusBar.BatteryController( 483): status5batteryHealth 2
08-28 03:46:26.319 D/StatusBar.BatteryController( 483): mOldstatus5status 5
08-28 03:46:26.319 D/StatusBar.BatteryController( 483): now old status is 5
08-28 03:46:36.329 V/StatusBar.BatteryController( 483): status5batteryHealth 2
08-28 03:46:36.329 D/StatusBar.BatteryController( 483): mOldstatus5status 5
08-28 03:46:36.329 D/StatusBar.BatteryController( 483): now old status is 5
08-28 03:46:46.359 V/StatusBar.BatteryController( 483): status5batteryHealth 2
08-28 03:46:46.359 D/StatusBar.BatteryController( 483): mOldstatus5status 5
08-28 03:46:46.359 D/StatusBar.BatteryController( 483): now old status is 5
08-28 03:46:56.379 V/StatusBar.BatteryController( 483): status5batteryHealth 2
08-28 03:46:56.379 D/StatusBar.BatteryController( 483): mOldstatus5status 5
08-28 03:46:56.379 D/StatusBar.BatteryController( 483): now old status is 5
08-28 03:47:06.389 V/StatusBar.BatteryController( 483): status5batteryHealth 2
08-28 03:47:06.389 D/StatusBar.BatteryController( 483): mOldstatus5status 5
08-28 03:47:06.389 D/StatusBar.BatteryController( 483): now old status is 5
08-28 03:47:36.449 V/StatusBar.BatteryController( 483): status5batteryHealth 2
08-28 03:47:36.449 D/StatusBar.BatteryController( 483): mOldstatus5status 5
08-28 03:47:36.449 D/StatusBar.BatteryController( 483): now old status is 5
08-28 03:47:46.479 V/StatusBar.BatteryController( 483): status5batteryHealth 2
08-28 03:47:46.479 D/StatusBar.BatteryController( 483): mOldstatus5status 5
08-28 03:47:46.479 D/StatusBar.BatteryController( 483): now old status is 5
08-28 03:47:49.579 W/ThrottleService( 276): unable to find stats for iface rmnet0
08-28 03:47:56.499 V/StatusBar.BatteryController( 483): status5batteryHealth 2
08-28 03:47:56.499 D/StatusBar.BatteryController( 483): mOldstatus5status 5
08-28 03:47:56.499 D/StatusBar.BatteryController( 483): now old status is 5
08-28 03:48:04.139 D/SensorManager( 867): registerListener :: handle = 0 name= BOSCH 3-axis Accelerometer delay= 10000 Listener= kvn@413dce90
08-28 03:48:04.139 E/SensorManager( 867): thread start
08-28 03:48:04.139 E/SensorManager( 867): =======>>>Sensor Thread RUNNING <<<========
08-28 03:48:04.819 I/SensorManager( 867): Set normal delay = true
08-28 03:48:04.899 D/SensorManager( 867): unregisterListener:: disable all sensors for this listener, name = BOSCH 3-axis Accelerometer listener = kvn@413dce90
08-28 03:48:06.509 V/StatusBar.BatteryController( 483): status5batteryHealth 2
08-28 03:48:06.509 D/StatusBar.BatteryController( 483): mOldstatus5status 5
08-28 03:48:06.509 D/StatusBar.BatteryController( 483): now old status is 5
08-28 03:48:26.559 V/StatusBar.BatteryController( 483): status5batteryHealth 2
08-28 03:48:26.559 D/StatusBar.BatteryController( 483): mOldstatus5status 5
08-28 03:48:26.559 D/StatusBar.BatteryController( 483): now old status is 5
08-28 03:48:26.569 E/WifiStateMachine( 276): set suspend optimizations failed!
08-28 03:48:26.899 E/WifiStateMachine( 276): set suspend optimizations failed!
08-28 03:48:36.569 V/StatusBar.BatteryController( 483): status5batteryHealth 2
08-28 03:48:36.569 D/StatusBar.BatteryController( 483): mOldstatus5status 5
08-28 03:48:36.569 D/StatusBar.BatteryController( 483): now old status is 5
08-28 03:48:36.589 D/Tethering( 276): interfaceLinkStateChanged wlan0, true
08-28 03:48:36.589 D/Tethering( 276): interfaceStatusChanged wlan0, true
08-28 03:48:46.599 V/StatusBar.BatteryController( 483): status5batteryHealth 2
08-28 03:48:46.599 D/StatusBar.BatteryController( 483): mOldstatus5status 5
08-28 03:48:46.599 D/StatusBar.BatteryController( 483): now old status is 5
08-28 03:48:56.649 D/GpsLocationProvider( 276): ALARM_WAKEUP
08-28 03:48:56.649 D/GpsLocationProvider( 276): startNavigating
08-28 03:48:56.649 D/GpsLocationProvider( 276): GlobalConfig.GLOBALCONFIG_GPS_CDMA=true
08-28 03:48:56.649 D/GpsLocationProvider( 276): startNavigating with Position Mode = 0
08-28 03:48:56.649 E/libsecgps( 276): gps_start:
08-28 03:48:56.749 V/GpsLocationProvider( 276): reportStatus status: 3
08-28 03:48:56.749 V/GpsLocationProvider( 276): reportStatus status: 1
08-28 03:49:01.619 E/GPSD ( 119): SecLBS_update_location:
08-28 03:49:01.629 D/GpsLocationProvider( 276): TTFF: 4975
08-28 03:49:01.629 D/GpsLocationProvider( 276): got fix, hibernating
08-28 03:49:01.629 D/GpsLocationProvider( 276): stopNavigating
08-28 03:49:01.629 E/libsecgps( 276): gps_stop:
08-28 03:49:01.689 V/GpsLocationProvider( 276): reportStatus status: 2
08-28 03:49:01.689 V/GpsLocationProvider( 276): reportStatus status: 4
08-28 03:49:01.769 V/GpsLocationProvider( 276): reportStatus status: 2
08-28 03:49:01.989 I/GCoreUlr( 867): Successfully inserted location
08-28 03:49:02.069 I/GCoreUlr( 867): Starting service, intent=Intent { cmp=xxxx }, extras=null
08-28 03:49:02.309 W/GLSUser ( 588): GoogleAccountDataService.getToken()
08-28 03:49:02.449 W/NetworkManagementSocketTagger( 867): untagSocket(55) failed with errno -22
08-28 03:49:02.459 I/mbh ( 867): I/O exception (org.apache.http.NoHttpResponseException) caught when processing request: The target server failed to respond
08-28 03:49:02.459 I/mbh ( 867): Retrying request
08-28 03:49:02.779 W/mbh ( 867): Authentication error: Unable to respond to any of these challenges: {bearer=WWW-Authenticate: Bearer realm="https://accounts.google.com/AuthSubRequest", error=invalid_token}
08-28 03:49:02.789 E/Volley ( 867): [77] tm.a: Unexpected response code 401 for https://www.googleapis.com/userlocation/v1/reports/902092423?nlpVersion=2010&platform=android%2Fsamsung%2Famazing3gtrf%2Famazing3gtrf%3A4.0.4%2FIMM76D%2FS738CWYAMJ1%3Auser%2Frelease-keys
08-28 03:49:02.969 W/GLSUser ( 588): GoogleAccountDataService.getToken()
08-28 03:49:03.429 W/GLSUser ( 588): [avd][avd] Permission for com.google.android.gms to access oauth2:https://www.googleapis.com/auth/userlocation.reporting will be managed locally.
08-28 03:49:03.689 W/NetworkManagementSocketTagger( 867): untagSocket(55) failed with errno -22
08-28 03:49:03.739 I/GCoreUlr( 867): Starting service, intent=Intent { act=com.google.android.location.reporting.ACTION_UPDATE_ACTIVE_STATE cmp=xxxx }, extras=null
08-28 03:49:03.749 I/AdsMeasurementBroadcastReceiver( 737): Reporting settings might have changed, alerting AdsMeasurementService
08-28 03:49:03.749 D/AdsMeasurementBroadcastReceiver( 737): Unauthorized to start the main service
08-28 03:49:03.759 I/GCoreUlr( 867): Batch Location Update succeeded for account account#15#
08-28 03:49:03.769 E/SqliteDatabaseCpp( 867): sqlite3_exec - Failed to set synchronous mode = 1(Normal)
08-28 03:49:03.849 I/GCoreUlr( 867): Ensuring that reporting is active for [account#15#]
08-28 03:49:03.859 I/GCoreUlr( 867): Starting service, intent=Intent { act=com.google.android.location.reporting.ACTION_LOCATION_STATUS cmp=xxxx (has extras) }, extras=Bundle[{status=LocationStatus[cell status: STATUS_SUCCESSFUL, wifi status: STATUS_SUCCESSFUL, elapsed realtime ns: 19183643000000]}]
08-28 03:49:06.629 V/StatusBar.BatteryController( 483): status5batteryHealth 2
08-28 03:49:06.629 D/StatusBar.BatteryController( 483): mOldstatus5status 5
08-28 03:49:06.629 D/StatusBar.BatteryController( 483): now old status is 5
08-28 03:49:16.659 V/StatusBar.BatteryController( 483): status5batteryHealth 2
08-28 03:49:16.659 D/StatusBar.BatteryController( 483): mOldstatus5status 5
08-28 03:49:16.659 D/StatusBar.BatteryController( 483): now old status is 5
08-28 03:49:17.399 D/Tethering( 276): interfaceLinkStateChanged wlan0, true
08-28 03:49:17.399 D/Tethering( 276): interfaceStatusChanged wlan0, true
08-28 03:49:23.839 D/Tethering( 276): interfaceLinkStateChanged wlan0, true
08-28 03:49:23.839 D/Tethering( 276): interfaceStatusChanged wlan0, true
08-28 03:49:26.679 V/StatusBar.BatteryController( 483): status5batteryHealth 2
08-28 03:49:26.679 D/StatusBar.BatteryController( 483): mOldstatus5status 5
08-28 03:49:26.679 D/StatusBar.BatteryController( 483): now old status is 5
08-28 03:49:36.699 V/StatusBar.BatteryController( 483): status5batteryHealth 2
08-28 03:49:36.699 D/StatusBar.BatteryController( 483): mOldstatus5status 5
08-28 03:49:36.699 D/StatusBar.BatteryController( 483): now old status is 5
08-28 03:49:40.519 D/Tethering( 276): interfaceLinkStateChanged wlan0, true
08-28 03:49:40.519 D/Tethering( 276): interfaceStatusChanged wlan0, true
08-28 03:49:45.529 D/Tethering( 276): interfaceLinkStateChanged wlan0, true
08-28 03:49:45.529 D/Tethering( 276): interfaceStatusChanged wlan0, true
08-28 03:49:46.719 V/StatusBar.BatteryController( 483): status5batteryHealth 2
08-28 03:49:46.719 D/StatusBar.BatteryController( 483): mOldstatus5status 5
08-28 03:49:46.719 D/StatusBar.BatteryController( 483): now old status is 5
08-28 03:50:06.749 V/StatusBar.BatteryController( 483): status5batteryHealth 2
08-28 03:50:06.749 D/StatusBar.BatteryController( 483): mOldstatus5status 5
08-28 03:50:06.749 D/StatusBar.BatteryController( 483): now old status is 5
08-28 03:50:13.879 D/Tethering( 276): interfaceLinkStateChanged wlan0, true
08-28 03:50:13.879 D/Tethering( 276): interfaceStatusChanged wlan0, true
08-28 03:50:16.779 V/StatusBar.BatteryController( 483): status5batteryHealth 2
08-28 03:50:16.779 D/StatusBar.BatteryController( 483): mOldstatus5status 5
08-28 03:50:16.779 D/StatusBar.BatteryController( 483): now old status is 5
08-28 03:50:18.889 D/Tethering( 276): interfaceLinkStateChanged wlan0, true
08-28 03:50:18.889 D/Tethering( 276): interfaceStatusChanged wlan0, true
08-28 03:50:26.799 V/StatusBar.BatteryController( 483): status5batteryHealth 2
08-28 03:50:26.799 D/StatusBar.BatteryController( 483): mOldstatus5status 5
08-28 03:50:26.799 D/StatusBar.BatteryController( 483): now old status is 5
08-28 03:50:36.809 V/StatusBar.BatteryController( 483): status5batteryHealth 2
08-28 03:50:36.809 D/StatusBar.BatteryController( 483): mOldstatus5status 5
08-28 03:50:36.809 D/StatusBar.BatteryController( 483): now old status is 5
08-28 03:50:46.839 V/StatusBar.BatteryController( 483): status5batteryHealth 2
08-28 03:50:46.839 D/StatusBar.BatteryController( 483): mOldstatus5status 5
08-28 03:50:46.839 D/StatusBar.BatteryController( 483): now old status is 5
08-28 03:50:56.859 V/StatusBar.BatteryController( 483): status5batteryHealth 2
08-28 03:50:56.859 D/StatusBar.BatteryController( 483): mOldstatus5status 5
08-28 03:50:56.859 D/StatusBar.BatteryController( 483): now old status is 5
08-28 03:51:06.869 V/StatusBar.BatteryController( 483): status5batteryHealth 2
08-28 03:51:06.869 D/StatusBar.BatteryController( 483): mOldstatus5status 5
08-28 03:51:06.869 D/StatusBar.BatteryController( 483): now old status is 5
08-28 03:51:09.019 E/WifiStateMachine( 276): set suspend optimizations failed!
08-28 03:51:09.049 D/SensorManager( 867): registerListener :: handle = 0 name= BOSCH 3-axis Accelerometer delay= 10000 Listener= kvn@412490d0
08-28 03:51:09.049 E/SensorManager( 867): thread start
08-28 03:51:09.049 E/SensorManager( 867): =======>>>Sensor Thread RUNNING <<<========
08-28 03:51:09.759 D/Tethering( 276): interfaceLinkStateChanged wlan0, true
08-28 03:51:09.759 D/Tethering( 276): interfaceStatusChanged wlan0, true
08-28 03:51:09.759 D/Tethering( 276): interfaceLinkStateChanged wlan0, true
08-28 03:51:09.759 D/Tethering( 276): interfaceStatusChanged wlan0, true
08-28 03:51:09.809 I/SensorManager( 867): Set normal delay = true
08-28 03:51:09.879 D/SensorManager( 867): unregisterListener:: disable all sensors for this listener, name = BOSCH 3-axis Accelerometer listener = kvn@412490d0
08-28 03:51:09.889 E/WifiStateMachine( 276): set suspend optimizations failed!
08-28 03:51:09.909 I/GCoreUlr( 867): Received powerMode change from NLP: com.google.android.location.activity.LOW_POWER_MODE_ENABLED
08-28 03:51:09.909 I/GCoreUlr( 867): Starting service, intent=Intent { act=com.google.android.location.reporting.ACTION_UPDATE_ACTIVE_STATE cmp=xxxx }, extras=null
08-28 03:51:09.989 I/GCoreUlr( 867): Successfully inserted location
08-28 03:51:09.999 I/GCoreUlr( 867): Not calling LocationReportingService, hasMoved: false, elapsed millis: 128009, request: Phone
08-28 03:51:10.049 I/GCoreUlr( 867): Ensuring that reporting is active for [account#15#]
08-28 03:51:10.059 I/GCoreUlr( 867): Starting service, intent=Intent { act=com.google.android.location.reporting.ACTION_LOCATION_STATUS cmp=xxxx (has extras) }, extras=Bundle[{status=LocationStatus[cell status: STATUS_SUCCESSFUL, wifi status: STATUS_SUCCESSFUL, elapsed realtime ns: 19183643000000]}]
08-28 03:51:16.909 V/StatusBar.BatteryController( 483): status5batteryHealth 2
08-28 03:51:16.909 D/StatusBar.BatteryController( 483): mOldstatus5status 5
08-28 03:51:16.909 D/StatusBar.BatteryController( 483): now old status is 5
08-28 03:51:36.929 V/StatusBar.BatteryController( 483): status5batteryHealth 2
08-28 03:51:36.929 D/StatusBar.BatteryController( 483): mOldstatus5status 5
08-28 03:51:36.929 D/StatusBar.BatteryController( 483): now old status is 5
08-28 03:51:46.949 V/StatusBar.BatteryController( 483): status5batteryHealth 2
08-28 03:51:46.949 D/StatusBar.BatteryController( 483): mOldstatus5status 5
08-28 03:51:46.949 D/StatusBar.BatteryController( 483): now old status is 5
08-28 03:51:56.969 V/StatusBar.BatteryController( 483): status5batteryHealth 2
08-28 03:51:56.969 D/StatusBar.BatteryController( 483): mOldstatus5status 5
08-28 03:51:56.969 D/StatusBar.BatteryController( 483): now old status is 5
08-28 03:52:06.989 V/StatusBar.BatteryController( 483): status5batteryHealth 2
08-28 03:52:06.989 D/StatusBar.BatteryController( 483): mOldstatus5status 5
08-28 03:52:06.989 D/StatusBar.BatteryController( 483): now old status is 5
08-28 03:52:17.009 V/StatusBar.BatteryController( 483): status5batteryHealth 2
08-28 03:52:17.009 D/StatusBar.BatteryController( 483): mOldstatus5status 5
08-28 03:52:17.009 D/StatusBar.BatteryController( 483): now old status is 5
08-28 03:52:27.029 V/StatusBar.BatteryController( 483): status5batteryHealth 2
08-28 03:52:27.029 D/StatusBar.BatteryController( 483): mOldstatus5status 5
08-28 03:52:27.029 D/StatusBar.BatteryController( 483): now old status is 5
08-28 03:52:36.949 D/Tethering( 276): interfaceLinkStateChanged wlan0, true
08-28 03:52:36.949 D/Tethering( 276): interfaceStatusChanged wlan0, true
08-28 03:52:57.089 V/StatusBar.BatteryController( 483): status5batteryHealth 2
08-28 03:52:57.089 D/StatusBar.BatteryController( 483): mOldstatus5status 5
08-28 03:52:57.089 D/StatusBar.BatteryController( 483): now old status is 5
08-28 03:53:08.809 D/Tethering( 276): interfaceLinkStateChanged wlan0, true
08-28 03:53:08.809 D/Tethering( 276): interfaceStatusChanged wlan0, true
08-28 03:53:13.819 D/Tethering( 276): interfaceLinkStateChanged wlan0, true
08-28 03:53:13.819 D/Tethering( 276): interfaceStatusChanged wlan0, true
08-28 03:53:17.129 V/StatusBar.BatteryController( 483): status5batteryHealth 2
08-28 03:53:17.129 D/StatusBar.BatteryController( 483): mOldstatus5status 5
08-28 03:53:17.129 D/StatusBar.BatteryController( 483): now old status is 5
08-28 03:53:27.149 V/StatusBar.BatteryController( 483): status5batteryHealth 2
08-28 03:53:27.149 D/StatusBar.BatteryController( 483): mOldstatus5status 5
08-28 03:53:27.149 D/StatusBar.BatteryController( 483): now old status is 5
08-28 03:53:37.169 V/StatusBar.BatteryController( 483): status5batteryHealth 2
08-28 03:53:37.169 D/StatusBar.BatteryController( 483): mOldstatus5status 5
08-28 03:53:37.169 D/StatusBar.BatteryController( 483): now old status is 5
08-28 03:53:47.189 V/StatusBar.BatteryController( 483): status5batteryHealth 2
08-28 03:53:47.189 D/StatusBar.BatteryController( 483): mOldstatus5status 5
08-28 03:53:47.189 D/StatusBar.BatteryController( 483): now old status is 5
08-28 03:53:57.209 V/StatusBar.BatteryController( 483): status5batteryHealth 2
08-28 03:53:57.209 D/StatusBar.BatteryController( 483): mOldstatus5status 5
08-28 03:53:57.209 D/StatusBar.BatteryController( 483): now old status is 5
08-28 03:54:07.229 V/StatusBar.BatteryController( 483): status5batteryHealth 2
08-28 03:54:07.229 D/StatusBar.BatteryController( 483): mOldstatus5status 5
08-28 03:54:07.229 D/StatusBar.BatteryController( 483): now old status is 5
08-28 03:54:08.059 D/SensorManager( 867): registerListener :: handle = 0 name= BOSCH 3-axis Accelerometer delay= 10000 Listener= kvn@4128cfb8
08-28 03:54:08.059 E/SensorManager( 867): thread start
08-28 03:54:08.059 E/SensorManager( 867): =======>>>Sensor Thread RUNNING <<<========
08-28 03:54:08.749 I/SensorManager( 867): Set normal delay = true
08-28 03:54:08.829 D/SensorManager( 867): unregisterListener:: disable all sensors for this listener, name = BOSCH 3-axis Accelerometer listener = kvn@4128cfb8
08-28 03:54:17.249 V/StatusBar.BatteryController( 483): status5batteryHealth 2
08-28 03:54:17.249 D/StatusBar.BatteryController( 483): mOldstatus5status 5
08-28 03:54:17.249 D/StatusBar.BatteryController( 483): now old status is 5
08-28 03:54:27.269 V/StatusBar.BatteryController( 483): status5batteryHealth 2
08-28 03:54:27.269 D/StatusBar.BatteryController( 483): mOldstatus5status 5
08-28 03:54:27.269 D/StatusBar.BatteryController( 483): now old status is 5
08-28 03:54:37.289 V/StatusBar.BatteryController( 483): status5batteryHealth 2
08-28 03:54:37.289 D/StatusBar.BatteryController( 483): mOldstatus5status 5
08-28 03:54:37.289 D/StatusBar.BatteryController( 483): now old status is 5
08-28 03:54:47.309 V/StatusBar.BatteryController( 483): status5batteryHealth 2
08-28 03:54:47.309 D/StatusBar.BatteryController( 483): mOldstatus5status 5
08-28 03:54:47.309 D/StatusBar.BatteryController( 483): now old status is 5
08-28 03:54:57.329 V/StatusBar.BatteryController( 483): status5batteryHealth 2
08-28 03:54:57.329 D/StatusBar.BatteryController( 483): mOldstatus5status 5
08-28 03:54:57.329 D/StatusBar.BatteryController( 483): now old status is 5
08-28 03:55:07.349 V/StatusBar.BatteryController( 483): status5batteryHealth 2
08-28 03:55:07.349 D/StatusBar.BatteryController( 483): mOldstatus5status 5
08-28 03:55:07.349 D/StatusBar.BatteryController( 483): now old status is 5
08-28 03:55:17.369 V/StatusBar.BatteryController( 483): status5batteryHealth 2
08-28 03:55:17.369 D/StatusBar.BatteryController( 483): mOldstatus5status 5
08-28 03:55:17.369 D/StatusBar.BatteryController( 483): now old status is 5
08-28 03:55:27.389 V/StatusBar.BatteryController( 483): status5batteryHealth 2
08-28 03:55:27.389 D/StatusBar.BatteryController( 483): mOldstatus5status 5
08-28 03:55:27.389 D/StatusBar.BatteryController( 483): now old status is 5
08-28 03:56:07.469 V/StatusBar.BatteryController( 483): status5batteryHealth 2
08-28 03:56:07.469 D/StatusBar.BatteryController( 483): mOldstatus5status 5
08-28 03:56:07.469 D/StatusBar.BatteryController( 483): now old status is 5
08-28 03:56:27.509 V/StatusBar.BatteryController( 483): status5batteryHealth 2
08-28 03:56:27.509 D/StatusBar.BatteryController( 483): mOldstatus5status 5
08-28 03:56:27.509 D/StatusBar.BatteryController( 483): now old status is 5
08-28 03:56:37.529 V/StatusBar.BatteryController( 483): status5batteryHealth 2
08-28 03:56:37.529 D/StatusBar.BatteryController( 483): mOldstatus5status 5
08-28 03:56:37.529 D/StatusBar.BatteryController( 483): now old status is 5
08-28 03:56:47.549 V/StatusBar.BatteryController( 483): status5batteryHealth 2
08-28 03:56:47.549 D/StatusBar.BatteryController( 483): mOldstatus5status 5
08-28 03:56:47.549 D/StatusBar.BatteryController( 483): now old status is 5
08-28 03:56:57.569 V/StatusBar.BatteryController( 483): status5batteryHealth 2
08-28 03:56:57.569 D/StatusBar.BatteryController( 483): mOldstatus5status 5
08-28 03:56:57.569 D/StatusBar.BatteryController( 483): now old status is 5
08-28 03:57:06.999 D/SensorManager( 867): registerListener :: handle = 0 name= BOSCH 3-axis Accelerometer delay= 10000 Listener= kvn@41337a10
08-28 03:57:06.999 E/SensorManager( 867): thread start
08-28 03:57:06.999 E/SensorManager( 867): =======>>>Sensor Thread RUNNING <<<========
08-28 03:57:07.599 V/StatusBar.BatteryController( 483): status5batteryHealth 2
08-28 03:57:07.599 D/StatusBar.BatteryController( 483): mOldstatus5status 5
08-28 03:57:07.599 D/StatusBar.BatteryController( 483): now old status is 5
08-28 03:57:07.719 I/SensorManager( 867): Set normal delay = true
08-28 03:57:07.799 D/SensorManager( 867): unregisterListener:: disable all sensors for this listener, name = BOSCH 3-axis Accelerometer listener = kvn@41337a10
08-28 03:57:11.549 W/SignalStrength( 276): getCdmaLevel=3
08-28 03:57:11.549 W/SignalStrength( 276): getEvdoLevel=0
08-28 03:57:11.549 W/SignalStrength( 276): getCdmaLevel=3
08-28 03:57:11.549 W/SignalStrength( 276): getLevel=3
08-28 03:57:11.559 W/SignalStrength( 483): getCdmaLevel=3
08-28 03:57:11.559 W/SignalStrength( 483): getEvdoLevel=0
08-28 03:57:11.559 W/SignalStrength( 483): getCdmaLevel=3
08-28 03:57:11.559 W/SignalStrength( 483): getLevel=3
08-28 03:57:19.559 W/SignalStrength( 276): getCdmaLevel=2
08-28 03:57:19.559 W/SignalStrength( 276): getEvdoLevel=0
08-28 03:57:19.559 W/SignalStrength( 276): getCdmaLevel=2
08-28 03:57:19.559 W/SignalStrength( 276): getLevel=2
08-28 03:57:19.559 W/SignalStrength( 483): getCdmaLevel=2
08-28 03:57:19.559 W/SignalStrength( 483): getEvdoLevel=0
08-28 03:57:19.559 W/SignalStrength( 483): getCdmaLevel=2
08-28 03:57:19.559 W/SignalStrength( 483): getLevel=2
08-28 03:57:27.629 V/StatusBar.BatteryController( 483): status5batteryHealth 2
08-28 03:57:27.629 D/StatusBar.BatteryController( 483): mOldstatus5status 5
08-28 03:57:27.629 D/StatusBar.BatteryController( 483): now old status is 5
08-28 03:57:30.569 W/SignalStrength( 483): getCdmaLevel=3
08-28 03:57:30.569 W/SignalStrength( 483): getEvdoLevel=0
08-28 03:57:30.569 W/SignalStrength( 483): getCdmaLevel=3
08-28 03:57:30.569 W/SignalStrength( 483): getLevel=3
08-28 03:57:30.569 W/SignalStrength( 276): getCdmaLevel=3
08-28 03:57:30.569 W/SignalStrength( 276): getEvdoLevel=0
08-28 03:57:30.569 W/SignalStrength( 276): getCdmaLevel=3
08-28 03:57:30.569 W/SignalStrength( 276): getLevel=3
08-28 03:57:36.569 W/SignalStrength( 276): getCdmaLevel=2
08-28 03:57:36.569 W/SignalStrength( 276): getEvdoLevel=0
08-28 03:57:36.569 W/SignalStrength( 276): getCdmaLevel=2
08-28 03:57:36.569 W/SignalStrength( 276): getLevel=2
08-28 03:57:36.569 W/SignalStrength( 483): getCdmaLevel=2
08-28 03:57:36.569 W/SignalStrength( 483): getEvdoLevel=0
08-28 03:57:36.569 W/SignalStrength( 483): getCdmaLevel=2
08-28 03:57:36.569 W/SignalStrength( 483): getLevel=2
08-28 03:57:37.649 V/StatusBar.BatteryController( 483): status5batteryHealth 2
08-28 03:57:37.649 D/StatusBar.BatteryController( 483): mOldstatus5status 5
08-28 03:57:37.649 D/StatusBar.BatteryController( 483): now old status is 5
08-28 03:57:44.569 W/SignalStrength( 276): getCdmaLevel=3
08-28 03:57:44.569 W/SignalStrength( 276): getEvdoLevel=0
08-28 03:57:44.569 W/SignalStrength( 276): getCdmaLevel=3
08-28 03:57:44.569 W/SignalStrength( 276): getLevel=3
08-28 03:57:44.569 W/SignalStrength( 483): getCdmaLevel=3
08-28 03:57:44.569 W/SignalStrength( 483): getEvdoLevel=0
08-28 03:57:44.569 W/SignalStrength( 483): getCdmaLevel=3
08-28 03:57:44.569 W/SignalStrength( 483): getLevel=3
08-28 03:57:47.569 W/SignalStrength( 276): getCdmaLevel=2
08-28 03:57:47.569 W/SignalStrength( 276): getEvdoLevel=0
08-28 03:57:47.569 W/SignalStrength( 276): getCdmaLevel=2
08-28 03:57:47.569 W/SignalStrength( 276): getLevel=2
08-28 03:57:47.569 W/SignalStrength( 483): getCdmaLevel=2
08-28 03:57:47.569 W/SignalStrength( 483): getEvdoLevel=0
08-28 03:57:47.569 W/SignalStrength( 483): getCdmaLevel=2
08-28 03:57:47.569 W/SignalStrength( 483): getLevel=2
08-28 03:57:49.589 W/ThrottleService( 276): unable to find stats for iface rmnet0
08-28 03:57:56.839 D/GCM ( 588): Ignoring attempt to send heartbeat on dead connection.
08-28 03:58:01.869 D/Tethering( 276): interfaceLinkStateChanged wlan0, true
08-28 03:58:01.869 D/Tethering( 276): interfaceStatusChanged wlan0, true
08-28 03:58:06.969 D/Tethering( 276): interfaceLinkStateChanged wlan0, true
08-28 03:58:06.969 D/Tethering( 276): interfaceStatusChanged wlan0, true
08-28 03:58:07.709 V/StatusBar.BatteryController( 483): status5batteryHealth 2
08-28 03:58:07.709 D/StatusBar.BatteryController( 483): mOldstatus5status 5
08-28 03:58:07.709 D/StatusBar.BatteryController( 483): now old status is 5
08-28 03:58:13.579 W/SignalStrength( 276): getCdmaLevel=3
08-28 03:58:13.579 W/SignalStrength( 276): getEvdoLevel=0
08-28 03:58:13.579 W/SignalStrength( 276): getCdmaLevel=3
08-28 03:58:13.579 W/SignalStrength( 276): getLevel=3
08-28 03:58:13.579 W/SignalStrength( 483): getCdmaLevel=3
08-28 03:58:13.579 W/SignalStrength( 483): getEvdoLevel=0
08-28 03:58:13.589 W/SignalStrength( 483): getCdmaLevel=3
08-28 03:58:13.589 W/SignalStrength( 483): getLevel=3
08-28 03:58:17.739 V/StatusBar.BatteryController( 483): status5batteryHealth 2
08-28 03:58:17.739 D/StatusBar.BatteryController( 483): mOldstatus5status 5
08-28 03:58:17.739 D/StatusBar.BatteryController( 483): now old status is 5
08-28 03:58:18.579 W/SignalStrength( 276): getCdmaLevel=2
08-28 03:58:18.579 W/SignalStrength( 276): getEvdoLevel=0
08-28 03:58:18.579 W/SignalStrength( 276): getCdmaLevel=2
08-28 03:58:18.579 W/SignalStrength( 276): getLevel=2
08-28 03:58:18.589 W/SignalStrength( 483): getCdmaLevel=2
08-28 03:58:18.589 W/SignalStrength( 483): getEvdoLevel=0
08-28 03:58:18.589 W/SignalStrength( 483): getCdmaLevel=2
08-28 03:58:18.589 W/SignalStrength( 483): getLevel=2
08-28 03:58:27.749 V/StatusBar.BatteryController( 483): status5batteryHealth 2
08-28 03:58:27.749 D/StatusBar.BatteryController( 483): mOldstatus5status 5
08-28 03:58:27.749 D/StatusBar.BatteryController( 483): now old status is 5
08-28 03:58:37.769 V/StatusBar.BatteryController( 483): status5batteryHealth 2
08-28 03:58:37.769 D/StatusBar.BatteryController( 483): mOldstatus5status 5
08-28 03:58:37.769 D/StatusBar.BatteryController( 483): now old status is 5
08-28 03:58:47.789 V/StatusBar.BatteryController( 483): status5batteryHealth 2
08-28 03:58:47.789 D/StatusBar.BatteryController( 483): mOldstatus5status 5
08-28 03:58:47.789 D/StatusBar.BatteryController( 483): now old status is 5
08-28 03:58:57.819 V/StatusBar.BatteryController( 483): status5batteryHealth 2
08-28 03:58:57.819 D/StatusBar.BatteryController( 483): mOldstatus5status 5
08-28 03:58:57.819 D/StatusBar.BatteryController( 483): now old status is 5
08-28 03:59:01.639 D/GpsLocationProvider( 276): ALARM_WAKEUP
08-28 03:59:01.639 D/GpsLocationProvider( 276): startNavigating
08-28 03:59:01.639 D/GpsLocationProvider( 276): GlobalConfig.GLOBALCONFIG_GPS_CDMA=true
08-28 03:59:01.639 D/GpsLocationProvider( 276): startNavigating with Position Mode = 0
08-28 03:59:01.639 E/libsecgps( 276): gps_start:
08-28 03:59:01.669 V/GpsLocationProvider( 276): reportStatus status: 3
08-28 03:59:01.669 V/GpsLocationProvider( 276): reportStatus status: 1
08-28 03:59:06.629 E/GPSD ( 119): SecLBS_update_location:
08-28 03:59:06.629 D/GpsLocationProvider( 276): TTFF: 4990
08-28 03:59:06.639 D/GpsLocationProvider( 276): got fix, hibernating
08-28 03:59:06.639 D/GpsLocationProvider( 276): stopNavigating
08-28 03:59:06.639 E/libsecgps( 276): gps_stop:
08-28 03:59:06.669 V/GpsLocationProvider( 276): reportStatus status: 2
08-28 03:59:06.669 V/GpsLocationProvider( 276): reportStatus status: 4
08-28 03:59:06.699 D/MyGPSClockApp( 6043): +onLocationChanged
08-28 03:59:06.699 D/MyGPSClockApp( 6043): +getGPSDatetime
08-28 03:59:06.699 D/MyGPSClockApp( 6043): GPSTime: 1409230764000
08-28 03:59:06.699 D/MyGPSClockApp( 6043): GPS Current time: Thu Aug 28 08:59:24 EDT 2014
08-28 03:59:06.699 D/MyGPSClockApp( 6043): -getGPSDatetime
08-28 03:59:06.699 D/MyGPSClockApp( 6043): -onLocationChanged
08-28 03:59:06.759 V/GpsLocationProvider( 276): reportStatus status: 2
08-28 03:59:07.069 I/GCoreUlr( 867): Successfully inserted location
08-28 03:59:07.069 I/GCoreUlr( 867): Not calling LocationReportingService, hasMoved: false, elapsed millis: 605082, request: Phone
08-28 03:59:07.829 V/StatusBar.BatteryController( 483): status5batteryHealth 2
08-28 03:59:07.829 D/StatusBar.BatteryController( 483): mOldstatus5status 5
08-28 03:59:07.829 D/StatusBar.BatteryController( 483): now old status is 5
08-28 03:59:17.849 V/StatusBar.BatteryController( 483): status5batteryHealth 2
08-28 03:59:17.849 D/StatusBar.BatteryController( 483): mOldstatus5status 5
08-28 03:59:17.849 D/StatusBar.BatteryController( 483): now old status is 5
08-28 03:59:37.889 V/StatusBar.BatteryController( 483): status5batteryHealth 2
08-28 03:59:37.889 D/StatusBar.BatteryController( 483): mOldstatus5status 5
08-28 03:59:37.889 D/StatusBar.BatteryController( 483): now old status is 5
08-28 03:59:47.619 W/SignalStrength( 276): getCdmaLevel=3
08-28 03:59:47.619 W/SignalStrength( 276): getEvdoLevel=0
08-28 03:59:47.619 W/SignalStrength( 276): getCdmaLevel=3
08-28 03:59:47.619 W/SignalStrength( 276): getLevel=3
08-28 03:59:47.619 W/SignalStrength( 483): getCdmaLevel=3
08-28 03:59:47.619 W/SignalStrength( 483): getEvdoLevel=0
08-28 03:59:47.619 W/SignalStrength( 483): getCdmaLevel=3
08-28 03:59:47.619 W/SignalStrength( 483): getLevel=3
08-28 03:59:47.909 V/StatusBar.BatteryController( 483): status5batteryHealth 2
08-28 03:59:47.909 D/StatusBar.BatteryController( 483): mOldstatus5status 5
08-28 03:59:47.909 D/StatusBar.BatteryController( 483): now old status is 5
08-28 03:59:50.619 W/SignalStrength( 276): getCdmaLevel=2
08-28 03:59:50.619 W/SignalStrength( 276): getEvdoLevel=0
08-28 03:59:50.619 W/SignalStrength( 276): getCdmaLevel=2
08-28 03:59:50.619 W/SignalStrength( 276): getLevel=2
08-28 03:59:50.619 W/SignalStrength( 483): getCdmaLevel=2
08-28 03:59:50.619 W/SignalStrength( 483): getEvdoLevel=0
08-28 03:59:50.619 W/SignalStrength( 483): getCdmaLevel=2
08-28 03:59:50.619 W/SignalStrength( 483): getLevel=2
08-28 03:59:57.929 V/StatusBar.BatteryController( 483): status5batteryHealth 2
08-28 03:59:57.929 D/StatusBar.BatteryController( 483): mOldstatus5status 5
08-28 03:59:57.929 D/StatusBar.BatteryController( 483): now old status is 5
08-28 04:00:05.969 D/SensorManager( 867): registerListener :: handle = 0 name= BOSCH 3-axis Accelerometer delay= 10000 Listener= kvn@4111a6f8
08-28 04:00:05.969 E/SensorManager( 867): thread start
08-28 04:00:05.969 E/SensorManager( 867): =======>>>Sensor Thread RUNNING <<<========
08-28 04:00:06.689 I/SensorManager( 867): Set normal delay = true
