08-28 01:51:07.549 I/GCoreUlr( 867): Starting service, intent=Intent { act=com.google.android.location.reporting.ACTION_UPDATE_ACTIVE_STATE cmp=xxxx }, extras=null
08-28 01:51:07.589 I/GCoreUlr( 867): Ensuring that reporting is active for [account#15#]
08-28 01:51:07.599 I/GCoreUlr( 867): Starting service, intent=Intent { act=com.google.android.location.reporting.ACTION_LOCATION_STATUS cmp=xxxx (has extras) }, extras=Bundle[{status=LocationStatus[cell status: STATUS_SUCCESSFUL, wifi status: STATUS_SUCCESSFUL, elapsed realtime ns: 19183643000000]}]
08-28 01:51:26.139 V/StatusBar.BatteryController( 483): status5batteryHealth 2
08-28 01:51:26.139 D/StatusBar.BatteryController( 483): mOldstatus5status 5
08-28 01:51:26.139 D/StatusBar.BatteryController( 483): now old status is 5
08-28 01:51:46.179 V/StatusBar.BatteryController( 483): status5batteryHealth 2
08-28 01:51:46.179 D/StatusBar.BatteryController( 483): mOldstatus5status 5
08-28 01:51:46.179 D/StatusBar.BatteryController( 483): now old status is 5
08-28 01:51:56.209 V/StatusBar.BatteryController( 483): status5batteryHealth 2
08-28 01:51:56.209 D/StatusBar.BatteryController( 483): mOldstatus5status 5
08-28 01:51:56.209 D/StatusBar.BatteryController( 483): now old status is 5
08-28 01:52:23.999 D/Tethering( 276): interfaceLinkStateChanged wlan0, true
08-28 01:52:23.999 D/Tethering( 276): interfaceStatusChanged wlan0, true
08-28 01:52:36.269 V/StatusBar.BatteryController( 483): status5batteryHealth 2
08-28 01:52:36.269 D/StatusBar.BatteryController( 483): mOldstatus5status 5
08-28 01:52:36.269 D/StatusBar.BatteryController( 483): now old status is 5
08-28 01:52:46.289 V/StatusBar.BatteryController( 483): status5batteryHealth 2
08-28 01:52:46.289 D/StatusBar.BatteryController( 483): mOldstatus5status 5
08-28 01:52:46.289 D/StatusBar.BatteryController( 483): now old status is 5
08-28 01:52:56.309 V/StatusBar.BatteryController( 483): status5batteryHealth 2
08-28 01:52:56.309 D/StatusBar.BatteryController( 483): mOldstatus5status 5
08-28 01:52:56.309 D/StatusBar.BatteryController( 483): now old status is 5
08-28 01:53:26.369 V/StatusBar.BatteryController( 483): status5batteryHealth 2
08-28 01:53:26.369 D/StatusBar.BatteryController( 483): mOldstatus5status 5
08-28 01:53:26.369 D/StatusBar.BatteryController( 483): now old status is 5
08-28 01:53:36.389 V/StatusBar.BatteryController( 483): status5batteryHealth 2
08-28 01:53:36.389 D/StatusBar.BatteryController( 483): mOldstatus5status 5
08-28 01:53:36.389 D/StatusBar.BatteryController( 483): now old status is 5
08-28 01:54:05.699 D/SensorManager( 867): registerListener :: handle = 0 name= BOSCH 3-axis Accelerometer delay= 10000 Listener= kvn@4110b208
08-28 01:54:05.699 E/SensorManager( 867): thread start
08-28 01:54:05.699 E/SensorManager( 867): =======>>>Sensor Thread RUNNING <<<========
08-28 01:54:06.389 I/SensorManager( 867): Set normal delay = true
08-28 01:54:06.479 D/SensorManager( 867): unregisterListener:: disable all sensors for this listener, name = BOSCH 3-axis Accelerometer listener = kvn@4110b208
08-28 01:54:36.509 V/StatusBar.BatteryController( 483): status5batteryHealth 2
08-28 01:54:36.509 D/StatusBar.BatteryController( 483): mOldstatus5status 5
08-28 01:54:36.509 D/StatusBar.BatteryController( 483): now old status is 5
08-28 01:54:46.529 V/StatusBar.BatteryController( 483): status5batteryHealth 2
08-28 01:54:46.529 D/StatusBar.BatteryController( 483): mOldstatus5status 5
08-28 01:54:46.529 D/StatusBar.BatteryController( 483): now old status is 5
08-28 01:54:56.549 V/StatusBar.BatteryController( 483): status5batteryHealth 2
08-28 01:54:56.549 D/StatusBar.BatteryController( 483): mOldstatus5status 5
08-28 01:54:56.549 D/StatusBar.BatteryController( 483): now old status is 5
08-28 01:55:06.569 V/StatusBar.BatteryController( 483): status5batteryHealth 2
08-28 01:55:06.569 D/StatusBar.BatteryController( 483): mOldstatus5status 5
08-28 01:55:06.569 D/StatusBar.BatteryController( 483): now old status is 5
08-28 01:55:26.609 V/StatusBar.BatteryController( 483): status5batteryHealth 2
08-28 01:55:26.609 D/StatusBar.BatteryController( 483): mOldstatus5status 5
08-28 01:55:26.609 D/StatusBar.BatteryController( 483): now old status is 5
08-28 01:55:36.629 V/StatusBar.BatteryController( 483): status5batteryHealth 2
08-28 01:55:36.629 D/StatusBar.BatteryController( 483): mOldstatus5status 5
08-28 01:55:36.629 D/StatusBar.BatteryController( 483): now old status is 5
08-28 01:55:46.649 V/StatusBar.BatteryController( 483): status5batteryHealth 2
08-28 01:55:46.649 D/StatusBar.BatteryController( 483): mOldstatus5status 5
08-28 01:55:46.649 D/StatusBar.BatteryController( 483): now old status is 5
08-28 01:55:56.669 V/StatusBar.BatteryController( 483): status5batteryHealth 2
08-28 01:55:56.669 D/StatusBar.BatteryController( 483): mOldstatus5status 5
08-28 01:55:56.669 D/StatusBar.BatteryController( 483): now old status is 5
08-28 01:56:36.749 V/StatusBar.BatteryController( 483): status5batteryHealth 2
08-28 01:56:36.749 D/StatusBar.BatteryController( 483): mOldstatus5status 5
08-28 01:56:36.749 D/StatusBar.BatteryController( 483): now old status is 5
08-28 01:56:46.769 V/StatusBar.BatteryController( 483): status5batteryHealth 2
08-28 01:56:46.769 D/StatusBar.BatteryController( 483): mOldstatus5status 5
08-28 01:56:46.769 D/StatusBar.BatteryController( 483): now old status is 5
08-28 01:57:04.649 D/SensorManager( 867): registerListener :: handle = 0 name= BOSCH 3-axis Accelerometer delay= 10000 Listener= kvn@412dc2d0
08-28 01:57:04.649 E/SensorManager( 867): thread start
08-28 01:57:04.649 E/SensorManager( 867): =======>>>Sensor Thread RUNNING <<<========
08-28 01:57:05.329 I/SensorManager( 867): Set normal delay = true
08-28 01:57:05.409 D/SensorManager( 867): unregisterListener:: disable all sensors for this listener, name = BOSCH 3-axis Accelerometer listener = kvn@412dc2d0
08-28 01:57:06.809 V/StatusBar.BatteryController( 483): status5batteryHealth 2
08-28 01:57:06.809 D/StatusBar.BatteryController( 483): mOldstatus5status 5
08-28 01:57:06.809 D/StatusBar.BatteryController( 483): now old status is 5
08-28 01:57:16.829 V/StatusBar.BatteryController( 483): status5batteryHealth 2
08-28 01:57:16.829 D/StatusBar.BatteryController( 483): mOldstatus5status 5
08-28 01:57:16.829 D/StatusBar.BatteryController( 483): now old status is 5
08-28 01:57:26.849 V/StatusBar.BatteryController( 483): status5batteryHealth 2
08-28 01:57:26.849 D/StatusBar.BatteryController( 483): mOldstatus5status 5
08-28 01:57:26.849 D/StatusBar.BatteryController( 483): now old status is 5
08-28 01:57:36.869 V/StatusBar.BatteryController( 483): status5batteryHealth 2
08-28 01:57:36.869 D/StatusBar.BatteryController( 483): mOldstatus5status 5
08-28 01:57:36.869 D/StatusBar.BatteryController( 483): now old status is 5
08-28 01:57:46.889 V/StatusBar.BatteryController( 483): status5batteryHealth 2
08-28 01:57:46.889 D/StatusBar.BatteryController( 483): mOldstatus5status 5
08-28 01:57:46.889 D/StatusBar.BatteryController( 483): now old status is 5
08-28 01:57:49.519 W/ThrottleService( 276): unable to find stats for iface rmnet0
08-28 01:57:56.089 D/GCM ( 588): Ignoring attempt to send heartbeat on dead connection.
08-28 01:58:01.129 D/Tethering( 276): interfaceLinkStateChanged wlan0, true
08-28 01:58:01.129 D/Tethering( 276): interfaceStatusChanged wlan0, true
08-28 01:58:06.199 D/Tethering( 276): interfaceLinkStateChanged wlan0, true
08-28 01:58:06.199 D/Tethering( 276): interfaceStatusChanged wlan0, true
08-28 01:58:06.929 V/StatusBar.BatteryController( 483): status5batteryHealth 2
08-28 01:58:06.929 D/StatusBar.BatteryController( 483): mOldstatus5status 5
08-28 01:58:06.929 D/StatusBar.BatteryController( 483): now old status is 5
08-28 01:58:09.699 D/GpsLocationProvider( 276): ALARM_WAKEUP
08-28 01:58:09.699 D/GpsLocationProvider( 276): startNavigating
08-28 01:58:09.699 D/GpsLocationProvider( 276): GlobalConfig.GLOBALCONFIG_GPS_CDMA=true
08-28 01:58:09.699 D/GpsLocationProvider( 276): startNavigating with Position Mode = 0
08-28 01:58:09.699 E/libsecgps( 276): gps_start:
08-28 01:58:09.729 V/GpsLocationProvider( 276): reportStatus status: 3
08-28 01:58:09.729 V/GpsLocationProvider( 276): reportStatus status: 1
08-28 01:58:13.679 E/GPSD ( 119): SecLBS_update_location:
08-28 01:58:13.689 D/GpsLocationProvider( 276): TTFF: 3989
08-28 01:58:13.689 D/GpsLocationProvider( 276): got fix, hibernating
08-28 01:58:13.689 D/GpsLocationProvider( 276): stopNavigating
08-28 01:58:13.689 E/libsecgps( 276): gps_stop:
08-28 01:58:13.729 V/GpsLocationProvider( 276): reportStatus status: 2
08-28 01:58:13.739 V/GpsLocationProvider( 276): reportStatus status: 4
08-28 01:58:13.769 D/MyGPSClockApp( 6043): +onLocationChanged
08-28 01:58:13.769 D/MyGPSClockApp( 6043): +getGPSDatetime
08-28 01:58:13.769 D/MyGPSClockApp( 6043): GPSTime: 1409223511000
08-28 01:58:13.769 D/MyGPSClockApp( 6043): GPS Current time: Thu Aug 28 06:58:31 EDT 2014
08-28 01:58:13.769 D/MyGPSClockApp( 6043): -getGPSDatetime
08-28 01:58:13.769 D/MyGPSClockApp( 6043): -onLocationChanged
08-28 01:58:13.819 V/GpsLocationProvider( 276): reportStatus status: 2
08-28 01:58:14.199 I/GCoreUlr( 867): Successfully inserted location
08-28 01:58:14.209 I/GCoreUlr( 867): Not calling LocationReportingService, hasMoved: false, elapsed millis: 604186, request: Phone
08-28 01:58:57.039 V/StatusBar.BatteryController( 483): status5batteryHealth 2
08-28 01:58:57.039 D/StatusBar.BatteryController( 483): mOldstatus5status 5
08-28 01:58:57.039 D/StatusBar.BatteryController( 483): now old status is 5
08-28 01:59:57.159 V/StatusBar.BatteryController( 483): status5batteryHealth 2
08-28 01:59:57.159 D/StatusBar.BatteryController( 483): mOldstatus5status 5
08-28 01:59:57.159 D/StatusBar.BatteryController( 483): now old status is 5
08-28 02:00:03.579 D/SensorManager( 867): registerListener :: handle = 0 name= BOSCH 3-axis Accelerometer delay= 10000 Listener= kvn@4114cc20
08-28 02:00:03.589 E/SensorManager( 867): thread start
08-28 02:00:03.589 E/SensorManager( 867): =======>>>Sensor Thread RUNNING <<<========
08-28 02:00:04.289 I/SensorManager( 867): Set normal delay = true
08-28 02:00:04.369 D/SensorManager( 867): unregisterListener:: disable all sensors for this listener, name = BOSCH 3-axis Accelerometer listener = kvn@4114cc20
08-28 02:00:07.169 V/StatusBar.BatteryController( 483): status5batteryHealth 2
08-28 02:00:07.169 D/StatusBar.BatteryController( 483): mOldstatus5status 5
08-28 02:00:07.169 D/StatusBar.BatteryController( 483): now old status is 5
08-28 02:00:17.189 V/StatusBar.BatteryController( 483): status5batteryHealth 2
08-28 02:00:17.189 D/StatusBar.BatteryController( 483): mOldstatus5status 5
08-28 02:00:17.189 D/StatusBar.BatteryController( 483): now old status is 5
08-28 02:00:17.209 E/WifiStateMachine( 276): set suspend optimizations failed!
08-28 02:00:17.649 E/WifiStateMachine( 276): set suspend optimizations failed!
08-28 02:00:27.209 V/StatusBar.BatteryController( 483): status5batteryHealth 2
08-28 02:00:27.209 D/StatusBar.BatteryController( 483): mOldstatus5status 5
08-28 02:00:27.209 D/StatusBar.BatteryController( 483): now old status is 5
08-28 02:00:27.229 D/Tethering( 276): interfaceLinkStateChanged wlan0, true
08-28 02:00:27.229 D/Tethering( 276): interfaceStatusChanged wlan0, true
08-28 02:00:57.269 V/StatusBar.BatteryController( 483): status5batteryHealth 2
08-28 02:00:57.269 D/StatusBar.BatteryController( 483): mOldstatus5status 5
08-28 02:00:57.269 D/StatusBar.BatteryController( 483): now old status is 5
08-28 02:01:07.289 V/StatusBar.BatteryController( 483): status5batteryHealth 2
08-28 02:01:07.289 D/StatusBar.BatteryController( 483): mOldstatus5status 5
08-28 02:01:07.289 D/StatusBar.BatteryController( 483): now old status is 5
08-28 02:01:17.309 V/StatusBar.BatteryController( 483): status5batteryHealth 2
08-28 02:01:17.309 D/StatusBar.BatteryController( 483): mOldstatus5status 5
08-28 02:01:17.309 D/StatusBar.BatteryController( 483): now old status is 5
08-28 02:01:27.329 V/StatusBar.BatteryController( 483): status5batteryHealth 2
08-28 02:01:27.329 D/StatusBar.BatteryController( 483): mOldstatus5status 5
08-28 02:01:27.329 D/StatusBar.BatteryController( 483): now old status is 5
08-28 02:01:47.369 V/StatusBar.BatteryController( 483): status5batteryHealth 2
08-28 02:01:47.369 D/StatusBar.BatteryController( 483): mOldstatus5status 5
08-28 02:01:47.369 D/StatusBar.BatteryController( 483): now old status is 5
08-28 02:02:07.409 V/StatusBar.BatteryController( 483): status5batteryHealth 2
08-28 02:02:07.409 D/StatusBar.BatteryController( 483): mOldstatus5status 5
08-28 02:02:07.409 D/StatusBar.BatteryController( 483): now old status is 5
08-28 02:02:27.449 V/StatusBar.BatteryController( 483): status5batteryHealth 2
08-28 02:02:27.449 D/StatusBar.BatteryController( 483): mOldstatus5status 5
08-28 02:02:27.449 D/StatusBar.BatteryController( 483): now old status is 5
08-28 02:02:27.949 D/Tethering( 276): interfaceLinkStateChanged wlan0, true
08-28 02:02:27.949 D/Tethering( 276): interfaceStatusChanged wlan0, true
08-28 02:02:37.469 V/StatusBar.BatteryController( 483): status5batteryHealth 2
08-28 02:02:37.469 D/StatusBar.BatteryController( 483): mOldstatus5status 5
08-28 02:02:37.469 D/StatusBar.BatteryController( 483): now old status is 5
08-28 02:02:47.489 V/StatusBar.BatteryController( 483): status5batteryHealth 2
08-28 02:02:47.489 D/StatusBar.BatteryController( 483): mOldstatus5status 5
08-28 02:02:47.489 D/StatusBar.BatteryController( 483): now old status is 5
08-28 02:02:57.509 V/StatusBar.BatteryController( 483): status5batteryHealth 2
08-28 02:02:57.509 D/StatusBar.BatteryController( 483): mOldstatus5status 5
08-28 02:02:57.509 D/StatusBar.BatteryController( 483): now old status is 5
08-28 02:03:08.709 E/WifiStateMachine( 276): set suspend optimizations failed!
08-28 02:03:08.749 D/SensorManager( 867): registerListener :: handle = 0 name= BOSCH 3-axis Accelerometer delay= 10000 Listener= kvn@41435898
08-28 02:03:08.749 E/SensorManager( 867): thread start
08-28 02:03:08.749 E/SensorManager( 867): =======>>>Sensor Thread RUNNING <<<========
08-28 02:03:09.439 I/SensorManager( 867): Set normal delay = true
08-28 02:03:09.479 D/Tethering( 276): interfaceLinkStateChanged wlan0, true
08-28 02:03:09.479 D/Tethering( 276): interfaceStatusChanged wlan0, true
08-28 02:03:09.479 D/Tethering( 276): interfaceLinkStateChanged wlan0, true
08-28 02:03:09.479 D/Tethering( 276): interfaceStatusChanged wlan0, true
08-28 02:03:09.539 D/SensorManager( 867): unregisterListener:: disable all sensors for this listener, name = BOSCH 3-axis Accelerometer listener = kvn@41435898
08-28 02:03:09.619 E/WifiStateMachine( 276): set suspend optimizations failed!
08-28 02:03:09.639 I/GCoreUlr( 867): Received powerMode change from NLP: com.google.android.location.activity.LOW_POWER_MODE_ENABLED
08-28 02:03:09.639 I/GCoreUlr( 867): Starting service, intent=Intent { act=com.google.android.location.reporting.ACTION_UPDATE_ACTIVE_STATE cmp=xxxx }, extras=null
08-28 02:03:09.849 I/GCoreUlr( 867): Successfully inserted location
08-28 02:03:09.849 I/GCoreUlr( 867): Not calling LocationReportingService, hasMoved: false, elapsed millis: 899831, request: Phone
08-28 02:03:09.899 I/GCoreUlr( 867): Ensuring that reporting is active for [account#15#]
08-28 02:03:09.899 I/GCoreUlr( 867): Starting service, intent=Intent { act=com.google.android.location.reporting.ACTION_LOCATION_STATUS cmp=xxxx (has extras) }, extras=Bundle[{status=LocationStatus[cell status: STATUS_SUCCESSFUL, wifi status: STATUS_SUCCESSFUL, elapsed realtime ns: 19183643000000]}]
08-28 02:03:17.549 V/StatusBar.BatteryController( 483): status5batteryHealth 2
08-28 02:03:17.549 D/StatusBar.BatteryController( 483): mOldstatus5status 5
08-28 02:03:17.549 D/StatusBar.BatteryController( 483): now old status is 5
08-28 02:03:27.569 V/StatusBar.BatteryController( 483): status5batteryHealth 2
08-28 02:03:27.569 D/StatusBar.BatteryController( 483): mOldstatus5status 5
08-28 02:03:27.569 D/StatusBar.BatteryController( 483): now old status is 5
08-28 02:03:29.729 D/Tethering( 276): interfaceLinkStateChanged wlan0, true
08-28 02:03:29.729 D/Tethering( 276): interfaceStatusChanged wlan0, true
08-28 02:03:37.589 V/StatusBar.BatteryController( 483): status5batteryHealth 2
08-28 02:03:37.589 D/StatusBar.BatteryController( 483): mOldstatus5status 5
08-28 02:03:37.589 D/StatusBar.BatteryController( 483): now old status is 5
08-28 02:03:43.999 D/Tethering( 276): interfaceLinkStateChanged wlan0, true
08-28 02:03:43.999 D/Tethering( 276): interfaceStatusChanged wlan0, true
08-28 02:03:47.609 V/StatusBar.BatteryController( 483): status5batteryHealth 2
08-28 02:03:47.609 D/StatusBar.BatteryController( 483): mOldstatus5status 5
08-28 02:03:47.609 D/StatusBar.BatteryController( 483): now old status is 5
08-28 02:03:49.009 D/Tethering( 276): interfaceLinkStateChanged wlan0, true
08-28 02:03:49.009 D/Tethering( 276): interfaceStatusChanged wlan0, true
08-28 02:03:57.629 V/StatusBar.BatteryController( 483): status5batteryHealth 2
08-28 02:03:57.629 D/StatusBar.BatteryController( 483): mOldstatus5status 5
08-28 02:03:57.629 D/StatusBar.BatteryController( 483): now old status is 5
08-28 02:04:07.659 V/StatusBar.BatteryController( 483): status5batteryHealth 2
08-28 02:04:07.659 D/StatusBar.BatteryController( 483): mOldstatus5status 5
08-28 02:04:07.659 D/StatusBar.BatteryController( 483): now old status is 5
08-28 02:04:13.479 D/Tethering( 276): interfaceLinkStateChanged wlan0, true
08-28 02:04:13.479 D/Tethering( 276): interfaceStatusChanged wlan0, true
08-28 02:04:17.669 V/StatusBar.BatteryController( 483): status5batteryHealth 2
08-28 02:04:17.669 D/StatusBar.BatteryController( 483): mOldstatus5status 5
08-28 02:04:17.669 D/StatusBar.BatteryController( 483): now old status is 5
08-28 02:04:27.689 V/StatusBar.BatteryController( 483): status5batteryHealth 2
08-28 02:04:27.689 D/StatusBar.BatteryController( 483): mOldstatus5status 5
08-28 02:04:27.689 D/StatusBar.BatteryController( 483): now old status is 5
08-28 02:04:28.489 D/Tethering( 276): interfaceLinkStateChanged wlan0, true
08-28 02:04:28.489 D/Tethering( 276): interfaceStatusChanged wlan0, true
08-28 02:04:37.709 V/StatusBar.BatteryController( 483): status5batteryHealth 2
08-28 02:04:37.709 D/StatusBar.BatteryController( 483): mOldstatus5status 5
08-28 02:04:37.709 D/StatusBar.BatteryController( 483): now old status is 5
08-28 02:04:47.729 V/StatusBar.BatteryController( 483): status5batteryHealth 2
08-28 02:04:47.729 D/StatusBar.BatteryController( 483): mOldstatus5status 5
08-28 02:04:47.729 D/StatusBar.BatteryController( 483): now old status is 5
08-28 02:05:17.789 V/StatusBar.BatteryController( 483): status5batteryHealth 2
08-28 02:05:17.789 D/StatusBar.BatteryController( 483): mOldstatus5status 5
08-28 02:05:17.789 D/StatusBar.BatteryController( 483): now old status is 5
08-28 02:05:37.829 V/StatusBar.BatteryController( 483): status5batteryHealth 2
08-28 02:05:37.829 D/StatusBar.BatteryController( 483): mOldstatus5status 5
08-28 02:05:37.839 D/StatusBar.BatteryController( 483): now old status is 5
08-28 02:05:47.849 V/StatusBar.BatteryController( 483): status5batteryHealth 2
08-28 02:05:47.849 D/StatusBar.BatteryController( 483): mOldstatus5status 5
08-28 02:05:47.849 D/StatusBar.BatteryController( 483): now old status is 5
08-28 02:05:57.869 V/StatusBar.BatteryController( 483): status5batteryHealth 2
08-28 02:05:57.869 D/StatusBar.BatteryController( 483): mOldstatus5status 5
08-28 02:05:57.869 D/StatusBar.BatteryController( 483): now old status is 5
08-28 02:06:07.799 D/SensorManager( 867): registerListener :: handle = 0 name= BOSCH 3-axis Accelerometer delay= 10000 Listener= kvn@412cc540
08-28 02:06:07.799 E/SensorManager( 867): thread start
08-28 02:06:07.799 E/SensorManager( 867): =======>>>Sensor Thread RUNNING <<<========
08-28 02:06:07.889 V/StatusBar.BatteryController( 483): status5batteryHealth 2
08-28 02:06:07.889 D/StatusBar.BatteryController( 483): mOldstatus5status 5
08-28 02:06:07.889 D/StatusBar.BatteryController( 483): now old status is 5
08-28 02:06:08.619 I/SensorManager( 867): Set normal delay = true
08-28 02:06:08.699 D/SensorManager( 867): unregisterListener:: disable all sensors for this listener, name = BOSCH 3-axis Accelerometer listener = kvn@412cc540
08-28 02:06:27.929 V/StatusBar.BatteryController( 483): status5batteryHealth 2
08-28 02:06:27.929 D/StatusBar.BatteryController( 483): mOldstatus5status 5
08-28 02:06:27.929 D/StatusBar.BatteryController( 483): now old status is 5
08-28 02:06:47.969 V/StatusBar.BatteryController( 483): status5batteryHealth 2
08-28 02:06:47.969 D/StatusBar.BatteryController( 483): mOldstatus5status 5
08-28 02:06:47.969 D/StatusBar.BatteryController( 483): now old status is 5
08-28 02:06:57.989 V/StatusBar.BatteryController( 483): status5batteryHealth 2
08-28 02:06:57.989 D/StatusBar.BatteryController( 483): mOldstatus5status 5
08-28 02:06:57.989 D/StatusBar.BatteryController( 483): now old status is 5
08-28 02:07:08.019 V/StatusBar.BatteryController( 483): status5batteryHealth 2
08-28 02:07:08.019 D/StatusBar.BatteryController( 483): mOldstatus5status 5
08-28 02:07:08.019 D/StatusBar.BatteryController( 483): now old status is 5
08-28 02:07:18.039 V/StatusBar.BatteryController( 483): status5batteryHealth 2
08-28 02:07:18.039 D/StatusBar.BatteryController( 483): mOldstatus5status 5
08-28 02:07:18.039 D/StatusBar.BatteryController( 483): now old status is 5
08-28 02:07:38.079 V/StatusBar.BatteryController( 483): status5batteryHealth 2
08-28 02:07:38.079 D/StatusBar.BatteryController( 483): mOldstatus5status 5
08-28 02:07:38.079 D/StatusBar.BatteryController( 483): now old status is 5
08-28 02:07:48.089 V/StatusBar.BatteryController( 483): status5batteryHealth 2
08-28 02:07:48.089 D/StatusBar.BatteryController( 483): mOldstatus5status 5
08-28 02:07:48.089 D/StatusBar.BatteryController( 483): now old status is 5
08-28 02:07:49.529 W/ThrottleService( 276): unable to find stats for iface rmnet0
08-28 02:07:58.109 V/StatusBar.BatteryController( 483): status5batteryHealth 2
08-28 02:07:58.109 D/StatusBar.BatteryController( 483): mOldstatus5status 5
08-28 02:07:58.109 D/StatusBar.BatteryController( 483): now old status is 5
08-28 02:08:08.129 V/StatusBar.BatteryController( 483): status5batteryHealth 2
08-28 02:08:08.129 D/StatusBar.BatteryController( 483): mOldstatus5status 5
08-28 02:08:08.129 D/StatusBar.BatteryController( 483): now old status is 5
08-28 02:08:13.699 D/GpsLocationProvider( 276): ALARM_WAKEUP
08-28 02:08:13.699 D/GpsLocationProvider( 276): startNavigating
08-28 02:08:13.699 D/GpsLocationProvider( 276): GlobalConfig.GLOBALCONFIG_GPS_CDMA=true
08-28 02:08:13.699 D/GpsLocationProvider( 276): startNavigating with Position Mode = 0
08-28 02:08:13.699 E/libsecgps( 276): gps_start:
08-28 02:08:13.729 V/GpsLocationProvider( 276): reportStatus status: 3
08-28 02:08:13.739 V/GpsLocationProvider( 276): reportStatus status: 1
08-28 02:08:16.679 E/GPSD ( 119): SecLBS_update_location:
08-28 02:08:16.679 D/GpsLocationProvider( 276): TTFF: 2983
08-28 02:08:16.679 D/GpsLocationProvider( 276): got fix, hibernating
08-28 02:08:16.679 D/GpsLocationProvider( 276): stopNavigating
08-28 02:08:16.679 E/libsecgps( 276): gps_stop:
08-28 02:08:16.719 V/GpsLocationProvider( 276): reportStatus status: 2
08-28 02:08:16.719 V/GpsLocationProvider( 276): reportStatus status: 4
08-28 02:08:16.739 D/MyGPSClockApp( 6043): +onLocationChanged
08-28 02:08:16.739 D/MyGPSClockApp( 6043): +getGPSDatetime
08-28 02:08:16.739 D/MyGPSClockApp( 6043): GPSTime: 1409224114000
08-28 02:08:16.739 D/MyGPSClockApp( 6043): GPS Current time: Thu Aug 28 07:08:34 EDT 2014
08-28 02:08:16.739 D/MyGPSClockApp( 6043): -getGPSDatetime
08-28 02:08:16.739 D/MyGPSClockApp( 6043): -onLocationChanged
08-28 02:08:16.819 V/GpsLocationProvider( 276): reportStatus status: 2
08-28 02:08:17.029 I/GCoreUlr( 867): Successfully inserted location
08-28 02:08:17.029 I/GCoreUlr( 867): Not calling LocationReportingService, hasMoved: false, elapsed millis: 1207014, request: Phone
08-28 02:08:18.159 V/StatusBar.BatteryController( 483): status5batteryHealth 2
08-28 02:08:18.159 D/StatusBar.BatteryController( 483): mOldstatus5status 5
08-28 02:08:18.159 D/StatusBar.BatteryController( 483): now old status is 5
08-28 02:08:28.169 V/StatusBar.BatteryController( 483): status5batteryHealth 2
08-28 02:08:28.169 D/StatusBar.BatteryController( 483): mOldstatus5status 5
08-28 02:08:28.169 D/StatusBar.BatteryController( 483): now old status is 5
08-28 02:08:48.209 V/StatusBar.BatteryController( 483): status5batteryHealth 2
08-28 02:08:48.209 D/StatusBar.BatteryController( 483): mOldstatus5status 5
08-28 02:08:48.209 D/StatusBar.BatteryController( 483): now old status is 5
08-28 02:09:06.869 D/SensorManager( 867): registerListener :: handle = 0 name= BOSCH 3-axis Accelerometer delay= 10000 Listener= kvn@4116c378
08-28 02:09:06.869 E/SensorManager( 867): thread start
08-28 02:09:06.869 E/SensorManager( 867): =======>>>Sensor Thread RUNNING <<<========
08-28 02:09:07.579 I/SensorManager( 867): Set normal delay = true
08-28 02:09:07.659 D/SensorManager( 867): unregisterListener:: disable all sensors for this listener, name = BOSCH 3-axis Accelerometer listener = kvn@4116c378
08-28 02:09:18.269 V/StatusBar.BatteryController( 483): status5batteryHealth 2
08-28 02:09:18.269 D/StatusBar.BatteryController( 483): mOldstatus5status 5
08-28 02:09:18.269 D/StatusBar.BatteryController( 483): now old status is 5
08-28 02:09:28.289 V/StatusBar.BatteryController( 483): status5batteryHealth 2
08-28 02:09:28.289 D/StatusBar.BatteryController( 483): mOldstatus5status 5
08-28 02:09:28.289 D/StatusBar.BatteryController( 483): now old status is 5
08-28 02:09:48.329 V/StatusBar.BatteryController( 483): status5batteryHealth 2
08-28 02:09:48.329 D/StatusBar.BatteryController( 483): mOldstatus5status 5
08-28 02:09:48.329 D/StatusBar.BatteryController( 483): now old status is 5
08-28 02:10:08.369 V/StatusBar.BatteryController( 483): status5batteryHealth 2
08-28 02:10:08.369 D/StatusBar.BatteryController( 483): mOldstatus5status 5
08-28 02:10:08.369 D/StatusBar.BatteryController( 483): now old status is 5
08-28 02:10:12.269 V/StatusBar.BatteryController( 483): status5batteryHealth 2
08-28 02:10:12.269 D/StatusBar.BatteryController( 483): mOldstatus5status 5
08-28 02:10:12.269 D/StatusBar.BatteryController( 483): now old status is 5
08-28 02:10:22.289 V/StatusBar.BatteryController( 483): status5batteryHealth 2
08-28 02:10:22.289 D/StatusBar.BatteryController( 483): mOldstatus5status 5
08-28 02:10:22.289 D/StatusBar.BatteryController( 483): now old status is 5
08-28 02:10:32.309 V/StatusBar.BatteryController( 483): status5batteryHealth 2
08-28 02:10:32.309 D/StatusBar.BatteryController( 483): mOldstatus5status 5
08-28 02:10:32.309 D/StatusBar.BatteryController( 483): now old status is 5
08-28 02:10:42.329 V/StatusBar.BatteryController( 483): status5batteryHealth 2
08-28 02:10:42.329 D/StatusBar.BatteryController( 483): mOldstatus5status 5
08-28 02:10:42.329 D/StatusBar.BatteryController( 483): now old status is 5
08-28 02:10:52.349 V/StatusBar.BatteryController( 483): status5batteryHealth 2
08-28 02:10:52.349 D/StatusBar.BatteryController( 483): mOldstatus5status 5
08-28 02:10:52.349 D/StatusBar.BatteryController( 483): now old status is 5
08-28 02:11:12.389 V/StatusBar.BatteryController( 483): status5batteryHealth 2
08-28 02:11:12.389 D/StatusBar.BatteryController( 483): mOldstatus5status 5
08-28 02:11:12.389 D/StatusBar.BatteryController( 483): now old status is 5
08-28 02:11:22.419 V/StatusBar.BatteryController( 483): status5batteryHealth 2
08-28 02:11:22.419 D/StatusBar.BatteryController( 483): mOldstatus5status 5
08-28 02:11:22.419 D/StatusBar.BatteryController( 483): now old status is 5
08-28 02:11:52.479 V/StatusBar.BatteryController( 483): status5batteryHealth 2
08-28 02:11:52.479 D/StatusBar.BatteryController( 483): mOldstatus5status 5
08-28 02:11:52.479 D/StatusBar.BatteryController( 483): now old status is 5
08-28 02:12:02.499 V/StatusBar.BatteryController( 483): status5batteryHealth 2
08-28 02:12:02.499 D/StatusBar.BatteryController( 483): mOldstatus5status 5
08-28 02:12:02.499 D/StatusBar.BatteryController( 483): now old status is 5
08-28 02:12:05.829 D/SensorManager( 867): registerListener :: handle = 0 name= BOSCH 3-axis Accelerometer delay= 10000 Listener= kvn@4135da38
08-28 02:12:05.829 E/SensorManager( 867): thread start
08-28 02:12:05.829 E/SensorManager( 867): =======>>>Sensor Thread RUNNING <<<========
08-28 02:12:06.549 I/SensorManager( 867): Set normal delay = true
08-28 02:12:06.629 D/SensorManager( 867): unregisterListener:: disable all sensors for this listener, name = BOSCH 3-axis Accelerometer listener = kvn@4135da38
08-28 02:12:12.509 V/StatusBar.BatteryController( 483): status5batteryHealth 2
08-28 02:12:12.509 D/StatusBar.BatteryController( 483): mOldstatus5status 5
08-28 02:12:12.509 D/StatusBar.BatteryController( 483): now old status is 5
08-28 02:12:20.499 I/EventLogService( 737): Aggregate from 1409204540393 (log), 1409204540393 (data)
08-28 02:12:22.539 V/StatusBar.BatteryController( 483): status5batteryHealth 2
08-28 02:12:22.539 D/StatusBar.BatteryController( 483): mOldstatus5status 5
08-28 02:12:22.539 D/StatusBar.BatteryController( 483): now old status is 5
08-28 02:12:32.559 V/StatusBar.BatteryController( 483): status5batteryHealth 2
08-28 02:12:32.559 D/StatusBar.BatteryController( 483): mOldstatus5status 5
08-28 02:12:32.559 D/StatusBar.BatteryController( 483): now old status is 5
08-28 02:12:42.569 V/StatusBar.BatteryController( 483): status5batteryHealth 2
08-28 02:12:42.569 D/StatusBar.BatteryController( 483): mOldstatus5status 5
08-28 02:12:42.569 D/StatusBar.BatteryController( 483): now old status is 5
08-28 02:12:52.599 V/StatusBar.BatteryController( 483): status5batteryHealth 2
08-28 02:12:52.599 D/StatusBar.BatteryController( 483): mOldstatus5status 5
08-28 02:12:52.599 D/StatusBar.BatteryController( 483): now old status is 5
08-28 02:12:56.179 D/GCM ( 588): Ignoring attempt to send heartbeat on dead connection.
08-28 02:13:01.209 D/Tethering( 276): interfaceLinkStateChanged wlan0, true
08-28 02:13:01.209 D/Tethering( 276): interfaceStatusChanged wlan0, true
08-28 02:13:02.619 V/StatusBar.BatteryController( 483): status5batteryHealth 2
08-28 02:13:02.619 D/StatusBar.BatteryController( 483): mOldstatus5status 5
08-28 02:13:02.619 D/StatusBar.BatteryController( 483): now old status is 5
08-28 02:13:06.289 D/Tethering( 276): interfaceLinkStateChanged wlan0, true
08-28 02:13:06.289 D/Tethering( 276): interfaceStatusChanged wlan0, true
08-28 02:13:12.629 V/StatusBar.BatteryController( 483): status5batteryHealth 2
08-28 02:13:12.629 D/StatusBar.BatteryController( 483): mOldstatus5status 5
08-28 02:13:12.629 D/StatusBar.BatteryController( 483): now old status is 5
08-28 02:13:32.679 V/StatusBar.BatteryController( 483): status5batteryHealth 2
08-28 02:13:32.679 D/StatusBar.BatteryController( 483): mOldstatus5status 5
08-28 02:13:32.679 D/StatusBar.BatteryController( 483): now old status is 5
08-28 02:13:42.699 V/StatusBar.BatteryController( 483): status5batteryHealth 2
08-28 02:13:42.699 D/StatusBar.BatteryController( 483): mOldstatus5status 5
08-28 02:13:42.699 D/StatusBar.BatteryController( 483): now old status is 5
08-28 02:13:52.719 V/StatusBar.BatteryController( 483): status5batteryHealth 2
08-28 02:13:52.719 D/StatusBar.BatteryController( 483): mOldstatus5status 5
08-28 02:13:52.719 D/StatusBar.BatteryController( 483): now old status is 5
08-28 02:14:02.739 V/StatusBar.BatteryController( 483): status5batteryHealth 2
08-28 02:14:02.739 D/StatusBar.BatteryController( 483): mOldstatus5status 5
08-28 02:14:02.739 D/StatusBar.BatteryController( 483): now old status is 5
08-28 02:14:22.779 V/StatusBar.BatteryController( 483): status5batteryHealth 2
08-28 02:14:22.779 D/StatusBar.BatteryController( 483): mOldstatus5status 5
08-28 02:14:22.779 D/StatusBar.BatteryController( 483): now old status is 5
08-28 02:14:42.809 V/StatusBar.BatteryController( 483): status5batteryHealth 2
08-28 02:14:42.809 D/StatusBar.BatteryController( 483): mOldstatus5status 5
08-28 02:14:42.809 D/StatusBar.BatteryController( 483): now old status is 5
08-28 02:14:52.839 V/StatusBar.BatteryController( 483): status5batteryHealth 2
08-28 02:14:52.839 D/StatusBar.BatteryController( 483): mOldstatus5status 5
08-28 02:14:52.839 D/StatusBar.BatteryController( 483): now old status is 5
08-28 02:15:04.799 D/SensorManager( 867): registerListener :: handle = 0 name= BOSCH 3-axis Accelerometer delay= 10000 Listener= kvn@412e5290
08-28 02:15:04.799 E/SensorManager( 867): thread start
08-28 02:15:04.799 E/SensorManager( 867): =======>>>Sensor Thread RUNNING <<<========
08-28 02:15:05.519 I/SensorManager( 867): Set normal delay = true
08-28 02:15:05.599 D/SensorManager( 867): unregisterListener:: disable all sensors for this listener, name = BOSCH 3-axis Accelerometer listener = kvn@412e5290
08-28 02:15:05.639 I/GCoreUlr( 867): Received powerMode change from NLP: com.google.android.location.activity.LOW_POWER_MODE_ENABLED
08-28 02:15:05.639 I/GCoreUlr( 867): Starting service, intent=Intent { act=com.google.android.location.reporting.ACTION_UPDATE_ACTIVE_STATE cmp=xxxx }, extras=null
08-28 02:15:05.679 I/GCoreUlr( 867): Ensuring that reporting is active for [account#15#]
08-28 02:15:05.689 I/GCoreUlr( 867): Starting service, intent=Intent { act=com.google.android.location.reporting.ACTION_LOCATION_STATUS cmp=xxxx (has extras) }, extras=Bundle[{status=LocationStatus[cell status: STATUS_SUCCESSFUL, wifi status: STATUS_SUCCESSFUL, elapsed realtime ns: 19183643000000]}]
08-28 02:15:12.869 V/StatusBar.BatteryController( 483): status5batteryHealth 2
08-28 02:15:12.869 D/StatusBar.BatteryController( 483): mOldstatus5status 5
08-28 02:15:12.869 D/StatusBar.BatteryController( 483): now old status is 5
08-28 02:16:02.979 V/StatusBar.BatteryController( 483): status5batteryHealth 2
08-28 02:16:02.979 D/StatusBar.BatteryController( 483): mOldstatus5status 5
08-28 02:16:02.979 D/StatusBar.BatteryController( 483): now old status is 5
08-28 02:16:12.989 V/StatusBar.BatteryController( 483): status5batteryHealth 2
08-28 02:16:12.999 D/StatusBar.BatteryController( 483): mOldstatus5status 5
08-28 02:16:12.999 D/StatusBar.BatteryController( 483): now old status is 5
08-28 02:16:53.079 V/StatusBar.BatteryController( 483): status5batteryHealth 2
08-28 02:16:53.079 D/StatusBar.BatteryController( 483): mOldstatus5status 5
08-28 02:16:53.079 D/StatusBar.BatteryController( 483): now old status is 5
08-28 02:17:03.089 V/StatusBar.BatteryController( 483): status5batteryHealth 2
08-28 02:17:03.089 D/StatusBar.BatteryController( 483): mOldstatus5status 5
08-28 02:17:03.089 D/StatusBar.BatteryController( 483): now old status is 5
08-28 02:17:33.159 V/StatusBar.BatteryController( 483): status5batteryHealth 2
08-28 02:17:33.159 D/StatusBar.BatteryController( 483): mOldstatus5status 5
08-28 02:17:33.159 D/StatusBar.BatteryController( 483): now old status is 5
08-28 02:17:43.169 V/StatusBar.BatteryController( 483): status5batteryHealth 2
08-28 02:17:43.169 D/StatusBar.BatteryController( 483): mOldstatus5status 5
08-28 02:17:43.169 D/StatusBar.BatteryController( 483): now old status is 5
08-28 02:17:49.529 W/ThrottleService( 276): unable to find stats for iface rmnet0
08-28 02:17:53.189 V/StatusBar.BatteryController( 483): status5batteryHealth 2
08-28 02:17:53.189 D/StatusBar.BatteryController( 483): mOldstatus5status 5
08-28 02:17:53.189 D/StatusBar.BatteryController( 483): now old status is 5
08-28 02:18:03.219 V/StatusBar.BatteryController( 483): status5batteryHealth 2
08-28 02:18:03.219 D/StatusBar.BatteryController( 483): mOldstatus5status 5
08-28 02:18:03.219 D/StatusBar.BatteryController( 483): now old status is 5
08-28 02:18:03.789 D/SensorManager( 867): registerListener :: handle = 0 name= BOSCH 3-axis Accelerometer delay= 10000 Listener= kvn@412bc3c0
08-28 02:18:03.789 E/SensorManager( 867): thread start
08-28 02:18:03.789 E/SensorManager( 867): =======>>>Sensor Thread RUNNING <<<========
08-28 02:18:04.479 I/SensorManager( 867): Set normal delay = true
08-28 02:18:04.559 D/SensorManager( 867): unregisterListener:: disable all sensors for this listener, name = BOSCH 3-axis Accelerometer listener = kvn@412bc3c0
08-28 02:18:16.689 D/GpsLocationProvider( 276): ALARM_WAKEUP
08-28 02:18:16.689 D/GpsLocationProvider( 276): startNavigating
08-28 02:18:16.689 D/GpsLocationProvider( 276): GlobalConfig.GLOBALCONFIG_GPS_CDMA=true
08-28 02:18:16.689 D/GpsLocationProvider( 276): startNavigating with Position Mode = 0
08-28 02:18:16.689 E/libsecgps( 276): gps_start:
08-28 02:18:16.719 V/GpsLocationProvider( 276): reportStatus status: 3
08-28 02:18:16.729 V/GpsLocationProvider( 276): reportStatus status: 1
08-28 02:18:22.669 E/GPSD ( 119): SecLBS_update_location:
08-28 02:18:22.669 D/GpsLocationProvider( 276): TTFF: 5986
08-28 02:18:22.689 D/GpsLocationProvider( 276): got fix, hibernating
08-28 02:18:22.689 D/GpsLocationProvider( 276): stopNavigating
08-28 02:18:22.689 E/libsecgps( 276): gps_stop:
08-28 02:18:22.709 V/GpsLocationProvider( 276): reportStatus status: 2
08-28 02:18:22.719 V/GpsLocationProvider( 276): reportStatus status: 4
08-28 02:18:22.769 D/MyGPSClockApp( 6043): +onLocationChanged
08-28 02:18:22.769 D/MyGPSClockApp( 6043): +getGPSDatetime
08-28 02:18:22.769 D/MyGPSClockApp( 6043): GPSTime: 1409224720000
08-28 02:18:22.769 D/MyGPSClockApp( 6043): GPS Current time: Thu Aug 28 07:18:40 EDT 2014
08-28 02:18:22.769 D/MyGPSClockApp( 6043): -getGPSDatetime
08-28 02:18:22.769 D/MyGPSClockApp( 6043): -onLocationChanged
08-28 02:18:22.819 V/GpsLocationProvider( 276): reportStatus status: 2
08-28 02:18:23.039 I/GCoreUlr( 867): Successfully inserted location
08-28 02:18:23.049 I/GCoreUlr( 867): Not calling LocationReportingService, hasMoved: false, elapsed millis: 1813030, request: Phone
08-28 02:18:23.259 V/StatusBar.BatteryController( 483): status5batteryHealth 2
08-28 02:18:23.259 D/StatusBar.BatteryController( 483): mOldstatus5status 5
08-28 02:18:23.259 D/StatusBar.BatteryController( 483): now old status is 5
08-28 02:18:23.269 E/WifiStateMachine( 276): set suspend optimizations failed!
08-28 02:18:23.899 E/WifiStateMachine( 276): set suspend optimizations failed!
08-28 02:18:33.279 V/StatusBar.BatteryController( 483): status5batteryHealth 2
08-28 02:18:33.279 D/StatusBar.BatteryController( 483): mOldstatus5status 5
08-28 02:18:33.279 D/StatusBar.BatteryController( 483): now old status is 5
08-28 02:18:33.289 D/Tethering( 276): interfaceLinkStateChanged wlan0, true
08-28 02:18:33.289 D/Tethering( 276): interfaceStatusChanged wlan0, true
08-28 02:18:53.319 V/StatusBar.BatteryController( 483): status5batteryHealth 2
08-28 02:18:53.319 D/StatusBar.BatteryController( 483): mOldstatus5status 5
08-28 02:18:53.319 D/StatusBar.BatteryController( 483): now old status is 5
08-28 02:19:03.339 V/StatusBar.BatteryController( 483): status5batteryHealth 2
08-28 02:19:03.339 D/StatusBar.BatteryController( 483): mOldstatus5status 5
08-28 02:19:03.339 D/StatusBar.BatteryController( 483): now old status is 5
08-28 02:19:07.299 V/BackupManagerService( 276): Running a backup pass
08-28 02:19:07.299 V/BackupManagerService( 276): Backup requested but nothing pending
08-28 02:19:33.399 V/StatusBar.BatteryController( 483): status5batteryHealth 2
08-28 02:19:33.399 D/StatusBar.BatteryController( 483): mOldstatus5status 5
08-28 02:19:33.399 D/StatusBar.BatteryController( 483): now old status is 5
08-28 02:20:03.459 V/StatusBar.BatteryController( 483): status5batteryHealth 2
08-28 02:20:03.459 D/StatusBar.BatteryController( 483): mOldstatus5status 5
08-28 02:20:03.459 D/StatusBar.BatteryController( 483): now old status is 5
08-28 02:20:13.469 V/StatusBar.BatteryController( 483): status5batteryHealth 2
08-28 02:20:13.469 D/StatusBar.BatteryController( 483): mOldstatus5status 5
08-28 02:20:13.469 D/StatusBar.BatteryController( 483): now old status is 5
08-28 02:20:23.499 V/StatusBar.BatteryController( 483): status5batteryHealth 2
08-28 02:20:23.499 D/StatusBar.BatteryController( 483): mOldstatus5status 5
08-28 02:20:23.499 D/StatusBar.BatteryController( 483): now old status is 5
08-28 02:20:53.559 V/StatusBar.BatteryController( 483): status5batteryHealth 2
08-28 02:20:53.559 D/StatusBar.BatteryController( 483): mOldstatus5status 5
08-28 02:20:53.559 D/StatusBar.BatteryController( 483): now old status is 5
08-28 02:21:08.729 E/WifiStateMachine( 276): set suspend optimizations failed!
08-28 02:21:08.759 D/SensorManager( 867): registerListener :: handle = 0 name= BOSCH 3-axis Accelerometer delay= 10000 Listener= kvn@414d65f8
08-28 02:21:08.759 E/SensorManager( 867): thread start
08-28 02:21:08.759 E/SensorManager( 867): =======>>>Sensor Thread RUNNING <<<========
08-28 02:21:09.449 I/SensorManager( 867): Set normal delay = true
08-28 02:21:09.479 D/Tethering( 276): interfaceLinkStateChanged wlan0, true
08-28 02:21:09.479 D/Tethering( 276): interfaceStatusChanged wlan0, true
08-28 02:21:09.479 D/Tethering( 276): interfaceLinkStateChanged wlan0, true
08-28 02:21:09.479 D/Tethering( 276): interfaceStatusChanged wlan0, true
08-28 02:21:09.569 D/SensorManager( 867): unregisterListener:: disable all sensors for this listener, name = BOSCH 3-axis Accelerometer listener = kvn@414d65f8
08-28 02:21:09.909 E/WifiStateMachine( 276): set suspend optimizations failed!
08-28 02:21:10.059 I/GCoreUlr( 867): Successfully inserted location
08-28 02:21:10.059 I/GCoreUlr( 867): Not calling LocationReportingService, hasMoved: false, elapsed millis: 1980041, request: Phone
08-28 02:21:13.589 V/StatusBar.BatteryController( 483): status5batteryHealth 2
08-28 02:21:13.589 D/StatusBar.BatteryController( 483): mOldstatus5status 5
08-28 02:21:13.589 D/StatusBar.BatteryController( 483): now old status is 5
08-28 02:21:23.619 V/StatusBar.BatteryController( 483): status5batteryHealth 2
08-28 02:21:23.619 D/StatusBar.BatteryController( 483): mOldstatus5status 5
08-28 02:21:23.619 D/StatusBar.BatteryController( 483): now old status is 5
08-28 02:21:24.659 D/Tethering( 276): interfaceLinkStateChanged wlan0, true
08-28 02:21:24.659 D/Tethering( 276): interfaceStatusChanged wlan0, true
08-28 02:21:31.079 D/Tethering( 276): interfaceLinkStateChanged wlan0, true
08-28 02:21:31.079 D/Tethering( 276): interfaceStatusChanged wlan0, true
08-28 02:21:43.659 V/StatusBar.BatteryController( 483): status5batteryHealth 2
08-28 02:21:43.659 D/StatusBar.BatteryController( 483): mOldstatus5status 5
08-28 02:21:43.659 D/StatusBar.BatteryController( 483): now old status is 5
08-28 02:21:47.759 D/Tethering( 276): interfaceLinkStateChanged wlan0, true
08-28 02:21:47.759 D/Tethering( 276): interfaceStatusChanged wlan0, true
08-28 02:21:52.769 D/Tethering( 276): interfaceLinkStateChanged wlan0, true
08-28 02:21:52.769 D/Tethering( 276): interfaceStatusChanged wlan0, true
08-28 02:21:53.679 V/StatusBar.BatteryController( 483): status5batteryHealth 2
08-28 02:21:53.679 D/StatusBar.BatteryController( 483): mOldstatus5status 5
08-28 02:21:53.679 D/StatusBar.BatteryController( 483): now old status is 5
08-28 02:22:03.699 V/StatusBar.BatteryController( 483): status5batteryHealth 2
08-28 02:22:03.699 D/StatusBar.BatteryController( 483): mOldstatus5status 5
08-28 02:22:03.699 D/StatusBar.BatteryController( 483): now old status is 5
08-28 02:22:13.709 V/StatusBar.BatteryController( 483): status5batteryHealth 2
08-28 02:22:13.709 D/StatusBar.BatteryController( 483): mOldstatus5status 5
08-28 02:22:13.709 D/StatusBar.BatteryController( 483): now old status is 5
08-28 02:22:21.159 D/Tethering( 276): interfaceLinkStateChanged wlan0, true
08-28 02:22:21.159 D/Tethering( 276): interfaceStatusChanged wlan0, true
08-28 02:22:23.739 V/StatusBar.BatteryController( 483): status5batteryHealth 2
08-28 02:22:23.739 D/StatusBar.BatteryController( 483): mOldstatus5status 5
08-28 02:22:23.739 D/StatusBar.BatteryController( 483): now old status is 5
08-28 02:22:33.759 V/StatusBar.BatteryController( 483): status5batteryHealth 2
08-28 02:22:33.759 D/StatusBar.BatteryController( 483): mOldstatus5status 5
08-28 02:22:33.759 D/StatusBar.BatteryController( 483): now old status is 5
08-28 02:22:36.169 D/Tethering( 276): interfaceLinkStateChanged wlan0, true
08-28 02:22:36.169 D/Tethering( 276): interfaceStatusChanged wlan0, true
08-28 02:22:53.809 V/StatusBar.BatteryController( 483): status5batteryHealth 2
08-28 02:22:53.809 D/StatusBar.BatteryController( 483): mOldstatus5status 5
08-28 02:22:53.809 D/StatusBar.BatteryController( 483): now old status is 5
08-28 02:23:03.819 V/StatusBar.BatteryController( 483): status5batteryHealth 2
08-28 02:23:03.819 D/StatusBar.BatteryController( 483): mOldstatus5status 5
08-28 02:23:03.819 D/StatusBar.BatteryController( 483): now old status is 5
08-28 02:23:13.829 V/StatusBar.BatteryController( 483): status5batteryHealth 2
08-28 02:23:13.829 D/StatusBar.BatteryController( 483): mOldstatus5status 5
08-28 02:23:13.829 D/StatusBar.BatteryController( 483): now old status is 5
08-28 02:23:23.859 V/StatusBar.BatteryController( 483): status5batteryHealth 2
08-28 02:23:23.859 D/StatusBar.BatteryController( 483): mOldstatus5status 5
08-28 02:23:23.859 D/StatusBar.BatteryController( 483): now old status is 5
08-28 02:23:33.879 V/StatusBar.BatteryController( 483): status5batteryHealth 2
08-28 02:23:33.879 D/StatusBar.BatteryController( 483): mOldstatus5status 5
08-28 02:23:33.879 D/StatusBar.BatteryController( 483): now old status is 5
08-28 02:23:53.929 V/StatusBar.BatteryController( 483): status5batteryHealth 2
08-28 02:23:53.929 D/StatusBar.BatteryController( 483): mOldstatus5status 5
08-28 02:23:53.929 D/StatusBar.BatteryController( 483): now old status is 5
08-28 02:24:03.949 V/StatusBar.BatteryController( 483): status5batteryHealth 2
08-28 02:24:03.949 D/StatusBar.BatteryController( 483): mOldstatus5status 5
08-28 02:24:03.949 D/StatusBar.BatteryController( 483): now old status is 5
08-28 02:24:08.199 D/SensorManager( 867): registerListener :: handle = 0 name= BOSCH 3-axis Accelerometer delay= 10000 Listener= kvn@413bd9a8
08-28 02:24:08.209 E/SensorManager( 867): thread start
08-28 02:24:08.209 E/SensorManager( 867): =======>>>Sensor Thread RUNNING <<<========
08-28 02:24:09.009 I/SensorManager( 867): Set normal delay = true
08-28 02:24:09.089 D/SensorManager( 867): unregisterListener:: disable all sensors for this listener, name = BOSCH 3-axis Accelerometer listener = kvn@413bd9a8
08-28 02:24:23.969 V/StatusBar.BatteryController( 483): status5batteryHealth 2
08-28 02:24:23.969 D/StatusBar.BatteryController( 483): mOldstatus5status 5
08-28 02:24:23.969 D/StatusBar.BatteryController( 483): now old status is 5
08-28 02:24:33.989 V/StatusBar.BatteryController( 483): status5batteryHealth 2
08-28 02:24:33.989 D/StatusBar.BatteryController( 483): mOldstatus5status 5
08-28 02:24:33.989 D/StatusBar.BatteryController( 483): now old status is 5
08-28 02:24:54.029 V/StatusBar.BatteryController( 483): status5batteryHealth 2
08-28 02:24:54.029 D/StatusBar.BatteryController( 483): mOldstatus5status 5
08-28 02:24:54.029 D/StatusBar.BatteryController( 483): now old status is 5
08-28 02:25:04.059 V/StatusBar.BatteryController( 483): status5batteryHealth 2
08-28 02:25:04.059 D/StatusBar.BatteryController( 483): mOldstatus5status 5
08-28 02:25:04.059 D/StatusBar.BatteryController( 483): now old status is 5
08-28 02:25:14.069 V/StatusBar.BatteryController( 483): status5batteryHealth 2
08-28 02:25:14.069 D/StatusBar.BatteryController( 483): mOldstatus5status 5
08-28 02:25:14.069 D/StatusBar.BatteryController( 483): now old status is 5
08-28 02:25:24.089 V/StatusBar.BatteryController( 483): status5batteryHealth 2
08-28 02:25:24.089 D/StatusBar.BatteryController( 483): mOldstatus5status 5
08-28 02:25:24.089 D/StatusBar.BatteryController( 483): now old status is 5
08-28 02:26:24.209 V/StatusBar.BatteryController( 483): status5batteryHealth 2
08-28 02:26:24.209 D/StatusBar.BatteryController( 483): mOldstatus5status 5
08-28 02:26:24.209 D/StatusBar.BatteryController( 483): now old status is 5
08-28 02:26:34.239 V/StatusBar.BatteryController( 483): status5batteryHealth 2
08-28 02:26:34.239 D/StatusBar.BatteryController( 483): mOldstatus5status 5
08-28 02:26:34.239 D/StatusBar.BatteryController( 483): now old status is 5
08-28 02:26:44.249 V/StatusBar.BatteryController( 483): status5batteryHealth 2
08-28 02:26:44.249 D/StatusBar.BatteryController( 483): mOldstatus5status 5
08-28 02:26:44.249 D/StatusBar.BatteryController( 483): now old status is 5
08-28 02:26:54.269 V/StatusBar.BatteryController( 483): status5batteryHealth 2
08-28 02:26:54.269 D/StatusBar.BatteryController( 483): mOldstatus5status 5
08-28 02:26:54.269 D/StatusBar.BatteryController( 483): now old status is 5
08-28 02:27:04.289 V/StatusBar.BatteryController( 483): status5batteryHealth 2
08-28 02:27:04.289 D/StatusBar.BatteryController( 483): mOldstatus5status 5
08-28 02:27:04.289 D/StatusBar.BatteryController( 483): now old status is 5
08-28 02:27:07.269 D/SensorManager( 867): registerListener :: handle = 0 name= BOSCH 3-axis Accelerometer delay= 10000 Listener= kvn@4128d978
08-28 02:27:07.269 E/SensorManager( 867): thread start
08-28 02:27:07.269 E/SensorManager( 867): =======>>>Sensor Thread RUNNING <<<========
08-28 02:27:07.969 I/SensorManager( 867): Set normal delay = true
08-28 02:27:08.049 D/SensorManager( 867): unregisterListener:: disable all sensors for this listener, name = BOSCH 3-axis Accelerometer listener = kvn@4128d978
08-28 02:27:08.089 I/GCoreUlr( 867): Received powerMode change from NLP: com.google.android.location.activity.LOW_POWER_MODE_ENABLED
08-28 02:27:08.089 I/GCoreUlr( 867): Starting service, intent=Intent { act=com.google.android.location.reporting.ACTION_UPDATE_ACTIVE_STATE cmp=xxxx }, extras=null
