08-28 05:44:05.909 I/GCoreUlr( 867): Starting service, intent=Intent { act=com.google.android.location.reporting.ACTION_LOCATION_STATUS cmp=xxxx (has extras) }, extras=Bundle[{status=LocationStatus[cell status: STATUS_SUCCESSFUL, wifi status: STATUS_SUCCESSFUL, elapsed realtime ns: 19183643000000]}]
08-28 05:44:05.919 I/AdsMeasurementBroadcastReceiver( 737): Reporting settings might have changed, alerting AdsMeasurementService
08-28 05:44:05.919 D/AdsMeasurementBroadcastReceiver( 737): Unauthorized to start the main service
08-28 05:45:07.269 D/SensorManager( 867): registerListener :: handle = 0 name= BOSCH 3-axis Accelerometer delay= 10000 Listener= kvn@411553a8
08-28 05:45:07.269 E/SensorManager( 867): thread start
08-28 05:45:07.269 E/SensorManager( 867): =======>>>Sensor Thread RUNNING <<<========
08-28 05:45:07.949 I/SensorManager( 867): Set normal delay = true
08-28 05:45:08.029 D/SensorManager( 867): unregisterListener:: disable all sensors for this listener, name = BOSCH 3-axis Accelerometer listener = kvn@411553a8
08-28 05:45:09.069 W/SignalStrength( 276): getCdmaLevel=3
08-28 05:45:09.069 W/SignalStrength( 276): getEvdoLevel=0
08-28 05:45:09.069 W/SignalStrength( 276): getCdmaLevel=3
08-28 05:45:09.069 W/SignalStrength( 276): getLevel=3
08-28 05:45:09.069 W/SignalStrength( 483): getCdmaLevel=3
08-28 05:45:09.069 W/SignalStrength( 483): getEvdoLevel=0
08-28 05:45:09.069 W/SignalStrength( 483): getCdmaLevel=3
08-28 05:45:09.069 W/SignalStrength( 483): getLevel=3
08-28 05:45:16.069 W/SignalStrength( 276): getCdmaLevel=2
08-28 05:45:16.069 W/SignalStrength( 276): getEvdoLevel=0
08-28 05:45:16.069 W/SignalStrength( 276): getCdmaLevel=2
08-28 05:45:16.069 W/SignalStrength( 276): getLevel=2
08-28 05:45:16.069 W/SignalStrength( 483): getCdmaLevel=2
08-28 05:45:16.069 W/SignalStrength( 483): getEvdoLevel=0
08-28 05:45:16.069 W/SignalStrength( 483): getCdmaLevel=2
08-28 05:45:16.069 W/SignalStrength( 483): getLevel=2
08-28 05:45:24.069 W/SignalStrength( 276): getCdmaLevel=3
08-28 05:45:24.069 W/SignalStrength( 276): getEvdoLevel=0
08-28 05:45:24.069 W/SignalStrength( 276): getCdmaLevel=3
08-28 05:45:24.069 W/SignalStrength( 276): getLevel=3
08-28 05:45:24.079 W/SignalStrength( 483): getCdmaLevel=3
08-28 05:45:24.079 W/SignalStrength( 483): getEvdoLevel=0
08-28 05:45:24.079 W/SignalStrength( 483): getCdmaLevel=3
08-28 05:45:24.079 W/SignalStrength( 483): getLevel=3
08-28 05:45:32.079 W/SignalStrength( 276): getCdmaLevel=2
08-28 05:45:32.079 W/SignalStrength( 276): getEvdoLevel=0
08-28 05:45:32.079 W/SignalStrength( 276): getCdmaLevel=2
08-28 05:45:32.079 W/SignalStrength( 276): getLevel=2
08-28 05:45:32.079 W/SignalStrength( 483): getCdmaLevel=2
08-28 05:45:32.079 W/SignalStrength( 483): getEvdoLevel=0
08-28 05:45:32.079 W/SignalStrength( 483): getCdmaLevel=2
08-28 05:45:32.079 W/SignalStrength( 483): getLevel=2
08-28 05:45:33.079 W/SignalStrength( 276): getCdmaLevel=3
08-28 05:45:33.079 W/SignalStrength( 276): getEvdoLevel=0
08-28 05:45:33.079 W/SignalStrength( 276): getCdmaLevel=3
08-28 05:45:33.079 W/SignalStrength( 276): getLevel=3
08-28 05:45:33.079 W/SignalStrength( 483): getCdmaLevel=3
08-28 05:45:33.079 W/SignalStrength( 483): getEvdoLevel=0
08-28 05:45:33.079 W/SignalStrength( 483): getCdmaLevel=3
08-28 05:45:33.079 W/SignalStrength( 483): getLevel=3
08-28 05:45:44.079 W/SignalStrength( 276): getCdmaLevel=3
08-28 05:45:44.079 W/SignalStrength( 276): getEvdoLevel=0
08-28 05:45:44.079 W/SignalStrength( 276): getCdmaLevel=3
08-28 05:45:44.079 W/SignalStrength( 276): getLevel=3
08-28 05:45:44.089 W/SignalStrength( 483): getCdmaLevel=3
08-28 05:45:44.089 W/SignalStrength( 483): getEvdoLevel=0
08-28 05:45:44.089 W/SignalStrength( 483): getCdmaLevel=3
08-28 05:45:44.089 W/SignalStrength( 483): getLevel=3
08-28 05:46:07.089 W/SignalStrength( 276): getCdmaLevel=2
08-28 05:46:07.089 W/SignalStrength( 276): getEvdoLevel=0
08-28 05:46:07.089 W/SignalStrength( 276): getCdmaLevel=2
08-28 05:46:07.089 W/SignalStrength( 276): getLevel=2
08-28 05:46:07.089 W/SignalStrength( 483): getCdmaLevel=2
08-28 05:46:07.089 W/SignalStrength( 483): getEvdoLevel=0
08-28 05:46:07.089 W/SignalStrength( 483): getCdmaLevel=2
08-28 05:46:07.089 W/SignalStrength( 483): getLevel=2
08-28 05:46:09.089 W/SignalStrength( 276): getCdmaLevel=3
08-28 05:46:09.089 W/SignalStrength( 276): getEvdoLevel=0
08-28 05:46:09.089 W/SignalStrength( 276): getCdmaLevel=3
08-28 05:46:09.089 W/SignalStrength( 276): getLevel=3
08-28 05:46:09.089 W/SignalStrength( 483): getCdmaLevel=3
08-28 05:46:09.089 W/SignalStrength( 483): getEvdoLevel=0
08-28 05:46:09.089 W/SignalStrength( 483): getCdmaLevel=3
08-28 05:46:09.089 W/SignalStrength( 483): getLevel=3
08-28 05:46:18.089 W/SignalStrength( 276): getCdmaLevel=3
08-28 05:46:18.089 W/SignalStrength( 276): getEvdoLevel=0
08-28 05:46:18.089 W/SignalStrength( 276): getCdmaLevel=3
08-28 05:46:18.089 W/SignalStrength( 276): getLevel=3
08-28 05:46:18.099 W/SignalStrength( 483): getCdmaLevel=3
08-28 05:46:18.099 W/SignalStrength( 483): getEvdoLevel=0
08-28 05:46:18.099 W/SignalStrength( 483): getCdmaLevel=3
08-28 05:46:18.099 W/SignalStrength( 483): getLevel=3
08-28 05:46:21.099 W/SignalStrength( 276): getCdmaLevel=2
08-28 05:46:21.099 W/SignalStrength( 276): getEvdoLevel=0
08-28 05:46:21.099 W/SignalStrength( 276): getCdmaLevel=2
08-28 05:46:21.099 W/SignalStrength( 276): getLevel=2
08-28 05:46:21.109 W/SignalStrength( 483): getCdmaLevel=2
08-28 05:46:21.109 W/SignalStrength( 483): getEvdoLevel=0
08-28 05:46:21.109 W/SignalStrength( 483): getCdmaLevel=2
08-28 05:46:21.109 W/SignalStrength( 483): getLevel=2
08-28 05:46:29.109 W/SignalStrength( 483): getCdmaLevel=3
08-28 05:46:29.109 W/SignalStrength( 483): getEvdoLevel=0
08-28 05:46:29.109 W/SignalStrength( 483): getCdmaLevel=3
08-28 05:46:29.109 W/SignalStrength( 483): getLevel=3
08-28 05:46:29.109 W/SignalStrength( 276): getCdmaLevel=3
08-28 05:46:29.109 W/SignalStrength( 276): getEvdoLevel=0
08-28 05:46:29.109 W/SignalStrength( 276): getCdmaLevel=3
08-28 05:46:29.109 W/SignalStrength( 276): getLevel=3
08-28 05:46:29.389 D/GCM ( 588): Ignoring attempt to send heartbeat on dead connection.
08-28 05:46:34.419 D/Tethering( 276): interfaceLinkStateChanged wlan0, true
08-28 05:46:34.419 D/Tethering( 276): interfaceStatusChanged wlan0, true
08-28 05:46:39.499 D/Tethering( 276): interfaceLinkStateChanged wlan0, true
08-28 05:46:39.499 D/Tethering( 276): interfaceStatusChanged wlan0, true
08-28 05:46:41.109 W/SignalStrength( 276): getCdmaLevel=2
08-28 05:46:41.109 W/SignalStrength( 276): getEvdoLevel=0
08-28 05:46:41.109 W/SignalStrength( 276): getCdmaLevel=2
08-28 05:46:41.109 W/SignalStrength( 276): getLevel=2
08-28 05:46:41.109 W/SignalStrength( 483): getCdmaLevel=2
08-28 05:46:41.109 W/SignalStrength( 483): getEvdoLevel=0
08-28 05:46:41.109 W/SignalStrength( 483): getCdmaLevel=2
08-28 05:46:41.109 W/SignalStrength( 483): getLevel=2
08-28 05:46:47.109 W/SignalStrength( 276): getCdmaLevel=3
08-28 05:46:47.109 W/SignalStrength( 276): getEvdoLevel=0
08-28 05:46:47.109 W/SignalStrength( 276): getCdmaLevel=3
08-28 05:46:47.109 W/SignalStrength( 276): getLevel=3
08-28 05:46:47.119 W/SignalStrength( 483): getCdmaLevel=3
08-28 05:46:47.119 W/SignalStrength( 483): getEvdoLevel=0
08-28 05:46:47.119 W/SignalStrength( 483): getCdmaLevel=3
08-28 05:46:47.119 W/SignalStrength( 483): getLevel=3
08-28 05:46:50.109 W/SignalStrength( 276): getCdmaLevel=2
08-28 05:46:50.109 W/SignalStrength( 276): getEvdoLevel=0
08-28 05:46:50.109 W/SignalStrength( 276): getCdmaLevel=2
08-28 05:46:50.109 W/SignalStrength( 276): getLevel=2
08-28 05:46:50.119 W/SignalStrength( 483): getCdmaLevel=2
08-28 05:46:50.119 W/SignalStrength( 483): getEvdoLevel=0
08-28 05:46:50.119 W/SignalStrength( 483): getCdmaLevel=2
08-28 05:46:50.119 W/SignalStrength( 483): getLevel=2
08-28 05:47:05.119 W/SignalStrength( 276): getCdmaLevel=3
08-28 05:47:05.119 W/SignalStrength( 276): getEvdoLevel=0
08-28 05:47:05.119 W/SignalStrength( 276): getCdmaLevel=3
08-28 05:47:05.119 W/SignalStrength( 276): getLevel=3
08-28 05:47:05.119 W/SignalStrength( 483): getCdmaLevel=3
08-28 05:47:05.119 W/SignalStrength( 483): getEvdoLevel=0
08-28 05:47:05.119 W/SignalStrength( 483): getCdmaLevel=3
08-28 05:47:05.119 W/SignalStrength( 483): getLevel=3
08-28 05:47:12.119 W/SignalStrength( 276): getCdmaLevel=2
08-28 05:47:12.119 W/SignalStrength( 276): getEvdoLevel=0
08-28 05:47:12.119 W/SignalStrength( 276): getCdmaLevel=2
08-28 05:47:12.119 W/SignalStrength( 276): getLevel=2
08-28 05:47:12.129 W/SignalStrength( 483): getCdmaLevel=2
08-28 05:47:12.129 W/SignalStrength( 483): getEvdoLevel=0
08-28 05:47:12.129 W/SignalStrength( 483): getCdmaLevel=2
08-28 05:47:12.129 W/SignalStrength( 483): getLevel=2
08-28 05:47:17.119 W/SignalStrength( 276): getCdmaLevel=3
08-28 05:47:17.119 W/SignalStrength( 276): getEvdoLevel=0
08-28 05:47:17.119 W/SignalStrength( 276): getCdmaLevel=3
08-28 05:47:17.119 W/SignalStrength( 276): getLevel=3
08-28 05:47:17.129 W/SignalStrength( 483): getCdmaLevel=3
08-28 05:47:17.129 W/SignalStrength( 483): getEvdoLevel=0
08-28 05:47:17.129 W/SignalStrength( 483): getCdmaLevel=3
08-28 05:47:17.129 W/SignalStrength( 483): getLevel=3
08-28 05:47:34.129 W/SignalStrength( 276): getCdmaLevel=2
08-28 05:47:34.129 W/SignalStrength( 276): getEvdoLevel=0
08-28 05:47:34.129 W/SignalStrength( 276): getCdmaLevel=2
08-28 05:47:34.129 W/SignalStrength( 276): getLevel=2
08-28 05:47:34.129 W/SignalStrength( 483): getCdmaLevel=2
08-28 05:47:34.129 W/SignalStrength( 483): getEvdoLevel=0
08-28 05:47:34.129 W/SignalStrength( 483): getCdmaLevel=2
08-28 05:47:34.129 W/SignalStrength( 483): getLevel=2
08-28 05:47:36.129 W/SignalStrength( 276): getCdmaLevel=3
08-28 05:47:36.129 W/SignalStrength( 276): getEvdoLevel=0
08-28 05:47:36.129 W/SignalStrength( 276): getCdmaLevel=3
08-28 05:47:36.129 W/SignalStrength( 276): getLevel=3
08-28 05:47:36.139 W/SignalStrength( 483): getCdmaLevel=3
08-28 05:47:36.139 W/SignalStrength( 483): getEvdoLevel=0
08-28 05:47:36.139 W/SignalStrength( 483): getCdmaLevel=3
08-28 05:47:36.139 W/SignalStrength( 483): getLevel=3
08-28 05:47:44.129 W/SignalStrength( 276): getCdmaLevel=3
08-28 05:47:44.129 W/SignalStrength( 276): getEvdoLevel=0
08-28 05:47:44.129 W/SignalStrength( 276): getCdmaLevel=3
08-28 05:47:44.129 W/SignalStrength( 276): getLevel=3
08-28 05:47:44.139 W/SignalStrength( 483): getCdmaLevel=3
08-28 05:47:44.139 W/SignalStrength( 483): getEvdoLevel=0
08-28 05:47:44.139 W/SignalStrength( 483): getCdmaLevel=3
08-28 05:47:44.139 W/SignalStrength( 483): getLevel=3
08-28 05:47:49.649 W/ThrottleService( 276): unable to find stats for iface rmnet0
08-28 05:48:06.209 D/SensorManager( 867): registerListener :: handle = 0 name= BOSCH 3-axis Accelerometer delay= 10000 Listener= kvn@41358290
08-28 05:48:06.209 E/SensorManager( 867): thread start
08-28 05:48:06.209 E/SensorManager( 867): =======>>>Sensor Thread RUNNING <<<========
08-28 05:48:06.889 I/SensorManager( 867): Set normal delay = true
08-28 05:48:06.969 D/SensorManager( 867): unregisterListener:: disable all sensors for this listener, name = BOSCH 3-axis Accelerometer listener = kvn@41358290
08-28 05:48:26.149 W/SignalStrength( 276): getCdmaLevel=2
08-28 05:48:26.149 W/SignalStrength( 276): getEvdoLevel=0
08-28 05:48:26.149 W/SignalStrength( 276): getCdmaLevel=2
08-28 05:48:26.149 W/SignalStrength( 276): getLevel=2
08-28 05:48:26.159 W/SignalStrength( 483): getCdmaLevel=2
08-28 05:48:26.159 W/SignalStrength( 483): getEvdoLevel=0
08-28 05:48:26.159 W/SignalStrength( 483): getCdmaLevel=2
08-28 05:48:26.159 W/SignalStrength( 483): getLevel=2
08-28 05:48:27.149 W/SignalStrength( 276): getCdmaLevel=3
08-28 05:48:27.149 W/SignalStrength( 276): getEvdoLevel=0
08-28 05:48:27.149 W/SignalStrength( 276): getCdmaLevel=3
08-28 05:48:27.149 W/SignalStrength( 276): getLevel=3
08-28 05:48:27.159 W/SignalStrength( 483): getCdmaLevel=3
08-28 05:48:27.159 W/SignalStrength( 483): getEvdoLevel=0
08-28 05:48:27.159 W/SignalStrength( 483): getCdmaLevel=3
08-28 05:48:27.159 W/SignalStrength( 483): getLevel=3
08-28 05:49:00.179 W/SignalStrength( 276): getCdmaLevel=2
08-28 05:49:00.179 W/SignalStrength( 276): getEvdoLevel=0
08-28 05:49:00.179 W/SignalStrength( 276): getCdmaLevel=2
08-28 05:49:00.179 W/SignalStrength( 276): getLevel=2
08-28 05:49:00.179 W/SignalStrength( 483): getCdmaLevel=2
08-28 05:49:00.179 W/SignalStrength( 483): getEvdoLevel=0
08-28 05:49:00.179 W/SignalStrength( 483): getCdmaLevel=2
08-28 05:49:00.179 W/SignalStrength( 483): getLevel=2
08-28 05:49:04.169 W/SignalStrength( 276): getCdmaLevel=2
08-28 05:49:04.169 W/SignalStrength( 276): getEvdoLevel=0
08-28 05:49:04.169 W/SignalStrength( 276): getCdmaLevel=2
08-28 05:49:04.169 W/SignalStrength( 276): getLevel=2
08-28 05:49:04.169 W/SignalStrength( 483): getCdmaLevel=2
08-28 05:49:04.169 W/SignalStrength( 483): getEvdoLevel=0
08-28 05:49:04.169 W/SignalStrength( 483): getCdmaLevel=2
08-28 05:49:04.169 W/SignalStrength( 483): getLevel=2
08-28 05:49:05.169 W/SignalStrength( 276): getCdmaLevel=3
08-28 05:49:05.169 W/SignalStrength( 276): getEvdoLevel=0
08-28 05:49:05.169 W/SignalStrength( 276): getCdmaLevel=3
08-28 05:49:05.169 W/SignalStrength( 276): getLevel=3
08-28 05:49:05.169 W/SignalStrength( 483): getCdmaLevel=3
08-28 05:49:05.169 W/SignalStrength( 483): getEvdoLevel=0
08-28 05:49:05.169 W/SignalStrength( 483): getCdmaLevel=3
08-28 05:49:05.169 W/SignalStrength( 483): getLevel=3
08-28 05:49:51.189 W/SignalStrength( 276): getCdmaLevel=2
08-28 05:49:51.189 W/SignalStrength( 276): getEvdoLevel=0
08-28 05:49:51.189 W/SignalStrength( 276): getCdmaLevel=2
08-28 05:49:51.189 W/SignalStrength( 276): getLevel=2
08-28 05:49:51.189 W/SignalStrength( 483): getCdmaLevel=2
08-28 05:49:51.189 W/SignalStrength( 483): getEvdoLevel=0
08-28 05:49:51.189 W/SignalStrength( 483): getCdmaLevel=2
08-28 05:49:51.189 W/SignalStrength( 483): getLevel=2
08-28 05:50:11.189 W/SignalStrength( 276): getCdmaLevel=3
08-28 05:50:11.189 W/SignalStrength( 276): getEvdoLevel=0
08-28 05:50:11.189 W/SignalStrength( 276): getCdmaLevel=3
08-28 05:50:11.189 W/SignalStrength( 276): getLevel=3
08-28 05:50:11.199 W/SignalStrength( 483): getCdmaLevel=3
08-28 05:50:11.199 W/SignalStrength( 483): getEvdoLevel=0
08-28 05:50:11.199 W/SignalStrength( 483): getCdmaLevel=3
08-28 05:50:11.199 W/SignalStrength( 483): getLevel=3
08-28 05:50:19.589 D/GpsLocationProvider( 276): ALARM_WAKEUP
08-28 05:50:19.589 D/GpsLocationProvider( 276): startNavigating
08-28 05:50:19.589 D/GpsLocationProvider( 276): GlobalConfig.GLOBALCONFIG_GPS_CDMA=true
08-28 05:50:19.589 D/GpsLocationProvider( 276): startNavigating with Position Mode = 0
08-28 05:50:19.589 E/libsecgps( 276): gps_start:
08-28 05:50:19.639 V/GpsLocationProvider( 276): reportStatus status: 3
08-28 05:50:19.639 V/GpsLocationProvider( 276): reportStatus status: 1
08-28 05:50:27.559 E/GPSD ( 119): SecLBS_update_location:
08-28 05:50:27.559 D/GpsLocationProvider( 276): TTFF: 7971
08-28 05:50:27.559 D/GpsLocationProvider( 276): got fix, hibernating
08-28 05:50:27.559 D/GpsLocationProvider( 276): stopNavigating
08-28 05:50:27.559 E/libsecgps( 276): gps_stop:
08-28 05:50:27.599 V/GpsLocationProvider( 276): reportStatus status: 2
08-28 05:50:27.619 V/GpsLocationProvider( 276): reportStatus status: 4
08-28 05:50:27.639 D/MyGPSClockApp( 6043): +onLocationChanged
08-28 05:50:27.639 D/MyGPSClockApp( 6043): +getGPSDatetime
08-28 05:50:27.639 D/MyGPSClockApp( 6043): GPSTime: 1409237445000
08-28 05:50:27.649 D/MyGPSClockApp( 6043): GPS Current time: Thu Aug 28 10:50:45 EDT 2014
08-28 05:50:27.649 D/MyGPSClockApp( 6043): -getGPSDatetime
08-28 05:50:27.649 D/MyGPSClockApp( 6043): -onLocationChanged
08-28 05:50:27.689 V/GpsLocationProvider( 276): reportStatus status: 2
08-28 05:50:27.919 I/GCoreUlr( 867): Successfully inserted location
08-28 05:50:27.979 I/GCoreUlr( 867): Starting service, intent=Intent { cmp=xxxx }, extras=null
08-28 05:50:28.219 W/GLSUser ( 588): GoogleAccountDataService.getToken()
08-28 05:50:28.279 W/NetworkManagementSocketTagger( 867): untagSocket(55) failed with errno -22
08-28 05:50:28.279 I/mbh ( 867): I/O exception (org.apache.http.NoHttpResponseException) caught when processing request: The target server failed to respond
08-28 05:50:28.279 I/mbh ( 867): Retrying request
08-28 05:50:28.669 I/GCoreUlr( 867): Starting service, intent=Intent { act=com.google.android.location.reporting.ACTION_UPDATE_ACTIVE_STATE cmp=xxxx }, extras=null
08-28 05:50:28.679 I/AdsMeasurementBroadcastReceiver( 737): Reporting settings might have changed, alerting AdsMeasurementService
08-28 05:50:28.679 D/AdsMeasurementBroadcastReceiver( 737): Unauthorized to start the main service
08-28 05:50:28.679 I/GCoreUlr( 867): Batch Location Update succeeded for account account#15#
08-28 05:50:28.699 E/SqliteDatabaseCpp( 867): sqlite3_exec - Failed to set synchronous mode = 1(Normal)
08-28 05:50:28.799 I/GCoreUlr( 867): Ensuring that reporting is active for [account#15#]
08-28 05:50:28.879 I/GCoreUlr( 867): Starting service, intent=Intent { act=com.google.android.location.reporting.ACTION_LOCATION_STATUS cmp=xxxx (has extras) }, extras=Bundle[{status=LocationStatus[cell status: STATUS_SUCCESSFUL, wifi status: STATUS_SUCCESSFUL, elapsed realtime ns: 19183643000000]}]
08-28 05:50:30.199 W/SignalStrength( 276): getCdmaLevel=2
08-28 05:50:30.199 W/SignalStrength( 276): getEvdoLevel=0
08-28 05:50:30.199 W/SignalStrength( 276): getCdmaLevel=2
08-28 05:50:30.199 W/SignalStrength( 276): getLevel=2
08-28 05:50:30.199 W/SignalStrength( 483): getCdmaLevel=2
08-28 05:50:30.199 W/SignalStrength( 483): getEvdoLevel=0
08-28 05:50:30.199 W/SignalStrength( 483): getCdmaLevel=2
08-28 05:50:30.199 W/SignalStrength( 483): getLevel=2
08-28 05:50:38.199 W/SignalStrength( 276): getCdmaLevel=3
08-28 05:50:38.199 W/SignalStrength( 276): getEvdoLevel=0
08-28 05:50:38.199 W/SignalStrength( 276): getCdmaLevel=3
08-28 05:50:38.199 W/SignalStrength( 276): getLevel=3
08-28 05:50:38.209 W/SignalStrength( 483): getCdmaLevel=3
08-28 05:50:38.209 W/SignalStrength( 483): getEvdoLevel=0
08-28 05:50:38.209 W/SignalStrength( 483): getCdmaLevel=3
08-28 05:50:38.209 W/SignalStrength( 483): getLevel=3
08-28 05:50:42.199 W/SignalStrength( 276): getCdmaLevel=2
08-28 05:50:42.199 W/SignalStrength( 276): getEvdoLevel=0
08-28 05:50:42.209 W/SignalStrength( 483): getCdmaLevel=2
08-28 05:50:42.209 W/SignalStrength( 483): getEvdoLevel=0
08-28 05:50:42.209 W/SignalStrength( 483): getCdmaLevel=2
08-28 05:50:42.209 W/SignalStrength( 483): getLevel=2
08-28 05:50:42.209 W/SignalStrength( 276): getCdmaLevel=2
08-28 05:50:42.209 W/SignalStrength( 276): getLevel=2
08-28 05:50:43.279 D/Tethering( 276): interfaceLinkStateChanged wlan0, true
08-28 05:50:43.279 D/Tethering( 276): interfaceStatusChanged wlan0, true
08-28 05:51:00.209 W/SignalStrength( 276): getCdmaLevel=3
08-28 05:51:00.209 W/SignalStrength( 276): getEvdoLevel=0
08-28 05:51:00.209 W/SignalStrength( 276): getCdmaLevel=3
08-28 05:51:00.209 W/SignalStrength( 276): getLevel=3
08-28 05:51:00.219 W/SignalStrength( 483): getCdmaLevel=3
08-28 05:51:00.219 W/SignalStrength( 483): getEvdoLevel=0
08-28 05:51:00.219 W/SignalStrength( 483): getCdmaLevel=3
08-28 05:51:00.219 W/SignalStrength( 483): getLevel=3
08-28 05:51:05.139 D/SensorManager( 867): registerListener :: handle = 0 name= BOSCH 3-axis Accelerometer delay= 10000 Listener= kvn@41449c60
08-28 05:51:05.139 E/SensorManager( 867): thread start
08-28 05:51:05.139 E/SensorManager( 867): =======>>>Sensor Thread RUNNING <<<========
08-28 05:51:05.869 I/SensorManager( 867): Set normal delay = true
08-28 05:51:05.949 D/SensorManager( 867): unregisterListener:: disable all sensors for this listener, name = BOSCH 3-axis Accelerometer listener = kvn@41449c60
08-28 05:51:05.979 I/GCoreUlr( 867): Received powerMode change from NLP: com.google.android.location.activity.LOW_POWER_MODE_ENABLED
08-28 05:51:05.979 I/GCoreUlr( 867): Starting service, intent=Intent { act=com.google.android.location.reporting.ACTION_UPDATE_ACTIVE_STATE cmp=xxxx }, extras=null
08-28 05:51:06.019 I/GCoreUlr( 867): Ensuring that reporting is active for [account#15#]
08-28 05:51:06.029 I/GCoreUlr( 867): Starting service, intent=Intent { act=com.google.android.location.reporting.ACTION_LOCATION_STATUS cmp=xxxx (has extras) }, extras=Bundle[{status=LocationStatus[cell status: STATUS_SUCCESSFUL, wifi status: STATUS_SUCCESSFUL, elapsed realtime ns: 19183643000000]}]
08-28 05:52:16.249 D/AudioService( 276): getStreamVolume(5)
08-28 05:52:16.249 D/BatteryService( 276): CHARGER :: mBatteryStatus = 2
08-28 05:52:16.249 E/NotificationService( 276): Ignoring notification with icon==0: Notification(contentView=null vibrate=null,sound=system/media/audio/ui/Charger_Connection.ogg,defaults=0x0,flags=0x0)
08-28 05:52:16.259 V/StatusBar.BatteryController( 483): status2batteryHealth 2
08-28 05:52:16.259 D/StatusBar.BatteryController( 483): mOldstatus5status 2
08-28 05:52:16.259 D/StatusBar.BatteryController( 483): now old status is 2
08-28 05:52:16.339 W/PowerUI ( 483): unknown intent: Intent { act=android.intent.action.ACTION_POWER_CONNECTED flg=0x10000010 }
08-28 05:52:16.349 V/MediaPlayer( 276): constructor
08-28 05:52:16.349 V/MediaPlayer( 276): setListener
08-28 05:52:16.349 V/MediaPlayer( 276): MediaPlayer::setAudioStreamType
08-28 05:52:16.349 E/MediaPlayer( 276): Uri is system/media/audio/ui/Charger_Connection.ogg
08-28 05:52:16.349 V/MediaPlayer( 276): setDataSource()
08-28 05:52:16.349 V/MediaPlayerService( 110): Client(4) constructor
08-28 05:52:16.349 V/MediaPlayerService( 110): Create new client(4) from pid 276, uid 1000,
08-28 05:52:16.349 V/MediaPlayerService( 110): setDataSource()
08-28 05:52:16.349 V/MediaPlayerService( 110): player type = 3
08-28 05:52:16.349 V/MediaPlayerService( 110): create StagefrightPlayer
08-28 05:52:16.349 V/AudioSink( 110): AudioOutput(18)
08-28 05:52:16.349 V/MediaPlayerService( 110): setDataSource
08-28 05:52:16.359 V/MediaPlayer( 276): MediaPlayer::setLooping
08-28 05:52:16.359 V/MediaPlayerService( 110): [4] setLooping(0)
08-28 05:52:16.359 V/MediaPlayer( 276): setVideoSurfaceTexture
08-28 05:52:16.359 V/MediaPlayerService( 110): [4] setVideoSurfaceTexture(0x0)
08-28 05:52:16.359 V/MediaPlayer( 276): prepare
08-28 05:52:16.359 V/MediaPlayerService( 110): [4] setAudioStreamType(5)
08-28 05:52:16.359 V/MediaPlayerService( 110): [4] prepareAsync
08-28 05:52:16.369 V/AwesomePlayer( 110): track of type 'audio/vorbis' does not publish bitrate
08-28 05:52:16.369 V/AwesomePlayer( 110): mBitrate = -1 bits/sec
08-28 05:52:16.369 E/OMXCodec( 110): Attempting to allocate OMX node
08-28 05:52:16.369 E/OMXCodec( 110): Successfully allocated OMX node
08-28 05:52:16.379 V/MediaPlayerService( 110): [4] notify (0x867e50, 5, 0, 0)
08-28 05:52:16.379 V/MediaPlayer( 276): message received msg=5, ext1=0, ext2=0
08-28 05:52:16.379 V/MediaPlayer( 276): callback application
08-28 05:52:16.379 V/MediaPlayer( 276): back from callback
08-28 05:52:16.379 V/MediaPlayerService( 110): [4] notify (0x867e50, 1, 0, 0)
08-28 05:52:16.379 V/MediaPlayer( 276): message received msg=1, ext1=0, ext2=0
08-28 05:52:16.379 V/MediaPlayer( 276): prepared
08-28 05:52:16.379 V/MediaPlayer( 276): signal application thread
08-28 05:52:16.379 V/MediaPlayer( 276): callback application
08-28 05:52:16.379 V/MediaPlayer( 276): back from callback
08-28 05:52:16.379 V/MediaPlayer( 276): prepare complete - status=0
08-28 05:52:16.379 I/AudioService( 276): AudioFocus requestAudioFocus() from android.media.AudioManager$416effc8
08-28 05:52:16.379 V/MediaPlayer( 276): getDuration
08-28 05:52:16.379 V/MediaPlayerService( 110): getDuration
08-28 05:52:16.379 V/MediaPlayerService( 110): [4] getDuration = 558
08-28 05:52:16.379 D/MediaPlayer( 276): start() mUri is system/media/audio/ui/Charger_Connection.ogg
08-28 05:52:16.379 V/MediaPlayer( 276): getVideoWidth
08-28 05:52:16.379 V/MediaPlayer( 276): getVideoHeight
08-28 05:52:16.379 D/MediaPlayer( 276): Updating Battery SYSFS to true from start() for Music
08-28 05:52:16.379 V/MediaPlayer( 276): start
08-28 05:52:16.379 V/MediaPlayerService( 110): [4] setLooping(0)
08-28 05:52:16.379 V/MediaPlayerService( 110): [4] setVolume(1.000000, 1.000000)
08-28 05:52:16.379 V/AudioSink( 110): setVolume(1.000000, 1.000000)
08-28 05:52:16.379 V/MediaPlayerService( 110): [4] setAuxEffectSendLevel(0.000000)
08-28 05:52:16.379 V/AudioSink( 110): setAuxEffectSendLevel(0.000000)
08-28 05:52:16.379 V/MediaPlayerService( 110): [4] start
08-28 05:52:16.379 V/MediaPlayerService( 110): pausedClient = 0
08-28 05:52:16.379 V/MediaPlayerService( 110): incrementing started clients
08-28 05:52:16.379 V/MediaPlayerService( 110): numofclients = 1
08-28 05:52:16.379 W/BatteryStats( 276): updateBatterySysfs...
08-28 05:52:16.379 W/BatteryStats( 276): updateSysfs...
08-28 05:52:16.389 V/AudioSink( 110): open(44100, 1, 1, 4, 18)
08-28 05:52:16.389 V/AudioSystem( 110): getOutput() read 1 from cache for stream 5
08-28 05:52:16.389 V/AudioSystem( 110): getOutputFrameCount() streamType 5, output 1, frameCount 1200
08-28 05:52:16.389 V/AudioSystem( 110): getOutput() read 1 from cache for stream 5
08-28 05:52:16.389 V/AudioSystem( 110): getOutputSamplingRate() reading from output desc
08-28 05:52:16.389 V/AudioSystem( 110): getOutputSamplingRate() streamType 5, output 1, sampling rate 44100
08-28 05:52:16.389 V/AudioSystem( 110): getOutput() read 1 from cache for stream 5
08-28 05:52:16.389 V/AudioSystem( 110): getOutputSamplingRate() reading from output desc
08-28 05:52:16.389 V/AudioSystem( 110): getOutputSamplingRate() streamType 5, output 1, sampling rate 44100
08-28 05:52:16.389 V/AudioSystem( 110): getOutput() read 1 from cache for stream 5
08-28 05:52:16.389 V/AudioSystem( 110): getOutputLatency() streamType 5, output 1, latency 36
08-28 05:52:16.389 V/AudioSystem( 110): getOutput() read 1 from cache for stream 5
08-28 05:52:16.389 V/AudioSystem( 110): getOutput() read 1 from cache for stream 5
08-28 05:52:16.389 V/AudioSystem( 110): getOutputSamplingRate() reading from output desc
08-28 05:52:16.389 V/AudioSystem( 110): getOutputSamplingRate() streamType 5, output 1, sampling rate 44100
08-28 05:52:16.389 V/AudioSystem( 110): getOutput() read 1 from cache for stream 5
08-28 05:52:16.389 V/AudioSystem( 110): getOutputFrameCount() streamType 5, output 1, frameCount 1200
08-28 05:52:16.389 V/AudioSystem( 110): getOutput() read 1 from cache for stream 5
08-28 05:52:16.389 V/AudioSystem( 110): getOutputLatency() streamType 5, output 1, latency 36
08-28 05:52:16.389 V/AudioSink( 110): setVolume
08-28 05:52:16.389 V/AudioSink( 110): start
08-28 05:52:16.389 V/AudioPolicyManagerBase( 110): startOutput() output 1, stream 5, session 18
08-28 05:52:16.389 V/AudioPolicyManagerBase( 110): getDeviceForStrategy() from cache strategy 2, device 2
08-28 05:52:16.389 V/AudioPolicyManagerBase( 110): changeRefCount() stream 5, count 1
08-28 05:52:16.389 V/AudioPolicyManagerBase( 110): getDeviceForStrategy() from cache strategy 2, device 2
08-28 05:52:16.389 V/AudioPolicyManagerBase( 110): getNewDevice() selected device 2
08-28 05:52:16.389 V/AudioPolicyManager7x27a( 110): setOutputDevice() output 1 device 2 delayMs 0 force 0
08-28 05:52:16.389 V/AudioPolicyManager7x27a( 110): setOutputDevice output :0x1 mCurDevice:0x2
08-28 05:52:16.389 V/AudioPolicyManager7x27a( 110): setOutputDevice() setting same device 2 or null device for output 1
08-28 05:52:16.389 V/AwesomePlayer( 110): addBatteryData
08-28 05:52:16.389 V/MediaPlayer( 276): Number of Clients: 1
08-28 05:52:16.389 D/MediaPlayer( 276): Number of Clients updated = 1
08-28 05:52:16.389 V/MediaPlayer( 276): setListener
08-28 05:52:16.389 V/MediaPlayer( 276): disconnect
08-28 05:52:16.389 V/MediaPlayerService( 110): disconnect(3) from pid 276
08-28 05:52:16.389 V/AudioSink( 110): stop
08-28 05:52:16.389 V/AudioSink( 110): close
08-28 05:52:16.389 V/AudioPolicyManagerBase( 110): releaseOutput() 1
08-28 05:52:16.389 V/MediaPlayer( 276): destructor
08-28 05:52:16.389 V/MediaPlayerService( 110): Client(3) destructor pid = 276
08-28 05:52:16.389 V/AudioSink( 110): close
08-28 05:52:16.389 V/MediaPlayerService( 110): disconnect(3) from pid 276
08-28 05:52:16.389 V/MediaPlayerService( 110): pausedClient = 0
08-28 05:52:16.389 V/MediaPlayerService( 110): startedClient = 0
08-28 05:52:16.389 V/MediaPlayer( 276): disconnect
08-28 05:52:16.389 E/MediaPlayer( 276): mOnVideoSizeChangedListener is null. Failed to send MEDIA_SET_VIDEO_SIZE message.
08-28 05:52:16.389 E/MediaPlayer( 276): mOnPreparedListener is null. Failed to send MEDIA_PREPARED message.
08-28 05:52:16.739 V/UsbDeviceManager( 276): USB UEVENT: {USB_STATE=CONNECTED, SUBSYSTEM=android_usb, DEVPATH=/devices/virtual/android_usb/android0, SEQNUM=9460, ACTION=change}
08-28 05:52:16.739 D/UsbDeviceManager( 276): handleMessage -> MSG_UPDATE_STATE connected = 1,configured = 0
08-28 05:52:16.749 D/UsbDeviceManager( 276): updateUsbNotification mConnected = true, mConnected = true, mCurrentFunctions = mtp,adb, mUsbNotificationId = 0
08-28 05:52:16.759 D/UsbDeviceManager( 276): updateAdbNotification : mAdbEnabled = true, mConnected = true, mAdbNotificationShown = false
08-28 05:52:16.759 D/UsbDeviceManager( 276): don't notify adb
08-28 05:52:16.779 D/UsbDeviceManager( 276): sending intent : ACTION_USB_STATE : connected = true, configured = false, functions = mtp,adb
08-28 05:52:16.979 V/UsbDeviceManager( 276): USB UEVENT: {USB_STATE=CONFIGURED, SUBSYSTEM=android_usb, DEVPATH=/devices/virtual/android_usb/android0, SEQNUM=9463, ACTION=change}
08-28 05:52:16.979 D/UsbDeviceManager( 276): handleMessage -> MSG_UPDATE_STATE connected = 1,configured = 1
08-28 05:52:16.979 D/UsbDeviceManager( 276): updateUsbNotification mConnected = true, mConnected = true, mCurrentFunctions = mtp,adb, mUsbNotificationId = 17040450
08-28 05:52:16.979 D/UsbDeviceManager( 276): updateAdbNotification : mAdbEnabled = true, mConnected = true, mAdbNotificationShown = false
08-28 05:52:16.979 D/UsbDeviceManager( 276): don't notify adb
08-28 05:52:16.979 D/UsbDeviceManager( 276): sending intent : ACTION_USB_STATE : connected = true, configured = true, functions = mtp,adb
08-28 05:52:17.019 D/MtpService( 3624): addStorageLocked 65537 /mnt/sdcard
08-28 05:52:17.019 D/MtpService( 3624): starting MTP server in MTP mode
08-28 05:52:17.029 D/MtpService( 3624): addStorageLocked 65537 /mnt/sdcard
08-28 05:52:17.199 V/MediaPlayerService( 110): [4] notify (0x867e50, 2, 0, 0)
08-28 05:52:17.199 V/MediaPlayerService( 110): Playback complete!
08-28 05:52:17.199 V/MediaPlayerService( 110): decrementing started clients
08-28 05:52:17.199 V/MediaPlayerService( 110): numofclients = 0
08-28 05:52:17.199 V/AudioSink( 110): stop
08-28 05:52:17.199 V/MediaPlayer( 276): message received msg=2, ext1=0, ext2=0
08-28 05:52:17.199 V/MediaPlayer( 276): playback complete
08-28 05:52:17.199 V/MediaPlayer( 276): callback application
08-28 05:52:17.199 V/MediaPlayer( 276): back from callback
08-28 05:52:17.199 I/MediaPlayer( 276): mOnCompletionListener. Send MEDIA_PLAYBACK_COMPLETE message.
08-28 05:52:17.199 V/AudioPolicyManagerBase( 110): stopOutput() output 1, stream 5, session 18
08-28 05:52:17.199 V/AudioPolicyManagerBase( 110): changeRefCount() stream 5, count 0
08-28 05:52:17.199 V/AudioPolicyManagerBase( 110): getNewDevice() selected device 0
08-28 05:52:17.199 V/AudioPolicyManager7x27a( 110): setOutputDevice() output 1 device 0 delayMs 72 force 0
08-28 05:52:17.199 V/AudioPolicyManager7x27a( 110): setOutputDevice() setting same device 0 or null device for output 1
08-28 05:52:17.199 V/MediaPlayer( 276): Number of Clients: 0
08-28 05:52:17.199 D/MediaPlayer( 276): Number of Clients updated = 0
08-28 05:52:17.199 D/MediaPlayer( 276): Updating Battery SYSFS to false from playbackcomplete() for Music
08-28 05:52:17.199 V/AwesomePlayer( 110): addBatteryData
08-28 05:52:17.199 I/AudioService( 276): AudioFocus abandonAudioFocus() from android.media.AudioManager$416effc8
08-28 05:52:17.199 W/BatteryStats( 276): updateBatterySysfs...
08-28 05:52:17.199 W/BatteryStats( 276): updateSysfs...
08-28 05:52:20.239 W/SignalStrength( 276): getCdmaLevel=2
08-28 05:52:20.239 W/SignalStrength( 276): getEvdoLevel=0
08-28 05:52:20.239 W/SignalStrength( 276): getCdmaLevel=2
08-28 05:52:20.239 W/SignalStrength( 276): getLevel=2
08-28 05:52:20.259 W/SignalStrength( 483): getCdmaLevel=2
08-28 05:52:20.259 W/SignalStrength( 483): getEvdoLevel=0
08-28 05:52:20.259 W/SignalStrength( 483): getCdmaLevel=2
08-28 05:52:20.259 W/SignalStrength( 483): getLevel=2
08-28 05:52:20.259 E/SMD ( 104): DCD OFF
08-28 05:52:20.289 V/AudioFlinger( 110): Audio hardware entering standby, mixer 0x81f428, mSuspended 0
08-28 05:52:22.269 W/PowerManagerService( 276): Timer 0x3->0x3|0x3
08-28 05:52:22.549 V/StatusBar.BatteryController( 483): status2batteryHealth 2
08-28 05:52:22.549 D/StatusBar.BatteryController( 483): mOldstatus2status 2
08-28 05:52:22.549 D/StatusBar.BatteryController( 483): now old status is 2
08-28 05:52:23.269 E/SMD ( 104): DCD OFF
08-28 05:52:26.269 E/SMD ( 104): DCD OFF
08-28 05:52:29.249 W/SignalStrength( 276): getCdmaLevel=1
08-28 05:52:29.249 W/SignalStrength( 276): getEvdoLevel=0
08-28 05:52:29.249 W/SignalStrength( 276): getCdmaLevel=1
08-28 05:52:29.249 W/SignalStrength( 276): getLevel=1
08-28 05:52:29.249 W/SignalStrength( 483): getCdmaLevel=1
08-28 05:52:29.249 W/SignalStrength( 483): getEvdoLevel=0
08-28 05:52:29.249 W/SignalStrength( 483): getCdmaLevel=1
08-28 05:52:29.249 W/SignalStrength( 483): getLevel=1
08-28 05:52:29.269 E/SMD ( 104): DCD OFF
08-28 05:52:31.249 W/SignalStrength( 276): getCdmaLevel=0
08-28 05:52:31.249 W/SignalStrength( 276): getEvdoLevel=0
08-28 05:52:31.249 W/SignalStrength( 276): getCdmaLevel=0
08-28 05:52:31.249 W/SignalStrength( 276): getLevel=0
08-28 05:52:31.249 W/SignalStrength( 483): getCdmaLevel=0
08-28 05:52:31.249 W/SignalStrength( 483): getEvdoLevel=0
08-28 05:52:31.249 W/SignalStrength( 483): getCdmaLevel=0
08-28 05:52:31.249 W/SignalStrength( 483): getLevel=0
08-28 05:52:32.249 W/SignalStrength( 276): getCdmaLevel=1
08-28 05:52:32.249 W/SignalStrength( 276): getEvdoLevel=0
08-28 05:52:32.249 W/SignalStrength( 276): getCdmaLevel=1
08-28 05:52:32.249 W/SignalStrength( 276): getLevel=1
08-28 05:52:32.249 W/SignalStrength( 483): getCdmaLevel=1
08-28 05:52:32.249 W/SignalStrength( 483): getEvdoLevel=0
08-28 05:52:32.249 W/SignalStrength( 483): getCdmaLevel=1
08-28 05:52:32.249 W/SignalStrength( 483): getLevel=1
08-28 05:52:32.269 E/SMD ( 104): DCD OFF
08-28 05:52:32.569 V/StatusBar.BatteryController( 483): status2batteryHealth 2
08-28 05:52:32.569 D/StatusBar.BatteryController( 483): mOldstatus2status 2
08-28 05:52:32.569 D/StatusBar.BatteryController( 483): now old status is 2
08-28 05:52:33.249 W/SignalStrength( 276): getCdmaLevel=2
08-28 05:52:33.249 W/SignalStrength( 276): getEvdoLevel=0
08-28 05:52:33.249 W/SignalStrength( 276): getCdmaLevel=2
08-28 05:52:33.249 W/SignalStrength( 276): getLevel=2
08-28 05:52:33.249 W/SignalStrength( 483): getCdmaLevel=2
08-28 05:52:33.249 W/SignalStrength( 483): getEvdoLevel=0
08-28 05:52:33.249 W/SignalStrength( 483): getCdmaLevel=2
08-28 05:52:33.249 W/SignalStrength( 483): getLevel=2
08-28 05:52:35.279 E/SMD ( 104): DCD OFF
08-28 05:52:38.279 E/SMD ( 104): DCD OFF
08-28 05:52:41.279 E/SMD ( 104): DCD OFF
08-28 05:52:44.279 E/SMD ( 104): DCD OFF
08-28 05:52:46.249 W/SignalStrength( 276): getCdmaLevel=1
08-28 05:52:46.249 W/SignalStrength( 276): getEvdoLevel=0
08-28 05:52:46.249 W/SignalStrength( 276): getCdmaLevel=1
08-28 05:52:46.249 W/SignalStrength( 276): getLevel=1
08-28 05:52:46.259 W/SignalStrength( 483): getCdmaLevel=1
08-28 05:52:46.259 W/SignalStrength( 483): getEvdoLevel=0
08-28 05:52:46.259 W/SignalStrength( 483): getCdmaLevel=1
08-28 05:52:46.259 W/SignalStrength( 483): getLevel=1
08-28 05:52:47.249 W/SignalStrength( 276): getCdmaLevel=0
08-28 05:52:47.249 W/SignalStrength( 276): getEvdoLevel=0
08-28 05:52:47.249 W/SignalStrength( 276): getCdmaLevel=0
08-28 05:52:47.249 W/SignalStrength( 276): getLevel=0
08-28 05:52:47.259 W/SignalStrength( 483): getCdmaLevel=0
08-28 05:52:47.259 W/SignalStrength( 483): getEvdoLevel=0
08-28 05:52:47.259 W/SignalStrength( 483): getCdmaLevel=0
08-28 05:52:47.259 W/SignalStrength( 483): getLevel=0
08-28 05:52:47.279 E/SMD ( 104): DCD OFF
08-28 05:52:50.279 E/SMD ( 104): DCD OFF
08-28 05:52:52.609 V/StatusBar.BatteryController( 483): status2batteryHealth 2
08-28 05:52:52.609 D/StatusBar.BatteryController( 483): mOldstatus2status 2
08-28 05:52:52.609 D/StatusBar.BatteryController( 483): now old status is 2
08-28 05:52:53.259 W/SignalStrength( 276): getCdmaLevel=1
08-28 05:52:53.259 W/SignalStrength( 276): getEvdoLevel=0
08-28 05:52:53.259 W/SignalStrength( 276): getCdmaLevel=1
08-28 05:52:53.259 W/SignalStrength( 276): getLevel=1
08-28 05:52:53.259 W/SignalStrength( 483): getCdmaLevel=1
08-28 05:52:53.259 W/SignalStrength( 483): getEvdoLevel=0
08-28 05:52:53.259 W/SignalStrength( 483): getCdmaLevel=1
08-28 05:52:53.259 W/SignalStrength( 483): getLevel=1
08-28 05:52:53.289 E/SMD ( 104): DCD OFF
08-28 05:52:56.289 E/SMD ( 104): DCD OFF
08-28 05:52:59.289 E/SMD ( 104): DCD OFF
08-28 05:53:02.299 E/SMD ( 104): DCD OFF
08-28 05:53:05.299 E/SMD ( 104): DCD OFF
08-28 05:53:08.299 E/SMD ( 104): DCD OFF
08-28 05:53:11.299 E/SMD ( 104): DCD OFF
08-28 05:53:14.269 W/SignalStrength( 276): getCdmaLevel=0
08-28 05:53:14.269 W/SignalStrength( 276): getEvdoLevel=0
08-28 05:53:14.269 W/SignalStrength( 276): getCdmaLevel=0
08-28 05:53:14.269 W/SignalStrength( 276): getLevel=0
08-28 05:53:14.269 W/SignalStrength( 483): getCdmaLevel=0
08-28 05:53:14.269 W/SignalStrength( 483): getEvdoLevel=0
08-28 05:53:14.269 W/SignalStrength( 483): getCdmaLevel=0
08-28 05:53:14.269 W/SignalStrength( 483): getLevel=0
08-28 05:53:14.299 E/SMD ( 104): DCD OFF
08-28 05:53:17.309 E/SMD ( 104): DCD OFF
08-28 05:53:20.269 W/SignalStrength( 276): getCdmaLevel=1
08-28 05:53:20.269 W/SignalStrength( 276): getEvdoLevel=0
08-28 05:53:20.269 W/SignalStrength( 276): getCdmaLevel=1
08-28 05:53:20.269 W/SignalStrength( 276): getLevel=1
08-28 05:53:20.269 W/SignalStrength( 483): getCdmaLevel=1
08-28 05:53:20.269 W/SignalStrength( 483): getEvdoLevel=0
08-28 05:53:20.269 W/SignalStrength( 483): getCdmaLevel=1
08-28 05:53:20.269 W/SignalStrength( 483): getLevel=1
08-28 05:53:20.309 E/SMD ( 104): DCD OFF
08-28 05:53:21.269 W/SignalStrength( 276): getCdmaLevel=2
08-28 05:53:21.269 W/SignalStrength( 276): getEvdoLevel=0
08-28 05:53:21.269 W/SignalStrength( 276): getCdmaLevel=2
08-28 05:53:21.269 W/SignalStrength( 276): getLevel=2
08-28 05:53:21.269 W/SignalStrength( 483): getCdmaLevel=2
08-28 05:53:21.269 W/SignalStrength( 483): getEvdoLevel=0
08-28 05:53:21.269 W/SignalStrength( 483): getCdmaLevel=2
08-28 05:53:21.269 W/SignalStrength( 483): getLevel=2
08-28 05:53:22.269 W/SignalStrength( 276): getCdmaLevel=3
08-28 05:53:22.269 W/SignalStrength( 276): getEvdoLevel=0
08-28 05:53:22.269 W/SignalStrength( 276): getCdmaLevel=3
08-28 05:53:22.269 W/SignalStrength( 276): getLevel=3
08-28 05:53:22.269 W/SignalStrength( 483): getCdmaLevel=3
08-28 05:53:22.269 W/SignalStrength( 483): getEvdoLevel=0
08-28 05:53:22.269 W/SignalStrength( 483): getCdmaLevel=3
08-28 05:53:22.269 W/SignalStrength( 483): getLevel=3
08-28 05:53:22.669 V/StatusBar.BatteryController( 483): status2batteryHealth 2
08-28 05:53:22.669 D/StatusBar.BatteryController( 483): mOldstatus2status 2
08-28 05:53:22.669 D/StatusBar.BatteryController( 483): now old status is 2
08-28 05:53:23.309 E/SMD ( 104): DCD OFF
08-28 05:53:25.269 W/SignalStrength( 276): getCdmaLevel=2
08-28 05:53:25.269 W/SignalStrength( 276): getEvdoLevel=0
08-28 05:53:25.269 W/SignalStrength( 276): getCdmaLevel=2
08-28 05:53:25.269 W/SignalStrength( 276): getLevel=2
08-28 05:53:25.269 W/SignalStrength( 483): getCdmaLevel=2
08-28 05:53:25.269 W/SignalStrength( 483): getEvdoLevel=0
08-28 05:53:25.269 W/SignalStrength( 483): getCdmaLevel=2
08-28 05:53:25.269 W/SignalStrength( 483): getLevel=2
08-28 05:53:26.309 E/SMD ( 104): DCD OFF
08-28 05:53:29.319 E/SMD ( 104): DCD OFF
08-28 05:53:32.319 E/SMD ( 104): DCD OFF
08-28 05:53:32.689 V/StatusBar.BatteryController( 483): status2batteryHealth 2
08-28 05:53:32.689 D/StatusBar.BatteryController( 483): mOldstatus2status 2
08-28 05:53:32.689 D/StatusBar.BatteryController( 483): now old status is 2
08-28 05:53:35.319 E/SMD ( 104): DCD OFF
08-28 05:53:38.319 E/SMD ( 104): DCD OFF
08-28 05:53:41.319 E/SMD ( 104): DCD OFF
08-28 05:53:42.709 V/StatusBar.BatteryController( 483): status2batteryHealth 2
08-28 05:53:42.709 D/StatusBar.BatteryController( 483): mOldstatus2status 2
08-28 05:53:42.709 D/StatusBar.BatteryController( 483): now old status is 2
08-28 05:53:44.329 E/SMD ( 104): DCD OFF
08-28 05:53:47.329 E/SMD ( 104): DCD OFF
08-28 05:53:50.279 W/SignalStrength( 276): getCdmaLevel=2
08-28 05:53:50.279 W/SignalStrength( 276): getEvdoLevel=0
08-28 05:53:50.279 W/SignalStrength( 276): getCdmaLevel=2
08-28 05:53:50.279 W/SignalStrength( 276): getLevel=2
08-28 05:53:50.279 W/SignalStrength( 483): getCdmaLevel=2
08-28 05:53:50.279 W/SignalStrength( 483): getEvdoLevel=0
08-28 05:53:50.279 W/SignalStrength( 483): getCdmaLevel=2
08-28 05:53:50.279 W/SignalStrength( 483): getLevel=2
08-28 05:53:50.329 E/SMD ( 104): DCD OFF
08-28 05:53:53.329 E/SMD ( 104): DCD OFF
08-28 05:53:56.339 E/SMD ( 104): DCD OFF
08-28 05:53:59.339 E/SMD ( 104): DCD OFF
08-28 05:54:02.339 E/SMD ( 104): DCD OFF
08-28 05:54:02.749 V/StatusBar.BatteryController( 483): status2batteryHealth 2
08-28 05:54:02.749 D/StatusBar.BatteryController( 483): mOldstatus2status 2
08-28 05:54:02.749 D/StatusBar.BatteryController( 483): now old status is 2
08-28 05:54:04.129 D/SensorManager( 867): registerListener :: handle = 0 name= BOSCH 3-axis Accelerometer delay= 10000 Listener= kvn@41370b88
08-28 05:54:04.129 E/SensorManager( 867): thread start
08-28 05:54:04.129 E/SensorManager( 867): =======>>>Sensor Thread RUNNING <<<========
08-28 05:54:04.849 I/SensorManager( 867): Set normal delay = true
08-28 05:54:04.929 D/SensorManager( 867): unregisterListener:: disable all sensors for this listener, name = BOSCH 3-axis Accelerometer listener = kvn@41370b88
08-28 05:54:05.349 E/SMD ( 104): DCD OFF
08-28 05:54:08.339 E/SMD ( 104): DCD OFF
08-28 05:54:10.289 W/SignalStrength( 276): getCdmaLevel=3
08-28 05:54:10.289 W/SignalStrength( 276): getEvdoLevel=0
08-28 05:54:10.289 W/SignalStrength( 276): getCdmaLevel=3
08-28 05:54:10.289 W/SignalStrength( 276): getLevel=3
08-28 05:54:10.289 W/SignalStrength( 483): getCdmaLevel=3
08-28 05:54:10.289 W/SignalStrength( 483): getEvdoLevel=0
08-28 05:54:10.289 W/SignalStrength( 483): getCdmaLevel=3
08-28 05:54:10.289 W/SignalStrength( 483): getLevel=3
08-28 05:54:10.309 E/WifiStateMachine( 276): set suspend optimizations failed!
08-28 05:54:10.659 E/WifiStateMachine( 276): set suspend optimizations failed!
08-28 05:54:11.349 E/SMD ( 104): DCD OFF
08-28 05:54:14.349 E/SMD ( 104): DCD OFF
08-28 05:54:17.349 E/SMD ( 104): DCD OFF
08-28 05:54:20.339 D/Tethering( 276): interfaceLinkStateChanged wlan0, true
08-28 05:54:20.339 D/Tethering( 276): interfaceStatusChanged wlan0, true
08-28 05:54:20.349 E/SMD ( 104): DCD OFF
08-28 05:54:22.289 W/SignalStrength( 276): getCdmaLevel=2
08-28 05:54:22.289 W/SignalStrength( 276): getEvdoLevel=0
08-28 05:54:22.289 W/SignalStrength( 276): getCdmaLevel=2
08-28 05:54:22.289 W/SignalStrength( 276): getLevel=2
08-28 05:54:22.299 W/SignalStrength( 483): getCdmaLevel=2
08-28 05:54:22.299 W/SignalStrength( 483): getEvdoLevel=0
08-28 05:54:22.299 W/SignalStrength( 483): getCdmaLevel=2
08-28 05:54:22.299 W/SignalStrength( 483): getLevel=2
08-28 05:54:23.359 E/SMD ( 104): DCD OFF
08-28 05:54:26.359 E/SMD ( 104): DCD OFF
08-28 05:54:29.359 E/SMD ( 104): DCD OFF
08-28 05:54:32.359 E/SMD ( 104): DCD OFF
08-28 05:54:32.809 V/StatusBar.BatteryController( 483): status2batteryHealth 2
08-28 05:54:32.809 D/StatusBar.BatteryController( 483): mOldstatus2status 2
08-28 05:54:32.819 D/StatusBar.BatteryController( 483): now old status is 2
08-28 05:54:33.749 D/Tethering( 276): interfaceLinkStateChanged wlan0, true
08-28 05:54:33.749 D/Tethering( 276): interfaceStatusChanged wlan0, true
08-28 05:54:35.359 E/SMD ( 104): DCD OFF
08-28 05:54:38.369 E/SMD ( 104): DCD OFF
08-28 05:54:41.369 E/SMD ( 104): DCD OFF
08-28 05:54:42.829 V/StatusBar.BatteryController( 483): status2batteryHealth 2
08-28 05:54:42.829 D/StatusBar.BatteryController( 483): mOldstatus2status 2
08-28 05:54:42.829 D/StatusBar.BatteryController( 483): now old status is 2
08-28 05:54:44.369 E/SMD ( 104): DCD OFF
08-28 05:54:47.369 E/SMD ( 104): DCD OFF
08-28 05:54:50.379 E/SMD ( 104): DCD OFF
08-28 05:54:53.379 E/SMD ( 104): DCD OFF
08-28 05:54:56.379 E/SMD ( 104): DCD OFF
08-28 05:54:59.379 E/SMD ( 104): DCD OFF
08-28 05:55:00.309 W/SignalStrength( 276): getCdmaLevel=1
08-28 05:55:00.309 W/SignalStrength( 276): getEvdoLevel=0
08-28 05:55:00.309 W/SignalStrength( 276): getCdmaLevel=1
08-28 05:55:00.309 W/SignalStrength( 276): getLevel=1
08-28 05:55:00.309 W/SignalStrength( 483): getCdmaLevel=1
08-28 05:55:00.309 W/SignalStrength( 483): getEvdoLevel=0
08-28 05:55:00.309 W/SignalStrength( 483): getCdmaLevel=1
08-28 05:55:00.309 W/SignalStrength( 483): getLevel=1
08-28 05:55:01.309 W/SignalStrength( 483): getCdmaLevel=2
08-28 05:55:01.309 W/SignalStrength( 483): getEvdoLevel=0
08-28 05:55:01.309 W/SignalStrength( 483): getCdmaLevel=2
08-28 05:55:01.309 W/SignalStrength( 483): getLevel=2
08-28 05:55:01.309 W/SignalStrength( 276): getCdmaLevel=2
08-28 05:55:01.309 W/SignalStrength( 276): getEvdoLevel=0
08-28 05:55:01.309 W/SignalStrength( 276): getCdmaLevel=2
08-28 05:55:01.309 W/SignalStrength( 276): getLevel=2
08-28 05:55:02.379 E/SMD ( 104): DCD OFF
08-28 05:55:02.879 V/StatusBar.BatteryController( 483): status2batteryHealth 2
08-28 05:55:02.879 D/StatusBar.BatteryController( 483): mOldstatus2status 2
08-28 05:55:02.879 D/StatusBar.BatteryController( 483): now old status is 2
08-28 05:55:05.309 W/SignalStrength( 276): getCdmaLevel=3
08-28 05:55:05.309 W/SignalStrength( 276): getEvdoLevel=0
08-28 05:55:05.309 W/SignalStrength( 276): getCdmaLevel=3
08-28 05:55:05.309 W/SignalStrength( 276): getLevel=3
08-28 05:55:05.309 W/SignalStrength( 483): getCdmaLevel=3
08-28 05:55:05.309 W/SignalStrength( 483): getEvdoLevel=0
08-28 05:55:05.309 W/SignalStrength( 483): getCdmaLevel=3
08-28 05:55:05.309 W/SignalStrength( 483): getLevel=3
08-28 05:55:05.389 E/SMD ( 104): DCD OFF
08-28 05:55:07.309 W/SignalStrength( 276): getCdmaLevel=2
08-28 05:55:07.309 W/SignalStrength( 276): getEvdoLevel=0
08-28 05:55:07.309 W/SignalStrength( 276): getCdmaLevel=2
08-28 05:55:07.309 W/SignalStrength( 276): getLevel=2
08-28 05:55:07.309 W/SignalStrength( 483): getCdmaLevel=2
08-28 05:55:07.309 W/SignalStrength( 483): getEvdoLevel=0
08-28 05:55:07.309 W/SignalStrength( 483): getCdmaLevel=2
08-28 05:55:07.309 W/SignalStrength( 483): getLevel=2
08-28 05:55:08.389 E/SMD ( 104): DCD OFF
08-28 05:55:11.389 E/SMD ( 104): DCD OFF
08-28 05:55:12.889 V/StatusBar.BatteryController( 483): status2batteryHealth 2
08-28 05:55:12.889 D/StatusBar.BatteryController( 483): mOldstatus2status 2
08-28 05:55:12.889 D/StatusBar.BatteryController( 483): now old status is 2
08-28 05:55:14.399 E/SMD ( 104): DCD OFF
08-28 05:55:17.399 E/SMD ( 104): DCD OFF
08-28 05:55:20.399 E/SMD ( 104): DCD OFF
08-28 05:55:22.909 V/StatusBar.BatteryController( 483): status2batteryHealth 2
08-28 05:55:22.909 D/StatusBar.BatteryController( 483): mOldstatus2status 2
08-28 05:55:22.909 D/StatusBar.BatteryController( 483): now old status is 2
08-28 05:55:23.399 E/SMD ( 104): DCD OFF
08-28 05:55:25.319 W/SignalStrength( 276): getCdmaLevel=1
08-28 05:55:25.319 W/SignalStrength( 276): getEvdoLevel=0
08-28 05:55:25.319 W/SignalStrength( 276): getCdmaLevel=1
08-28 05:55:25.319 W/SignalStrength( 276): getLevel=1
08-28 05:55:25.329 W/SignalStrength( 483): getCdmaLevel=1
08-28 05:55:25.329 W/SignalStrength( 483): getEvdoLevel=0
08-28 05:55:25.329 W/SignalStrength( 483): getCdmaLevel=1
08-28 05:55:25.329 W/SignalStrength( 483): getLevel=1
08-28 05:55:26.399 E/SMD ( 104): DCD OFF
08-28 05:55:29.409 E/SMD ( 104): DCD OFF
08-28 05:55:32.319 W/SignalStrength( 276): getCdmaLevel=2
08-28 05:55:32.319 W/SignalStrength( 276): getEvdoLevel=0
08-28 05:55:32.319 W/SignalStrength( 276): getCdmaLevel=2
08-28 05:55:32.319 W/SignalStrength( 276): getLevel=2
08-28 05:55:32.329 W/SignalStrength( 483): getCdmaLevel=2
08-28 05:55:32.329 W/SignalStrength( 483): getEvdoLevel=0
08-28 05:55:32.329 W/SignalStrength( 483): getCdmaLevel=2
08-28 05:55:32.329 W/SignalStrength( 483): getLevel=2
08-28 05:55:32.409 E/SMD ( 104): DCD OFF
08-28 05:55:32.929 V/StatusBar.BatteryController( 483): status2batteryHealth 2
08-28 05:55:32.929 D/StatusBar.BatteryController( 483): mOldstatus2status 2
08-28 05:55:32.929 D/StatusBar.BatteryController( 483): now old status is 2
08-28 05:55:35.409 E/SMD ( 104): DCD OFF
08-28 05:55:38.409 E/SMD ( 104): DCD OFF
08-28 05:55:41.409 E/SMD ( 104): DCD OFF
08-28 05:55:42.949 V/StatusBar.BatteryController( 483): status2batteryHealth 2
08-28 05:55:42.949 D/StatusBar.BatteryController( 483): mOldstatus2status 2
08-28 05:55:42.949 D/StatusBar.BatteryController( 483): now old status is 2
08-28 05:55:44.409 E/SMD ( 104): DCD OFF
08-28 05:55:47.419 E/SMD ( 104): DCD OFF
08-28 05:55:50.419 E/SMD ( 104): DCD OFF
08-28 05:55:52.329 W/SignalStrength( 276): getCdmaLevel=2
08-28 05:55:52.329 W/SignalStrength( 276): getEvdoLevel=0
08-28 05:55:52.329 W/SignalStrength( 276): getCdmaLevel=2
08-28 05:55:52.329 W/SignalStrength( 276): getLevel=2
08-28 05:55:52.339 W/SignalStrength( 483): getCdmaLevel=2
08-28 05:55:52.339 W/SignalStrength( 483): getEvdoLevel=0
08-28 05:55:52.339 W/SignalStrength( 483): getCdmaLevel=2
08-28 05:55:52.339 W/SignalStrength( 483): getLevel=2
08-28 05:55:53.419 E/SMD ( 104): DCD OFF
08-28 05:55:56.419 E/SMD ( 104): DCD OFF
08-28 05:55:59.429 E/SMD ( 104): DCD OFF
08-28 05:56:02.429 E/SMD ( 104): DCD OFF
