08-28 01:06:04.759 D/SensorManager( 867): unregisterListener:: disable all sensors for this listener, name = BOSCH 3-axis Accelerometer listener = kvn@411be060
08-28 01:06:13.239 E/WifiStateMachine( 276): set suspend optimizations failed!
08-28 01:06:13.599 E/WifiStateMachine( 276): set suspend optimizations failed!
08-28 01:06:23.269 D/Tethering( 276): interfaceLinkStateChanged wlan0, true
08-28 01:06:23.269 D/Tethering( 276): interfaceStatusChanged wlan0, true
08-28 01:07:49.239 D/GpsLocationProvider( 276): ALARM_WAKEUP
08-28 01:07:49.239 D/GpsLocationProvider( 276): startNavigating
08-28 01:07:49.239 D/GpsLocationProvider( 276): GlobalConfig.GLOBALCONFIG_GPS_CDMA=true
08-28 01:07:49.239 D/GpsLocationProvider( 276): startNavigating with Position Mode = 0
08-28 01:07:49.239 E/libsecgps( 276): gps_start:
08-28 01:07:49.279 V/GpsLocationProvider( 276): reportStatus status: 3
08-28 01:07:49.279 V/GpsLocationProvider( 276): reportStatus status: 1
08-28 01:07:53.219 E/GPSD ( 119): SecLBS_update_location:
08-28 01:07:53.219 D/GpsLocationProvider( 276): TTFF: 3982
08-28 01:07:53.229 D/GpsLocationProvider( 276): got fix, hibernating
08-28 01:07:53.229 D/GpsLocationProvider( 276): stopNavigating
08-28 01:07:53.229 E/libsecgps( 276): gps_stop:
08-28 01:07:53.269 V/GpsLocationProvider( 276): reportStatus status: 2
08-28 01:07:53.269 V/GpsLocationProvider( 276): reportStatus status: 4
08-28 01:07:53.329 D/MyGPSClockApp( 6043): +onLocationChanged
08-28 01:07:53.329 D/MyGPSClockApp( 6043): +getGPSDatetime
08-28 01:07:53.329 D/MyGPSClockApp( 6043): GPSTime: 1409220490000
08-28 01:07:53.329 D/MyGPSClockApp( 6043): GPS Current time: Thu Aug 28 06:08:10 EDT 2014
08-28 01:07:53.339 D/MyGPSClockApp( 6043): -getGPSDatetime
08-28 01:07:53.339 D/MyGPSClockApp( 6043): -onLocationChanged
08-28 01:07:53.349 V/GpsLocationProvider( 276): reportStatus status: 2
08-28 01:07:53.609 I/GCoreUlr( 867): Successfully inserted location
08-28 01:07:53.609 I/GCoreUlr( 867): Not calling LocationReportingService, hasMoved: false, elapsed millis: 1209018, request: Phone
08-28 01:09:09.139 E/WifiStateMachine( 276): set suspend optimizations failed!
08-28 01:09:09.309 D/SensorManager( 867): registerListener :: handle = 0 name= BOSCH 3-axis Accelerometer delay= 10000 Listener= kvn@412bfad0
08-28 01:09:09.309 E/SensorManager( 867): thread start
08-28 01:09:09.309 E/SensorManager( 867): =======>>>Sensor Thread RUNNING <<<========
08-28 01:09:09.849 D/Tethering( 276): interfaceLinkStateChanged wlan0, true
08-28 01:09:09.849 D/Tethering( 276): interfaceStatusChanged wlan0, true
08-28 01:09:09.849 D/Tethering( 276): interfaceLinkStateChanged wlan0, true
08-28 01:09:09.849 D/Tethering( 276): interfaceStatusChanged wlan0, true
08-28 01:09:09.979 E/WifiStateMachine( 276): set suspend optimizations failed!
08-28 01:09:10.039 I/SensorManager( 867): Set normal delay = true
08-28 01:09:10.109 I/GCoreUlr( 867): Successfully inserted location
08-28 01:09:10.109 I/GCoreUlr( 867): Not calling LocationReportingService, hasMoved: false, elapsed millis: 1285519, request: Phone
08-28 01:09:10.119 D/SensorManager( 867): unregisterListener:: disable all sensors for this listener, name = BOSCH 3-axis Accelerometer listener = kvn@412bfad0
08-28 01:09:51.199 W/SignalStrength( 276): getCdmaLevel=2
08-28 01:09:51.199 W/SignalStrength( 276): getEvdoLevel=0
08-28 01:09:51.199 W/SignalStrength( 276): getCdmaLevel=2
08-28 01:09:51.199 W/SignalStrength( 276): getLevel=2
08-28 01:09:51.199 W/SignalStrength( 483): getCdmaLevel=2
08-28 01:09:51.199 W/SignalStrength( 483): getEvdoLevel=0
08-28 01:09:51.199 W/SignalStrength( 483): getCdmaLevel=2
08-28 01:09:51.199 W/SignalStrength( 483): getLevel=2
08-28 01:09:53.199 W/SignalStrength( 276): getCdmaLevel=2
08-28 01:09:53.199 W/SignalStrength( 276): getEvdoLevel=0
08-28 01:09:53.199 W/SignalStrength( 276): getCdmaLevel=2
08-28 01:09:53.199 W/SignalStrength( 276): getLevel=2
08-28 01:09:53.199 W/SignalStrength( 483): getCdmaLevel=2
08-28 01:09:53.199 W/SignalStrength( 483): getEvdoLevel=0
08-28 01:09:53.199 W/SignalStrength( 483): getCdmaLevel=2
08-28 01:09:53.199 W/SignalStrength( 483): getLevel=2
08-28 01:10:23.619 D/Tethering( 276): interfaceLinkStateChanged wlan0, true
08-28 01:10:23.619 D/Tethering( 276): interfaceStatusChanged wlan0, true
08-28 01:12:08.289 D/SensorManager( 867): registerListener :: handle = 0 name= BOSCH 3-axis Accelerometer delay= 10000 Listener= kvn@411209e0
08-28 01:12:08.289 E/SensorManager( 867): thread start
08-28 01:12:08.289 E/SensorManager( 867): =======>>>Sensor Thread RUNNING <<<========
08-28 01:12:09.009 I/SensorManager( 867): Set normal delay = true
08-28 01:12:09.089 D/SensorManager( 867): unregisterListener:: disable all sensors for this listener, name = BOSCH 3-axis Accelerometer listener = kvn@411209e0
08-28 01:12:20.259 I/EventLogService( 737): Aggregate from 1409200940114 (log), 1409200940114 (data)
08-28 01:12:56.319 D/GCM ( 588): Ignoring attempt to send heartbeat on dead connection.
08-28 01:13:01.339 D/Tethering( 276): interfaceLinkStateChanged wlan0, true
08-28 01:13:01.339 D/Tethering( 276): interfaceStatusChanged wlan0, true
08-28 01:13:06.419 D/Tethering( 276): interfaceLinkStateChanged wlan0, true
08-28 01:13:06.419 D/Tethering( 276): interfaceStatusChanged wlan0, true
08-28 01:15:07.259 D/SensorManager( 867): registerListener :: handle = 0 name= BOSCH 3-axis Accelerometer delay= 10000 Listener= kvn@4142e2b8
08-28 01:15:07.259 E/SensorManager( 867): thread start
08-28 01:15:07.259 E/SensorManager( 867): =======>>>Sensor Thread RUNNING <<<========
08-28 01:15:07.979 I/SensorManager( 867): Set normal delay = true
08-28 01:15:08.059 D/SensorManager( 867): unregisterListener:: disable all sensors for this listener, name = BOSCH 3-axis Accelerometer listener = kvn@4142e2b8
08-28 01:15:08.089 I/GCoreUlr( 867): Received powerMode change from NLP: com.google.android.location.activity.LOW_POWER_MODE_ENABLED
08-28 01:15:08.089 I/GCoreUlr( 867): Starting service, intent=Intent { act=com.google.android.location.reporting.ACTION_UPDATE_ACTIVE_STATE cmp=xxxx }, extras=null
08-28 01:15:08.139 I/GCoreUlr( 867): Ensuring that reporting is active for [account#15#]
08-28 01:15:08.139 I/GCoreUlr( 867): Starting service, intent=Intent { act=com.google.android.location.reporting.ACTION_LOCATION_STATUS cmp=xxxx (has extras) }, extras=Bundle[{status=LocationStatus[cell status: STATUS_SUCCESSFUL, wifi status: STATUS_SUCCESSFUL, elapsed realtime ns: 19183643000000]}]
08-28 01:17:53.239 D/GpsLocationProvider( 276): ALARM_WAKEUP
08-28 01:17:53.239 D/GpsLocationProvider( 276): startNavigating
08-28 01:17:53.239 D/GpsLocationProvider( 276): GlobalConfig.GLOBALCONFIG_GPS_CDMA=true
08-28 01:17:53.239 D/GpsLocationProvider( 276): startNavigating with Position Mode = 0
08-28 01:17:53.239 E/libsecgps( 276): gps_start:
08-28 01:17:53.269 V/GpsLocationProvider( 276): reportStatus status: 3
08-28 01:17:53.269 V/GpsLocationProvider( 276): reportStatus status: 1
08-28 01:17:56.219 E/GPSD ( 119): SecLBS_update_location:
08-28 01:17:56.219 D/GpsLocationProvider( 276): TTFF: 2982
08-28 01:17:56.229 D/GpsLocationProvider( 276): got fix, hibernating
08-28 01:17:56.229 D/GpsLocationProvider( 276): stopNavigating
08-28 01:17:56.229 E/libsecgps( 276): gps_stop:
08-28 01:17:56.249 V/GpsLocationProvider( 276): reportStatus status: 2
08-28 01:17:56.259 V/GpsLocationProvider( 276): reportStatus status: 4
08-28 01:17:56.289 D/MyGPSClockApp( 6043): +onLocationChanged
08-28 01:17:56.289 D/MyGPSClockApp( 6043): +getGPSDatetime
08-28 01:17:56.289 D/MyGPSClockApp( 6043): GPSTime: 1409221093000
08-28 01:17:56.289 D/MyGPSClockApp( 6043): GPS Current time: Thu Aug 28 06:18:13 EDT 2014
08-28 01:17:56.289 D/MyGPSClockApp( 6043): -getGPSDatetime
08-28 01:17:56.289 D/MyGPSClockApp( 6043): -onLocationChanged
08-28 01:17:56.339 V/GpsLocationProvider( 276): reportStatus status: 2
08-28 01:17:56.539 I/GCoreUlr( 867): Successfully inserted location
08-28 01:17:56.559 I/GCoreUlr( 867): Not calling LocationReportingService, hasMoved: false, elapsed millis: 1811964, request: Phone
08-28 01:18:06.239 D/SensorManager( 867): registerListener :: handle = 0 name= BOSCH 3-axis Accelerometer delay= 10000 Listener= kvn@414f0ef0
08-28 01:18:06.239 E/SensorManager( 867): thread start
08-28 01:18:06.239 E/SensorManager( 867): =======>>>Sensor Thread RUNNING <<<========
08-28 01:18:06.939 I/SensorManager( 867): Set normal delay = true
08-28 01:18:07.019 D/SensorManager( 867): unregisterListener:: disable all sensors for this listener, name = BOSCH 3-axis Accelerometer listener = kvn@414f0ef0
08-28 01:18:22.169 D/Tethering( 276): interfaceLinkStateChanged wlan0, true
08-28 01:18:22.169 D/Tethering( 276): interfaceStatusChanged wlan0, true
08-28 01:18:28.569 D/Tethering( 276): interfaceLinkStateChanged wlan0, true
08-28 01:18:28.569 D/Tethering( 276): interfaceStatusChanged wlan0, true
08-28 01:18:45.269 D/Tethering( 276): interfaceLinkStateChanged wlan0, true
08-28 01:18:45.269 D/Tethering( 276): interfaceStatusChanged wlan0, true
08-28 01:18:50.279 D/Tethering( 276): interfaceLinkStateChanged wlan0, true
08-28 01:18:50.279 D/Tethering( 276): interfaceStatusChanged wlan0, true
08-28 01:19:18.629 D/Tethering( 276): interfaceLinkStateChanged wlan0, true
08-28 01:19:18.629 D/Tethering( 276): interfaceStatusChanged wlan0, true
08-28 01:19:23.639 D/Tethering( 276): interfaceLinkStateChanged wlan0, true
08-28 01:19:23.639 D/Tethering( 276): interfaceStatusChanged wlan0, true
08-28 01:21:05.189 D/SensorManager( 867): registerListener :: handle = 0 name= BOSCH 3-axis Accelerometer delay= 10000 Listener= kvn@4142b908
08-28 01:21:05.189 E/SensorManager( 867): thread start
08-28 01:21:05.189 E/SensorManager( 867): =======>>>Sensor Thread RUNNING <<<========
08-28 01:21:05.889 I/SensorManager( 867): Set normal delay = true
08-28 01:21:05.969 D/SensorManager( 867): unregisterListener:: disable all sensors for this listener, name = BOSCH 3-axis Accelerometer listener = kvn@4142b908
08-28 01:24:04.139 D/SensorManager( 867): registerListener :: handle = 0 name= BOSCH 3-axis Accelerometer delay= 10000 Listener= kvn@411af808
08-28 01:24:04.139 E/SensorManager( 867): thread start
08-28 01:24:04.139 E/SensorManager( 867): =======>>>Sensor Thread RUNNING <<<========
08-28 01:24:04.859 I/SensorManager( 867): Set normal delay = true
08-28 01:24:04.939 D/SensorManager( 867): unregisterListener:: disable all sensors for this listener, name = BOSCH 3-axis Accelerometer listener = kvn@411af808
08-28 01:24:25.419 E/WifiStateMachine( 276): set suspend optimizations failed!
08-28 01:24:25.949 E/WifiStateMachine( 276): set suspend optimizations failed!
08-28 01:24:35.439 D/Tethering( 276): interfaceLinkStateChanged wlan0, true
08-28 01:24:35.439 D/Tethering( 276): interfaceStatusChanged wlan0, true
08-28 01:27:09.179 E/WifiStateMachine( 276): set suspend optimizations failed!
08-28 01:27:09.199 D/SensorManager( 867): registerListener :: handle = 0 name= BOSCH 3-axis Accelerometer delay= 10000 Listener= kvn@411cc1f8
08-28 01:27:09.199 E/SensorManager( 867): thread start
08-28 01:27:09.199 E/SensorManager( 867): =======>>>Sensor Thread RUNNING <<<========
08-28 01:27:09.929 D/Tethering( 276): interfaceLinkStateChanged wlan0, true
08-28 01:27:09.929 D/Tethering( 276): interfaceStatusChanged wlan0, true
08-28 01:27:09.929 D/Tethering( 276): interfaceLinkStateChanged wlan0, true
08-28 01:27:09.929 D/Tethering( 276): interfaceStatusChanged wlan0, true
08-28 01:27:10.059 I/SensorManager( 867): Set normal delay = true
08-28 01:27:10.129 D/SensorManager( 867): unregisterListener:: disable all sensors for this listener, name = BOSCH 3-axis Accelerometer listener = kvn@411cc1f8
08-28 01:27:10.239 E/WifiStateMachine( 276): set suspend optimizations failed!
08-28 01:27:10.249 I/GCoreUlr( 867): Received powerMode change from NLP: com.google.android.location.activity.LOW_POWER_MODE_ENABLED
08-28 01:27:10.249 I/GCoreUlr( 867): Starting service, intent=Intent { act=com.google.android.location.reporting.ACTION_UPDATE_ACTIVE_STATE cmp=xxxx }, extras=null
08-28 01:27:10.369 I/GCoreUlr( 867): Successfully inserted location
08-28 01:27:10.379 I/GCoreUlr( 867): Not calling LocationReportingService, hasMoved: false, elapsed millis: 2365782, request: Phone
08-28 01:27:10.419 I/GCoreUlr( 867): Ensuring that reporting is active for [account#15#]
08-28 01:27:10.419 I/GCoreUlr( 867): Starting service, intent=Intent { act=com.google.android.location.reporting.ACTION_LOCATION_STATUS cmp=xxxx (has extras) }, extras=Bundle[{status=LocationStatus[cell status: STATUS_SUCCESSFUL, wifi status: STATUS_SUCCESSFUL, elapsed realtime ns: 19183643000000]}] --------- beginning of /dev/log/system
08-28 01:27:25.759 D/StatusBar.BatteryController( 483): mOldstatus5status 5
08-28 01:27:25.759 D/StatusBar.BatteryController( 483): now old status is 5
08-28 01:27:35.779 V/StatusBar.BatteryController( 483): status5batteryHealth 2
08-28 01:27:35.779 D/StatusBar.BatteryController( 483): mOldstatus5status 5
08-28 01:27:35.779 D/StatusBar.BatteryController( 483): now old status is 5
08-28 01:27:45.799 V/StatusBar.BatteryController( 483): status5batteryHealth 2
08-28 01:27:45.799 D/StatusBar.BatteryController( 483): mOldstatus5status 5
08-28 01:27:45.799 D/StatusBar.BatteryController( 483): now old status is 5
08-28 01:27:50.009 W/ThrottleService( 276): unable to find stats for iface rmnet0
08-28 01:27:56.239 D/GpsLocationProvider( 276): ALARM_WAKEUP
08-28 01:27:56.239 D/GpsLocationProvider( 276): startNavigating
08-28 01:27:56.239 D/GpsLocationProvider( 276): GlobalConfig.GLOBALCONFIG_GPS_CDMA=true
08-28 01:27:56.239 D/GpsLocationProvider( 276): startNavigating with Position Mode = 0
08-28 01:27:56.239 E/libsecgps( 276): gps_start:
08-28 01:27:56.269 V/GpsLocationProvider( 276): reportStatus status: 3
08-28 01:27:56.269 V/GpsLocationProvider( 276): reportStatus status: 1
08-28 01:27:56.399 D/GCM ( 588): Ignoring attempt to send heartbeat on dead connection.
08-28 01:28:01.419 D/Tethering( 276): interfaceLinkStateChanged wlan0, true
08-28 01:28:01.419 D/Tethering( 276): interfaceStatusChanged wlan0, true
08-28 01:28:02.209 E/GPSD ( 119): SecLBS_update_location:
08-28 01:28:02.209 D/GpsLocationProvider( 276): TTFF: 5979
08-28 01:28:02.219 D/GpsLocationProvider( 276): got fix, hibernating
08-28 01:28:02.219 D/GpsLocationProvider( 276): stopNavigating
08-28 01:28:02.219 E/libsecgps( 276): gps_stop:
08-28 01:28:02.249 V/GpsLocationProvider( 276): reportStatus status: 2
08-28 01:28:02.259 V/GpsLocationProvider( 276): reportStatus status: 4
08-28 01:28:02.309 D/MyGPSClockApp( 6043): +onLocationChanged
08-28 01:28:02.309 D/MyGPSClockApp( 6043): +getGPSDatetime
08-28 01:28:02.319 D/MyGPSClockApp( 6043): GPSTime: 1409221699000
08-28 01:28:02.319 D/MyGPSClockApp( 6043): GPS Current time: Thu Aug 28 06:28:19 EDT 2014
08-28 01:28:02.319 D/MyGPSClockApp( 6043): -getGPSDatetime
08-28 01:28:02.319 D/MyGPSClockApp( 6043): -onLocationChanged
08-28 01:28:02.349 V/GpsLocationProvider( 276): reportStatus status: 2
08-28 01:28:02.569 I/GCoreUlr( 867): Successfully inserted location
08-28 01:28:02.569 I/GCoreUlr( 867): Not calling LocationReportingService, hasMoved: false, elapsed millis: 2417977, request: Phone
08-28 01:28:05.839 V/StatusBar.BatteryController( 483): status5batteryHealth 2
08-28 01:28:05.839 D/StatusBar.BatteryController( 483): mOldstatus5status 5
08-28 01:28:05.839 D/StatusBar.BatteryController( 483): now old status is 5
08-28 01:28:06.010 D/Tethering( 276): interfaceLinkStateChanged wlan0, true
08-28 01:28:06.010 D/Tethering( 276): interfaceStatusChanged wlan0, true
08-28 01:28:15.359 V/StatusBar.BatteryController( 483): status5batteryHealth 2
08-28 01:28:15.359 D/StatusBar.BatteryController( 483): mOldstatus5status 5
08-28 01:28:15.359 D/StatusBar.BatteryController( 483): now old status is 5
08-28 01:28:25.369 V/StatusBar.BatteryController( 483): status5batteryHealth 2
08-28 01:28:25.369 D/StatusBar.BatteryController( 483): mOldstatus5status 5
08-28 01:28:25.369 D/StatusBar.BatteryController( 483): now old status is 5
08-28 01:28:30.519 D/Tethering( 276): interfaceLinkStateChanged wlan0, true
08-28 01:28:30.519 D/Tethering( 276): interfaceStatusChanged wlan0, true
08-28 01:28:35.389 V/StatusBar.BatteryController( 483): status5batteryHealth 2
08-28 01:28:35.389 D/StatusBar.BatteryController( 483): mOldstatus5status 5
08-28 01:28:35.389 D/StatusBar.BatteryController( 483): now old status is 5
08-28 01:28:35.529 D/Tethering( 276): interfaceLinkStateChanged wlan0, true
08-28 01:28:35.529 D/Tethering( 276): interfaceStatusChanged wlan0, true
08-28 01:28:45.409 V/StatusBar.BatteryController( 483): status5batteryHealth 2
08-28 01:28:45.409 D/StatusBar.BatteryController( 483): mOldstatus5status 5
08-28 01:28:45.409 D/StatusBar.BatteryController( 483): now old status is 5
08-28 01:28:55.429 V/StatusBar.BatteryController( 483): status5batteryHealth 2
08-28 01:28:55.429 D/StatusBar.BatteryController( 483): mOldstatus5status 5
08-28 01:28:55.429 D/StatusBar.BatteryController( 483): now old status is 5
08-28 01:29:35.509 V/StatusBar.BatteryController( 483): status5batteryHealth 2
08-28 01:29:35.509 D/StatusBar.BatteryController( 483): mOldstatus5status 5
08-28 01:29:35.509 D/StatusBar.BatteryController( 483): now old status is 5
08-28 01:30:05.569 V/StatusBar.BatteryController( 483): status5batteryHealth 2
08-28 01:30:05.569 D/StatusBar.BatteryController( 483): mOldstatus5status 5
08-28 01:30:05.569 D/StatusBar.BatteryController( 483): now old status is 5
08-28 01:30:07.889 D/SensorManager( 867): registerListener :: handle = 0 name= BOSCH 3-axis Accelerometer delay= 10000 Listener= kvn@4156aa40
08-28 01:30:07.889 E/SensorManager( 867): thread start
08-28 01:30:07.889 E/SensorManager( 867): =======>>>Sensor Thread RUNNING <<<========
08-28 01:30:08.699 I/SensorManager( 867): Set normal delay = true
08-28 01:30:08.779 D/SensorManager( 867): unregisterListener:: disable all sensors for this listener, name = BOSCH 3-axis Accelerometer listener = kvn@4156aa40
08-28 01:30:15.589 V/StatusBar.BatteryController( 483): status5batteryHealth 2
08-28 01:30:15.589 D/StatusBar.BatteryController( 483): mOldstatus5status 5
08-28 01:30:15.589 D/StatusBar.BatteryController( 483): now old status is 5
08-28 01:30:35.629 V/StatusBar.BatteryController( 483): status5batteryHealth 2
08-28 01:30:35.629 D/StatusBar.BatteryController( 483): mOldstatus5status 5
08-28 01:30:35.629 D/StatusBar.BatteryController( 483): now old status is 5
08-28 01:30:45.649 V/StatusBar.BatteryController( 483): status5batteryHealth 2
08-28 01:30:45.649 D/StatusBar.BatteryController( 483): mOldstatus5status 5
08-28 01:30:45.649 D/StatusBar.BatteryController( 483): now old status is 5
08-28 01:30:55.669 V/StatusBar.BatteryController( 483): status5batteryHealth 2
08-28 01:30:55.669 D/StatusBar.BatteryController( 483): mOldstatus5status 5
08-28 01:30:55.669 D/StatusBar.BatteryController( 483): now old status is 5
08-28 01:31:05.699 V/StatusBar.BatteryController( 483): status5batteryHealth 2
08-28 01:31:05.699 D/StatusBar.BatteryController( 483): mOldstatus5status 5
08-28 01:31:05.699 D/StatusBar.BatteryController( 483): now old status is 5
08-28 01:31:15.709 V/StatusBar.BatteryController( 483): status5batteryHealth 2
08-28 01:31:15.709 D/StatusBar.BatteryController( 483): mOldstatus5status 5
08-28 01:31:15.709 D/StatusBar.BatteryController( 483): now old status is 5
08-28 01:31:35.749 V/StatusBar.BatteryController( 483): status5batteryHealth 2
08-28 01:31:35.749 D/StatusBar.BatteryController( 483): mOldstatus5status 5
08-28 01:31:35.759 D/StatusBar.BatteryController( 483): now old status is 5
08-28 01:32:05.809 V/StatusBar.BatteryController( 483): status5batteryHealth 2
08-28 01:32:05.809 D/StatusBar.BatteryController( 483): mOldstatus5status 5
08-28 01:32:05.809 D/StatusBar.BatteryController( 483): now old status is 5
08-28 01:32:25.859 V/StatusBar.BatteryController( 483): status5batteryHealth 2
08-28 01:32:25.859 D/StatusBar.BatteryController( 483): mOldstatus5status 5
08-28 01:32:25.859 D/StatusBar.BatteryController( 483): now old status is 5
08-28 01:32:27.949 D/Tethering( 276): interfaceLinkStateChanged wlan0, true
08-28 01:32:27.949 D/Tethering( 276): interfaceStatusChanged wlan0, true
08-28 01:32:35.879 V/StatusBar.BatteryController( 483): status5batteryHealth 2
08-28 01:32:35.879 D/StatusBar.BatteryController( 483): mOldstatus5status 5
08-28 01:32:35.879 D/StatusBar.BatteryController( 483): now old status is 5
08-28 01:33:03.909 V/StatusBar.BatteryController( 483): status5batteryHealth 2
08-28 01:33:03.919 D/StatusBar.BatteryController( 483): mOldstatus5status 5
08-28 01:33:03.919 D/StatusBar.BatteryController( 483): now old status is 5
08-28 01:33:06.949 D/SensorManager( 867): registerListener :: handle = 0 name= BOSCH 3-axis Accelerometer delay= 10000 Listener= kvn@41570c40
08-28 01:33:06.949 E/SensorManager( 867): thread start
08-28 01:33:06.979 E/SensorManager( 867): =======>>>Sensor Thread RUNNING <<<========
08-28 01:33:07.659 I/SensorManager( 867): Set normal delay = true
08-28 01:33:07.739 D/SensorManager( 867): unregisterListener:: disable all sensors for this listener, name = BOSCH 3-axis Accelerometer listener = kvn@41570c40
08-28 01:33:13.929 V/StatusBar.BatteryController( 483): status5batteryHealth 2
08-28 01:33:13.929 D/StatusBar.BatteryController( 483): mOldstatus5status 5
08-28 01:33:13.929 D/StatusBar.BatteryController( 483): now old status is 5
08-28 01:33:23.949 V/StatusBar.BatteryController( 483): status5batteryHealth 2
08-28 01:33:23.949 D/StatusBar.BatteryController( 483): mOldstatus5status 5
08-28 01:33:23.949 D/StatusBar.BatteryController( 483): now old status is 5
08-28 01:33:27.029 D/Tethering( 276): interfaceLinkStateChanged wlan0, true
08-28 01:33:27.029 D/Tethering( 276): interfaceStatusChanged wlan0, true
08-28 01:33:41.279 D/Tethering( 276): interfaceLinkStateChanged wlan0, true
08-28 01:33:41.279 D/Tethering( 276): interfaceStatusChanged wlan0, true
08-28 01:33:54.009 V/StatusBar.BatteryController( 483): status5batteryHealth 2
08-28 01:33:54.009 D/StatusBar.BatteryController( 483): mOldstatus5status 5
08-28 01:33:54.009 D/StatusBar.BatteryController( 483): now old status is 5
08-28 01:34:04.029 V/StatusBar.BatteryController( 483): status5batteryHealth 2
08-28 01:34:04.029 D/StatusBar.BatteryController( 483): mOldstatus5status 5
08-28 01:34:04.029 D/StatusBar.BatteryController( 483): now old status is 5
08-28 01:34:10.759 D/Tethering( 276): interfaceLinkStateChanged wlan0, true
08-28 01:34:10.759 D/Tethering( 276): interfaceStatusChanged wlan0, true
08-28 01:34:15.769 D/Tethering( 276): interfaceLinkStateChanged wlan0, true
08-28 01:34:15.769 D/Tethering( 276): interfaceStatusChanged wlan0, true
08-28 01:34:24.079 V/StatusBar.BatteryController( 483): status5batteryHealth 2
08-28 01:34:24.079 D/StatusBar.BatteryController( 483): mOldstatus5status 5
08-28 01:34:24.079 D/StatusBar.BatteryController( 483): now old status is 5
08-28 01:34:44.119 V/StatusBar.BatteryController( 483): status5batteryHealth 2
08-28 01:34:44.119 D/StatusBar.BatteryController( 483): mOldstatus5status 5
08-28 01:34:44.119 D/StatusBar.BatteryController( 483): now old status is 5
08-28 01:34:54.129 V/StatusBar.BatteryController( 483): status5batteryHealth 2
08-28 01:34:54.129 D/StatusBar.BatteryController( 483): mOldstatus5status 5
08-28 01:34:54.129 D/StatusBar.BatteryController( 483): now old status is 5
08-28 01:35:24.189 V/StatusBar.BatteryController( 483): status5batteryHealth 2
08-28 01:35:24.189 D/StatusBar.BatteryController( 483): mOldstatus5status 5
08-28 01:35:24.189 D/StatusBar.BatteryController( 483): now old status is 5
08-28 01:35:34.209 V/StatusBar.BatteryController( 483): status5batteryHealth 2
08-28 01:35:34.209 D/StatusBar.BatteryController( 483): mOldstatus5status 5
08-28 01:35:34.209 D/StatusBar.BatteryController( 483): now old status is 5
08-28 01:35:44.229 V/StatusBar.BatteryController( 483): status5batteryHealth 2
08-28 01:35:44.229 D/StatusBar.BatteryController( 483): mOldstatus5status 5
08-28 01:35:44.229 D/StatusBar.BatteryController( 483): now old status is 5
08-28 01:35:54.249 V/StatusBar.BatteryController( 483): status5batteryHealth 2
08-28 01:35:54.249 D/StatusBar.BatteryController( 483): mOldstatus5status 5
08-28 01:35:54.249 D/StatusBar.BatteryController( 483): now old status is 5
08-28 01:36:06.059 D/SensorManager( 867): registerListener :: handle = 0 name= BOSCH 3-axis Accelerometer delay= 10000 Listener= kvn@413bf320
08-28 01:36:06.059 E/SensorManager( 867): thread start
08-28 01:36:06.059 E/SensorManager( 867): =======>>>Sensor Thread RUNNING <<<========
08-28 01:36:06.859 I/SensorManager( 867): Set normal delay = true
08-28 01:36:06.939 D/SensorManager( 867): unregisterListener:: disable all sensors for this listener, name = BOSCH 3-axis Accelerometer listener = kvn@413bf320
08-28 01:36:14.289 V/StatusBar.BatteryController( 483): status5batteryHealth 2
08-28 01:36:14.289 D/StatusBar.BatteryController( 483): mOldstatus5status 5
08-28 01:36:14.289 D/StatusBar.BatteryController( 483): now old status is 5
08-28 01:36:24.309 V/StatusBar.BatteryController( 483): status5batteryHealth 2
08-28 01:36:24.309 D/StatusBar.BatteryController( 483): mOldstatus5status 5
08-28 01:36:24.309 D/StatusBar.BatteryController( 483): now old status is 5
08-28 01:36:34.329 V/StatusBar.BatteryController( 483): status5batteryHealth 2
08-28 01:36:34.329 D/StatusBar.BatteryController( 483): mOldstatus5status 5
08-28 01:36:34.329 D/StatusBar.BatteryController( 483): now old status is 5
08-28 01:36:44.349 V/StatusBar.BatteryController( 483): status5batteryHealth 2
08-28 01:36:44.349 D/StatusBar.BatteryController( 483): mOldstatus5status 5
08-28 01:36:44.349 D/StatusBar.BatteryController( 483): now old status is 5
08-28 01:36:54.369 V/StatusBar.BatteryController( 483): status5batteryHealth 2
08-28 01:36:54.369 D/StatusBar.BatteryController( 483): mOldstatus5status 5
08-28 01:36:54.369 D/StatusBar.BatteryController( 483): now old status is 5
08-28 01:37:14.409 V/StatusBar.BatteryController( 483): status5batteryHealth 2
08-28 01:37:14.409 D/StatusBar.BatteryController( 483): mOldstatus5status 5
08-28 01:37:14.409 D/StatusBar.BatteryController( 483): now old status is 5
08-28 01:37:24.429 V/StatusBar.BatteryController( 483): status5batteryHealth 2
08-28 01:37:24.429 D/StatusBar.BatteryController( 483): mOldstatus5status 5
08-28 01:37:24.429 D/StatusBar.BatteryController( 483): now old status is 5
08-28 01:37:34.449 V/StatusBar.BatteryController( 483): status5batteryHealth 2
08-28 01:37:34.449 D/StatusBar.BatteryController( 483): mOldstatus5status 5
08-28 01:37:34.449 D/StatusBar.BatteryController( 483): now old status is 5
08-28 01:37:44.479 V/StatusBar.BatteryController( 483): status5batteryHealth 2
08-28 01:37:44.479 D/StatusBar.BatteryController( 483): mOldstatus5status 5
08-28 01:37:44.479 D/StatusBar.BatteryController( 483): now old status is 5
08-28 01:37:49.499 W/ThrottleService( 276): unable to find stats for iface rmnet0
08-28 01:37:54.489 V/StatusBar.BatteryController( 483): status5batteryHealth 2
08-28 01:37:54.489 D/StatusBar.BatteryController( 483): mOldstatus5status 5
08-28 01:37:54.489 D/StatusBar.BatteryController( 483): now old status is 5
08-28 01:38:01.719 D/GpsLocationProvider( 276): ALARM_WAKEUP
08-28 01:38:01.719 D/GpsLocationProvider( 276): startNavigating
08-28 01:38:01.719 D/GpsLocationProvider( 276): GlobalConfig.GLOBALCONFIG_GPS_CDMA=true
08-28 01:38:01.719 D/GpsLocationProvider( 276): startNavigating with Position Mode = 0
08-28 01:38:01.719 E/libsecgps( 276): gps_start:
08-28 01:38:01.759 V/GpsLocationProvider( 276): reportStatus status: 3
08-28 01:38:01.759 V/GpsLocationProvider( 276): reportStatus status: 1
08-28 01:38:04.519 V/StatusBar.BatteryController( 483): status5batteryHealth 2
08-28 01:38:04.519 D/StatusBar.BatteryController( 483): mOldstatus5status 5
08-28 01:38:04.519 D/StatusBar.BatteryController( 483): now old status is 5
08-28 01:38:05.699 E/GPSD ( 119): SecLBS_update_location:
08-28 01:38:05.699 D/GpsLocationProvider( 276): TTFF: 3979
08-28 01:38:05.709 D/GpsLocationProvider( 276): got fix, hibernating
08-28 01:38:05.709 D/GpsLocationProvider( 276): stopNavigating
08-28 01:38:05.709 E/libsecgps( 276): gps_stop:
08-28 01:38:05.739 V/GpsLocationProvider( 276): reportStatus status: 2
08-28 01:38:05.739 V/GpsLocationProvider( 276): reportStatus status: 4
08-28 01:38:05.779 D/MyGPSClockApp( 6043): +onLocationChanged
08-28 01:38:05.779 D/MyGPSClockApp( 6043): +getGPSDatetime
08-28 01:38:05.779 D/MyGPSClockApp( 6043): GPSTime: 1409222303000
08-28 01:38:05.779 D/MyGPSClockApp( 6043): GPS Current time: Thu Aug 28 06:38:23 EDT 2014
08-28 01:38:05.779 D/MyGPSClockApp( 6043): -getGPSDatetime
08-28 01:38:05.779 D/MyGPSClockApp( 6043): -onLocationChanged
08-28 01:38:05.829 V/GpsLocationProvider( 276): reportStatus status: 2
08-28 01:38:06.059 I/GCoreUlr( 867): Successfully inserted location
08-28 01:38:06.059 I/GCoreUlr( 867): Not calling LocationReportingService, hasMoved: false, elapsed millis: 3021981, request: Phone
08-28 01:38:14.539 V/StatusBar.BatteryController( 483): status5batteryHealth 2
08-28 01:38:14.539 D/StatusBar.BatteryController( 483): mOldstatus5status 5
08-28 01:38:14.539 D/StatusBar.BatteryController( 483): now old status is 5
08-28 01:38:24.559 V/StatusBar.BatteryController( 483): status5batteryHealth 2
08-28 01:38:24.559 D/StatusBar.BatteryController( 483): mOldstatus5status 5
08-28 01:38:24.559 D/StatusBar.BatteryController( 483): now old status is 5
08-28 01:38:34.569 V/StatusBar.BatteryController( 483): status5batteryHealth 2
08-28 01:38:34.569 D/StatusBar.BatteryController( 483): mOldstatus5status 5
08-28 01:38:34.569 D/StatusBar.BatteryController( 483): now old status is 5
08-28 01:39:04.629 V/StatusBar.BatteryController( 483): status5batteryHealth 2
08-28 01:39:04.629 D/StatusBar.BatteryController( 483): mOldstatus5status 5
08-28 01:39:04.629 D/StatusBar.BatteryController( 483): now old status is 5
08-28 01:39:05.179 D/SensorManager( 867): registerListener :: handle = 0 name= BOSCH 3-axis Accelerometer delay= 10000 Listener= kvn@412c3020
08-28 01:39:05.179 E/SensorManager( 867): thread start
08-28 01:39:05.179 E/SensorManager( 867): =======>>>Sensor Thread RUNNING <<<========
08-28 01:39:05.979 I/SensorManager( 867): Set normal delay = true
08-28 01:39:06.069 D/SensorManager( 867): unregisterListener:: disable all sensors for this listener, name = BOSCH 3-axis Accelerometer listener = kvn@412c3020
08-28 01:39:06.099 I/GCoreUlr( 867): Received powerMode change from NLP: com.google.android.location.activity.LOW_POWER_MODE_ENABLED
08-28 01:39:06.099 I/GCoreUlr( 867): Starting service, intent=Intent { act=com.google.android.location.reporting.ACTION_UPDATE_ACTIVE_STATE cmp=xxxx }, extras=null
08-28 01:39:06.149 I/GCoreUlr( 867): Ensuring that reporting is active for [account#15#]
08-28 01:39:06.149 I/GCoreUlr( 867): Starting service, intent=Intent { act=com.google.android.location.reporting.ACTION_LOCATION_STATUS cmp=xxxx (has extras) }, extras=Bundle[{status=LocationStatus[cell status: STATUS_SUCCESSFUL, wifi status: STATUS_SUCCESSFUL, elapsed realtime ns: 19183643000000]}]
08-28 01:39:14.659 V/StatusBar.BatteryController( 483): status5batteryHealth 2
08-28 01:39:14.659 D/StatusBar.BatteryController( 483): mOldstatus5status 5
08-28 01:39:14.659 D/StatusBar.BatteryController( 483): now old status is 5
08-28 01:39:24.669 V/StatusBar.BatteryController( 483): status5batteryHealth 2
08-28 01:39:24.679 D/StatusBar.BatteryController( 483): mOldstatus5status 5
08-28 01:39:24.679 D/StatusBar.BatteryController( 483): now old status is 5
08-28 01:39:34.689 V/StatusBar.BatteryController( 483): status5batteryHealth 2
08-28 01:39:34.689 D/StatusBar.BatteryController( 483): mOldstatus5status 5
08-28 01:39:34.689 D/StatusBar.BatteryController( 483): now old status is 5
08-28 01:39:44.719 V/StatusBar.BatteryController( 483): status5batteryHealth 2
08-28 01:39:44.719 D/StatusBar.BatteryController( 483): mOldstatus5status 5
08-28 01:39:44.719 D/StatusBar.BatteryController( 483): now old status is 5
08-28 01:40:04.749 V/StatusBar.BatteryController( 483): status5batteryHealth 2
08-28 01:40:04.749 D/StatusBar.BatteryController( 483): mOldstatus5status 5
08-28 01:40:04.749 D/StatusBar.BatteryController( 483): now old status is 5
08-28 01:40:14.779 V/StatusBar.BatteryController( 483): status5batteryHealth 2
08-28 01:40:14.779 D/StatusBar.BatteryController( 483): mOldstatus5status 5
08-28 01:40:14.779 D/StatusBar.BatteryController( 483): now old status is 5
08-28 01:40:24.799 V/StatusBar.BatteryController( 483): status5batteryHealth 2
08-28 01:40:24.799 D/StatusBar.BatteryController( 483): mOldstatus5status 5
08-28 01:40:24.799 D/StatusBar.BatteryController( 483): now old status is 5
08-28 01:40:34.809 V/StatusBar.BatteryController( 483): status5batteryHealth 2
08-28 01:40:34.809 D/StatusBar.BatteryController( 483): mOldstatus5status 5
08-28 01:40:34.809 D/StatusBar.BatteryController( 483): now old status is 5
08-28 01:40:44.829 V/StatusBar.BatteryController( 483): status5batteryHealth 2
08-28 01:40:44.829 D/StatusBar.BatteryController( 483): mOldstatus5status 5
08-28 01:40:44.839 D/StatusBar.BatteryController( 483): now old status is 5
08-28 01:41:04.869 V/StatusBar.BatteryController( 483): status5batteryHealth 2
08-28 01:41:04.869 D/StatusBar.BatteryController( 483): mOldstatus5status 5
08-28 01:41:04.869 D/StatusBar.BatteryController( 483): now old status is 5
08-28 01:41:14.899 V/StatusBar.BatteryController( 483): status5batteryHealth 2
08-28 01:41:14.899 D/StatusBar.BatteryController( 483): mOldstatus5status 5
08-28 01:41:14.899 D/StatusBar.BatteryController( 483): now old status is 5
08-28 01:41:34.929 V/StatusBar.BatteryController( 483): status5batteryHealth 2
08-28 01:41:34.929 D/StatusBar.BatteryController( 483): mOldstatus5status 5
08-28 01:41:34.929 D/StatusBar.BatteryController( 483): now old status is 5
08-28 01:41:44.959 V/StatusBar.BatteryController( 483): status5batteryHealth 2
08-28 01:41:44.959 D/StatusBar.BatteryController( 483): mOldstatus5status 5
08-28 01:41:44.959 D/StatusBar.BatteryController( 483): now old status is 5
08-28 01:42:04.249 D/SensorManager( 867): registerListener :: handle = 0 name= BOSCH 3-axis Accelerometer delay= 10000 Listener= kvn@4115d2d8
08-28 01:42:04.249 E/SensorManager( 867): thread start
08-28 01:42:04.249 E/SensorManager( 867): =======>>>Sensor Thread RUNNING <<<========
08-28 01:42:04.939 I/SensorManager( 867): Set normal delay = true
08-28 01:42:05.029 D/SensorManager( 867): unregisterListener:: disable all sensors for this listener, name = BOSCH 3-axis Accelerometer listener = kvn@4115d2d8
08-28 01:42:15.009 V/StatusBar.BatteryController( 483): status5batteryHealth 2
08-28 01:42:15.019 D/StatusBar.BatteryController( 483): mOldstatus5status 5
08-28 01:42:15.019 D/StatusBar.BatteryController( 483): now old status is 5
08-28 01:42:15.029 E/WifiStateMachine( 276): set suspend optimizations failed!
08-28 01:42:15.419 E/WifiStateMachine( 276): set suspend optimizations failed!
08-28 01:42:20.379 I/EventLogService( 737): Aggregate from 1409202740275 (log), 1409202740275 (data)
08-28 01:42:25.059 D/Tethering( 276): interfaceLinkStateChanged wlan0, true
08-28 01:42:25.059 D/Tethering( 276): interfaceStatusChanged wlan0, true
08-28 01:42:45.069 V/StatusBar.BatteryController( 483): status5batteryHealth 2
08-28 01:42:45.069 D/StatusBar.BatteryController( 483): mOldstatus5status 5
08-28 01:42:45.069 D/StatusBar.BatteryController( 483): now old status is 5
08-28 01:42:55.979 D/GCM ( 588): Ignoring attempt to send heartbeat on dead connection.
08-28 01:43:00.999 D/Tethering( 276): interfaceLinkStateChanged wlan0, true
08-28 01:43:00.999 D/Tethering( 276): interfaceStatusChanged wlan0, true
08-28 01:43:06.099 D/Tethering( 276): interfaceLinkStateChanged wlan0, true
08-28 01:43:06.099 D/Tethering( 276): interfaceStatusChanged wlan0, true
08-28 01:43:15.129 V/StatusBar.BatteryController( 483): status5batteryHealth 2
08-28 01:43:15.129 D/StatusBar.BatteryController( 483): mOldstatus5status 5
08-28 01:43:15.129 D/StatusBar.BatteryController( 483): now old status is 5
08-28 01:43:25.149 V/StatusBar.BatteryController( 483): status5batteryHealth 2
08-28 01:43:25.149 D/StatusBar.BatteryController( 483): mOldstatus5status 5
08-28 01:43:25.149 D/StatusBar.BatteryController( 483): now old status is 5
08-28 01:43:55.209 V/StatusBar.BatteryController( 483): status5batteryHealth 2
08-28 01:43:55.209 D/StatusBar.BatteryController( 483): mOldstatus5status 5
08-28 01:43:55.209 D/StatusBar.BatteryController( 483): now old status is 5
08-28 01:44:05.229 V/StatusBar.BatteryController( 483): status5batteryHealth 2
08-28 01:44:05.229 D/StatusBar.BatteryController( 483): mOldstatus5status 5
08-28 01:44:05.229 D/StatusBar.BatteryController( 483): now old status is 5
08-28 01:44:05.619 I/GCoreUlr( 867): WorldUpdater received intent Intent { act=com.google.android.location.reporting.ACTION_UPDATE_WORLD flg=0x4 cmp=xxxx (has extras) } with receiverAction null
08-28 01:44:05.699 D/SyncManager( 276): setSyncAutomatically: , provider com.google.android.location.reporting -> true
08-28 01:44:05.699 D/SyncManager( 276): setSyncAutomatically: already set to true, doing nothing
08-28 01:44:05.839 I/GCoreUlr( 867): Ensuring that reporting is active for [account#15#]
08-28 01:44:05.839 I/GCoreUlr( 867): Starting service, intent=Intent { act=com.google.android.location.reporting.ACTION_LOCATION_STATUS cmp=xxxx (has extras) }, extras=Bundle[{status=LocationStatus[cell status: STATUS_SUCCESSFUL, wifi status: STATUS_SUCCESSFUL, elapsed realtime ns: 19183643000000]}]
08-28 01:44:05.859 I/AdsMeasurementBroadcastReceiver( 737): Reporting settings might have changed, alerting AdsMeasurementService
08-28 01:44:05.859 D/AdsMeasurementBroadcastReceiver( 737): Unauthorized to start the main service
08-28 01:44:25.279 V/StatusBar.BatteryController( 483): status5batteryHealth 2
08-28 01:44:25.279 D/StatusBar.BatteryController( 483): mOldstatus5status 5
08-28 01:44:25.279 D/StatusBar.BatteryController( 483): now old status is 5
08-28 01:44:35.289 V/StatusBar.BatteryController( 483): status5batteryHealth 2
08-28 01:44:35.289 D/StatusBar.BatteryController( 483): mOldstatus5status 5
08-28 01:44:35.289 D/StatusBar.BatteryController( 483): now old status is 5
08-28 01:44:45.319 V/StatusBar.BatteryController( 483): status5batteryHealth 2
08-28 01:44:45.319 D/StatusBar.BatteryController( 483): mOldstatus5status 5
08-28 01:44:45.319 D/StatusBar.BatteryController( 483): now old status is 5
08-28 01:44:55.339 V/StatusBar.BatteryController( 483): status5batteryHealth 2
08-28 01:44:55.339 D/StatusBar.BatteryController( 483): mOldstatus5status 5
08-28 01:44:55.339 D/StatusBar.BatteryController( 483): now old status is 5
08-28 01:45:05.349 V/StatusBar.BatteryController( 483): status5batteryHealth 2
08-28 01:45:05.349 D/StatusBar.BatteryController( 483): mOldstatus5status 5
08-28 01:45:05.349 D/StatusBar.BatteryController( 483): now old status is 5
08-28 01:45:08.699 E/WifiStateMachine( 276): set suspend optimizations failed!
08-28 01:45:08.719 D/SensorManager( 867): registerListener :: handle = 0 name= BOSCH 3-axis Accelerometer delay= 10000 Listener= kvn@4118c0b0
08-28 01:45:08.719 E/SensorManager( 867): thread start
08-28 01:45:08.719 E/SensorManager( 867): =======>>>Sensor Thread RUNNING <<<========
08-28 01:45:09.439 D/Tethering( 276): interfaceLinkStateChanged wlan0, true
08-28 01:45:09.439 D/Tethering( 276): interfaceStatusChanged wlan0, true
08-28 01:45:09.449 D/Tethering( 276): interfaceLinkStateChanged wlan0, true
08-28 01:45:09.449 D/Tethering( 276): interfaceStatusChanged wlan0, true
08-28 01:45:09.569 I/SensorManager( 867): Set normal delay = true
08-28 01:45:09.569 E/WifiStateMachine( 276): set suspend optimizations failed!
08-28 01:45:09.639 D/SensorManager( 867): unregisterListener:: disable all sensors for this listener, name = BOSCH 3-axis Accelerometer listener = kvn@4118c0b0
08-28 01:45:09.689 I/GCoreUlr( 867): Successfully inserted location
08-28 01:45:09.689 I/GCoreUlr( 867): Not calling LocationReportingService, hasMoved: false, elapsed millis: 3445609, request: Phone
08-28 01:45:15.379 V/StatusBar.BatteryController( 483): status5batteryHealth 2
08-28 01:45:15.379 D/StatusBar.BatteryController( 483): mOldstatus5status 5
08-28 01:45:15.379 D/StatusBar.BatteryController( 483): now old status is 5
08-28 01:45:45.439 V/StatusBar.BatteryController( 483): status5batteryHealth 2
08-28 01:45:45.439 D/StatusBar.BatteryController( 483): mOldstatus5status 5
08-28 01:45:45.439 D/StatusBar.BatteryController( 483): now old status is 5
08-28 01:45:55.459 V/StatusBar.BatteryController( 483): status5batteryHealth 2
08-28 01:45:55.459 D/StatusBar.BatteryController( 483): mOldstatus5status 5
08-28 01:45:55.459 D/StatusBar.BatteryController( 483): now old status is 5
08-28 01:46:05.469 V/StatusBar.BatteryController( 483): status5batteryHealth 2
08-28 01:46:05.469 D/StatusBar.BatteryController( 483): mOldstatus5status 5
08-28 01:46:05.469 D/StatusBar.BatteryController( 483): now old status is 5
08-28 01:46:15.499 V/StatusBar.BatteryController( 483): status5batteryHealth 2
08-28 01:46:15.499 D/StatusBar.BatteryController( 483): mOldstatus5status 5
08-28 01:46:15.499 D/StatusBar.BatteryController( 483): now old status is 5
08-28 01:46:25.489 D/Tethering( 276): interfaceLinkStateChanged wlan0, true
08-28 01:46:25.489 D/Tethering( 276): interfaceStatusChanged wlan0, true
08-28 01:46:35.529 V/StatusBar.BatteryController( 483): status5batteryHealth 2
08-28 01:46:35.529 D/StatusBar.BatteryController( 483): mOldstatus5status 5
08-28 01:46:35.529 D/StatusBar.BatteryController( 483): now old status is 5
08-28 01:46:45.559 V/StatusBar.BatteryController( 483): status5batteryHealth 2
08-28 01:46:45.559 D/StatusBar.BatteryController( 483): mOldstatus5status 5
08-28 01:46:45.559 D/StatusBar.BatteryController( 483): now old status is 5
08-28 01:47:45.679 V/StatusBar.BatteryController( 483): status5batteryHealth 2
08-28 01:47:45.679 D/StatusBar.BatteryController( 483): mOldstatus5status 5
08-28 01:47:45.679 D/StatusBar.BatteryController( 483): now old status is 5
08-28 01:47:49.509 W/ThrottleService( 276): unable to find stats for iface rmnet0
08-28 01:48:05.709 V/StatusBar.BatteryController( 483): status5batteryHealth 2
08-28 01:48:05.709 D/StatusBar.BatteryController( 483): mOldstatus5status 5
08-28 01:48:05.709 D/StatusBar.BatteryController( 483): now old status is 5
08-28 01:48:05.729 D/GpsLocationProvider( 276): ALARM_WAKEUP
08-28 01:48:05.729 D/GpsLocationProvider( 276): startNavigating
08-28 01:48:05.729 D/GpsLocationProvider( 276): GlobalConfig.GLOBALCONFIG_GPS_CDMA=true
08-28 01:48:05.729 D/GpsLocationProvider( 276): startNavigating with Position Mode = 0
08-28 01:48:05.729 E/libsecgps( 276): gps_start:
08-28 01:48:05.759 V/GpsLocationProvider( 276): reportStatus status: 3
08-28 01:48:05.759 V/GpsLocationProvider( 276): reportStatus status: 1
08-28 01:48:07.809 D/SensorManager( 867): registerListener :: handle = 0 name= BOSCH 3-axis Accelerometer delay= 10000 Listener= kvn@411764e0
08-28 01:48:07.809 E/SensorManager( 867): thread start
08-28 01:48:07.809 E/SensorManager( 867): =======>>>Sensor Thread RUNNING <<<========
08-28 01:48:08.509 I/SensorManager( 867): Set normal delay = true
08-28 01:48:08.589 D/SensorManager( 867): unregisterListener:: disable all sensors for this listener, name = BOSCH 3-axis Accelerometer listener = kvn@411764e0
08-28 01:48:09.689 E/GPSD ( 119): SecLBS_update_location:
08-28 01:48:09.689 D/GpsLocationProvider( 276): TTFF: 3961
08-28 01:48:09.689 D/GpsLocationProvider( 276): got fix, hibernating
08-28 01:48:09.689 D/GpsLocationProvider( 276): stopNavigating
08-28 01:48:09.689 E/libsecgps( 276): gps_stop:
08-28 01:48:09.729 V/GpsLocationProvider( 276): reportStatus status: 2
08-28 01:48:09.729 V/GpsLocationProvider( 276): reportStatus status: 4
08-28 01:48:09.759 D/MyGPSClockApp( 6043): +onLocationChanged
08-28 01:48:09.759 D/MyGPSClockApp( 6043): +getGPSDatetime
08-28 01:48:09.759 D/MyGPSClockApp( 6043): GPSTime: 1409222907000
08-28 01:48:09.759 D/MyGPSClockApp( 6043): GPS Current time: Thu Aug 28 06:48:27 EDT 2014
08-28 01:48:09.759 D/MyGPSClockApp( 6043): -getGPSDatetime
08-28 01:48:09.769 D/MyGPSClockApp( 6043): -onLocationChanged
08-28 01:48:09.819 V/GpsLocationProvider( 276): reportStatus status: 2
08-28 01:48:10.019 I/GCoreUlr( 867): Successfully inserted location
08-28 01:48:10.079 I/GCoreUlr( 867): Starting service, intent=Intent { cmp=xxxx }, extras=null
08-28 01:48:10.379 W/GLSUser ( 588): GoogleAccountDataService.getToken()
08-28 01:48:10.489 W/NetworkManagementSocketTagger( 867): untagSocket(55) failed with errno -22
08-28 01:48:10.489 I/mbh ( 867): I/O exception (org.apache.http.NoHttpResponseException) caught when processing request: The target server failed to respond
08-28 01:48:10.489 I/mbh ( 867): Retrying request
08-28 01:48:13.929 D/Volley ( 867): [75] tm.a: HTTP response for request=<[ ] https://www.googleapis.com/userlocation/v1/reports/902092423?nlpVersion=2010&platform=android%2Fsamsung%2Famazing3gtrf%2Famazing3gtrf%3A4.0.4%2FIMM76D%2FS738CWYAMJ1%3Auser%2Frelease-keys 0x30b75e1c NORMAL 30> [lifetime=3454], [size=56], [rc=200], [retryCount=0]
08-28 01:48:13.939 D/Volley ( 867): [1] sv.b: 3463 ms: [ ] https://www.googleapis.com/userlocation/v1/reports/902092423?nlpVersion=2010&platform=android%2Fsamsung%2Famazing3gtrf%2Famazing3gtrf%3A4.0.4%2FIMM76D%2FS738CWYAMJ1%3Auser%2Frelease-keys 0x30b75e1c NORMAL 30
08-28 01:48:13.979 I/GCoreUlr( 867): Starting service, intent=Intent { act=com.google.android.location.reporting.ACTION_UPDATE_ACTIVE_STATE cmp=xxxx }, extras=null
08-28 01:48:13.989 I/AdsMeasurementBroadcastReceiver( 737): Reporting settings might have changed, alerting AdsMeasurementService
08-28 01:48:13.989 D/AdsMeasurementBroadcastReceiver( 737): Unauthorized to start the main service
08-28 01:48:13.999 I/GCoreUlr( 867): Batch Location Update succeeded for account account#15#
08-28 01:48:14.009 E/SqliteDatabaseCpp( 867): sqlite3_exec - Failed to set synchronous mode = 1(Normal)
08-28 01:48:14.149 I/GCoreUlr( 867): Ensuring that reporting is active for [account#15#]
08-28 01:48:14.159 I/GCoreUlr( 867): Starting service, intent=Intent { act=com.google.android.location.reporting.ACTION_LOCATION_STATUS cmp=xxxx (has extras) }, extras=Bundle[{status=LocationStatus[cell status: STATUS_SUCCESSFUL, wifi status: STATUS_SUCCESSFUL, elapsed realtime ns: 19183643000000]}]
08-28 01:48:25.459 D/Tethering( 276): interfaceLinkStateChanged wlan0, true
08-28 01:48:25.459 D/Tethering( 276): interfaceStatusChanged wlan0, true
08-28 01:48:25.759 V/StatusBar.BatteryController( 483): status5batteryHealth 2
08-28 01:48:25.759 D/StatusBar.BatteryController( 483): mOldstatus5status 5
08-28 01:48:25.759 D/StatusBar.BatteryController( 483): now old status is 5
08-28 01:48:31.879 D/Tethering( 276): interfaceLinkStateChanged wlan0, true
08-28 01:48:31.879 D/Tethering( 276): interfaceStatusChanged wlan0, true
08-28 01:48:45.799 V/StatusBar.BatteryController( 483): status5batteryHealth 2
08-28 01:48:45.799 D/StatusBar.BatteryController( 483): mOldstatus5status 5
08-28 01:48:45.799 D/StatusBar.BatteryController( 483): now old status is 5
08-28 01:48:48.559 D/Tethering( 276): interfaceLinkStateChanged wlan0, true
08-28 01:48:48.559 D/Tethering( 276): interfaceStatusChanged wlan0, true
08-28 01:48:53.569 D/Tethering( 276): interfaceLinkStateChanged wlan0, true
08-28 01:48:53.569 D/Tethering( 276): interfaceStatusChanged wlan0, true
08-28 01:49:05.829 V/StatusBar.BatteryController( 483): status5batteryHealth 2
08-28 01:49:05.829 D/StatusBar.BatteryController( 483): mOldstatus5status 5
08-28 01:49:05.829 D/StatusBar.BatteryController( 483): now old status is 5
08-28 01:49:21.959 D/Tethering( 276): interfaceLinkStateChanged wlan0, true
08-28 01:49:21.959 D/Tethering( 276): interfaceStatusChanged wlan0, true
08-28 01:49:26.969 D/Tethering( 276): interfaceLinkStateChanged wlan0, true
08-28 01:49:26.969 D/Tethering( 276): interfaceStatusChanged wlan0, true
08-28 01:50:05.949 V/StatusBar.BatteryController( 483): status5batteryHealth 2
08-28 01:50:05.949 D/StatusBar.BatteryController( 483): mOldstatus5status 5
08-28 01:50:05.949 D/StatusBar.BatteryController( 483): now old status is 5
08-28 01:50:15.979 V/StatusBar.BatteryController( 483): status5batteryHealth 2
08-28 01:50:15.979 D/StatusBar.BatteryController( 483): mOldstatus5status 5
08-28 01:50:15.979 D/StatusBar.BatteryController( 483): now old status is 5
08-28 01:50:36.019 V/StatusBar.BatteryController( 483): status5batteryHealth 2
08-28 01:50:36.019 D/StatusBar.BatteryController( 483): mOldstatus5status 5
08-28 01:50:36.019 D/StatusBar.BatteryController( 483): now old status is 5
08-28 01:50:56.059 V/StatusBar.BatteryController( 483): status5batteryHealth 2
08-28 01:50:56.059 D/StatusBar.BatteryController( 483): mOldstatus5status 5
08-28 01:50:56.059 D/StatusBar.BatteryController( 483): now old status is 5
08-28 01:51:06.069 V/StatusBar.BatteryController( 483): status5batteryHealth 2
08-28 01:51:06.069 D/StatusBar.BatteryController( 483): mOldstatus5status 5
08-28 01:51:06.069 D/StatusBar.BatteryController( 483): now old status is 5
08-28 01:51:06.759 D/SensorManager( 867): registerListener :: handle = 0 name= BOSCH 3-axis Accelerometer delay= 10000 Listener= kvn@412488b0
08-28 01:51:06.759 E/SensorManager( 867): thread start
08-28 01:51:06.759 E/SensorManager( 867): =======>>>Sensor Thread RUNNING <<<========
08-28 01:51:07.439 I/SensorManager( 867): Set normal delay = true
08-28 01:51:07.519 D/SensorManager( 867): unregisterListener:: disable all sensors for this listener, name = BOSCH 3-axis Accelerometer listener = kvn@412488b0
08-28 01:51:07.549 I/GCoreUlr( 867): Received powerMode change from NLP: com.google.android.location.activity.LOW_POWER_MODE_ENABLED
