08-28 06:09:31.659 W/SignalStrength( 483): getLevel=2
08-28 06:09:33.069 E/SMD ( 104): DCD OFF
08-28 06:09:36.069 E/SMD ( 104): DCD OFF
08-28 06:09:39.069 E/SMD ( 104): DCD OFF
08-28 06:09:42.079 E/SMD ( 104): DCD OFF
08-28 06:09:45.079 E/SMD ( 104): DCD OFF
08-28 06:09:48.079 E/SMD ( 104): DCD OFF
08-28 06:09:48.659 W/SignalStrength( 276): getCdmaLevel=1
08-28 06:09:48.659 W/SignalStrength( 276): getEvdoLevel=0
08-28 06:09:48.659 W/SignalStrength( 276): getCdmaLevel=1
08-28 06:09:48.659 W/SignalStrength( 276): getLevel=1
08-28 06:09:48.669 W/SignalStrength( 483): getCdmaLevel=1
08-28 06:09:48.669 W/SignalStrength( 483): getEvdoLevel=0
08-28 06:09:48.669 W/SignalStrength( 483): getCdmaLevel=1
08-28 06:09:48.669 W/SignalStrength( 483): getLevel=1
08-28 06:09:49.659 W/SignalStrength( 276): getCdmaLevel=0
08-28 06:09:49.659 W/SignalStrength( 276): getEvdoLevel=0
08-28 06:09:49.659 W/SignalStrength( 276): getCdmaLevel=0
08-28 06:09:49.659 W/SignalStrength( 276): getLevel=0
08-28 06:09:49.669 W/SignalStrength( 483): getCdmaLevel=0
08-28 06:09:49.669 W/SignalStrength( 483): getEvdoLevel=0
08-28 06:09:49.669 W/SignalStrength( 483): getCdmaLevel=0
08-28 06:09:49.669 W/SignalStrength( 483): getLevel=0
08-28 06:09:51.089 E/SMD ( 104): DCD OFF
08-28 06:09:53.659 W/SignalStrength( 276): getCdmaLevel=1
08-28 06:09:53.659 W/SignalStrength( 276): getEvdoLevel=0
08-28 06:09:53.659 W/SignalStrength( 276): getCdmaLevel=1
08-28 06:09:53.659 W/SignalStrength( 276): getLevel=1
08-28 06:09:53.669 W/SignalStrength( 483): getCdmaLevel=1
08-28 06:09:53.669 W/SignalStrength( 483): getEvdoLevel=0
08-28 06:09:53.669 W/SignalStrength( 483): getCdmaLevel=1
08-28 06:09:53.669 W/SignalStrength( 483): getLevel=1
08-28 06:09:54.089 E/SMD ( 104): DCD OFF
08-28 06:09:54.649 V/StatusBar.BatteryController( 483): status2batteryHealth 2
08-28 06:09:54.649 D/StatusBar.BatteryController( 483): mOldstatus2status 2
08-28 06:09:54.649 D/StatusBar.BatteryController( 483): now old status is 2
08-28 06:09:55.669 W/SignalStrength( 276): getCdmaLevel=2
08-28 06:09:55.669 W/SignalStrength( 276): getEvdoLevel=0
08-28 06:09:55.669 W/SignalStrength( 276): getCdmaLevel=2
08-28 06:09:55.669 W/SignalStrength( 276): getLevel=2
08-28 06:09:55.669 W/SignalStrength( 483): getCdmaLevel=2
08-28 06:09:55.669 W/SignalStrength( 483): getEvdoLevel=0
08-28 06:09:55.669 W/SignalStrength( 483): getCdmaLevel=2
08-28 06:09:55.669 W/SignalStrength( 483): getLevel=2
08-28 06:09:57.089 E/SMD ( 104): DCD OFF
08-28 06:10:00.089 E/SMD ( 104): DCD OFF
08-28 06:10:03.089 E/SMD ( 104): DCD OFF
08-28 06:10:04.679 V/StatusBar.BatteryController( 483): status2batteryHealth 2
08-28 06:10:04.679 D/StatusBar.BatteryController( 483): mOldstatus2status 2
08-28 06:10:04.679 D/StatusBar.BatteryController( 483): now old status is 2
08-28 06:10:06.099 E/SMD ( 104): DCD OFF
08-28 06:10:09.099 E/SMD ( 104): DCD OFF
08-28 06:10:12.099 E/SMD ( 104): DCD OFF
08-28 06:10:14.699 V/StatusBar.BatteryController( 483): status2batteryHealth 2
08-28 06:10:14.699 D/StatusBar.BatteryController( 483): mOldstatus2status 2
08-28 06:10:14.699 D/StatusBar.BatteryController( 483): now old status is 2
08-28 06:10:15.099 E/SMD ( 104): DCD OFF
08-28 06:10:18.099 E/SMD ( 104): DCD OFF
08-28 06:10:21.099 E/SMD ( 104): DCD OFF
08-28 06:10:24.109 E/SMD ( 104): DCD OFF
08-28 06:10:24.719 V/StatusBar.BatteryController( 483): status2batteryHealth 2
08-28 06:10:24.719 D/StatusBar.BatteryController( 483): mOldstatus2status 2
08-28 06:10:24.719 D/StatusBar.BatteryController( 483): now old status is 2
08-28 06:10:27.109 E/SMD ( 104): DCD OFF
08-28 06:10:30.109 E/SMD ( 104): DCD OFF
08-28 06:10:33.109 E/SMD ( 104): DCD OFF
08-28 06:10:34.729 V/StatusBar.BatteryController( 483): status2batteryHealth 2
08-28 06:10:34.729 D/StatusBar.BatteryController( 483): mOldstatus2status 2
08-28 06:10:34.729 D/StatusBar.BatteryController( 483): now old status is 2
08-28 06:10:36.119 E/SMD ( 104): DCD OFF
08-28 06:10:39.119 E/SMD ( 104): DCD OFF
08-28 06:10:40.569 D/GpsLocationProvider( 276): ALARM_WAKEUP
08-28 06:10:40.569 D/GpsLocationProvider( 276): startNavigating
08-28 06:10:40.569 D/GpsLocationProvider( 276): GlobalConfig.GLOBALCONFIG_GPS_CDMA=true
08-28 06:10:40.569 D/GpsLocationProvider( 276): startNavigating with Position Mode = 0
08-28 06:10:40.569 E/libsecgps( 276): gps_start:
08-28 06:10:40.609 V/GpsLocationProvider( 276): reportStatus status: 3
08-28 06:10:40.609 V/GpsLocationProvider( 276): reportStatus status: 1
08-28 06:10:42.119 E/SMD ( 104): DCD OFF
08-28 06:10:44.759 V/StatusBar.BatteryController( 483): status2batteryHealth 2
08-28 06:10:44.759 D/StatusBar.BatteryController( 483): mOldstatus2status 2
08-28 06:10:44.759 D/StatusBar.BatteryController( 483): now old status is 2
08-28 06:10:45.119 E/SMD ( 104): DCD OFF
08-28 06:10:48.129 E/SMD ( 104): DCD OFF
08-28 06:10:49.549 E/GPSD ( 119): SecLBS_update_location:
08-28 06:10:49.559 D/GpsLocationProvider( 276): TTFF: 8986
08-28 06:10:49.579 D/GpsLocationProvider( 276): got fix, hibernating
08-28 06:10:49.579 D/GpsLocationProvider( 276): stopNavigating
08-28 06:10:49.579 E/libsecgps( 276): gps_stop:
08-28 06:10:49.589 V/GpsLocationProvider( 276): reportStatus status: 2
08-28 06:10:49.589 V/GpsLocationProvider( 276): reportStatus status: 4
08-28 06:10:49.659 D/MyGPSClockApp( 6043): +onLocationChanged
08-28 06:10:49.659 D/MyGPSClockApp( 6043): +getGPSDatetime
08-28 06:10:49.659 D/MyGPSClockApp( 6043): GPSTime: 1409238667000
08-28 06:10:49.659 D/MyGPSClockApp( 6043): GPS Current time: Thu Aug 28 11:11:07 EDT 2014
08-28 06:10:49.659 D/MyGPSClockApp( 6043): -getGPSDatetime
08-28 06:10:49.659 D/MyGPSClockApp( 6043): -onLocationChanged
08-28 06:10:49.679 V/GpsLocationProvider( 276): reportStatus status: 2
08-28 06:10:49.929 I/GCoreUlr( 867): Successfully inserted location
08-28 06:10:49.929 I/GCoreUlr( 867): Not calling LocationReportingService, hasMoved: false, elapsed millis: 1222014, request: Phone
08-28 06:10:51.129 E/SMD ( 104): DCD OFF
08-28 06:10:54.139 E/SMD ( 104): DCD OFF
08-28 06:10:57.139 E/SMD ( 104): DCD OFF
08-28 06:11:00.139 E/SMD ( 104): DCD OFF
08-28 06:11:03.139 E/SMD ( 104): DCD OFF
08-28 06:11:03.689 W/SignalStrength( 276): getCdmaLevel=3
08-28 06:11:03.689 W/SignalStrength( 276): getEvdoLevel=0
08-28 06:11:03.689 W/SignalStrength( 276): getCdmaLevel=3
08-28 06:11:03.689 W/SignalStrength( 276): getLevel=3
08-28 06:11:03.689 W/SignalStrength( 483): getCdmaLevel=3
08-28 06:11:03.689 W/SignalStrength( 483): getEvdoLevel=0
08-28 06:11:03.689 W/SignalStrength( 483): getCdmaLevel=3
08-28 06:11:03.689 W/SignalStrength( 483): getLevel=3
08-28 06:11:06.149 E/SMD ( 104): DCD OFF
08-28 06:11:09.149 E/SMD ( 104): DCD OFF
08-28 06:11:10.689 W/SignalStrength( 276): getCdmaLevel=2
08-28 06:11:10.689 W/SignalStrength( 276): getEvdoLevel=0
08-28 06:11:10.689 W/SignalStrength( 276): getCdmaLevel=2
08-28 06:11:10.689 W/SignalStrength( 276): getLevel=2
08-28 06:11:10.699 W/SignalStrength( 483): getCdmaLevel=2
08-28 06:11:10.699 W/SignalStrength( 483): getEvdoLevel=0
08-28 06:11:10.699 W/SignalStrength( 483): getCdmaLevel=2
08-28 06:11:10.699 W/SignalStrength( 483): getLevel=2
08-28 06:11:12.149 E/SMD ( 104): DCD OFF
08-28 06:11:14.819 V/StatusBar.BatteryController( 483): status2batteryHealth 2
08-28 06:11:14.819 D/StatusBar.BatteryController( 483): mOldstatus2status 2
08-28 06:11:14.819 D/StatusBar.BatteryController( 483): now old status is 2
08-28 06:11:15.149 E/SMD ( 104): DCD OFF
08-28 06:11:18.149 E/SMD ( 104): DCD OFF
08-28 06:11:21.159 E/SMD ( 104): DCD OFF
08-28 06:11:24.159 E/SMD ( 104): DCD OFF
08-28 06:11:27.159 E/SMD ( 104): DCD OFF
08-28 06:11:30.159 E/SMD ( 104): DCD OFF
08-28 06:11:33.159 E/SMD ( 104): DCD OFF
08-28 06:11:34.849 V/StatusBar.BatteryController( 483): status2batteryHealth 2
08-28 06:11:34.849 D/StatusBar.BatteryController( 483): mOldstatus2status 2
08-28 06:11:34.849 D/StatusBar.BatteryController( 483): now old status is 2
08-28 06:11:36.159 E/SMD ( 104): DCD OFF
08-28 06:11:36.699 W/SignalStrength( 276): getCdmaLevel=3
08-28 06:11:36.699 W/SignalStrength( 276): getEvdoLevel=0
08-28 06:11:36.699 W/SignalStrength( 276): getCdmaLevel=3
08-28 06:11:36.699 W/SignalStrength( 276): getLevel=3
08-28 06:11:36.709 W/SignalStrength( 483): getCdmaLevel=3
08-28 06:11:36.709 W/SignalStrength( 483): getEvdoLevel=0
08-28 06:11:36.709 W/SignalStrength( 483): getCdmaLevel=3
08-28 06:11:36.709 W/SignalStrength( 483): getLevel=3
08-28 06:11:39.169 E/SMD ( 104): DCD OFF
08-28 06:11:40.709 W/SignalStrength( 483): getCdmaLevel=2
08-28 06:11:40.709 W/SignalStrength( 483): getEvdoLevel=0
08-28 06:11:40.709 W/SignalStrength( 483): getCdmaLevel=2
08-28 06:11:40.709 W/SignalStrength( 483): getLevel=2
08-28 06:11:40.709 W/SignalStrength( 276): getCdmaLevel=2
08-28 06:11:40.709 W/SignalStrength( 276): getEvdoLevel=0
08-28 06:11:40.709 W/SignalStrength( 276): getCdmaLevel=2
08-28 06:11:40.709 W/SignalStrength( 276): getLevel=2
08-28 06:11:42.169 E/SMD ( 104): DCD OFF
08-28 06:11:44.869 V/StatusBar.BatteryController( 483): status2batteryHealth 2
08-28 06:11:44.869 D/StatusBar.BatteryController( 483): mOldstatus2status 2
08-28 06:11:44.869 D/StatusBar.BatteryController( 483): now old status is 2
08-28 06:11:45.169 E/SMD ( 104): DCD OFF
08-28 06:11:48.179 E/SMD ( 104): DCD OFF
08-28 06:11:51.179 E/SMD ( 104): DCD OFF
08-28 06:11:54.179 E/SMD ( 104): DCD OFF
08-28 06:11:54.889 V/StatusBar.BatteryController( 483): status2batteryHealth 2
08-28 06:11:54.889 D/StatusBar.BatteryController( 483): mOldstatus2status 2
08-28 06:11:54.889 D/StatusBar.BatteryController( 483): now old status is 2
08-28 06:11:57.179 E/SMD ( 104): DCD OFF
08-28 06:12:00.179 E/SMD ( 104): DCD OFF
08-28 06:12:03.189 E/SMD ( 104): DCD OFF
08-28 06:12:04.339 D/SensorManager( 867): registerListener :: handle = 0 name= BOSCH 3-axis Accelerometer delay= 10000 Listener= kvn@414f5cf0
08-28 06:12:04.339 E/SensorManager( 867): thread start
08-28 06:12:04.339 E/SensorManager( 867): =======>>>Sensor Thread RUNNING <<<========
08-28 06:12:04.919 V/StatusBar.BatteryController( 483): status2batteryHealth 2
08-28 06:12:04.919 D/StatusBar.BatteryController( 483): mOldstatus2status 2
08-28 06:12:04.919 D/StatusBar.BatteryController( 483): now old status is 2
08-28 06:12:05.069 I/SensorManager( 867): Set normal delay = true
08-28 06:12:05.149 D/SensorManager( 867): unregisterListener:: disable all sensors for this listener, name = BOSCH 3-axis Accelerometer listener = kvn@414f5cf0
08-28 06:12:06.189 E/SMD ( 104): DCD OFF
08-28 06:12:09.189 E/SMD ( 104): DCD OFF
08-28 06:12:12.189 E/SMD ( 104): DCD OFF
08-28 06:12:14.929 V/StatusBar.BatteryController( 483): status2batteryHealth 2
08-28 06:12:14.929 D/StatusBar.BatteryController( 483): mOldstatus2status 2
08-28 06:12:14.929 D/StatusBar.BatteryController( 483): now old status is 2
08-28 06:12:14.949 E/WifiStateMachine( 276): set suspend optimizations failed!
08-28 06:12:15.189 E/SMD ( 104): DCD OFF
08-28 06:12:15.499 E/WifiStateMachine( 276): set suspend optimizations failed!
08-28 06:12:18.199 E/SMD ( 104): DCD OFF
08-28 06:12:21.199 E/SMD ( 104): DCD OFF
08-28 06:12:21.779 I/EventLogService( 737): Aggregate from 1409218941649 (log), 1409218941649 (data)
08-28 06:12:24.199 E/SMD ( 104): DCD OFF
08-28 06:12:24.989 D/Tethering( 276): interfaceLinkStateChanged wlan0, true
08-28 06:12:24.989 D/Tethering( 276): interfaceStatusChanged wlan0, true
08-28 06:12:27.199 E/SMD ( 104): DCD OFF
08-28 06:12:30.199 E/SMD ( 104): DCD OFF
08-28 06:12:33.209 E/SMD ( 104): DCD OFF
08-28 06:12:34.969 V/StatusBar.BatteryController( 483): status2batteryHealth 2
08-28 06:12:34.969 D/StatusBar.BatteryController( 483): mOldstatus2status 2
08-28 06:12:34.969 D/StatusBar.BatteryController( 483): now old status is 2
08-28 06:12:36.209 E/SMD ( 104): DCD OFF
08-28 06:12:39.209 E/SMD ( 104): DCD OFF
08-28 06:12:42.219 E/SMD ( 104): DCD OFF
08-28 06:12:44.989 V/StatusBar.BatteryController( 483): status2batteryHealth 2
08-28 06:12:44.989 D/StatusBar.BatteryController( 483): mOldstatus2status 2
08-28 06:12:44.989 D/StatusBar.BatteryController( 483): now old status is 2
08-28 06:12:45.219 E/SMD ( 104): DCD OFF
08-28 06:12:45.449 D/GCM ( 588): Ignoring attempt to send heartbeat on dead connection.
08-28 06:12:47.729 W/SignalStrength( 276): getCdmaLevel=3
08-28 06:12:47.729 W/SignalStrength( 276): getEvdoLevel=0
08-28 06:12:47.729 W/SignalStrength( 276): getCdmaLevel=3
08-28 06:12:47.729 W/SignalStrength( 276): getLevel=3
08-28 06:12:47.729 W/SignalStrength( 483): getCdmaLevel=3
08-28 06:12:47.729 W/SignalStrength( 483): getEvdoLevel=0
08-28 06:12:47.729 W/SignalStrength( 483): getCdmaLevel=3
08-28 06:12:47.729 W/SignalStrength( 483): getLevel=3
08-28 06:12:48.219 E/SMD ( 104): DCD OFF
08-28 06:12:50.469 D/Tethering( 276): interfaceLinkStateChanged wlan0, true
08-28 06:12:50.469 D/Tethering( 276): interfaceStatusChanged wlan0, true
08-28 06:12:51.219 E/SMD ( 104): DCD OFF
08-28 06:12:54.229 E/SMD ( 104): DCD OFF
08-28 06:12:57.229 E/SMD ( 104): DCD OFF
08-28 06:12:59.739 W/SignalStrength( 483): getCdmaLevel=2
08-28 06:12:59.739 W/SignalStrength( 483): getEvdoLevel=0
08-28 06:12:59.739 W/SignalStrength( 483): getCdmaLevel=2
08-28 06:12:59.739 W/SignalStrength( 483): getLevel=2
08-28 06:12:59.739 W/SignalStrength( 276): getCdmaLevel=2
08-28 06:12:59.739 W/SignalStrength( 276): getEvdoLevel=0
08-28 06:12:59.739 W/SignalStrength( 276): getCdmaLevel=2
08-28 06:12:59.739 W/SignalStrength( 276): getLevel=2
08-28 06:13:00.229 E/SMD ( 104): DCD OFF
08-28 06:13:00.739 W/SignalStrength( 276): getCdmaLevel=2
08-28 06:13:00.739 W/SignalStrength( 276): getEvdoLevel=0
08-28 06:13:00.739 W/SignalStrength( 276): getCdmaLevel=2
08-28 06:13:00.739 W/SignalStrength( 276): getLevel=2
08-28 06:13:00.739 W/SignalStrength( 483): getCdmaLevel=2
08-28 06:13:00.739 W/SignalStrength( 483): getEvdoLevel=0
08-28 06:13:00.739 W/SignalStrength( 483): getCdmaLevel=2
08-28 06:13:00.739 W/SignalStrength( 483): getLevel=2
08-28 06:13:03.229 E/SMD ( 104): DCD OFF
08-28 06:13:06.239 E/SMD ( 104): DCD OFF
08-28 06:13:09.239 E/SMD ( 104): DCD OFF
08-28 06:13:12.239 E/SMD ( 104): DCD OFF
08-28 06:13:15.239 E/SMD ( 104): DCD OFF
08-28 06:13:18.239 E/SMD ( 104): DCD OFF
08-28 06:13:21.239 E/SMD ( 104): DCD OFF
08-28 06:13:24.239 E/SMD ( 104): DCD OFF
08-28 06:13:27.249 E/SMD ( 104): DCD OFF
08-28 06:13:30.249 E/SMD ( 104): DCD OFF
08-28 06:13:33.249 E/SMD ( 104): DCD OFF
08-28 06:13:35.089 V/StatusBar.BatteryController( 483): status2batteryHealth 2
08-28 06:13:35.089 D/StatusBar.BatteryController( 483): mOldstatus2status 2
08-28 06:13:35.089 D/StatusBar.BatteryController( 483): now old status is 2
08-28 06:13:36.259 E/SMD ( 104): DCD OFF
08-28 06:13:39.259 E/SMD ( 104): DCD OFF
08-28 06:13:40.749 W/SignalStrength( 276): getCdmaLevel=1
08-28 06:13:40.749 W/SignalStrength( 276): getEvdoLevel=0
08-28 06:13:40.749 W/SignalStrength( 276): getCdmaLevel=1
08-28 06:13:40.749 W/SignalStrength( 276): getLevel=1
08-28 06:13:40.749 W/SignalStrength( 483): getCdmaLevel=1
08-28 06:13:40.749 W/SignalStrength( 483): getEvdoLevel=0
08-28 06:13:40.759 W/SignalStrength( 483): getCdmaLevel=1
08-28 06:13:40.759 W/SignalStrength( 483): getLevel=1
08-28 06:13:41.749 W/SignalStrength( 276): getCdmaLevel=0
08-28 06:13:41.749 W/SignalStrength( 276): getEvdoLevel=0
08-28 06:13:41.749 W/SignalStrength( 276): getCdmaLevel=0
08-28 06:13:41.749 W/SignalStrength( 276): getLevel=0
08-28 06:13:41.759 W/SignalStrength( 483): getCdmaLevel=0
08-28 06:13:41.759 W/SignalStrength( 483): getEvdoLevel=0
08-28 06:13:41.759 W/SignalStrength( 483): getCdmaLevel=0
08-28 06:13:41.759 W/SignalStrength( 483): getLevel=0
08-28 06:13:42.259 E/SMD ( 104): DCD OFF
08-28 06:13:45.109 V/StatusBar.BatteryController( 483): status2batteryHealth 2
08-28 06:13:45.109 D/StatusBar.BatteryController( 483): mOldstatus2status 2
08-28 06:13:45.109 D/StatusBar.BatteryController( 483): now old status is 2
08-28 06:13:45.259 E/SMD ( 104): DCD OFF
08-28 06:13:47.759 W/SignalStrength( 276): getCdmaLevel=1
08-28 06:13:47.759 W/SignalStrength( 276): getEvdoLevel=0
08-28 06:13:47.759 W/SignalStrength( 276): getCdmaLevel=1
08-28 06:13:47.759 W/SignalStrength( 276): getLevel=1
08-28 06:13:47.759 W/SignalStrength( 483): getCdmaLevel=1
08-28 06:13:47.759 W/SignalStrength( 483): getEvdoLevel=0
08-28 06:13:47.759 W/SignalStrength( 483): getCdmaLevel=1
08-28 06:13:47.759 W/SignalStrength( 483): getLevel=1
08-28 06:13:48.259 E/SMD ( 104): DCD OFF
08-28 06:13:48.759 W/SignalStrength( 276): getCdmaLevel=2
08-28 06:13:48.759 W/SignalStrength( 276): getEvdoLevel=0
08-28 06:13:48.759 W/SignalStrength( 276): getCdmaLevel=2
08-28 06:13:48.759 W/SignalStrength( 276): getLevel=2
08-28 06:13:48.759 W/SignalStrength( 483): getCdmaLevel=2
08-28 06:13:48.759 W/SignalStrength( 483): getEvdoLevel=0
08-28 06:13:48.759 W/SignalStrength( 483): getCdmaLevel=2
08-28 06:13:48.759 W/SignalStrength( 483): getLevel=2
08-28 06:13:51.259 E/SMD ( 104): DCD OFF
08-28 06:13:54.269 E/SMD ( 104): DCD OFF
08-28 06:13:57.269 E/SMD ( 104): DCD OFF
08-28 06:14:00.269 E/SMD ( 104): DCD OFF
08-28 06:14:03.269 E/SMD ( 104): DCD OFF
08-28 06:14:05.149 V/StatusBar.BatteryController( 483): status2batteryHealth 2
08-28 06:14:05.149 D/StatusBar.BatteryController( 483): mOldstatus2status 2
08-28 06:14:05.149 D/StatusBar.BatteryController( 483): now old status is 2
08-28 06:14:06.279 E/SMD ( 104): DCD OFF
08-28 06:14:09.279 E/SMD ( 104): DCD OFF
08-28 06:14:12.279 E/SMD ( 104): DCD OFF
08-28 06:14:15.279 E/SMD ( 104): DCD OFF
08-28 06:14:17.769 W/SignalStrength( 276): getCdmaLevel=2
08-28 06:14:17.769 W/SignalStrength( 276): getEvdoLevel=0
08-28 06:14:17.769 W/SignalStrength( 276): getCdmaLevel=2
08-28 06:14:17.769 W/SignalStrength( 276): getLevel=2
08-28 06:14:17.769 W/SignalStrength( 483): getCdmaLevel=2
08-28 06:14:17.769 W/SignalStrength( 483): getEvdoLevel=0
08-28 06:14:17.769 W/SignalStrength( 483): getCdmaLevel=2
08-28 06:14:17.769 W/SignalStrength( 483): getLevel=2
08-28 06:14:18.289 E/SMD ( 104): DCD OFF
08-28 06:14:21.289 E/SMD ( 104): DCD OFF
08-28 06:14:24.289 E/SMD ( 104): DCD OFF
08-28 06:14:25.189 V/StatusBar.BatteryController( 483): status2batteryHealth 2
08-28 06:14:25.189 D/StatusBar.BatteryController( 483): mOldstatus2status 2
08-28 06:14:25.189 D/StatusBar.BatteryController( 483): now old status is 2
08-28 06:14:27.299 E/SMD ( 104): DCD OFF
08-28 06:14:30.299 E/SMD ( 104): DCD OFF
08-28 06:14:33.309 E/SMD ( 104): DCD OFF
08-28 06:14:35.209 V/StatusBar.BatteryController( 483): status2batteryHealth 2
08-28 06:14:35.209 D/StatusBar.BatteryController( 483): mOldstatus2status 2
08-28 06:14:35.209 D/StatusBar.BatteryController( 483): now old status is 2
08-28 06:14:36.309 E/SMD ( 104): DCD OFF
08-28 06:14:39.309 E/SMD ( 104): DCD OFF
08-28 06:14:42.309 E/SMD ( 104): DCD OFF
08-28 06:14:45.229 V/StatusBar.BatteryController( 483): status2batteryHealth 2
08-28 06:14:45.229 D/StatusBar.BatteryController( 483): mOldstatus2status 2
08-28 06:14:45.229 D/StatusBar.BatteryController( 483): now old status is 2
08-28 06:14:45.309 E/SMD ( 104): DCD OFF
08-28 06:14:48.309 E/SMD ( 104): DCD OFF
08-28 06:14:51.319 E/SMD ( 104): DCD OFF
08-28 06:14:54.319 E/SMD ( 104): DCD OFF
08-28 06:14:55.249 V/StatusBar.BatteryController( 483): status2batteryHealth 2
08-28 06:14:55.249 D/StatusBar.BatteryController( 483): mOldstatus2status 2
08-28 06:14:55.249 D/StatusBar.BatteryController( 483): now old status is 2
08-28 06:14:57.319 E/SMD ( 104): DCD OFF
08-28 06:15:00.329 E/SMD ( 104): DCD OFF
08-28 06:15:03.329 E/SMD ( 104): DCD OFF
08-28 06:15:06.329 E/SMD ( 104): DCD OFF
08-28 06:15:09.169 E/WifiStateMachine( 276): set suspend optimizations failed!
08-28 06:15:09.199 D/SensorManager( 867): registerListener :: handle = 0 name= BOSCH 3-axis Accelerometer delay= 10000 Listener= kvn@41185250
08-28 06:15:09.199 E/SensorManager( 867): thread start
08-28 06:15:09.199 E/SensorManager( 867): =======>>>Sensor Thread RUNNING <<<========
08-28 06:15:09.329 E/SMD ( 104): DCD OFF
08-28 06:15:09.919 D/Tethering( 276): interfaceLinkStateChanged wlan0, true
08-28 06:15:09.919 D/Tethering( 276): interfaceStatusChanged wlan0, true
08-28 06:15:09.919 D/Tethering( 276): interfaceLinkStateChanged wlan0, true
08-28 06:15:09.919 D/Tethering( 276): interfaceStatusChanged wlan0, true
08-28 06:15:09.989 I/SensorManager( 867): Set normal delay = true
08-28 06:15:10.059 D/SensorManager( 867): unregisterListener:: disable all sensors for this listener, name = BOSCH 3-axis Accelerometer listener = kvn@41185250
08-28 06:15:10.079 E/WifiStateMachine( 276): set suspend optimizations failed!
08-28 06:15:10.099 I/GCoreUlr( 867): Received powerMode change from NLP: com.google.android.location.activity.LOW_POWER_MODE_ENABLED
08-28 06:15:10.099 I/GCoreUlr( 867): Starting service, intent=Intent { act=com.google.android.location.reporting.ACTION_UPDATE_ACTIVE_STATE cmp=xxxx }, extras=null
08-28 06:15:10.209 I/GCoreUlr( 867): Successfully inserted location
08-28 06:15:10.219 I/GCoreUlr( 867): Not calling LocationReportingService, hasMoved: false, elapsed millis: 1482299, request: Phone
08-28 06:15:10.259 I/GCoreUlr( 867): Ensuring that reporting is active for [account#15#]
08-28 06:15:10.269 I/GCoreUlr( 867): Starting service, intent=Intent { act=com.google.android.location.reporting.ACTION_LOCATION_STATUS cmp=xxxx (has extras) }, extras=Bundle[{status=LocationStatus[cell status: STATUS_SUCCESSFUL, wifi status: STATUS_SUCCESSFUL, elapsed realtime ns: 19183643000000]}]
08-28 06:15:12.339 E/SMD ( 104): DCD OFF
08-28 06:15:15.289 V/StatusBar.BatteryController( 483): status2batteryHealth 2
08-28 06:15:15.289 D/StatusBar.BatteryController( 483): mOldstatus2status 2
08-28 06:15:15.289 D/StatusBar.BatteryController( 483): now old status is 2
08-28 06:15:15.339 E/SMD ( 104): DCD OFF
08-28 06:15:18.339 E/SMD ( 104): DCD OFF
08-28 06:15:21.339 E/SMD ( 104): DCD OFF
08-28 06:15:24.349 E/SMD ( 104): DCD OFF
08-28 06:15:25.309 V/StatusBar.BatteryController( 483): status2batteryHealth 2
08-28 06:15:25.309 D/StatusBar.BatteryController( 483): mOldstatus2status 2
08-28 06:15:25.309 D/StatusBar.BatteryController( 483): now old status is 2
08-28 06:15:27.339 E/SMD ( 104): DCD OFF
08-28 06:15:30.349 E/SMD ( 104): DCD OFF
08-28 06:15:33.349 E/SMD ( 104): DCD OFF
08-28 06:15:35.329 V/StatusBar.BatteryController( 483): status2batteryHealth 2
08-28 06:15:35.329 D/StatusBar.BatteryController( 483): mOldstatus2status 2
08-28 06:15:35.329 D/StatusBar.BatteryController( 483): now old status is 2
08-28 06:15:36.349 E/SMD ( 104): DCD OFF
08-28 06:15:39.349 E/SMD ( 104): DCD OFF
08-28 06:15:42.359 E/SMD ( 104): DCD OFF
08-28 06:15:45.349 V/StatusBar.BatteryController( 483): status2batteryHealth 2
08-28 06:15:45.349 D/StatusBar.BatteryController( 483): mOldstatus2status 2
08-28 06:15:45.349 D/StatusBar.BatteryController( 483): now old status is 2
08-28 06:15:45.359 E/SMD ( 104): DCD OFF
08-28 06:15:48.359 E/SMD ( 104): DCD OFF
08-28 06:15:51.369 E/SMD ( 104): DCD OFF
08-28 06:15:54.369 E/SMD ( 104): DCD OFF
08-28 06:15:55.369 V/StatusBar.BatteryController( 483): status2batteryHealth 2
08-28 06:15:55.369 D/StatusBar.BatteryController( 483): mOldstatus2status 2
08-28 06:15:55.369 D/StatusBar.BatteryController( 483): now old status is 2
08-28 06:15:57.369 E/SMD ( 104): DCD OFF
08-28 06:16:00.369 E/SMD ( 104): DCD OFF
08-28 06:16:03.369 E/SMD ( 104): DCD OFF
08-28 06:16:05.389 V/StatusBar.BatteryController( 483): status2batteryHealth 2
08-28 06:16:05.389 D/StatusBar.BatteryController( 483): mOldstatus2status 2
08-28 06:16:05.389 D/StatusBar.BatteryController( 483): now old status is 2
08-28 06:16:06.379 E/SMD ( 104): DCD OFF
08-28 06:16:09.369 E/SMD ( 104): DCD OFF
08-28 06:16:12.379 E/SMD ( 104): DCD OFF
08-28 06:16:15.379 E/SMD ( 104): DCD OFF
08-28 06:16:18.379 E/SMD ( 104): DCD OFF
08-28 06:16:19.809 W/SignalStrength( 276): getCdmaLevel=1
08-28 06:16:19.809 W/SignalStrength( 276): getEvdoLevel=0
08-28 06:16:19.809 W/SignalStrength( 276): getCdmaLevel=1
08-28 06:16:19.809 W/SignalStrength( 276): getLevel=1
08-28 06:16:19.819 W/SignalStrength( 483): getCdmaLevel=1
08-28 06:16:19.819 W/SignalStrength( 483): getEvdoLevel=0
08-28 06:16:19.819 W/SignalStrength( 483): getCdmaLevel=1
08-28 06:16:19.819 W/SignalStrength( 483): getLevel=1
08-28 06:16:20.809 W/SignalStrength( 276): getCdmaLevel=2
08-28 06:16:20.809 W/SignalStrength( 276): getEvdoLevel=0
08-28 06:16:20.809 W/SignalStrength( 276): getCdmaLevel=2
08-28 06:16:20.809 W/SignalStrength( 276): getLevel=2
08-28 06:16:20.819 W/SignalStrength( 483): getCdmaLevel=2
08-28 06:16:20.819 W/SignalStrength( 483): getEvdoLevel=0
08-28 06:16:20.819 W/SignalStrength( 483): getCdmaLevel=2
08-28 06:16:20.819 W/SignalStrength( 483): getLevel=2
08-28 06:16:21.389 E/SMD ( 104): DCD OFF
08-28 06:16:24.389 E/SMD ( 104): DCD OFF
08-28 06:16:25.579 D/Tethering( 276): interfaceLinkStateChanged wlan0, true
08-28 06:16:25.579 D/Tethering( 276): interfaceStatusChanged wlan0, true
08-28 06:16:27.389 E/SMD ( 104): DCD OFF
08-28 06:16:30.389 E/SMD ( 104): DCD OFF
08-28 06:16:33.389 E/SMD ( 104): DCD OFF
08-28 06:16:35.449 V/StatusBar.BatteryController( 483): status2batteryHealth 2
08-28 06:16:35.449 D/StatusBar.BatteryController( 483): mOldstatus2status 2
08-28 06:16:35.449 D/StatusBar.BatteryController( 483): now old status is 2
08-28 06:16:36.399 E/SMD ( 104): DCD OFF
08-28 06:16:39.399 E/SMD ( 104): DCD OFF
08-28 06:16:42.399 E/SMD ( 104): DCD OFF
08-28 06:16:45.409 E/SMD ( 104): DCD OFF
08-28 06:16:45.469 V/StatusBar.BatteryController( 483): status2batteryHealth 2
08-28 06:16:45.469 D/StatusBar.BatteryController( 483): mOldstatus2status 2
08-28 06:16:45.469 D/StatusBar.BatteryController( 483): now old status is 2
08-28 06:16:48.409 E/SMD ( 104): DCD OFF
08-28 06:16:51.409 E/SMD ( 104): DCD OFF
08-28 06:16:54.409 E/SMD ( 104): DCD OFF
08-28 06:16:55.489 V/StatusBar.BatteryController( 483): status2batteryHealth 2
08-28 06:16:55.489 D/StatusBar.BatteryController( 483): mOldstatus2status 2
08-28 06:16:55.489 D/StatusBar.BatteryController( 483): now old status is 2
08-28 06:16:57.409 E/SMD ( 104): DCD OFF
08-28 06:17:00.409 E/SMD ( 104): DCD OFF
08-28 06:17:03.419 E/SMD ( 104): DCD OFF
08-28 06:17:05.509 V/StatusBar.BatteryController( 483): status2batteryHealth 2
08-28 06:17:05.509 D/StatusBar.BatteryController( 483): mOldstatus2status 2
08-28 06:17:05.509 D/StatusBar.BatteryController( 483): now old status is 2
08-28 06:17:06.419 E/SMD ( 104): DCD OFF
08-28 06:17:09.419 E/SMD ( 104): DCD OFF
08-28 06:17:12.429 E/SMD ( 104): DCD OFF
08-28 06:17:15.429 E/SMD ( 104): DCD OFF
08-28 06:17:18.429 E/SMD ( 104): DCD OFF
08-28 06:17:21.429 E/SMD ( 104): DCD OFF
08-28 06:17:24.439 E/SMD ( 104): DCD OFF
08-28 06:17:27.429 E/SMD ( 104): DCD OFF
08-28 06:17:30.439 E/SMD ( 104): DCD OFF
08-28 06:17:33.439 E/SMD ( 104): DCD OFF
08-28 06:17:36.439 E/SMD ( 104): DCD OFF
08-28 06:17:39.439 E/SMD ( 104): DCD OFF
08-28 06:17:42.449 E/SMD ( 104): DCD OFF
08-28 06:17:45.449 E/SMD ( 104): DCD OFF
08-28 06:17:48.449 E/SMD ( 104): DCD OFF
08-28 06:17:49.659 W/ThrottleService( 276): unable to find stats for iface rmnet0
08-28 06:17:51.459 E/SMD ( 104): DCD OFF
08-28 06:17:54.459 E/SMD ( 104): DCD OFF
08-28 06:17:55.599 D/BatteryService( 276): CHARGER :: mBatteryStatus = 5
08-28 06:17:55.619 V/StatusBar.BatteryController( 483): status5batteryHealth 2
08-28 06:17:55.619 D/StatusBar.BatteryController( 483): mOldstatus2status 5
08-28 06:17:55.619 D/StatusBar.BatteryController( 483): now old status is 5
08-28 06:17:57.459 E/SMD ( 104): DCD OFF
08-28 06:18:00.459 E/SMD ( 104): DCD OFF
08-28 06:18:03.459 E/SMD ( 104): DCD OFF
08-28 06:18:06.459 E/SMD ( 104): DCD OFF
08-28 06:18:08.239 D/SensorManager( 867): registerListener :: handle = 0 name= BOSCH 3-axis Accelerometer delay= 10000 Listener= kvn@41126c00
08-28 06:18:08.239 E/SensorManager( 867): thread start
08-28 06:18:08.239 E/SensorManager( 867): =======>>>Sensor Thread RUNNING <<<========
08-28 06:18:08.949 I/SensorManager( 867): Set normal delay = true
08-28 06:18:09.029 D/SensorManager( 867): unregisterListener:: disable all sensors for this listener, name = BOSCH 3-axis Accelerometer listener = kvn@41126c00
08-28 06:18:09.469 E/SMD ( 104): DCD OFF
08-28 06:18:12.469 E/SMD ( 104): DCD OFF
08-28 06:18:15.469 E/SMD ( 104): DCD OFF
08-28 06:18:15.859 W/SignalStrength( 276): getCdmaLevel=1
08-28 06:18:15.859 W/SignalStrength( 276): getEvdoLevel=0
08-28 06:18:15.859 W/SignalStrength( 276): getCdmaLevel=1
08-28 06:18:15.859 W/SignalStrength( 276): getLevel=1
08-28 06:18:15.859 W/SignalStrength( 483): getCdmaLevel=1
08-28 06:18:15.859 W/SignalStrength( 483): getEvdoLevel=0
08-28 06:18:15.859 W/SignalStrength( 483): getCdmaLevel=1
08-28 06:18:15.859 W/SignalStrength( 483): getLevel=1
08-28 06:18:16.859 W/SignalStrength( 276): getCdmaLevel=0
08-28 06:18:16.859 W/SignalStrength( 276): getEvdoLevel=0
08-28 06:18:16.859 W/SignalStrength( 276): getCdmaLevel=0
08-28 06:18:16.859 W/SignalStrength( 276): getLevel=0
08-28 06:18:16.859 W/SignalStrength( 483): getCdmaLevel=0
08-28 06:18:16.859 W/SignalStrength( 483): getEvdoLevel=0
08-28 06:18:16.859 W/SignalStrength( 483): getCdmaLevel=0
08-28 06:18:16.859 W/SignalStrength( 483): getLevel=0
08-28 06:18:18.479 E/SMD ( 104): DCD OFF
08-28 06:18:21.469 E/SMD ( 104): DCD OFF
08-28 06:18:24.479 E/SMD ( 104): DCD OFF
08-28 06:18:25.859 W/SignalStrength( 276): getCdmaLevel=1
08-28 06:18:25.859 W/SignalStrength( 276): getEvdoLevel=0
08-28 06:18:25.859 W/SignalStrength( 276): getCdmaLevel=1
08-28 06:18:25.859 W/SignalStrength( 276): getLevel=1
08-28 06:18:25.859 W/SignalStrength( 483): getCdmaLevel=1
08-28 06:18:25.859 W/SignalStrength( 483): getEvdoLevel=0
08-28 06:18:25.869 W/SignalStrength( 483): getCdmaLevel=1
08-28 06:18:25.869 W/SignalStrength( 483): getLevel=1
08-28 06:18:26.859 W/SignalStrength( 276): getCdmaLevel=2
08-28 06:18:26.859 W/SignalStrength( 276): getEvdoLevel=0
08-28 06:18:26.859 W/SignalStrength( 276): getCdmaLevel=2
08-28 06:18:26.859 W/SignalStrength( 276): getLevel=2
08-28 06:18:26.859 W/SignalStrength( 483): getCdmaLevel=2
08-28 06:18:26.869 W/SignalStrength( 483): getEvdoLevel=0
08-28 06:18:26.869 W/SignalStrength( 483): getCdmaLevel=2
08-28 06:18:26.869 W/SignalStrength( 483): getLevel=2
08-28 06:18:27.479 E/SMD ( 104): DCD OFF
08-28 06:18:30.479 E/SMD ( 104): DCD OFF
08-28 06:18:33.479 E/SMD ( 104): DCD OFF
08-28 06:18:36.489 E/SMD ( 104): DCD OFF
08-28 06:18:39.489 E/SMD ( 104): DCD OFF
08-28 06:18:42.489 E/SMD ( 104): DCD OFF
08-28 06:18:45.499 E/SMD ( 104): DCD OFF
08-28 06:18:48.499 E/SMD ( 104): DCD OFF
08-28 06:18:51.499 E/SMD ( 104): DCD OFF
08-28 06:18:54.499 E/SMD ( 104): DCD OFF
08-28 06:18:55.729 V/StatusBar.BatteryController( 483): status5batteryHealth 2
08-28 06:18:55.729 D/StatusBar.BatteryController( 483): mOldstatus5status 5
08-28 06:18:55.729 D/StatusBar.BatteryController( 483): now old status is 5
08-28 06:18:57.499 E/SMD ( 104): DCD OFF
08-28 06:19:00.509 E/SMD ( 104): DCD OFF
08-28 06:19:03.499 E/SMD ( 104): DCD OFF
08-28 06:19:05.749 V/StatusBar.BatteryController( 483): status5batteryHealth 2
08-28 06:19:05.749 D/StatusBar.BatteryController( 483): mOldstatus5status 5
08-28 06:19:05.749 D/StatusBar.BatteryController( 483): now old status is 5
08-28 06:19:06.509 E/SMD ( 104): DCD OFF
08-28 06:19:08.879 W/SignalStrength( 276): getCdmaLevel=1
08-28 06:19:08.879 W/SignalStrength( 276): getEvdoLevel=0
08-28 06:19:08.879 W/SignalStrength( 276): getCdmaLevel=1
08-28 06:19:08.879 W/SignalStrength( 276): getLevel=1
08-28 06:19:08.879 W/SignalStrength( 483): getCdmaLevel=1
08-28 06:19:08.879 W/SignalStrength( 483): getEvdoLevel=0
08-28 06:19:08.879 W/SignalStrength( 483): getCdmaLevel=1
08-28 06:19:08.879 W/SignalStrength( 483): getLevel=1
08-28 06:19:09.509 E/SMD ( 104): DCD OFF
08-28 06:19:09.879 W/SignalStrength( 276): getCdmaLevel=2
08-28 06:19:09.879 W/SignalStrength( 276): getEvdoLevel=0
08-28 06:19:09.879 W/SignalStrength( 276): getCdmaLevel=2
08-28 06:19:09.879 W/SignalStrength( 276): getLevel=2
08-28 06:19:09.879 W/SignalStrength( 483): getCdmaLevel=2
08-28 06:19:09.879 W/SignalStrength( 483): getEvdoLevel=0
08-28 06:19:09.879 W/SignalStrength( 483): getCdmaLevel=2
08-28 06:19:09.879 W/SignalStrength( 483): getLevel=2
08-28 06:19:12.519 E/SMD ( 104): DCD OFF
08-28 06:19:15.509 E/SMD ( 104): DCD OFF
08-28 06:19:18.519 E/SMD ( 104): DCD OFF
08-28 06:19:21.519 E/SMD ( 104): DCD OFF
08-28 06:19:24.519 E/SMD ( 104): DCD OFF
08-28 06:19:25.789 V/StatusBar.BatteryController( 483): status5batteryHealth 2
08-28 06:19:25.789 D/StatusBar.BatteryController( 483): mOldstatus5status 5
08-28 06:19:25.789 D/StatusBar.BatteryController( 483): now old status is 5
08-28 06:19:27.519 E/SMD ( 104): DCD OFF
08-28 06:19:27.879 W/SignalStrength( 276): getCdmaLevel=1
08-28 06:19:27.879 W/SignalStrength( 276): getEvdoLevel=0
08-28 06:19:27.879 W/SignalStrength( 276): getCdmaLevel=1
08-28 06:19:27.879 W/SignalStrength( 276): getLevel=1
08-28 06:19:27.889 W/SignalStrength( 483): getCdmaLevel=1
08-28 06:19:27.889 W/SignalStrength( 483): getEvdoLevel=0
08-28 06:19:27.889 W/SignalStrength( 483): getCdmaLevel=1
08-28 06:19:27.889 W/SignalStrength( 483): getLevel=1
08-28 06:19:29.889 W/SignalStrength( 276): getCdmaLevel=0
08-28 06:19:29.889 W/SignalStrength( 276): getEvdoLevel=0
08-28 06:19:29.889 W/SignalStrength( 276): getCdmaLevel=0
08-28 06:19:29.889 W/SignalStrength( 276): getLevel=0
08-28 06:19:29.889 W/SignalStrength( 483): getCdmaLevel=0
08-28 06:19:29.889 W/SignalStrength( 483): getEvdoLevel=0
08-28 06:19:29.889 W/SignalStrength( 483): getCdmaLevel=0
08-28 06:19:29.889 W/SignalStrength( 483): getLevel=0
08-28 06:19:30.529 E/SMD ( 104): DCD OFF
08-28 06:19:30.889 W/SignalStrength( 276): getCdmaLevel=1
08-28 06:19:30.889 W/SignalStrength( 276): getEvdoLevel=0
08-28 06:19:30.889 W/SignalStrength( 276): getCdmaLevel=1
08-28 06:19:30.889 W/SignalStrength( 276): getLevel=1
08-28 06:19:30.889 W/SignalStrength( 483): getCdmaLevel=1
08-28 06:19:30.889 W/SignalStrength( 483): getEvdoLevel=0
08-28 06:19:30.889 W/SignalStrength( 483): getCdmaLevel=1
08-28 06:19:30.889 W/SignalStrength( 483): getLevel=1
08-28 06:19:31.889 W/SignalStrength( 276): getCdmaLevel=2
08-28 06:19:31.889 W/SignalStrength( 276): getEvdoLevel=0
08-28 06:19:31.889 W/SignalStrength( 276): getCdmaLevel=2
08-28 06:19:31.889 W/SignalStrength( 276): getLevel=2
08-28 06:19:31.889 W/SignalStrength( 483): getCdmaLevel=2
08-28 06:19:31.889 W/SignalStrength( 483): getEvdoLevel=0
08-28 06:19:31.889 W/SignalStrength( 483): getCdmaLevel=2
08-28 06:19:31.889 W/SignalStrength( 483): getLevel=2
08-28 06:19:33.529 E/SMD ( 104): DCD OFF
08-28 06:19:35.809 V/StatusBar.BatteryController( 483): status5batteryHealth 2
08-28 06:19:35.809 D/StatusBar.BatteryController( 483): mOldstatus5status 5
08-28 06:19:35.809 D/StatusBar.BatteryController( 483): now old status is 5
08-28 06:19:36.529 E/SMD ( 104): DCD OFF
08-28 06:19:39.539 E/SMD ( 104): DCD OFF
08-28 06:19:42.539 E/SMD ( 104): DCD OFF
08-28 06:19:45.539 E/SMD ( 104): DCD OFF
08-28 06:19:45.829 V/StatusBar.BatteryController( 483): status5batteryHealth 2
08-28 06:19:45.829 D/StatusBar.BatteryController( 483): mOldstatus5status 5
08-28 06:19:45.829 D/StatusBar.BatteryController( 483): now old status is 5
08-28 06:19:48.539 E/SMD ( 104): DCD OFF
08-28 06:19:51.539 E/SMD ( 104): DCD OFF
08-28 06:19:54.549 E/SMD ( 104): DCD OFF
08-28 06:19:57.549 E/SMD ( 104): DCD OFF
08-28 06:20:00.549 E/SMD ( 104): DCD OFF
08-28 06:20:03.549 E/SMD ( 104): DCD OFF
08-28 06:20:04.899 W/SignalStrength( 276): getCdmaLevel=1
08-28 06:20:04.899 W/SignalStrength( 276): getEvdoLevel=0
08-28 06:20:04.899 W/SignalStrength( 276): getCdmaLevel=1
08-28 06:20:04.899 W/SignalStrength( 276): getLevel=1
08-28 06:20:04.909 W/SignalStrength( 483): getCdmaLevel=1
08-28 06:20:04.909 W/SignalStrength( 483): getEvdoLevel=0
08-28 06:20:04.909 W/SignalStrength( 483): getCdmaLevel=1
08-28 06:20:04.909 W/SignalStrength( 483): getLevel=1
08-28 06:20:05.869 V/StatusBar.BatteryController( 483): status5batteryHealth 2
08-28 06:20:05.869 D/StatusBar.BatteryController( 483): mOldstatus5status 5
08-28 06:20:05.869 D/StatusBar.BatteryController( 483): now old status is 5
08-28 06:20:06.549 E/SMD ( 104): DCD OFF
08-28 06:20:08.899 W/SignalStrength( 276): getCdmaLevel=2
08-28 06:20:08.899 W/SignalStrength( 276): getEvdoLevel=0
08-28 06:20:08.899 W/SignalStrength( 276): getCdmaLevel=2
08-28 06:20:08.899 W/SignalStrength( 276): getLevel=2
08-28 06:20:08.899 W/SignalStrength( 483): getCdmaLevel=2
08-28 06:20:08.899 W/SignalStrength( 483): getEvdoLevel=0
08-28 06:20:08.899 W/SignalStrength( 483): getCdmaLevel=2
08-28 06:20:08.899 W/SignalStrength( 483): getLevel=2
08-28 06:20:09.549 E/SMD ( 104): DCD OFF
08-28 06:20:12.559 E/SMD ( 104): DCD OFF
08-28 06:20:15.559 E/SMD ( 104): DCD OFF
08-28 06:20:15.889 V/StatusBar.BatteryController( 483): status5batteryHealth 2
08-28 06:20:15.889 D/StatusBar.BatteryController( 483): mOldstatus5status 5
08-28 06:20:15.889 D/StatusBar.BatteryController( 483): now old status is 5
08-28 06:20:18.559 E/SMD ( 104): DCD OFF
08-28 06:20:20.909 W/SignalStrength( 483): getCdmaLevel=1
08-28 06:20:20.909 W/SignalStrength( 483): getEvdoLevel=0
08-28 06:20:20.909 W/SignalStrength( 483): getCdmaLevel=1
08-28 06:20:20.909 W/SignalStrength( 483): getLevel=1
08-28 06:20:20.909 W/SignalStrength( 276): getCdmaLevel=1
08-28 06:20:20.909 W/SignalStrength( 276): getEvdoLevel=0
08-28 06:20:20.909 W/SignalStrength( 276): getCdmaLevel=1
08-28 06:20:20.909 W/SignalStrength( 276): getLevel=1
08-28 06:20:21.559 E/SMD ( 104): DCD OFF
08-28 06:20:21.909 W/SignalStrength( 276): getCdmaLevel=2
08-28 06:20:21.909 W/SignalStrength( 276): getEvdoLevel=0
08-28 06:20:21.909 W/SignalStrength( 276): getCdmaLevel=2
08-28 06:20:21.909 W/SignalStrength( 276): getLevel=2
08-28 06:20:21.909 W/SignalStrength( 483): getCdmaLevel=2
08-28 06:20:21.909 W/SignalStrength( 483): getEvdoLevel=0
08-28 06:20:21.909 W/SignalStrength( 483): getCdmaLevel=2
08-28 06:20:21.909 W/SignalStrength( 483): getLevel=2
08-28 06:20:24.569 E/SMD ( 104): DCD OFF
08-28 06:20:27.569 E/SMD ( 104): DCD OFF
08-28 06:20:30.569 E/SMD ( 104): DCD OFF
08-28 06:20:33.579 E/SMD ( 104): DCD OFF
08-28 06:20:36.579 E/SMD ( 104): DCD OFF
08-28 06:20:39.579 E/SMD ( 104): DCD OFF
08-28 06:20:42.579 E/SMD ( 104): DCD OFF
08-28 06:20:45.589 E/SMD ( 104): DCD OFF
08-28 06:20:45.949 V/StatusBar.BatteryController( 483): status5batteryHealth 2
08-28 06:20:45.949 D/StatusBar.BatteryController( 483): mOldstatus5status 5
08-28 06:20:45.949 D/StatusBar.BatteryController( 483): now old status is 5
08-28 06:20:48.589 E/SMD ( 104): DCD OFF
08-28 06:20:49.579 D/GpsLocationProvider( 276): ALARM_WAKEUP
08-28 06:20:49.579 D/GpsLocationProvider( 276): startNavigating
08-28 06:20:49.579 D/GpsLocationProvider( 276): GlobalConfig.GLOBALCONFIG_GPS_CDMA=true
08-28 06:20:49.579 D/GpsLocationProvider( 276): startNavigating with Position Mode = 0
08-28 06:20:49.579 E/libsecgps( 276): gps_start:
08-28 06:20:49.619 V/GpsLocationProvider( 276): reportStatus status: 3
08-28 06:20:49.629 V/GpsLocationProvider( 276): reportStatus status: 1
08-28 06:20:51.589 E/SMD ( 104): DCD OFF
08-28 06:20:54.589 E/SMD ( 104): DCD OFF
08-28 06:20:55.969 V/StatusBar.BatteryController( 483): status5batteryHealth 2
08-28 06:20:55.969 D/StatusBar.BatteryController( 483): mOldstatus5status 5
08-28 06:20:55.969 D/StatusBar.BatteryController( 483): now old status is 5
08-28 06:20:57.589 E/SMD ( 104): DCD OFF
08-28 06:21:00.599 E/SMD ( 104): DCD OFF
08-28 06:21:03.599 E/SMD ( 104): DCD OFF
08-28 06:21:06.549 E/GPSD ( 119): SecLBS_update_location:
08-28 06:21:06.549 D/GpsLocationProvider( 276): TTFF: 16967
08-28 06:21:06.559 D/GpsLocationProvider( 276): got fix, hibernating
08-28 06:21:06.559 D/GpsLocationProvider( 276): stopNavigating
08-28 06:21:06.559 E/libsecgps( 276): gps_stop:
08-28 06:21:06.589 V/GpsLocationProvider( 276): reportStatus status: 2
08-28 06:21:06.589 V/GpsLocationProvider( 276): reportStatus status: 4
08-28 06:21:06.599 E/SMD ( 104): DCD OFF
08-28 06:21:06.629 D/MyGPSClockApp( 6043): +onLocationChanged
08-28 06:21:06.629 D/MyGPSClockApp( 6043): +getGPSDatetime
08-28 06:21:06.629 D/MyGPSClockApp( 6043): GPSTime: 1409239284000
08-28 06:21:06.629 D/MyGPSClockApp( 6043): GPS Current time: Thu Aug 28 11:21:24 EDT 2014
08-28 06:21:06.629 D/MyGPSClockApp( 6043): -getGPSDatetime
08-28 06:21:06.629 D/MyGPSClockApp( 6043): -onLocationChanged
08-28 06:21:06.679 V/GpsLocationProvider( 276): reportStatus status: 2
08-28 06:21:06.919 I/GCoreUlr( 867): Successfully inserted location
08-28 06:21:06.919 I/GCoreUlr( 867): Not calling LocationReportingService, hasMoved: false, elapsed millis: 1838999, request: Phone
08-28 06:21:07.209 D/SensorManager( 867): registerListener :: handle = 0 name= BOSCH 3-axis Accelerometer delay= 10000 Listener= kvn@4124b6c8
08-28 06:21:07.209 E/SensorManager( 867): thread start
08-28 06:21:07.209 E/SensorManager( 867): =======>>>Sensor Thread RUNNING <<<========
08-28 06:21:07.909 I/SensorManager( 867): Set normal delay = true
08-28 06:21:07.989 D/SensorManager( 867): unregisterListener:: disable all sensors for this listener, name = BOSCH 3-axis Accelerometer listener = kvn@4124b6c8
08-28 06:21:09.599 E/SMD ( 104): DCD OFF
08-28 06:21:12.599 E/SMD ( 104): DCD OFF
08-28 06:21:15.599 E/SMD ( 104): DCD OFF
08-28 06:21:16.009 V/StatusBar.BatteryController( 483): status5batteryHealth 2
08-28 06:21:16.009 D/StatusBar.BatteryController( 483): mOldstatus5status 5
08-28 06:21:16.009 D/StatusBar.BatteryController( 483): now old status is 5
08-28 06:21:18.609 E/SMD ( 104): DCD OFF
08-28 06:21:21.609 E/SMD ( 104): DCD OFF
08-28 06:21:24.609 E/SMD ( 104): DCD OFF
08-28 06:21:26.029 V/StatusBar.BatteryController( 483): status5batteryHealth 2
08-28 06:21:26.039 D/StatusBar.BatteryController( 483): mOldstatus5status 5
08-28 06:21:26.039 D/StatusBar.BatteryController( 483): now old status is 5
08-28 06:21:27.619 E/SMD ( 104): DCD OFF
08-28 06:21:30.619 E/SMD ( 104): DCD OFF
08-28 06:21:33.619 E/SMD ( 104): DCD OFF
08-28 06:21:36.059 V/StatusBar.BatteryController( 483): status5batteryHealth 2
08-28 06:21:36.059 D/StatusBar.BatteryController( 483): mOldstatus5status 5
08-28 06:21:36.059 D/StatusBar.BatteryController( 483): now old status is 5
08-28 06:21:36.619 E/SMD ( 104): DCD OFF
08-28 06:21:39.629 E/SMD ( 104): DCD OFF
08-28 06:21:42.629 E/SMD ( 104): DCD OFF
08-28 06:21:45.629 E/SMD ( 104): DCD OFF
08-28 06:21:46.069 V/StatusBar.BatteryController( 483): status5batteryHealth 2
08-28 06:21:46.069 D/StatusBar.BatteryController( 483): mOldstatus5status 5
08-28 06:21:46.069 D/StatusBar.BatteryController( 483): now old status is 5
08-28 06:21:48.629 E/SMD ( 104): DCD OFF
08-28 06:21:51.629 E/SMD ( 104): DCD OFF
08-28 06:21:54.639 E/SMD ( 104): DCD OFF
08-28 06:21:56.089 V/StatusBar.BatteryController( 483): status5batteryHealth 2
08-28 06:21:56.089 D/StatusBar.BatteryController( 483): mOldstatus5status 5
08-28 06:21:56.089 D/StatusBar.BatteryController( 483): now old status is 5
08-28 06:21:57.629 E/SMD ( 104): DCD OFF
08-28 06:22:00.639 E/SMD ( 104): DCD OFF
08-28 06:22:03.639 E/SMD ( 104): DCD OFF
08-28 06:22:06.639 E/SMD ( 104): DCD OFF
08-28 06:22:09.639 E/SMD ( 104): DCD OFF
08-28 06:22:12.649 E/SMD ( 104): DCD OFF
08-28 06:22:15.649 E/SMD ( 104): DCD OFF
08-28 06:22:18.649 E/SMD ( 104): DCD OFF
08-28 06:22:21.659 E/SMD ( 104): DCD OFF
08-28 06:22:24.659 E/SMD ( 104): DCD OFF
08-28 06:22:27.659 E/SMD ( 104): DCD OFF
08-28 06:22:30.659 E/SMD ( 104): DCD OFF
08-28 06:22:33.669 E/SMD ( 104): DCD OFF
08-28 06:22:36.669 E/SMD ( 104): DCD OFF
08-28 06:22:39.669 E/SMD ( 104): DCD OFF
08-28 06:22:42.669 E/SMD ( 104): DCD OFF
08-28 06:22:45.669 E/SMD ( 104): DCD OFF
08-28 06:22:48.679 E/SMD ( 104): DCD OFF
08-28 06:22:51.679 E/SMD ( 104): DCD OFF
08-28 06:22:54.679 E/SMD ( 104): DCD OFF
08-28 06:22:57.679 E/SMD ( 104): DCD OFF
08-28 06:22:59.999 I/ActivityManager( 276): No longer want app.processName (pid 2986): hidden #16
08-28 06:23:00.679 E/SMD ( 104): DCD OFF
08-28 06:23:03.679 E/SMD ( 104): DCD OFF
08-28 06:23:06.689 E/SMD ( 104): DCD OFF
08-28 06:23:09.689 E/SMD ( 104): DCD OFF
08-28 06:23:12.689 E/SMD ( 104): DCD OFF
08-28 06:23:15.689 E/SMD ( 104): DCD OFF
08-28 06:23:16.249 V/StatusBar.BatteryController( 483): status5batteryHealth 2
08-28 06:23:16.249 D/StatusBar.BatteryController( 483): mOldstatus5status 5
08-28 06:23:16.249 D/StatusBar.BatteryController( 483): now old status is 5
08-28 06:23:18.699 E/SMD ( 104): DCD OFF
08-28 06:23:20.069 D/Tethering( 276): interfaceLinkStateChanged wlan0, true
08-28 06:23:20.069 D/Tethering( 276): interfaceStatusChanged wlan0, true
08-28 06:23:21.699 E/SMD ( 104): DCD OFF
08-28 06:23:23.979 W/SignalStrength( 276): getCdmaLevel=3
08-28 06:23:23.979 W/SignalStrength( 276): getEvdoLevel=0
08-28 06:23:23.979 W/SignalStrength( 276): getCdmaLevel=3
08-28 06:23:23.979 W/SignalStrength( 276): getLevel=3
08-28 06:23:23.979 W/SignalStrength( 483): getCdmaLevel=3
08-28 06:23:23.979 W/SignalStrength( 483): getEvdoLevel=0
08-28 06:23:23.979 W/SignalStrength( 483): getCdmaLevel=3
08-28 06:23:23.989 W/SignalStrength( 483): getLevel=3
08-28 06:23:24.699 E/SMD ( 104): DCD OFF
08-28 06:23:26.269 V/StatusBar.BatteryController( 483): status5batteryHealth 2
08-28 06:23:26.269 D/StatusBar.BatteryController( 483): mOldstatus5status 5
08-28 06:23:26.269 D/StatusBar.BatteryController( 483): now old status is 5
08-28 06:23:27.709 E/SMD ( 104): DCD OFF
08-28 06:23:29.979 W/SignalStrength( 276): getCdmaLevel=2
08-28 06:23:29.979 W/SignalStrength( 276): getEvdoLevel=0
08-28 06:23:29.979 W/SignalStrength( 276): getCdmaLevel=2
08-28 06:23:29.979 W/SignalStrength( 276): getLevel=2
08-28 06:23:29.989 W/SignalStrength( 483): getCdmaLevel=2
08-28 06:23:29.989 W/SignalStrength( 483): getEvdoLevel=0
08-28 06:23:29.989 W/SignalStrength( 483): getCdmaLevel=2
08-28 06:23:29.989 W/SignalStrength( 483): getLevel=2
08-28 06:23:30.709 E/SMD ( 104): DCD OFF
08-28 06:23:33.709 E/SMD ( 104): DCD OFF
08-28 06:23:34.319 D/Tethering( 276): interfaceLinkStateChanged wlan0, true
08-28 06:23:34.319 D/Tethering( 276): interfaceStatusChanged wlan0, true
08-28 06:23:35.989 W/SignalStrength( 276): getCdmaLevel=3
08-28 06:23:35.989 W/SignalStrength( 276): getEvdoLevel=0
08-28 06:23:35.989 W/SignalStrength( 276): getCdmaLevel=3
08-28 06:23:35.989 W/SignalStrength( 276): getLevel=3
08-28 06:23:35.989 W/SignalStrength( 483): getCdmaLevel=3
08-28 06:23:35.989 W/SignalStrength( 483): getEvdoLevel=0
08-28 06:23:35.989 W/SignalStrength( 483): getCdmaLevel=3
08-28 06:23:35.989 W/SignalStrength( 483): getLevel=3
08-28 06:23:36.289 V/StatusBar.BatteryController( 483): status5batteryHealth 2
08-28 06:23:36.289 D/StatusBar.BatteryController( 483): mOldstatus5status 5
08-28 06:23:36.289 D/StatusBar.BatteryController( 483): now old status is 5
08-28 06:23:36.709 E/SMD ( 104): DCD OFF
08-28 06:23:39.719 E/SMD ( 104): DCD OFF
08-28 06:23:42.719 E/SMD ( 104): DCD OFF
08-28 06:23:45.719 E/SMD ( 104): DCD OFF
08-28 06:23:46.319 V/StatusBar.BatteryController( 483): status5batteryHealth 2
08-28 06:23:46.319 D/StatusBar.BatteryController( 483): mOldstatus5status 5
08-28 06:23:46.319 D/StatusBar.BatteryController( 483): now old status is 5
08-28 06:23:48.729 E/SMD ( 104): DCD OFF
08-28 06:23:51.729 E/SMD ( 104): DCD OFF
08-28 06:23:54.729 E/SMD ( 104): DCD OFF
08-28 06:23:57.729 E/SMD ( 104): DCD OFF
08-28 06:24:00.729 E/SMD ( 104): DCD OFF
08-28 06:24:03.739 E/SMD ( 104): DCD OFF
08-28 06:24:03.799 D/Tethering( 276): interfaceLinkStateChanged wlan0, true
08-28 06:24:03.799 D/Tethering( 276): interfaceStatusChanged wlan0, true
08-28 06:24:04.999 W/SignalStrength( 276): getCdmaLevel=2
08-28 06:24:04.999 W/SignalStrength( 276): getEvdoLevel=0
08-28 06:24:04.999 W/SignalStrength( 276): getCdmaLevel=2
08-28 06:24:04.999 W/SignalStrength( 276): getLevel=2
08-28 06:24:04.999 W/SignalStrength( 483): getCdmaLevel=2
08-28 06:24:04.999 W/SignalStrength( 483): getEvdoLevel=0
08-28 06:24:04.999 W/SignalStrength( 483): getCdmaLevel=2
08-28 06:24:04.999 W/SignalStrength( 483): getLevel=2
08-28 06:24:06.169 D/SensorManager( 867): registerListener :: handle = 0 name= BOSCH 3-axis Accelerometer delay= 10000 Listener= kvn@4150de78
08-28 06:24:06.169 E/SensorManager( 867): thread start
08-28 06:24:06.169 E/SensorManager( 867): =======>>>Sensor Thread RUNNING <<<========
08-28 06:24:06.359 V/StatusBar.BatteryController( 483): status5batteryHealth 2
08-28 06:24:06.359 D/StatusBar.BatteryController( 483): mOldstatus5status 5
08-28 06:24:06.359 D/StatusBar.BatteryController( 483): now old status is 5
08-28 06:24:06.739 E/SMD ( 104): DCD OFF
08-28 06:24:06.859 I/SensorManager( 867): Set normal delay = true
08-28 06:24:06.939 D/SensorManager( 867): unregisterListener:: disable all sensors for this listener, name = BOSCH 3-axis Accelerometer listener = kvn@4150de78
08-28 06:24:09.739 E/SMD ( 104): DCD OFF
08-28 06:24:12.739 E/SMD ( 104): DCD OFF
08-28 06:24:15.739 E/SMD ( 104): DCD OFF
08-28 06:24:15.999 W/SignalStrength( 276): getCdmaLevel=1
08-28 06:24:15.999 W/SignalStrength( 276): getEvdoLevel=0
08-28 06:24:15.999 W/SignalStrength( 276): getCdmaLevel=1
08-28 06:24:15.999 W/SignalStrength( 276): getLevel=1
08-28 06:24:16.009 W/SignalStrength( 483): getCdmaLevel=1
08-28 06:24:16.009 W/SignalStrength( 483): getEvdoLevel=0
08-28 06:24:16.009 W/SignalStrength( 483): getCdmaLevel=1
08-28 06:24:16.009 W/SignalStrength( 483): getLevel=1
08-28 06:24:17.999 W/SignalStrength( 276): getCdmaLevel=2
08-28 06:24:17.999 W/SignalStrength( 276): getEvdoLevel=0
08-28 06:24:17.999 W/SignalStrength( 276): getCdmaLevel=2
08-28 06:24:17.999 W/SignalStrength( 276): getLevel=2
08-28 06:24:18.009 W/SignalStrength( 483): getCdmaLevel=2
08-28 06:24:18.009 W/SignalStrength( 483): getEvdoLevel=0
08-28 06:24:18.009 W/SignalStrength( 483): getCdmaLevel=2
08-28 06:24:18.009 W/SignalStrength( 483): getLevel=2
08-28 06:24:18.749 E/SMD ( 104): DCD OFF
08-28 06:24:21.749 E/SMD ( 104): DCD OFF
08-28 06:24:24.749 E/SMD ( 104): DCD OFF
