08-27 22:06:06.349 D/GpsLocationProvider( 276): startNavigating with Position Mode = 0
08-27 22:06:06.349 E/libsecgps( 276): gps_start:
08-27 22:06:06.399 V/GpsLocationProvider( 276): reportStatus status: 3
08-27 22:06:06.399 V/GpsLocationProvider( 276): reportStatus status: 1
08-27 22:06:10.319 E/GPSD ( 119): SecLBS_update_location:
08-27 22:06:10.319 D/GpsLocationProvider( 276): TTFF: 3971
08-27 22:06:10.329 D/GpsLocationProvider( 276): got fix, hibernating
08-27 22:06:10.329 D/GpsLocationProvider( 276): stopNavigating
08-27 22:06:10.329 E/libsecgps( 276): gps_stop:
08-27 22:06:10.359 V/GpsLocationProvider( 276): reportStatus status: 2
08-27 22:06:10.359 V/GpsLocationProvider( 276): reportStatus status: 4
08-27 22:06:10.399 D/MyGPSClockApp( 6043): +onLocationChanged
08-27 22:06:10.399 D/MyGPSClockApp( 6043): +getGPSDatetime
08-27 22:06:10.399 D/MyGPSClockApp( 6043): GPSTime: 1409209587000
08-27 22:06:10.399 D/MyGPSClockApp( 6043): GPS Current time: Thu Aug 28 03:06:27 EDT 2014
08-27 22:06:10.399 D/MyGPSClockApp( 6043): -getGPSDatetime
08-27 22:06:10.399 D/MyGPSClockApp( 6043): -onLocationChanged
08-27 22:06:10.449 V/GpsLocationProvider( 276): reportStatus status: 2
08-27 22:06:10.809 I/GCoreUlr( 867): Successfully inserted location
08-27 22:06:10.809 I/GCoreUlr( 867): Not calling LocationReportingService, hasMoved: false, elapsed millis: 1210094, request: Phone
08-27 22:06:18.839 E/WifiStateMachine( 276): set suspend optimizations failed!
08-27 22:06:19.299 E/WifiStateMachine( 276): set suspend optimizations failed!
08-27 22:06:28.859 D/Tethering( 276): interfaceLinkStateChanged wlan0, true
08-27 22:06:28.859 D/Tethering( 276): interfaceStatusChanged wlan0, true
08-27 22:09:08.919 E/WifiStateMachine( 276): set suspend optimizations failed!
08-27 22:09:08.949 D/SensorManager( 867): registerListener :: handle = 0 name= BOSCH 3-axis Accelerometer delay= 10000 Listener= kvn@414960c8
08-27 22:09:08.949 E/SensorManager( 867): thread start
08-27 22:09:08.949 E/SensorManager( 867): =======>>>Sensor Thread RUNNING <<<========
08-27 22:09:09.669 D/Tethering( 276): interfaceLinkStateChanged wlan0, true
08-27 22:09:09.669 D/Tethering( 276): interfaceStatusChanged wlan0, true
08-27 22:09:09.669 D/Tethering( 276): interfaceLinkStateChanged wlan0, true
08-27 22:09:09.669 D/Tethering( 276): interfaceStatusChanged wlan0, true
08-27 22:09:09.729 I/SensorManager( 867): Set normal delay = true
08-27 22:09:09.799 D/SensorManager( 867): unregisterListener:: disable all sensors for this listener, name = BOSCH 3-axis Accelerometer listener = kvn@414960c8
08-27 22:09:09.809 E/WifiStateMachine( 276): set suspend optimizations failed!
08-27 22:09:09.949 I/GCoreUlr( 867): Successfully inserted location
08-27 22:09:09.959 I/GCoreUlr( 867): Not calling LocationReportingService, hasMoved: false, elapsed millis: 1389235, request: Phone
08-27 22:10:29.329 D/Tethering( 276): interfaceLinkStateChanged wlan0, true
08-27 22:10:29.329 D/Tethering( 276): interfaceStatusChanged wlan0, true
08-27 22:12:07.959 D/SensorManager( 867): registerListener :: handle = 0 name= BOSCH 3-axis Accelerometer delay= 10000 Listener= kvn@41398b68
08-27 22:12:07.959 E/SensorManager( 867): thread start
08-27 22:12:07.959 E/SensorManager( 867): =======>>>Sensor Thread RUNNING <<<========
08-27 22:12:08.659 I/SensorManager( 867): Set normal delay = true
08-27 22:12:08.739 D/SensorManager( 867): unregisterListener:: disable all sensors for this listener, name = BOSCH 3-axis Accelerometer listener = kvn@41398b68
08-27 22:12:19.189 I/EventLogService( 737): Aggregate from 1409190139084 (log), 1409190139084 (data)
08-27 22:12:23.879 D/Tethering( 276): interfaceLinkStateChanged wlan0, true
08-27 22:12:23.879 D/Tethering( 276): interfaceStatusChanged wlan0, true
08-27 22:12:30.289 D/Tethering( 276): interfaceLinkStateChanged wlan0, true
08-27 22:12:30.289 D/Tethering( 276): interfaceStatusChanged wlan0, true
08-27 22:12:46.949 D/Tethering( 276): interfaceLinkStateChanged wlan0, true
08-27 22:12:46.949 D/Tethering( 276): interfaceStatusChanged wlan0, true
08-27 22:12:54.839 D/GCM ( 588): Ignoring attempt to send heartbeat on dead connection.
08-27 22:13:00.029 D/Tethering( 276): interfaceLinkStateChanged wlan0, true
08-27 22:13:00.029 D/Tethering( 276): interfaceStatusChanged wlan0, true
08-27 22:13:05.169 D/Tethering( 276): interfaceLinkStateChanged wlan0, true
08-27 22:13:05.169 D/Tethering( 276): interfaceStatusChanged wlan0, true
08-27 22:13:20.309 D/Tethering( 276): interfaceLinkStateChanged wlan0, true
08-27 22:13:20.309 D/Tethering( 276): interfaceStatusChanged wlan0, true
08-27 22:15:06.919 D/SensorManager( 867): registerListener :: handle = 0 name= BOSCH 3-axis Accelerometer delay= 10000 Listener= kvn@41435400
08-27 22:15:06.919 E/SensorManager( 867): thread start
08-27 22:15:06.919 E/SensorManager( 867): =======>>>Sensor Thread RUNNING <<<========
08-27 22:15:07.609 I/SensorManager( 867): Set normal delay = true
08-27 22:15:07.689 D/SensorManager( 867): unregisterListener:: disable all sensors for this listener, name = BOSCH 3-axis Accelerometer listener = kvn@41435400
08-27 22:15:07.719 I/GCoreUlr( 867): Received powerMode change from NLP: com.google.android.location.activity.LOW_POWER_MODE_ENABLED
08-27 22:15:07.719 I/GCoreUlr( 867): Starting service, intent=Intent { act=com.google.android.location.reporting.ACTION_UPDATE_ACTIVE_STATE cmp=xxxx }, extras=null
08-27 22:15:07.769 I/GCoreUlr( 867): Ensuring that reporting is active for [account#15#]
08-27 22:15:07.769 I/GCoreUlr( 867): Starting service, intent=Intent { act=com.google.android.location.reporting.ACTION_LOCATION_STATUS cmp=xxxx (has extras) }, extras=Bundle[{status=LocationStatus[cell status: STATUS_SUCCESSFUL, wifi status: STATUS_SUCCESSFUL, elapsed realtime ns: 19183643000000]}]
08-27 22:16:10.339 D/GpsLocationProvider( 276): ALARM_WAKEUP
08-27 22:16:10.339 D/GpsLocationProvider( 276): startNavigating
08-27 22:16:10.339 D/GpsLocationProvider( 276): GlobalConfig.GLOBALCONFIG_GPS_CDMA=true
08-27 22:16:10.339 D/GpsLocationProvider( 276): startNavigating with Position Mode = 0
08-27 22:16:10.339 E/libsecgps( 276): gps_start:
08-27 22:16:10.369 V/GpsLocationProvider( 276): reportStatus status: 3
08-27 22:16:10.369 V/GpsLocationProvider( 276): reportStatus status: 1
08-27 22:16:13.309 E/GPSD ( 119): SecLBS_update_location:
08-27 22:16:13.309 D/GpsLocationProvider( 276): TTFF: 2976
08-27 22:16:13.319 D/GpsLocationProvider( 276): got fix, hibernating
08-27 22:16:13.319 D/GpsLocationProvider( 276): stopNavigating
08-27 22:16:13.319 E/libsecgps( 276): gps_stop:
08-27 22:16:13.349 V/GpsLocationProvider( 276): reportStatus status: 2
08-27 22:16:13.349 V/GpsLocationProvider( 276): reportStatus status: 4
08-27 22:16:13.409 D/MyGPSClockApp( 6043): +onLocationChanged
08-27 22:16:13.409 D/MyGPSClockApp( 6043): +getGPSDatetime
08-27 22:16:13.409 D/MyGPSClockApp( 6043): GPSTime: 1409210190000
08-27 22:16:13.409 D/MyGPSClockApp( 6043): GPS Current time: Thu Aug 28 03:16:30 EDT 2014
08-27 22:16:13.409 D/MyGPSClockApp( 6043): -getGPSDatetime
08-27 22:16:13.409 D/MyGPSClockApp( 6043): -onLocationChanged
08-27 22:16:13.439 V/GpsLocationProvider( 276): reportStatus status: 2
08-27 22:16:13.719 I/GCoreUlr( 867): Successfully inserted location
08-27 22:16:13.719 I/GCoreUlr( 867): Not calling LocationReportingService, hasMoved: false, elapsed millis: 1813004, request: Phone
08-27 22:18:05.869 D/SensorManager( 867): registerListener :: handle = 0 name= BOSCH 3-axis Accelerometer delay= 10000 Listener= kvn@413a9390
08-27 22:18:05.869 E/SensorManager( 867): thread start
08-27 22:18:05.869 E/SensorManager( 867): =======>>>Sensor Thread RUNNING <<<========
08-27 22:18:06.559 I/SensorManager( 867): Set normal delay = true
08-27 22:18:06.639 D/SensorManager( 867): unregisterListener:: disable all sensors for this listener, name = BOSCH 3-axis Accelerometer listener = kvn@413a9390
08-27 22:21:04.809 D/SensorManager( 867): registerListener :: handle = 0 name= BOSCH 3-axis Accelerometer delay= 10000 Listener= kvn@413646b8
08-27 22:21:04.809 E/SensorManager( 867): thread start
08-27 22:21:04.809 E/SensorManager( 867): =======>>>Sensor Thread RUNNING <<<========
08-27 22:21:05.529 I/SensorManager( 867): Set normal delay = true
08-27 22:21:05.609 D/SensorManager( 867): unregisterListener:: disable all sensors for this listener, name = BOSCH 3-axis Accelerometer listener = kvn@413646b8
08-27 22:24:03.789 D/SensorManager( 867): registerListener :: handle = 0 name= BOSCH 3-axis Accelerometer delay= 10000 Listener= kvn@414e5868
08-27 22:24:03.799 E/SensorManager( 867): thread start
08-27 22:24:03.799 E/SensorManager( 867): =======>>>Sensor Thread RUNNING <<<========
08-27 22:24:04.489 I/SensorManager( 867): Set normal delay = true
08-27 22:24:04.579 D/SensorManager( 867): unregisterListener:: disable all sensors for this listener, name = BOSCH 3-axis Accelerometer listener = kvn@414e5868
08-27 22:24:10.979 E/WifiStateMachine( 276): set suspend optimizations failed!
08-27 22:24:11.579 E/WifiStateMachine( 276): set suspend optimizations failed!
08-27 22:24:21.099 D/Tethering( 276): interfaceLinkStateChanged wlan0, true
08-27 22:24:21.099 D/Tethering( 276): interfaceStatusChanged wlan0, true
08-27 22:26:13.329 D/GpsLocationProvider( 276): ALARM_WAKEUP
08-27 22:26:13.329 D/GpsLocationProvider( 276): startNavigating
08-27 22:26:13.329 D/GpsLocationProvider( 276): GlobalConfig.GLOBALCONFIG_GPS_CDMA=true
08-27 22:26:13.329 D/GpsLocationProvider( 276): startNavigating with Position Mode = 0
08-27 22:26:13.329 E/libsecgps( 276): gps_start:
08-27 22:26:13.359 V/GpsLocationProvider( 276): reportStatus status: 3
08-27 22:26:13.359 V/GpsLocationProvider( 276): reportStatus status: 1
08-27 22:26:15.309 E/GPSD ( 119): SecLBS_update_location:
08-27 22:26:15.309 D/GpsLocationProvider( 276): TTFF: 1981
08-27 22:26:15.309 D/GpsLocationProvider( 276): got fix, hibernating
08-27 22:26:15.309 D/GpsLocationProvider( 276): stopNavigating
08-27 22:26:15.309 E/libsecgps( 276): gps_stop:
08-27 22:26:15.339 V/GpsLocationProvider( 276): reportStatus status: 2
08-27 22:26:15.349 V/GpsLocationProvider( 276): reportStatus status: 4
08-27 22:26:15.389 D/MyGPSClockApp( 6043): +onLocationChanged
08-27 22:26:15.389 D/MyGPSClockApp( 6043): +getGPSDatetime
08-27 22:26:15.389 D/MyGPSClockApp( 6043): GPSTime: 1409210792000
08-27 22:26:15.389 D/MyGPSClockApp( 6043): GPS Current time: Thu Aug 28 03:26:32 EDT 2014
08-27 22:26:15.389 D/MyGPSClockApp( 6043): -getGPSDatetime
08-27 22:26:15.389 D/MyGPSClockApp( 6043): -onLocationChanged
08-27 22:26:15.439 V/GpsLocationProvider( 276): reportStatus status: 2
08-27 22:26:15.689 I/GCoreUlr( 867): Successfully inserted location
08-27 22:26:15.699 I/GCoreUlr( 867): Not calling LocationReportingService, hasMoved: false, elapsed millis: 2414975, request: Phone
08-27 22:27:08.929 E/WifiStateMachine( 276): set suspend optimizations failed!
08-27 22:27:08.959 D/SensorManager( 867): registerListener :: handle = 0 name= BOSCH 3-axis Accelerometer delay= 10000 Listener= kvn@412a08e8
08-27 22:27:08.969 E/SensorManager( 867): thread start
08-27 22:27:08.969 E/SensorManager( 867): =======>>>Sensor Thread RUNNING <<<========
08-27 22:27:09.659 I/SensorManager( 867): Set normal delay = true
08-27 22:27:09.679 D/Tethering( 276): interfaceLinkStateChanged wlan0, true
08-27 22:27:09.679 D/Tethering( 276): interfaceStatusChanged wlan0, true
08-27 22:27:09.679 D/Tethering( 276): interfaceLinkStateChanged wlan0, true
08-27 22:27:09.679 D/Tethering( 276): interfaceStatusChanged wlan0, true
08-27 22:27:09.739 D/SensorManager( 867): unregisterListener:: disable all sensors for this listener, name = BOSCH 3-axis Accelerometer listener = kvn@412a08e8
08-27 22:27:09.809 E/WifiStateMachine( 276): set suspend optimizations failed!
08-27 22:27:09.819 I/GCoreUlr( 867): Received powerMode change from NLP: com.google.android.location.activity.LOW_POWER_MODE_ENABLED
08-27 22:27:09.819 I/GCoreUlr( 867): Starting service, intent=Intent { act=com.google.android.location.reporting.ACTION_UPDATE_ACTIVE_STATE cmp=xxxx }, extras=null
08-27 22:27:09.959 I/GCoreUlr( 867): Successfully inserted location
08-27 22:27:09.959 I/GCoreUlr( 867): Not calling LocationReportingService, hasMoved: false, elapsed millis: 2469241, request: Phone
08-27 22:27:10.009 I/GCoreUlr( 867): Ensuring that reporting is active for [account#15#]
08-27 22:27:10.009 I/GCoreUlr( 867): Starting service, intent=Intent { act=com.google.android.location.reporting.ACTION_LOCATION_STATUS cmp=xxxx (has extras) }, extras=Bundle[{status=LocationStatus[cell status: STATUS_SUCCESSFUL, wifi status: STATUS_SUCCESSFUL, elapsed realtime ns: 19183643000000]}]
08-27 22:27:55.159 D/GCM ( 588): Ignoring attempt to send heartbeat on dead connection.
08-27 22:28:00.179 D/Tethering( 276): interfaceLinkStateChanged wlan0, true
08-27 22:28:00.179 D/Tethering( 276): interfaceStatusChanged wlan0, true
08-27 22:28:05.259 D/Tethering( 276): interfaceLinkStateChanged wlan0, true
08-27 22:28:05.259 D/Tethering( 276): interfaceStatusChanged wlan0, true
08-27 22:28:16.659 D/Tethering( 276): interfaceLinkStateChanged wlan0, true
08-27 22:28:16.659 D/Tethering( 276): interfaceStatusChanged wlan0, true
08-27 22:30:07.969 D/SensorManager( 867): registerListener :: handle = 0 name= BOSCH 3-axis Accelerometer delay= 10000 Listener= kvn@4151e788
08-27 22:30:07.969 E/SensorManager( 867): thread start
08-27 22:30:07.969 E/SensorManager( 867): =======>>>Sensor Thread RUNNING <<<========
08-27 22:30:08.659 I/SensorManager( 867): Set normal delay = true
08-27 22:30:08.739 D/SensorManager( 867): unregisterListener:: disable all sensors for this listener, name = BOSCH 3-axis Accelerometer listener = kvn@4151e788
08-27 22:32:28.459 D/Tethering( 276): interfaceLinkStateChanged wlan0, true
08-27 22:32:28.459 D/Tethering( 276): interfaceStatusChanged wlan0, true
08-27 22:33:06.919 D/SensorManager( 867): registerListener :: handle = 0 name= BOSCH 3-axis Accelerometer delay= 10000 Listener= kvn@413cd928
08-27 22:33:06.919 E/SensorManager( 867): thread start
08-27 22:33:06.919 E/SensorManager( 867): =======>>>Sensor Thread RUNNING <<<========
08-27 22:33:07.619 I/SensorManager( 867): Set normal delay = true
08-27 22:33:07.699 D/SensorManager( 867): unregisterListener:: disable all sensors for this listener, name = BOSCH 3-axis Accelerometer listener = kvn@413cd928
08-27 22:36:05.869 D/SensorManager( 867): registerListener :: handle = 0 name= BOSCH 3-axis Accelerometer delay= 10000 Listener= kvn@4152b798
08-27 22:36:05.869 E/SensorManager( 867): thread start
08-27 22:36:05.869 E/SensorManager( 867): =======>>>Sensor Thread RUNNING <<<========
08-27 22:36:06.579 I/SensorManager( 867): Set normal delay = true
08-27 22:36:06.659 D/SensorManager( 867): unregisterListener:: disable all sensors for this listener, name = BOSCH 3-axis Accelerometer listener = kvn@4152b798
08-27 22:36:15.309 D/GpsLocationProvider( 276): ALARM_WAKEUP
08-27 22:36:15.309 D/GpsLocationProvider( 276): startNavigating
08-27 22:36:15.309 D/GpsLocationProvider( 276): GlobalConfig.GLOBALCONFIG_GPS_CDMA=true
08-27 22:36:15.309 D/GpsLocationProvider( 276): startNavigating with Position Mode = 0
08-27 22:36:15.309 E/libsecgps( 276): gps_start:
08-27 22:36:15.349 V/GpsLocationProvider( 276): reportStatus status: 3
08-27 22:36:15.349 V/GpsLocationProvider( 276): reportStatus status: 1
08-27 22:36:18.299 E/GPSD ( 119): SecLBS_update_location:
08-27 22:36:18.299 D/GpsLocationProvider( 276): TTFF: 2991
08-27 22:36:18.309 D/GpsLocationProvider( 276): got fix, hibernating
08-27 22:36:18.309 D/GpsLocationProvider( 276): stopNavigating
08-27 22:36:18.309 E/libsecgps( 276): gps_stop:
08-27 22:36:18.339 V/GpsLocationProvider( 276): reportStatus status: 2
08-27 22:36:18.349 V/GpsLocationProvider( 276): reportStatus status: 4
08-27 22:36:18.439 V/GpsLocationProvider( 276): reportStatus status: 2
08-27 22:36:18.719 I/GCoreUlr( 867): Successfully inserted location
08-27 22:36:18.719 I/GCoreUlr( 867): Not calling LocationReportingService, hasMoved: false, elapsed millis: 3018001, request: Phone
08-27 22:36:33.659 D/Tethering( 276): interfaceLinkStateChanged wlan0, true
08-27 22:36:33.659 D/Tethering( 276): interfaceStatusChanged wlan0, true
08-27 22:36:40.069 D/Tethering( 276): interfaceLinkStateChanged wlan0, true
08-27 22:36:40.069 D/Tethering( 276): interfaceStatusChanged wlan0, true
08-27 22:36:56.749 D/Tethering( 276): interfaceLinkStateChanged wlan0, true
08-27 22:36:56.749 D/Tethering( 276): interfaceStatusChanged wlan0, true
08-27 22:37:30.149 D/Tethering( 276): interfaceLinkStateChanged wlan0, true
08-27 22:37:30.149 D/Tethering( 276): interfaceStatusChanged wlan0, true
08-27 22:37:35.159 D/Tethering( 276): interfaceLinkStateChanged wlan0, true
08-27 22:37:35.159 D/Tethering( 276): interfaceStatusChanged wlan0, true
08-27 22:39:04.839 D/SensorManager( 867): registerListener :: handle = 0 name= BOSCH 3-axis Accelerometer delay= 10000 Listener= kvn@413d7c88
08-27 22:39:04.839 E/SensorManager( 867): thread start
08-27 22:39:04.839 E/SensorManager( 867): =======>>>Sensor Thread RUNNING <<<========
08-27 22:39:05.539 I/SensorManager( 867): Set normal delay = true
08-27 22:39:05.619 D/SensorManager( 867): unregisterListener:: disable all sensors for this listener, name = BOSCH 3-axis Accelerometer listener = kvn@413d7c88
08-27 22:39:05.649 I/GCoreUlr( 867): Received powerMode change from NLP: com.google.android.location.activity.LOW_POWER_MODE_ENABLED
08-27 22:39:05.649 I/GCoreUlr( 867): Starting service, intent=Intent { act=com.google.android.location.reporting.ACTION_UPDATE_ACTIVE_STATE cmp=xxxx }, extras=null
08-27 22:39:05.699 I/GCoreUlr( 867): Ensuring that reporting is active for [account#15#]
08-27 22:39:05.699 I/GCoreUlr( 867): Starting service, intent=Intent { act=com.google.android.location.reporting.ACTION_LOCATION_STATUS cmp=xxxx (has extras) }, extras=Bundle[{status=LocationStatus[cell status: STATUS_SUCCESSFUL, wifi status: STATUS_SUCCESSFUL, elapsed realtime ns: 19183643000000]}]
08-27 22:42:03.949 D/SensorManager( 867): registerListener :: handle = 0 name= BOSCH 3-axis Accelerometer delay= 10000 Listener= kvn@413357a0
08-27 22:42:03.949 E/SensorManager( 867): thread start
08-27 22:42:03.949 E/SensorManager( 867): =======>>>Sensor Thread RUNNING <<<========
08-27 22:42:04.669 I/SensorManager( 867): Set normal delay = true
08-27 22:42:04.749 D/SensorManager( 867): unregisterListener:: disable all sensors for this listener, name = BOSCH 3-axis Accelerometer listener = kvn@413357a0
08-27 22:42:13.139 E/WifiStateMachine( 276): set suspend optimizations failed!
08-27 22:42:13.519 E/WifiStateMachine( 276): set suspend optimizations failed!
08-27 22:42:19.599 I/EventLogService( 737): Aggregate from 1409191939201 (log), 1409191939201 (data)
08-27 22:42:23.159 D/Tethering( 276): interfaceLinkStateChanged wlan0, true
08-27 22:42:23.159 D/Tethering( 276): interfaceStatusChanged wlan0, true
08-27 22:42:55.239 D/GCM ( 588): Ignoring attempt to send heartbeat on dead connection.
08-27 22:43:00.259 D/Tethering( 276): interfaceLinkStateChanged wlan0, true
08-27 22:43:00.259 D/Tethering( 276): interfaceStatusChanged wlan0, true
08-27 22:44:06.119 I/GCoreUlr( 867): WorldUpdater received intent Intent { act=com.google.android.location.reporting.ACTION_UPDATE_WORLD flg=0x4 cmp=xxxx (has extras) } with receiverAction null
08-27 22:44:06.199 D/SyncManager( 276): setSyncAutomatically: , provider com.google.android.location.reporting -> true
08-27 22:44:06.199 D/SyncManager( 276): setSyncAutomatically: already set to true, doing nothing
08-27 22:44:06.339 I/GCoreUlr( 867): Ensuring that reporting is active for [account#15#]
08-27 22:44:06.349 I/GCoreUlr( 867): Starting service, intent=Intent { act=com.google.android.location.reporting.ACTION_LOCATION_STATUS cmp=xxxx (has extras) }, extras=Bundle[{status=LocationStatus[cell status: STATUS_SUCCESSFUL, wifi status: STATUS_SUCCESSFUL, elapsed realtime ns: 19183643000000]}]
08-27 22:44:06.359 I/AdsMeasurementBroadcastReceiver( 737): Reporting settings might have changed, alerting AdsMeasurementService
08-27 22:44:06.359 D/AdsMeasurementBroadcastReceiver( 737): Unauthorized to start the main service
08-27 22:45:08.949 E/WifiStateMachine( 276): set suspend optimizations failed!
08-27 22:45:08.989 D/SensorManager( 867): registerListener :: handle = 0 name= BOSCH 3-axis Accelerometer delay= 10000 Listener= kvn@4115d1a8
08-27 22:45:08.989 E/SensorManager( 867): thread start
08-27 22:45:08.989 E/SensorManager( 867): =======>>>Sensor Thread RUNNING <<<========
08-27 22:45:09.679 I/SensorManager( 867): Set normal delay = true
08-27 22:45:09.719 D/Tethering( 276): interfaceLinkStateChanged wlan0, true
08-27 22:45:09.719 D/Tethering( 276): interfaceStatusChanged wlan0, true
08-27 22:45:09.719 D/Tethering( 276): interfaceLinkStateChanged wlan0, true
08-27 22:45:09.719 D/Tethering( 276): interfaceStatusChanged wlan0, true
08-27 22:45:09.779 D/SensorManager( 867): unregisterListener:: disable all sensors for this listener, name = BOSCH 3-axis Accelerometer listener = kvn@4115d1a8
08-27 22:45:09.999 E/WifiStateMachine( 276): set suspend optimizations failed!
08-27 22:45:10.129 I/GCoreUlr( 867): Successfully inserted location
08-27 22:45:10.129 I/GCoreUlr( 867): Not calling LocationReportingService, hasMoved: false, elapsed millis: 3549410, request: Phone
08-27 22:46:18.319 D/GpsLocationProvider( 276): ALARM_WAKEUP
08-27 22:46:18.319 D/GpsLocationProvider( 276): startNavigating
08-27 22:46:18.319 D/GpsLocationProvider( 276): GlobalConfig.GLOBALCONFIG_GPS_CDMA=true
08-27 22:46:18.319 D/GpsLocationProvider( 276): startNavigating with Position Mode = 0
08-27 22:46:18.319 E/libsecgps( 276): gps_start:
08-27 22:46:18.349 V/GpsLocationProvider( 276): reportStatus status: 3
08-27 22:46:18.359 V/GpsLocationProvider( 276): reportStatus status: 1
08-27 22:46:22.299 E/GPSD ( 119): SecLBS_update_location:
08-27 22:46:22.299 D/GpsLocationProvider( 276): TTFF: 3978
08-27 22:46:22.299 D/GpsLocationProvider( 276): got fix, hibernating
08-27 22:46:22.299 D/GpsLocationProvider( 276): stopNavigating
08-27 22:46:22.299 E/libsecgps( 276): gps_stop:
08-27 22:46:22.329 V/GpsLocationProvider( 276): reportStatus status: 2
08-27 22:46:22.339 V/GpsLocationProvider( 276): reportStatus status: 4
08-27 22:46:22.359 D/MyGPSClockApp( 6043): +onLocationChanged
08-27 22:46:22.359 D/MyGPSClockApp( 6043): +getGPSDatetime
08-27 22:46:22.359 D/MyGPSClockApp( 6043): GPSTime: 1409211999000
08-27 22:46:22.369 D/MyGPSClockApp( 6043): GPS Current time: Thu Aug 28 03:46:39 EDT 2014
08-27 22:46:22.369 D/MyGPSClockApp( 6043): -getGPSDatetime
08-27 22:46:22.369 D/MyGPSClockApp( 6043): -onLocationChanged
08-27 22:46:22.429 V/GpsLocationProvider( 276): reportStatus status: 2
08-27 22:46:22.659 I/GCoreUlr( 867): Successfully inserted location
08-27 22:46:22.779 I/GCoreUlr( 867): Starting service, intent=Intent { cmp=xxxx }, extras=null
08-27 22:46:22.999 W/GLSUser ( 588): GoogleAccountDataService.getToken()
08-27 22:46:23.059 W/NetworkManagementSocketTagger( 867): untagSocket(55) failed with errno -22
08-27 22:46:23.059 I/mbh ( 867): I/O exception (org.apache.http.NoHttpResponseException) caught when processing request: The target server failed to respond
08-27 22:46:23.059 I/mbh ( 867): Retrying request
08-27 22:46:23.519 I/GCoreUlr( 867): Starting service, intent=Intent { act=com.google.android.location.reporting.ACTION_UPDATE_ACTIVE_STATE cmp=xxxx }, extras=null
08-27 22:46:23.529 I/AdsMeasurementBroadcastReceiver( 737): Reporting settings might have changed, alerting AdsMeasurementService
08-27 22:46:23.529 D/AdsMeasurementBroadcastReceiver( 737): Unauthorized to start the main service
08-27 22:46:23.539 I/GCoreUlr( 867): Batch Location Update succeeded for account account#15#
08-27 22:46:23.569 E/SqliteDatabaseCpp( 867): sqlite3_exec - Failed to set synchronous mode = 1(Normal)
08-27 22:46:23.659 I/GCoreUlr( 867): Ensuring that reporting is active for [account#15#]
08-27 22:46:23.669 I/GCoreUlr( 867): Starting service, intent=Intent { act=com.google.android.location.reporting.ACTION_LOCATION_STATUS cmp=xxxx (has extras) }, extras=Bundle[{status=LocationStatus[cell status: STATUS_SUCCESSFUL, wifi status: STATUS_SUCCESSFUL, elapsed realtime ns: 19183643000000]}]
08-27 22:46:38.619 D/Tethering( 276): interfaceLinkStateChanged wlan0, true
08-27 22:46:38.619 D/Tethering( 276): interfaceStatusChanged wlan0, true
08-27 22:46:44.189 D/Tethering( 276): interfaceLinkStateChanged wlan0, true
08-27 22:46:44.189 D/Tethering( 276): interfaceStatusChanged wlan0, true
08-27 22:47:00.869 D/Tethering( 276): interfaceLinkStateChanged wlan0, true
08-27 22:47:00.869 D/Tethering( 276): interfaceStatusChanged wlan0, true
08-27 22:47:05.879 D/Tethering( 276): interfaceLinkStateChanged wlan0, true
08-27 22:47:05.879 D/Tethering( 276): interfaceStatusChanged wlan0, true
08-27 22:47:34.229 D/Tethering( 276): interfaceLinkStateChanged wlan0, true
08-27 22:47:34.229 D/Tethering( 276): interfaceStatusChanged wlan0, true
08-27 22:47:39.239 D/Tethering( 276): interfaceLinkStateChanged wlan0, true
08-27 22:47:39.239 D/Tethering( 276): interfaceStatusChanged wlan0, true
08-27 22:48:08.149 D/SensorManager( 867): registerListener :: handle = 0 name= BOSCH 3-axis Accelerometer delay= 10000 Listener= kvn@411de970
08-27 22:48:08.149 E/SensorManager( 867): thread start
08-27 22:48:08.149 E/SensorManager( 867): =======>>>Sensor Thread RUNNING <<<========
08-27 22:48:08.849 I/SensorManager( 867): Set normal delay = true
08-27 22:48:08.929 D/SensorManager( 867): unregisterListener:: disable all sensors for this listener, name = BOSCH 3-axis Accelerometer listener = kvn@411de970
08-27 22:50:33.579 D/Tethering( 276): interfaceLinkStateChanged wlan0, true
08-27 22:50:33.579 D/Tethering( 276): interfaceStatusChanged wlan0, true
08-27 22:51:07.099 D/SensorManager( 867): registerListener :: handle = 0 name= BOSCH 3-axis Accelerometer delay= 10000 Listener= kvn@4143e2f8
08-27 22:51:07.099 E/SensorManager( 867): thread start
08-27 22:51:07.099 E/SensorManager( 867): =======>>>Sensor Thread RUNNING <<<========
08-27 22:51:07.789 I/SensorManager( 867): Set normal delay = true
08-27 22:51:07.869 D/SensorManager( 867): unregisterListener:: disable all sensors for this listener, name = BOSCH 3-axis Accelerometer listener = kvn@4143e2f8
08-27 22:51:07.899 I/GCoreUlr( 867): Received powerMode change from NLP: com.google.android.location.activity.LOW_POWER_MODE_ENABLED
08-27 22:51:07.899 I/GCoreUlr( 867): Starting service, intent=Intent { act=com.google.android.location.reporting.ACTION_UPDATE_ACTIVE_STATE cmp=xxxx }, extras=null
08-27 22:51:07.949 I/GCoreUlr( 867): Ensuring that reporting is active for [account#15#]
08-27 22:51:07.949 I/GCoreUlr( 867): Starting service, intent=Intent { act=com.google.android.location.reporting.ACTION_LOCATION_STATUS cmp=xxxx (has extras) }, extras=Bundle[{status=LocationStatus[cell status: STATUS_SUCCESSFUL, wifi status: STATUS_SUCCESSFUL, elapsed realtime ns: 19183643000000]}]
08-27 22:54:06.129 D/SensorManager( 867): registerListener :: handle = 0 name= BOSCH 3-axis Accelerometer delay= 10000 Listener= kvn@415485d0
08-27 22:54:06.129 E/SensorManager( 867): thread start
08-27 22:54:06.129 E/SensorManager( 867): =======>>>Sensor Thread RUNNING <<<========
08-27 22:54:06.929 I/SensorManager( 867): Set normal delay = true
08-27 22:54:07.009 D/SensorManager( 867): unregisterListener:: disable all sensors for this listener, name = BOSCH 3-axis Accelerometer listener = kvn@415485d0
08-27 22:56:22.299 D/GpsLocationProvider( 276): ALARM_WAKEUP
08-27 22:56:22.299 D/GpsLocationProvider( 276): startNavigating
08-27 22:56:22.299 D/GpsLocationProvider( 276): GlobalConfig.GLOBALCONFIG_GPS_CDMA=true
08-27 22:56:22.299 D/GpsLocationProvider( 276): startNavigating with Position Mode = 0
08-27 22:56:22.299 E/libsecgps( 276): gps_start:
08-27 22:56:22.339 V/GpsLocationProvider( 276): reportStatus status: 3
08-27 22:56:22.339 V/GpsLocationProvider( 276): reportStatus status: 1
08-27 22:56:28.289 E/GPSD ( 119): SecLBS_update_location:
08-27 22:56:28.289 D/GpsLocationProvider( 276): TTFF: 5988
08-27 22:56:28.289 D/GpsLocationProvider( 276): got fix, hibernating
08-27 22:56:28.289 D/GpsLocationProvider( 276): stopNavigating
08-27 22:56:28.289 E/libsecgps( 276): gps_stop:
08-27 22:56:28.329 V/GpsLocationProvider( 276): reportStatus status: 2
08-27 22:56:28.339 V/GpsLocationProvider( 276): reportStatus status: 4
08-27 22:56:28.379 D/MyGPSClockApp( 6043): +onLocationChanged
08-27 22:56:28.379 D/MyGPSClockApp( 6043): +getGPSDatetime
08-27 22:56:28.379 D/MyGPSClockApp( 6043): GPSTime: 1409212605000
08-27 22:56:28.379 D/MyGPSClockApp( 6043): GPS Current time: Thu Aug 28 03:56:45 EDT 2014
08-27 22:56:28.379 D/MyGPSClockApp( 6043): -getGPSDatetime
08-27 22:56:28.379 D/MyGPSClockApp( 6043): -onLocationChanged
08-27 22:56:28.429 V/GpsLocationProvider( 276): reportStatus status: 2
08-27 22:56:28.689 I/GCoreUlr( 867): Successfully inserted location
08-27 22:56:28.699 I/GCoreUlr( 867): Not calling LocationReportingService, hasMoved: false, elapsed millis: 606034, request: Phone
08-27 22:57:05.179 D/SensorManager( 867): registerListener :: handle = 0 name= BOSCH 3-axis Accelerometer delay= 10000 Listener= kvn@4132f610
08-27 22:57:05.179 E/SensorManager( 867): thread start
08-27 22:57:05.179 E/SensorManager( 867): =======>>>Sensor Thread RUNNING <<<========
08-27 22:57:05.869 I/SensorManager( 867): Set normal delay = true
08-27 22:57:05.949 D/SensorManager( 867): unregisterListener:: disable all sensors for this listener, name = BOSCH 3-axis Accelerometer listener = kvn@4132f610
08-27 22:57:55.349 D/GCM ( 588): Ignoring attempt to send heartbeat on dead connection.
08-27 22:58:00.369 D/Tethering( 276): interfaceLinkStateChanged wlan0, true
08-27 22:58:00.369 D/Tethering( 276): interfaceStatusChanged wlan0, true
08-27 22:58:05.449 D/Tethering( 276): interfaceLinkStateChanged wlan0, true
08-27 22:58:05.449 D/Tethering( 276): interfaceStatusChanged wlan0, true
08-27 23:00:04.119 D/SensorManager( 867): registerListener :: handle = 0 name= BOSCH 3-axis Accelerometer delay= 10000 Listener= kvn@412ca8c0
08-27 23:00:04.119 E/SensorManager( 867): thread start
08-27 23:00:04.119 E/SensorManager( 867): =======>>>Sensor Thread RUNNING <<<========
08-27 23:00:04.819 I/SensorManager( 867): Set normal delay = true
08-27 23:00:04.899 D/SensorManager( 867): unregisterListener:: disable all sensors for this listener, name = BOSCH 3-axis Accelerometer listener = kvn@412ca8c0
08-27 23:00:22.299 E/WifiStateMachine( 276): set suspend optimizations failed!
08-27 23:00:22.759 E/WifiStateMachine( 276): set suspend optimizations failed!
08-27 23:00:32.319 D/Tethering( 276): interfaceLinkStateChanged wlan0, true
08-27 23:00:32.319 D/Tethering( 276): interfaceStatusChanged wlan0, true
08-27 23:02:28.459 D/Tethering( 276): interfaceLinkStateChanged wlan0, true
08-27 23:02:28.459 D/Tethering( 276): interfaceStatusChanged wlan0, true
08-27 23:03:08.989 E/WifiStateMachine( 276): set suspend optimizations failed!
08-27 23:03:09.009 D/SensorManager( 867): registerListener :: handle = 0 name= BOSCH 3-axis Accelerometer delay= 10000 Listener= kvn@412938c0
08-27 23:03:09.009 E/SensorManager( 867): thread start
08-27 23:03:09.009 E/SensorManager( 867): =======>>>Sensor Thread RUNNING <<<========
08-27 23:03:09.729 D/Tethering( 276): interfaceLinkStateChanged wlan0, true
08-27 23:03:09.729 D/Tethering( 276): interfaceStatusChanged wlan0, true
08-27 23:03:09.729 D/Tethering( 276): interfaceLinkStateChanged wlan0, true
08-27 23:03:09.729 D/Tethering( 276): interfaceStatusChanged wlan0, true
08-27 23:03:09.819 I/SensorManager( 867): Set normal delay = true
08-27 23:03:09.929 D/SensorManager( 867): unregisterListener:: disable all sensors for this listener, name = BOSCH 3-axis Accelerometer listener = kvn@412938c0
08-27 23:03:10.019 E/WifiStateMachine( 276): set suspend optimizations failed!
08-27 23:03:10.049 I/GCoreUlr( 867): Received powerMode change from NLP: com.google.android.location.activity.LOW_POWER_MODE_ENABLED
08-27 23:03:10.049 I/GCoreUlr( 867): Starting service, intent=Intent { act=com.google.android.location.reporting.ACTION_UPDATE_ACTIVE_STATE cmp=xxxx }, extras=null
08-27 23:03:10.169 I/GCoreUlr( 867): Successfully inserted location
08-27 23:03:10.169 I/GCoreUlr( 867): Not calling LocationReportingService, hasMoved: false, elapsed millis: 1007510, request: Phone
08-27 23:03:10.209 I/GCoreUlr( 867): Ensuring that reporting is active for [account#15#]
08-27 23:03:10.219 I/GCoreUlr( 867): Starting service, intent=Intent { act=com.google.android.location.reporting.ACTION_LOCATION_STATUS cmp=xxxx (has extras) }, extras=Bundle[{status=LocationStatus[cell status: STATUS_SUCCESSFUL, wifi status: STATUS_SUCCESSFUL, elapsed realtime ns: 19183643000000]}]
08-27 23:04:32.849 D/Tethering( 276): interfaceLinkStateChanged wlan0, true
08-27 23:04:32.849 D/Tethering( 276): interfaceStatusChanged wlan0, true
08-27 23:06:08.189 D/SensorManager( 867): registerListener :: handle = 0 name= BOSCH 3-axis Accelerometer delay= 10000 Listener= kvn@41231800
08-27 23:06:08.189 E/SensorManager( 867): thread start
08-27 23:06:08.189 E/SensorManager( 867): =======>>>Sensor Thread RUNNING <<<========
08-27 23:06:08.989 I/SensorManager( 867): Set normal delay = true
08-27 23:06:09.069 D/SensorManager( 867): unregisterListener:: disable all sensors for this listener, name = BOSCH 3-axis Accelerometer listener = kvn@41231800
08-27 23:06:28.299 D/GpsLocationProvider( 276): ALARM_WAKEUP
08-27 23:06:28.299 D/GpsLocationProvider( 276): startNavigating
08-27 23:06:28.299 D/GpsLocationProvider( 276): GlobalConfig.GLOBALCONFIG_GPS_CDMA=true
08-27 23:06:28.299 D/GpsLocationProvider( 276): startNavigating with Position Mode = 0
08-27 23:06:28.299 E/libsecgps( 276): gps_start:
08-27 23:06:28.329 V/GpsLocationProvider( 276): reportStatus status: 3
08-27 23:06:28.329 V/GpsLocationProvider( 276): reportStatus status: 1
08-27 23:06:32.289 E/GPSD ( 119): SecLBS_update_location:
08-27 23:06:32.289 D/GpsLocationProvider( 276): TTFF: 3991
08-27 23:06:32.309 D/GpsLocationProvider( 276): got fix, hibernating
08-27 23:06:32.309 D/GpsLocationProvider( 276): stopNavigating
08-27 23:06:32.309 E/libsecgps( 276): gps_stop:
08-27 23:06:32.329 V/GpsLocationProvider( 276): reportStatus status: 2
08-27 23:06:32.329 V/GpsLocationProvider( 276): reportStatus status: 4
08-27 23:06:32.389 D/MyGPSClockApp( 6043): +onLocationChanged
08-27 23:06:32.389 D/MyGPSClockApp( 6043): +getGPSDatetime
08-27 23:06:32.389 D/MyGPSClockApp( 6043): GPSTime: 1409213209000
08-27 23:06:32.389 D/MyGPSClockApp( 6043): GPS Current time: Thu Aug 28 04:06:49 EDT 2014
08-27 23:06:32.389 D/MyGPSClockApp( 6043): -getGPSDatetime
08-27 23:06:32.399 D/MyGPSClockApp( 6043): -onLocationChanged
08-27 23:06:32.419 V/GpsLocationProvider( 276): reportStatus status: 2
08-27 23:06:32.659 I/GCoreUlr( 867): Successfully inserted location
08-27 23:06:32.659 I/GCoreUlr( 867): Not calling LocationReportingService, hasMoved: false, elapsed millis: 1210003, request: Phone
08-27 23:09:07.239 D/SensorManager( 867): registerListener :: handle = 0 name= BOSCH 3-axis Accelerometer delay= 10000 Listener= kvn@4118b9b0
08-27 23:09:07.239 E/SensorManager( 867): thread start
08-27 23:09:07.239 E/SensorManager( 867): =======>>>Sensor Thread RUNNING <<<========
08-27 23:09:07.959 I/SensorManager( 867): Set normal delay = true
08-27 23:09:08.039 D/SensorManager( 867): unregisterListener:: disable all sensors for this listener, name = BOSCH 3-axis Accelerometer listener = kvn@4118b9b0
08-27 23:12:06.209 D/SensorManager( 867): registerListener :: handle = 0 name= BOSCH 3-axis Accelerometer delay= 10000 Listener= kvn@411559a0
08-27 23:12:06.209 E/SensorManager( 867): thread start
08-27 23:12:06.209 E/SensorManager( 867): =======>>>Sensor Thread RUNNING <<<========
08-27 23:12:06.919 I/SensorManager( 867): Set normal delay = true
08-27 23:12:06.999 D/SensorManager( 867): unregisterListener:: disable all sensors for this listener, name = BOSCH 3-axis Accelerometer listener = kvn@411559a0
08-27 23:12:19.719 I/EventLogService( 737): Aggregate from 1409193739607 (log), 1409193739607 (data)
08-27 23:12:55.419 D/GCM ( 588): Ignoring attempt to send heartbeat on dead connection.
08-27 23:13:00.449 D/Tethering( 276): interfaceLinkStateChanged wlan0, true
08-27 23:13:00.449 D/Tethering( 276): interfaceStatusChanged wlan0, true
08-27 23:13:05.549 D/Tethering( 276): interfaceLinkStateChanged wlan0, true
08-27 23:13:05.549 D/Tethering( 276): interfaceStatusChanged wlan0, true
08-27 23:15:05.169 D/SensorManager( 867): registerListener :: handle = 0 name= BOSCH 3-axis Accelerometer delay= 10000 Listener= kvn@41122778
08-27 23:15:05.169 E/SensorManager( 867): thread start
08-27 23:15:05.169 E/SensorManager( 867): =======>>>Sensor Thread RUNNING <<<========
08-27 23:15:05.859 I/SensorManager( 867): Set normal delay = true
08-27 23:15:05.939 D/SensorManager( 867): unregisterListener:: disable all sensors for this listener, name = BOSCH 3-axis Accelerometer listener = kvn@41122778
08-27 23:15:05.969 I/GCoreUlr( 867): Received powerMode change from NLP: com.google.android.location.activity.LOW_POWER_MODE_ENABLED
08-27 23:15:05.969 I/GCoreUlr( 867): Starting service, intent=Intent { act=com.google.android.location.reporting.ACTION_UPDATE_ACTIVE_STATE cmp=xxxx }, extras=null
08-27 23:15:06.009 I/GCoreUlr( 867): Ensuring that reporting is active for [account#15#]
08-27 23:15:06.019 I/GCoreUlr( 867): Starting service, intent=Intent { act=com.google.android.location.reporting.ACTION_LOCATION_STATUS cmp=xxxx (has extras) }, extras=Bundle[{status=LocationStatus[cell status: STATUS_SUCCESSFUL, wifi status: STATUS_SUCCESSFUL, elapsed realtime ns: 19183643000000]}]
08-27 23:16:32.309 D/GpsLocationProvider( 276): ALARM_WAKEUP
08-27 23:16:32.309 D/GpsLocationProvider( 276): startNavigating
08-27 23:16:32.309 D/GpsLocationProvider( 276): GlobalConfig.GLOBALCONFIG_GPS_CDMA=true
08-27 23:16:32.309 D/GpsLocationProvider( 276): startNavigating with Position Mode = 0
08-27 23:16:32.309 E/libsecgps( 276): gps_start:
08-27 23:16:32.349 V/GpsLocationProvider( 276): reportStatus status: 3
08-27 23:16:32.359 V/GpsLocationProvider( 276): reportStatus status: 1
08-27 23:16:41.279 E/GPSD ( 119): SecLBS_update_location:
08-27 23:16:41.279 D/GpsLocationProvider( 276): TTFF: 8970
08-27 23:16:41.299 D/GpsLocationProvider( 276): got fix, hibernating
08-27 23:16:41.299 D/GpsLocationProvider( 276): stopNavigating
08-27 23:16:41.299 E/libsecgps( 276): gps_stop:
08-27 23:16:41.319 V/GpsLocationProvider( 276): reportStatus status: 2
08-27 23:16:41.319 V/GpsLocationProvider( 276): reportStatus status: 4
08-27 23:16:41.369 D/MyGPSClockApp( 6043): +onLocationChanged
08-27 23:16:41.369 D/MyGPSClockApp( 6043): +getGPSDatetime
08-27 23:16:41.369 D/MyGPSClockApp( 6043): GPSTime: 1409213818000
08-27 23:16:41.369 D/MyGPSClockApp( 6043): GPS Current time: Thu Aug 28 04:16:58 EDT 2014
08-27 23:16:41.369 D/MyGPSClockApp( 6043): -getGPSDatetime
08-27 23:16:41.369 D/MyGPSClockApp( 6043): -onLocationChanged
08-27 23:16:41.409 V/GpsLocationProvider( 276): reportStatus status: 2
08-27 23:16:41.659 I/GCoreUlr( 867): Successfully inserted location
08-27 23:16:41.659 I/GCoreUlr( 867): Not calling LocationReportingService, hasMoved: false, elapsed millis: 1818999, request: Phone
08-27 23:18:04.119 D/SensorManager( 867): registerListener :: handle = 0 name= BOSCH 3-axis Accelerometer delay= 10000 Listener= kvn@41416b68
08-27 23:18:04.119 E/SensorManager( 867): thread start
08-27 23:18:04.119 E/SensorManager( 867): =======>>>Sensor Thread RUNNING <<<========
08-27 23:18:04.809 I/SensorManager( 867): Set normal delay = true
08-27 23:18:04.889 D/SensorManager( 867): unregisterListener:: disable all sensors for this listener, name = BOSCH 3-axis Accelerometer listener = kvn@41416b68
08-27 23:18:24.449 D/Tethering( 276): interfaceLinkStateChanged wlan0, true
08-27 23:18:24.449 D/Tethering( 276): interfaceStatusChanged wlan0, true
08-27 23:18:24.459 E/WifiStateMachine( 276): set suspend optimizations failed!
08-27 23:18:24.949 E/WifiStateMachine( 276): set suspend optimizations failed!
08-27 23:18:39.499 D/Tethering( 276): interfaceLinkStateChanged wlan0, true
08-27 23:18:39.499 D/Tethering( 276): interfaceStatusChanged wlan0, true
08-27 23:19:05.669 D/Tethering( 276): interfaceLinkStateChanged wlan0, true
08-27 23:19:05.669 D/Tethering( 276): interfaceStatusChanged wlan0, true
08-27 23:19:10.679 D/Tethering( 276): interfaceLinkStateChanged wlan0, true
08-27 23:19:10.679 D/Tethering( 276): interfaceStatusChanged wlan0, true
08-27 23:21:09.009 E/WifiStateMachine( 276): set suspend optimizations failed!
08-27 23:21:09.049 D/SensorManager( 867): registerListener :: handle = 0 name= BOSCH 3-axis Accelerometer delay= 10000 Listener= kvn@411f7370
08-27 23:21:09.049 E/SensorManager( 867): thread start
08-27 23:21:09.049 E/SensorManager( 867): =======>>>Sensor Thread RUNNING <<<========
08-27 23:21:09.749 I/SensorManager( 867): Set normal delay = true
08-27 23:21:09.759 D/Tethering( 276): interfaceLinkStateChanged wlan0, true
08-27 23:21:09.759 D/Tethering( 276): interfaceStatusChanged wlan0, true
08-27 23:21:09.759 D/Tethering( 276): interfaceLinkStateChanged wlan0, true
08-27 23:21:09.759 D/Tethering( 276): interfaceStatusChanged wlan0, true
08-27 23:21:09.829 D/SensorManager( 867): unregisterListener:: disable all sensors for this listener, name = BOSCH 3-axis Accelerometer listener = kvn@411f7370
08-27 23:21:09.899 E/WifiStateMachine( 276): set suspend optimizations failed!
08-27 23:21:10.029 I/GCoreUlr( 867): Successfully inserted location
08-27 23:21:10.039 I/GCoreUlr( 867): Not calling LocationReportingService, hasMoved: false, elapsed millis: 2087375, request: Phone
08-27 23:22:35.009 D/Tethering( 276): interfaceLinkStateChanged wlan0, true
08-27 23:22:35.009 D/Tethering( 276): interfaceStatusChanged wlan0, true
08-27 23:24:08.049 D/SensorManager( 867): registerListener :: handle = 0 name= BOSCH 3-axis Accelerometer delay= 10000 Listener= kvn@41502240
08-27 23:24:08.049 E/SensorManager( 867): thread start
08-27 23:24:08.049 E/SensorManager( 867): =======>>>Sensor Thread RUNNING <<<========
08-27 23:24:08.739 I/SensorManager( 867): Set normal delay = true
08-27 23:24:08.819 D/SensorManager( 867): unregisterListener:: disable all sensors for this listener, name = BOSCH 3-axis Accelerometer listener = kvn@41502240
08-27 23:26:41.309 D/GpsLocationProvider( 276): ALARM_WAKEUP
08-27 23:26:41.309 D/GpsLocationProvider( 276): startNavigating
08-27 23:26:41.309 D/GpsLocationProvider( 276): GlobalConfig.GLOBALCONFIG_GPS_CDMA=true
08-27 23:26:41.309 D/GpsLocationProvider( 276): startNavigating with Position Mode = 0
08-27 23:26:41.309 E/libsecgps( 276): gps_start:
08-27 23:26:41.339 V/GpsLocationProvider( 276): reportStatus status: 3
08-27 23:26:41.349 V/GpsLocationProvider( 276): reportStatus status: 1
08-27 23:26:52.279 E/GPSD ( 119): SecLBS_update_location:
08-27 23:26:52.279 D/GpsLocationProvider( 276): TTFF: 10969
08-27 23:26:52.289 D/GpsLocationProvider( 276): got fix, hibernating
08-27 23:26:52.289 D/GpsLocationProvider( 276): stopNavigating
08-27 23:26:52.289 E/libsecgps( 276): gps_stop:
08-27 23:26:52.319 V/GpsLocationProvider( 276): reportStatus status: 2
08-27 23:26:52.319 V/GpsLocationProvider( 276): reportStatus status: 4
08-27 23:26:52.349 D/MyGPSClockApp( 6043): +onLocationChanged
08-27 23:26:52.349 D/MyGPSClockApp( 6043): +getGPSDatetime
08-27 23:26:52.349 D/MyGPSClockApp( 6043): GPSTime: 1409214429000
08-27 23:26:52.349 D/MyGPSClockApp( 6043): GPS Current time: Thu Aug 28 04:27:09 EDT 2014
08-27 23:26:52.349 D/MyGPSClockApp( 6043): -getGPSDatetime
08-27 23:26:52.349 D/MyGPSClockApp( 6043): -onLocationChanged
08-27 23:26:52.409 V/GpsLocationProvider( 276): reportStatus status: 2
08-27 23:26:52.619 I/GCoreUlr( 867): Successfully inserted location
08-27 23:26:52.619 I/GCoreUlr( 867): Not calling LocationReportingService, hasMoved: false, elapsed millis: 2429962, request: Phone
08-27 23:27:06.989 D/SensorManager( 867): registerListener :: handle = 0 name= BOSCH 3-axis Accelerometer delay= 10000 Listener= kvn@41470d90
08-27 23:27:06.989 E/SensorManager( 867): thread start
08-27 23:27:06.989 E/SensorManager( 867): =======>>>Sensor Thread RUNNING <<<========
08-27 23:27:07.719 I/SensorManager( 867): Set normal delay = true
08-27 23:27:07.799 D/SensorManager( 867): unregisterListener:: disable all sensors for this listener, name = BOSCH 3-axis Accelerometer listener = kvn@41470d90
08-27 23:27:07.829 I/GCoreUlr( 867): Received powerMode change from NLP: com.google.android.location.activity.LOW_POWER_MODE_ENABLED
08-27 23:27:07.829 I/GCoreUlr( 867): Starting service, intent=Intent { act=com.google.android.location.reporting.ACTION_UPDATE_ACTIVE_STATE cmp=xxxx }, extras=null
08-27 23:27:07.869 I/GCoreUlr( 867): Ensuring that reporting is active for [account#15#]
08-27 23:27:07.879 I/GCoreUlr( 867): Starting service, intent=Intent { act=com.google.android.location.reporting.ACTION_LOCATION_STATUS cmp=xxxx (has extras) }, extras=Bundle[{status=LocationStatus[cell status: STATUS_SUCCESSFUL, wifi status: STATUS_SUCCESSFUL, elapsed realtime ns: 19183643000000]}]
08-27 23:27:55.559 D/GCM ( 588): Ignoring attempt to send heartbeat on dead connection.
08-27 23:28:10.599 D/Tethering( 276): interfaceLinkStateChanged wlan0, true
08-27 23:28:10.599 D/Tethering( 276): interfaceStatusChanged wlan0, true
08-27 23:30:05.979 D/SensorManager( 867): registerListener :: handle = 0 name= BOSCH 3-axis Accelerometer delay= 10000 Listener= kvn@41341158
08-27 23:30:05.979 E/SensorManager( 867): thread start
08-27 23:30:05.979 E/SensorManager( 867): =======>>>Sensor Thread RUNNING <<<========
08-27 23:30:06.669 I/SensorManager( 867): Set normal delay = true
08-27 23:30:06.749 D/SensorManager( 867): unregisterListener:: disable all sensors for this listener, name = BOSCH 3-axis Accelerometer listener = kvn@41341158
08-27 23:32:28.459 D/Tethering( 276): interfaceLinkStateChanged wlan0, true
08-27 23:32:28.459 D/Tethering( 276): interfaceStatusChanged wlan0, true
08-27 23:33:05.049 D/SensorManager( 867): registerListener :: handle = 0 name= BOSCH 3-axis Accelerometer delay= 10000 Listener= kvn@41316418
08-27 23:33:05.049 E/SensorManager( 867): thread start
08-27 23:33:05.049 E/SensorManager( 867): =======>>>Sensor Thread RUNNING <<<========
08-27 23:33:05.849 I/SensorManager( 867): Set normal delay = true
08-27 23:33:05.929 D/SensorManager( 867): unregisterListener:: disable all sensors for this listener, name = BOSCH 3-axis Accelerometer listener = kvn@41316418
08-27 23:36:04.109 D/SensorManager( 867): registerListener :: handle = 0 name= BOSCH 3-axis Accelerometer delay= 10000 Listener= kvn@41159718
08-27 23:36:04.109 E/SensorManager( 867): thread start
08-27 23:36:04.109 E/SensorManager( 867): =======>>>Sensor Thread RUNNING <<<========
08-27 23:36:04.799 I/SensorManager( 867): Set normal delay = true
08-27 23:36:04.879 D/SensorManager( 867): unregisterListener:: disable all sensors for this listener, name = BOSCH 3-axis Accelerometer listener = kvn@41159718
08-27 23:36:10.839 E/WifiStateMachine( 276): set suspend optimizations failed!
08-27 23:36:11.179 E/WifiStateMachine( 276): set suspend optimizations failed!
08-27 23:36:20.859 D/Tethering( 276): interfaceLinkStateChanged wlan0, true
08-27 23:36:20.859 D/Tethering( 276): interfaceStatusChanged wlan0, true
08-27 23:36:52.299 D/GpsLocationProvider( 276): ALARM_WAKEUP
08-27 23:36:52.299 D/GpsLocationProvider( 276): startNavigating
08-27 23:36:52.299 D/GpsLocationProvider( 276): GlobalConfig.GLOBALCONFIG_GPS_CDMA=true
08-27 23:36:52.299 D/GpsLocationProvider( 276): startNavigating with Position Mode = 0
08-27 23:36:52.299 E/libsecgps( 276): gps_start:
08-27 23:36:52.339 V/GpsLocationProvider( 276): reportStatus status: 3
08-27 23:36:52.349 V/GpsLocationProvider( 276): reportStatus status: 1
08-27 23:36:57.269 E/GPSD ( 119): SecLBS_update_location:
08-27 23:36:57.269 D/GpsLocationProvider( 276): TTFF: 4971
08-27 23:36:57.289 D/GpsLocationProvider( 276): got fix, hibernating
08-27 23:36:57.289 D/GpsLocationProvider( 276): stopNavigating
08-27 23:36:57.289 E/libsecgps( 276): gps_stop:
08-27 23:36:57.329 V/GpsLocationProvider( 276): reportStatus status: 2
08-27 23:36:57.329 V/GpsLocationProvider( 276): reportStatus status: 4
08-27 23:36:57.359 D/MyGPSClockApp( 6043): +onLocationChanged
08-27 23:36:57.359 D/MyGPSClockApp( 6043): +getGPSDatetime
08-27 23:36:57.359 D/MyGPSClockApp( 6043): GPSTime: 1409215034000
08-27 23:36:57.359 D/MyGPSClockApp( 6043): GPS Current time: Thu Aug 28 04:37:14 EDT 2014
08-27 23:36:57.359 D/MyGPSClockApp( 6043): -getGPSDatetime
08-27 23:36:57.359 D/MyGPSClockApp( 6043): -onLocationChanged
08-27 23:36:57.419 V/GpsLocationProvider( 276): reportStatus status: 2
08-27 23:36:57.639 I/GCoreUlr( 867): Successfully inserted location
08-27 23:36:57.639 I/GCoreUlr( 867): Not calling LocationReportingService, hasMoved: false, elapsed millis: 3034980, request: Phone
08-27 23:39:09.029 E/WifiStateMachine( 276): set suspend optimizations failed!
08-27 23:39:09.059 D/SensorManager( 867): registerListener :: handle = 0 name= BOSCH 3-axis Accelerometer delay= 10000 Listener= kvn@414f9d10
08-27 23:39:09.059 E/SensorManager( 867): thread start
08-27 23:39:09.059 E/SensorManager( 867): =======>>>Sensor Thread RUNNING <<<========
08-27 23:39:09.749 I/SensorManager( 867): Set normal delay = true
08-27 23:39:09.779 D/Tethering( 276): interfaceLinkStateChanged wlan0, true
08-27 23:39:09.779 D/Tethering( 276): interfaceStatusChanged wlan0, true
08-27 23:39:09.779 D/Tethering( 276): interfaceLinkStateChanged wlan0, true
08-27 23:39:09.779 D/Tethering( 276): interfaceStatusChanged wlan0, true
