08-28 02:58:39.649 D/GpsLocationProvider( 276): got fix, hibernating
08-28 02:58:39.659 D/GpsLocationProvider( 276): stopNavigating
08-28 02:58:39.659 E/libsecgps( 276): gps_stop:
08-28 02:58:39.689 V/GpsLocationProvider( 276): reportStatus status: 2
08-28 02:58:39.689 V/GpsLocationProvider( 276): reportStatus status: 4
08-28 02:58:39.739 D/MyGPSClockApp( 6043): +onLocationChanged
08-28 02:58:39.739 D/MyGPSClockApp( 6043): +getGPSDatetime
08-28 02:58:39.739 D/MyGPSClockApp( 6043): GPSTime: 1409227137000
08-28 02:58:39.739 D/MyGPSClockApp( 6043): GPS Current time: Thu Aug 28 07:58:57 EDT 2014
08-28 02:58:39.739 D/MyGPSClockApp( 6043): -getGPSDatetime
08-28 02:58:39.739 D/MyGPSClockApp( 6043): -onLocationChanged
08-28 02:58:39.789 V/GpsLocationProvider( 276): reportStatus status: 2
08-28 02:58:39.999 I/GCoreUlr( 867): Successfully inserted location
08-28 02:58:40.009 I/GCoreUlr( 867): Not calling LocationReportingService, hasMoved: false, elapsed millis: 603880, request: Phone
08-28 02:59:26.559 V/StatusBar.BatteryController( 483): status5batteryHealth 2
08-28 02:59:26.559 D/StatusBar.BatteryController( 483): mOldstatus5status 5
08-28 02:59:26.559 D/StatusBar.BatteryController( 483): now old status is 5
08-28 02:59:36.569 V/StatusBar.BatteryController( 483): status5batteryHealth 2
08-28 02:59:36.569 D/StatusBar.BatteryController( 483): mOldstatus5status 5
08-28 02:59:36.569 D/StatusBar.BatteryController( 483): now old status is 5
08-28 02:59:56.619 V/StatusBar.BatteryController( 483): status5batteryHealth 2
08-28 02:59:56.619 D/StatusBar.BatteryController( 483): mOldstatus5status 5
08-28 02:59:56.619 D/StatusBar.BatteryController( 483): now old status is 5
08-28 03:00:06.629 V/StatusBar.BatteryController( 483): status5batteryHealth 2
08-28 03:00:06.629 D/StatusBar.BatteryController( 483): mOldstatus5status 5
08-28 03:00:06.629 D/StatusBar.BatteryController( 483): now old status is 5
08-28 03:00:07.899 D/SensorManager( 867): registerListener :: handle = 0 name= BOSCH 3-axis Accelerometer delay= 10000 Listener= kvn@4111c2e0
08-28 03:00:07.899 E/SensorManager( 867): thread start
08-28 03:00:07.899 E/SensorManager( 867): =======>>>Sensor Thread RUNNING <<<========
08-28 03:00:08.599 I/SensorManager( 867): Set normal delay = true
08-28 03:00:08.679 D/SensorManager( 867): unregisterListener:: disable all sensors for this listener, name = BOSCH 3-axis Accelerometer listener = kvn@4111c2e0
08-28 03:00:16.649 V/StatusBar.BatteryController( 483): status5batteryHealth 2
08-28 03:00:16.649 D/StatusBar.BatteryController( 483): mOldstatus5status 5
08-28 03:00:16.649 D/StatusBar.BatteryController( 483): now old status is 5
08-28 03:00:26.679 V/StatusBar.BatteryController( 483): status5batteryHealth 2
08-28 03:00:26.679 D/StatusBar.BatteryController( 483): mOldstatus5status 5
08-28 03:00:26.679 D/StatusBar.BatteryController( 483): now old status is 5
08-28 03:00:36.699 V/StatusBar.BatteryController( 483): status5batteryHealth 2
08-28 03:00:36.699 D/StatusBar.BatteryController( 483): mOldstatus5status 5
08-28 03:00:36.699 D/StatusBar.BatteryController( 483): now old status is 5
08-28 03:00:46.709 V/StatusBar.BatteryController( 483): status5batteryHealth 2
08-28 03:00:46.709 D/StatusBar.BatteryController( 483): mOldstatus5status 5
08-28 03:00:46.709 D/StatusBar.BatteryController( 483): now old status is 5
08-28 03:00:56.739 V/StatusBar.BatteryController( 483): status5batteryHealth 2
08-28 03:00:56.739 D/StatusBar.BatteryController( 483): mOldstatus5status 5
08-28 03:00:56.739 D/StatusBar.BatteryController( 483): now old status is 5
08-28 03:01:26.799 V/StatusBar.BatteryController( 483): status5batteryHealth 2
08-28 03:01:26.799 D/StatusBar.BatteryController( 483): mOldstatus5status 5
08-28 03:01:26.799 D/StatusBar.BatteryController( 483): now old status is 5
08-28 03:01:36.819 V/StatusBar.BatteryController( 483): status5batteryHealth 2
08-28 03:01:36.819 D/StatusBar.BatteryController( 483): mOldstatus5status 5
08-28 03:01:36.819 D/StatusBar.BatteryController( 483): now old status is 5
08-28 03:01:46.829 V/StatusBar.BatteryController( 483): status5batteryHealth 2
08-28 03:01:46.829 D/StatusBar.BatteryController( 483): mOldstatus5status 5
08-28 03:01:46.829 D/StatusBar.BatteryController( 483): now old status is 5
08-28 03:02:16.889 V/StatusBar.BatteryController( 483): status5batteryHealth 2
08-28 03:02:16.889 D/StatusBar.BatteryController( 483): mOldstatus5status 5
08-28 03:02:16.889 D/StatusBar.BatteryController( 483): now old status is 5
08-28 03:02:26.909 V/StatusBar.BatteryController( 483): status5batteryHealth 2
08-28 03:02:26.909 D/StatusBar.BatteryController( 483): mOldstatus5status 5
08-28 03:02:26.909 D/StatusBar.BatteryController( 483): now old status is 5
08-28 03:02:27.949 D/Tethering( 276): interfaceLinkStateChanged wlan0, true
08-28 03:02:27.949 D/Tethering( 276): interfaceStatusChanged wlan0, true
08-28 03:02:46.949 V/StatusBar.BatteryController( 483): status5batteryHealth 2
08-28 03:02:46.949 D/StatusBar.BatteryController( 483): mOldstatus5status 5
08-28 03:02:46.949 D/StatusBar.BatteryController( 483): now old status is 5
08-28 03:02:56.969 V/StatusBar.BatteryController( 483): status5batteryHealth 2
08-28 03:02:56.969 D/StatusBar.BatteryController( 483): mOldstatus5status 5
08-28 03:02:56.969 D/StatusBar.BatteryController( 483): now old status is 5
08-28 03:03:06.849 D/SensorManager( 867): registerListener :: handle = 0 name= BOSCH 3-axis Accelerometer delay= 10000 Listener= kvn@41152c60
08-28 03:03:06.849 E/SensorManager( 867): thread start
08-28 03:03:06.849 E/SensorManager( 867): =======>>>Sensor Thread RUNNING <<<========
08-28 03:03:06.999 V/StatusBar.BatteryController( 483): status5batteryHealth 2
08-28 03:03:06.999 D/StatusBar.BatteryController( 483): mOldstatus5status 5
08-28 03:03:06.999 D/StatusBar.BatteryController( 483): now old status is 5
08-28 03:03:07.569 I/SensorManager( 867): Set normal delay = true
08-28 03:03:07.649 D/SensorManager( 867): unregisterListener:: disable all sensors for this listener, name = BOSCH 3-axis Accelerometer listener = kvn@41152c60
08-28 03:03:07.679 I/GCoreUlr( 867): Received powerMode change from NLP: com.google.android.location.activity.LOW_POWER_MODE_ENABLED
08-28 03:03:07.679 I/GCoreUlr( 867): Starting service, intent=Intent { act=com.google.android.location.reporting.ACTION_UPDATE_ACTIVE_STATE cmp=xxxx }, extras=null
08-28 03:03:07.729 I/GCoreUlr( 867): Ensuring that reporting is active for [account#15#]
08-28 03:03:07.729 I/GCoreUlr( 867): Starting service, intent=Intent { act=com.google.android.location.reporting.ACTION_LOCATION_STATUS cmp=xxxx (has extras) }, extras=Bundle[{status=LocationStatus[cell status: STATUS_SUCCESSFUL, wifi status: STATUS_SUCCESSFUL, elapsed realtime ns: 19183643000000]}]
08-28 03:03:27.029 V/StatusBar.BatteryController( 483): status5batteryHealth 2
08-28 03:03:27.029 D/StatusBar.BatteryController( 483): mOldstatus5status 5
08-28 03:03:27.029 D/StatusBar.BatteryController( 483): now old status is 5
08-28 03:03:47.079 V/StatusBar.BatteryController( 483): status5batteryHealth 2
08-28 03:03:47.079 D/StatusBar.BatteryController( 483): mOldstatus5status 5
08-28 03:03:47.079 D/StatusBar.BatteryController( 483): now old status is 5
08-28 03:03:57.089 V/StatusBar.BatteryController( 483): status5batteryHealth 2
08-28 03:03:57.089 D/StatusBar.BatteryController( 483): mOldstatus5status 5
08-28 03:03:57.089 D/StatusBar.BatteryController( 483): now old status is 5
08-28 03:04:07.109 V/StatusBar.BatteryController( 483): status5batteryHealth 2
08-28 03:04:07.109 D/StatusBar.BatteryController( 483): mOldstatus5status 5
08-28 03:04:07.109 D/StatusBar.BatteryController( 483): now old status is 5
08-28 03:04:17.129 V/StatusBar.BatteryController( 483): status5batteryHealth 2
08-28 03:04:17.129 D/StatusBar.BatteryController( 483): mOldstatus5status 5
08-28 03:04:17.129 D/StatusBar.BatteryController( 483): now old status is 5
08-28 03:04:27.149 V/StatusBar.BatteryController( 483): status5batteryHealth 2
08-28 03:04:27.149 D/StatusBar.BatteryController( 483): mOldstatus5status 5
08-28 03:04:27.149 D/StatusBar.BatteryController( 483): now old status is 5
08-28 03:04:37.169 V/StatusBar.BatteryController( 483): status5batteryHealth 2
08-28 03:04:37.169 D/StatusBar.BatteryController( 483): mOldstatus5status 5
08-28 03:04:37.169 D/StatusBar.BatteryController( 483): now old status is 5
08-28 03:04:47.199 V/StatusBar.BatteryController( 483): status5batteryHealth 2
08-28 03:04:47.199 D/StatusBar.BatteryController( 483): mOldstatus5status 5
08-28 03:04:47.199 D/StatusBar.BatteryController( 483): now old status is 5
08-28 03:05:47.309 V/StatusBar.BatteryController( 483): status5batteryHealth 2
08-28 03:05:47.309 D/StatusBar.BatteryController( 483): mOldstatus5status 5
08-28 03:05:47.309 D/StatusBar.BatteryController( 483): now old status is 5
08-28 03:05:57.329 V/StatusBar.BatteryController( 483): status5batteryHealth 2
08-28 03:05:57.329 D/StatusBar.BatteryController( 483): mOldstatus5status 5
08-28 03:05:57.329 D/StatusBar.BatteryController( 483): now old status is 5
08-28 03:06:05.829 D/SensorManager( 867): registerListener :: handle = 0 name= BOSCH 3-axis Accelerometer delay= 10000 Listener= kvn@41138618
08-28 03:06:05.829 E/SensorManager( 867): thread start
08-28 03:06:05.829 E/SensorManager( 867): =======>>>Sensor Thread RUNNING <<<========
08-28 03:06:06.559 I/SensorManager( 867): Set normal delay = true
08-28 03:06:06.639 D/SensorManager( 867): unregisterListener:: disable all sensors for this listener, name = BOSCH 3-axis Accelerometer listener = kvn@41138618
08-28 03:06:17.369 V/StatusBar.BatteryController( 483): status5batteryHealth 2
08-28 03:06:17.369 D/StatusBar.BatteryController( 483): mOldstatus5status 5
08-28 03:06:17.369 D/StatusBar.BatteryController( 483): now old status is 5
08-28 03:06:27.389 V/StatusBar.BatteryController( 483): status5batteryHealth 2
08-28 03:06:27.389 D/StatusBar.BatteryController( 483): mOldstatus5status 5
08-28 03:06:27.389 D/StatusBar.BatteryController( 483): now old status is 5
08-28 03:06:47.429 V/StatusBar.BatteryController( 483): status5batteryHealth 2
08-28 03:06:47.429 D/StatusBar.BatteryController( 483): mOldstatus5status 5
08-28 03:06:47.429 D/StatusBar.BatteryController( 483): now old status is 5
08-28 03:06:57.449 V/StatusBar.BatteryController( 483): status5batteryHealth 2
08-28 03:06:57.459 D/StatusBar.BatteryController( 483): mOldstatus5status 5
08-28 03:06:57.459 D/StatusBar.BatteryController( 483): now old status is 5
08-28 03:07:27.509 V/StatusBar.BatteryController( 483): status5batteryHealth 2
08-28 03:07:27.509 D/StatusBar.BatteryController( 483): mOldstatus5status 5
08-28 03:07:27.519 D/StatusBar.BatteryController( 483): now old status is 5
08-28 03:07:37.529 V/StatusBar.BatteryController( 483): status5batteryHealth 2
08-28 03:07:37.529 D/StatusBar.BatteryController( 483): mOldstatus5status 5
08-28 03:07:37.529 D/StatusBar.BatteryController( 483): now old status is 5
08-28 03:07:47.549 V/StatusBar.BatteryController( 483): status5batteryHealth 2
08-28 03:07:47.549 D/StatusBar.BatteryController( 483): mOldstatus5status 5
08-28 03:07:47.549 D/StatusBar.BatteryController( 483): now old status is 5
08-28 03:07:49.559 W/ThrottleService( 276): unable to find stats for iface rmnet0
08-28 03:08:07.599 V/StatusBar.BatteryController( 483): status5batteryHealth 2
08-28 03:08:07.599 D/StatusBar.BatteryController( 483): mOldstatus5status 5
08-28 03:08:07.599 D/StatusBar.BatteryController( 483): now old status is 5
08-28 03:08:17.609 V/StatusBar.BatteryController( 483): status5batteryHealth 2
08-28 03:08:17.609 D/StatusBar.BatteryController( 483): mOldstatus5status 5
08-28 03:08:17.609 D/StatusBar.BatteryController( 483): now old status is 5
08-28 03:08:37.659 V/StatusBar.BatteryController( 483): status5batteryHealth 2
08-28 03:08:37.659 D/StatusBar.BatteryController( 483): mOldstatus5status 5
08-28 03:08:37.659 D/StatusBar.BatteryController( 483): now old status is 5
08-28 03:08:39.679 D/GpsLocationProvider( 276): ALARM_WAKEUP
08-28 03:08:39.679 D/GpsLocationProvider( 276): startNavigating
08-28 03:08:39.679 D/GpsLocationProvider( 276): GlobalConfig.GLOBALCONFIG_GPS_CDMA=true
08-28 03:08:39.679 D/GpsLocationProvider( 276): startNavigating with Position Mode = 0
08-28 03:08:39.679 E/libsecgps( 276): gps_start:
08-28 03:08:39.729 V/GpsLocationProvider( 276): reportStatus status: 3
08-28 03:08:39.729 V/GpsLocationProvider( 276): reportStatus status: 1
08-28 03:08:43.649 E/GPSD ( 119): SecLBS_update_location:
08-28 03:08:43.649 D/GpsLocationProvider( 276): TTFF: 3968
08-28 03:08:43.659 D/GpsLocationProvider( 276): got fix, hibernating
08-28 03:08:43.659 D/GpsLocationProvider( 276): stopNavigating
08-28 03:08:43.659 E/libsecgps( 276): gps_stop:
08-28 03:08:43.689 V/GpsLocationProvider( 276): reportStatus status: 2
08-28 03:08:43.689 V/GpsLocationProvider( 276): reportStatus status: 4
08-28 03:08:43.739 D/MyGPSClockApp( 6043): +onLocationChanged
08-28 03:08:43.739 D/MyGPSClockApp( 6043): +getGPSDatetime
08-28 03:08:43.739 D/MyGPSClockApp( 6043): GPSTime: 1409227741000
08-28 03:08:43.739 D/MyGPSClockApp( 6043): GPS Current time: Thu Aug 28 08:09:01 EDT 2014
08-28 03:08:43.739 D/MyGPSClockApp( 6043): -getGPSDatetime
08-28 03:08:43.739 D/MyGPSClockApp( 6043): -onLocationChanged
08-28 03:08:43.779 V/GpsLocationProvider( 276): reportStatus status: 2
08-28 03:08:43.999 I/GCoreUlr( 867): Successfully inserted location
08-28 03:08:44.009 I/GCoreUlr( 867): Not calling LocationReportingService, hasMoved: false, elapsed millis: 1207880, request: Phone
08-28 03:08:47.669 V/StatusBar.BatteryController( 483): status5batteryHealth 2
08-28 03:08:47.669 D/StatusBar.BatteryController( 483): mOldstatus5status 5
08-28 03:08:47.669 D/StatusBar.BatteryController( 483): now old status is 5
08-28 03:08:57.689 V/StatusBar.BatteryController( 483): status5batteryHealth 2
08-28 03:08:57.689 D/StatusBar.BatteryController( 483): mOldstatus5status 5
08-28 03:08:57.689 D/StatusBar.BatteryController( 483): now old status is 5
08-28 03:09:04.809 D/SensorManager( 867): registerListener :: handle = 0 name= BOSCH 3-axis Accelerometer delay= 10000 Listener= kvn@412aa9b8
08-28 03:09:04.809 E/SensorManager( 867): thread start
08-28 03:09:04.809 E/SensorManager( 867): =======>>>Sensor Thread RUNNING <<<========
08-28 03:09:05.519 I/SensorManager( 867): Set normal delay = true
08-28 03:09:05.599 D/SensorManager( 867): unregisterListener:: disable all sensors for this listener, name = BOSCH 3-axis Accelerometer listener = kvn@412aa9b8
08-28 03:09:07.709 V/StatusBar.BatteryController( 483): status5batteryHealth 2
08-28 03:09:07.709 D/StatusBar.BatteryController( 483): mOldstatus5status 5
08-28 03:09:07.719 D/StatusBar.BatteryController( 483): now old status is 5
08-28 03:09:17.739 V/StatusBar.BatteryController( 483): status5batteryHealth 2
08-28 03:09:17.739 D/StatusBar.BatteryController( 483): mOldstatus5status 5
08-28 03:09:17.739 D/StatusBar.BatteryController( 483): now old status is 5
08-28 03:09:47.789 V/StatusBar.BatteryController( 483): status5batteryHealth 2
08-28 03:09:47.789 D/StatusBar.BatteryController( 483): mOldstatus5status 5
08-28 03:09:47.789 D/StatusBar.BatteryController( 483): now old status is 5
08-28 03:10:07.829 V/StatusBar.BatteryController( 483): status5batteryHealth 2
08-28 03:10:07.829 D/StatusBar.BatteryController( 483): mOldstatus5status 5
08-28 03:10:07.829 D/StatusBar.BatteryController( 483): now old status is 5
08-28 03:10:27.879 V/StatusBar.BatteryController( 483): status5batteryHealth 2
08-28 03:10:27.879 D/StatusBar.BatteryController( 483): mOldstatus5status 5
08-28 03:10:27.879 D/StatusBar.BatteryController( 483): now old status is 5
08-28 03:10:37.889 V/StatusBar.BatteryController( 483): status5batteryHealth 2
08-28 03:10:37.889 D/StatusBar.BatteryController( 483): mOldstatus5status 5
08-28 03:10:37.889 D/StatusBar.BatteryController( 483): now old status is 5
08-28 03:10:47.909 V/StatusBar.BatteryController( 483): status5batteryHealth 2
08-28 03:10:47.909 D/StatusBar.BatteryController( 483): mOldstatus5status 5
08-28 03:10:47.909 D/StatusBar.BatteryController( 483): now old status is 5
08-28 03:10:57.939 V/StatusBar.BatteryController( 483): status5batteryHealth 2
08-28 03:10:57.939 D/StatusBar.BatteryController( 483): mOldstatus5status 5
08-28 03:10:57.939 D/StatusBar.BatteryController( 483): now old status is 5
08-28 03:11:17.969 V/StatusBar.BatteryController( 483): status5batteryHealth 2
08-28 03:11:17.979 D/StatusBar.BatteryController( 483): mOldstatus5status 5
08-28 03:11:17.979 D/StatusBar.BatteryController( 483): now old status is 5
08-28 03:11:27.989 V/StatusBar.BatteryController( 483): status5batteryHealth 2
08-28 03:11:27.989 D/StatusBar.BatteryController( 483): mOldstatus5status 5
08-28 03:11:27.999 D/StatusBar.BatteryController( 483): now old status is 5
08-28 03:11:38.019 V/StatusBar.BatteryController( 483): status5batteryHealth 2
08-28 03:11:38.019 D/StatusBar.BatteryController( 483): mOldstatus5status 5
08-28 03:11:38.019 D/StatusBar.BatteryController( 483): now old status is 5
08-28 03:11:48.039 V/StatusBar.BatteryController( 483): status5batteryHealth 2
08-28 03:11:48.039 D/StatusBar.BatteryController( 483): mOldstatus5status 5
08-28 03:11:48.039 D/StatusBar.BatteryController( 483): now old status is 5
08-28 03:11:58.059 V/StatusBar.BatteryController( 483): status5batteryHealth 2
08-28 03:11:58.059 D/StatusBar.BatteryController( 483): mOldstatus5status 5
08-28 03:11:58.059 D/StatusBar.BatteryController( 483): now old status is 5
08-28 03:12:03.779 D/SensorManager( 867): registerListener :: handle = 0 name= BOSCH 3-axis Accelerometer delay= 10000 Listener= kvn@41466168
08-28 03:12:03.779 E/SensorManager( 867): thread start
08-28 03:12:03.779 E/SensorManager( 867): =======>>>Sensor Thread RUNNING <<<========
08-28 03:12:04.469 I/SensorManager( 867): Set normal delay = true
08-28 03:12:04.549 D/SensorManager( 867): unregisterListener:: disable all sensors for this listener, name = BOSCH 3-axis Accelerometer listener = kvn@41466168
08-28 03:12:18.109 E/WifiStateMachine( 276): set suspend optimizations failed!
08-28 03:12:18.109 V/StatusBar.BatteryController( 483): status5batteryHealth 2
08-28 03:12:18.109 D/StatusBar.BatteryController( 483): mOldstatus5status 5
08-28 03:12:18.109 D/StatusBar.BatteryController( 483): now old status is 5
08-28 03:12:18.529 E/WifiStateMachine( 276): set suspend optimizations failed!
08-28 03:12:20.879 I/EventLogService( 737): Aggregate from 1409208140691 (log), 1409208140691 (data)
08-28 03:12:28.109 V/StatusBar.BatteryController( 483): status5batteryHealth 2
08-28 03:12:28.109 D/StatusBar.BatteryController( 483): mOldstatus5status 5
08-28 03:12:28.109 D/StatusBar.BatteryController( 483): now old status is 5
08-28 03:12:28.139 D/Tethering( 276): interfaceLinkStateChanged wlan0, true
08-28 03:12:28.139 D/Tethering( 276): interfaceStatusChanged wlan0, true
08-28 03:12:38.139 V/StatusBar.BatteryController( 483): status5batteryHealth 2
08-28 03:12:38.139 D/StatusBar.BatteryController( 483): mOldstatus5status 5
08-28 03:12:38.139 D/StatusBar.BatteryController( 483): now old status is 5
08-28 03:12:56.569 D/GCM ( 588): Ignoring attempt to send heartbeat on dead connection.
08-28 03:13:01.599 D/Tethering( 276): interfaceLinkStateChanged wlan0, true
08-28 03:13:01.599 D/Tethering( 276): interfaceStatusChanged wlan0, true
08-28 03:13:08.189 V/StatusBar.BatteryController( 483): status5batteryHealth 2
08-28 03:13:08.189 D/StatusBar.BatteryController( 483): mOldstatus5status 5
08-28 03:13:08.189 D/StatusBar.BatteryController( 483): now old status is 5
08-28 03:13:18.209 V/StatusBar.BatteryController( 483): status5batteryHealth 2
08-28 03:13:18.209 D/StatusBar.BatteryController( 483): mOldstatus5status 5
08-28 03:13:18.209 D/StatusBar.BatteryController( 483): now old status is 5
08-28 03:13:28.229 V/StatusBar.BatteryController( 483): status5batteryHealth 2
08-28 03:13:28.229 D/StatusBar.BatteryController( 483): mOldstatus5status 5
08-28 03:13:28.229 D/StatusBar.BatteryController( 483): now old status is 5
08-28 03:13:38.249 V/StatusBar.BatteryController( 483): status5batteryHealth 2
08-28 03:13:38.249 D/StatusBar.BatteryController( 483): mOldstatus5status 5
08-28 03:13:38.249 D/StatusBar.BatteryController( 483): now old status is 5
08-28 03:13:48.269 V/StatusBar.BatteryController( 483): status5batteryHealth 2
08-28 03:13:48.269 D/StatusBar.BatteryController( 483): mOldstatus5status 5
08-28 03:13:48.269 D/StatusBar.BatteryController( 483): now old status is 5
08-28 03:13:58.289 V/StatusBar.BatteryController( 483): status5batteryHealth 2
08-28 03:13:58.289 D/StatusBar.BatteryController( 483): mOldstatus5status 5
08-28 03:13:58.289 D/StatusBar.BatteryController( 483): now old status is 5
08-28 03:14:08.309 V/StatusBar.BatteryController( 483): status5batteryHealth 2
08-28 03:14:08.309 D/StatusBar.BatteryController( 483): mOldstatus5status 5
08-28 03:14:08.309 D/StatusBar.BatteryController( 483): now old status is 5
08-28 03:14:18.329 V/StatusBar.BatteryController( 483): status5batteryHealth 2
08-28 03:14:18.329 D/StatusBar.BatteryController( 483): mOldstatus5status 5
08-28 03:14:18.329 D/StatusBar.BatteryController( 483): now old status is 5
08-28 03:14:28.349 V/StatusBar.BatteryController( 483): status5batteryHealth 2
08-28 03:14:28.349 D/StatusBar.BatteryController( 483): mOldstatus5status 5
08-28 03:14:28.349 D/StatusBar.BatteryController( 483): now old status is 5
08-28 03:14:58.409 V/StatusBar.BatteryController( 483): status5batteryHealth 2
08-28 03:14:58.409 D/StatusBar.BatteryController( 483): mOldstatus5status 5
08-28 03:14:58.409 D/StatusBar.BatteryController( 483): now old status is 5
08-28 03:15:08.429 V/StatusBar.BatteryController( 483): status5batteryHealth 2
08-28 03:15:08.429 D/StatusBar.BatteryController( 483): mOldstatus5status 5
08-28 03:15:08.429 D/StatusBar.BatteryController( 483): now old status is 5
08-28 03:15:08.959 E/WifiStateMachine( 276): set suspend optimizations failed!
08-28 03:15:08.969 D/SensorManager( 867): registerListener :: handle = 0 name= BOSCH 3-axis Accelerometer delay= 10000 Listener= kvn@411a3fb8
08-28 03:15:08.969 E/SensorManager( 867): thread start
08-28 03:15:08.979 E/SensorManager( 867): =======>>>Sensor Thread RUNNING <<<========
08-28 03:15:09.699 D/Tethering( 276): interfaceLinkStateChanged wlan0, true
08-28 03:15:09.699 D/Tethering( 276): interfaceStatusChanged wlan0, true
08-28 03:15:09.699 D/Tethering( 276): interfaceLinkStateChanged wlan0, true
08-28 03:15:09.699 D/Tethering( 276): interfaceStatusChanged wlan0, true
08-28 03:15:09.829 I/SensorManager( 867): Set normal delay = true
08-28 03:15:09.899 D/SensorManager( 867): unregisterListener:: disable all sensors for this listener, name = BOSCH 3-axis Accelerometer listener = kvn@411a3fb8
08-28 03:15:10.109 E/WifiStateMachine( 276): set suspend optimizations failed!
08-28 03:15:10.119 I/GCoreUlr( 867): Received powerMode change from NLP: com.google.android.location.activity.LOW_POWER_MODE_ENABLED
08-28 03:15:10.119 I/GCoreUlr( 867): Starting service, intent=Intent { act=com.google.android.location.reporting.ACTION_UPDATE_ACTIVE_STATE cmp=xxxx }, extras=null
08-28 03:15:10.229 I/GCoreUlr( 867): Successfully inserted location
08-28 03:15:10.229 I/GCoreUlr( 867): Not calling LocationReportingService, hasMoved: false, elapsed millis: 1594109, request: Phone
08-28 03:15:10.279 I/GCoreUlr( 867): Ensuring that reporting is active for [account#15#]
08-28 03:15:10.289 I/GCoreUlr( 867): Starting service, intent=Intent { act=com.google.android.location.reporting.ACTION_LOCATION_STATUS cmp=xxxx (has extras) }, extras=Bundle[{status=LocationStatus[cell status: STATUS_SUCCESSFUL, wifi status: STATUS_SUCCESSFUL, elapsed realtime ns: 19183643000000]}]
08-28 03:15:28.469 V/StatusBar.BatteryController( 483): status5batteryHealth 2
08-28 03:15:28.469 D/StatusBar.BatteryController( 483): mOldstatus5status 5
08-28 03:15:28.469 D/StatusBar.BatteryController( 483): now old status is 5
08-28 03:15:30.079 D/Tethering( 276): interfaceLinkStateChanged wlan0, true
08-28 03:15:30.079 D/Tethering( 276): interfaceStatusChanged wlan0, true
08-28 03:15:33.589 W/SignalStrength( 276): getCdmaLevel=3
08-28 03:15:33.589 W/SignalStrength( 276): getEvdoLevel=0
08-28 03:15:33.589 W/SignalStrength( 276): getCdmaLevel=3
08-28 03:15:33.589 W/SignalStrength( 276): getLevel=3
08-28 03:15:33.589 W/SignalStrength( 483): getCdmaLevel=3
08-28 03:15:33.589 W/SignalStrength( 483): getEvdoLevel=0
08-28 03:15:33.589 W/SignalStrength( 483): getCdmaLevel=3
08-28 03:15:33.589 W/SignalStrength( 483): getLevel=3
08-28 03:15:37.589 W/SignalStrength( 276): getCdmaLevel=2
08-28 03:15:37.589 W/SignalStrength( 276): getEvdoLevel=0
08-28 03:15:37.589 W/SignalStrength( 276): getCdmaLevel=2
08-28 03:15:37.589 W/SignalStrength( 276): getLevel=2
08-28 03:15:37.589 W/SignalStrength( 483): getCdmaLevel=2
08-28 03:15:37.589 W/SignalStrength( 483): getEvdoLevel=0
08-28 03:15:37.589 W/SignalStrength( 483): getCdmaLevel=2
08-28 03:15:37.589 W/SignalStrength( 483): getLevel=2
08-28 03:15:43.079 D/Tethering( 276): interfaceLinkStateChanged wlan0, true
08-28 03:15:43.079 D/Tethering( 276): interfaceStatusChanged wlan0, true
08-28 03:15:48.509 V/StatusBar.BatteryController( 483): status5batteryHealth 2
08-28 03:15:48.509 D/StatusBar.BatteryController( 483): mOldstatus5status 5
08-28 03:15:48.509 D/StatusBar.BatteryController( 483): now old status is 5
08-28 03:16:08.549 V/StatusBar.BatteryController( 483): status5batteryHealth 2
08-28 03:16:08.549 D/StatusBar.BatteryController( 483): mOldstatus5status 5
08-28 03:16:08.549 D/StatusBar.BatteryController( 483): now old status is 5
08-28 03:16:11.329 D/Tethering( 276): interfaceLinkStateChanged wlan0, true
08-28 03:16:11.329 D/Tethering( 276): interfaceStatusChanged wlan0, true
08-28 03:16:16.329 D/Tethering( 276): interfaceLinkStateChanged wlan0, true
08-28 03:16:16.329 D/Tethering( 276): interfaceStatusChanged wlan0, true
08-28 03:16:28.589 V/StatusBar.BatteryController( 483): status5batteryHealth 2
08-28 03:16:28.589 D/StatusBar.BatteryController( 483): mOldstatus5status 5
08-28 03:16:28.589 D/StatusBar.BatteryController( 483): now old status is 5
08-28 03:16:28.629 D/Tethering( 276): interfaceLinkStateChanged wlan0, true
08-28 03:16:28.629 D/Tethering( 276): interfaceStatusChanged wlan0, true
08-28 03:16:48.629 V/StatusBar.BatteryController( 483): status5batteryHealth 2
08-28 03:16:48.629 D/StatusBar.BatteryController( 483): mOldstatus5status 5
08-28 03:16:48.639 D/StatusBar.BatteryController( 483): now old status is 5
08-28 03:17:08.669 V/StatusBar.BatteryController( 483): status5batteryHealth 2
08-28 03:17:08.669 D/StatusBar.BatteryController( 483): mOldstatus5status 5
08-28 03:17:08.669 D/StatusBar.BatteryController( 483): now old status is 5
08-28 03:17:49.559 W/ThrottleService( 276): unable to find stats for iface rmnet0
08-28 03:18:08.259 D/SensorManager( 867): registerListener :: handle = 0 name= BOSCH 3-axis Accelerometer delay= 10000 Listener= kvn@411296a8
08-28 03:18:08.259 E/SensorManager( 867): thread start
08-28 03:18:08.259 E/SensorManager( 867): =======>>>Sensor Thread RUNNING <<<========
08-28 03:18:08.969 I/SensorManager( 867): Set normal delay = true
08-28 03:18:09.049 D/SensorManager( 867): unregisterListener:: disable all sensors for this listener, name = BOSCH 3-axis Accelerometer listener = kvn@411296a8
08-28 03:18:38.849 V/StatusBar.BatteryController( 483): status5batteryHealth 2
08-28 03:18:38.849 D/StatusBar.BatteryController( 483): mOldstatus5status 5
08-28 03:18:38.849 D/StatusBar.BatteryController( 483): now old status is 5
08-28 03:18:43.669 D/GpsLocationProvider( 276): ALARM_WAKEUP
08-28 03:18:43.669 D/GpsLocationProvider( 276): startNavigating
08-28 03:18:43.669 D/GpsLocationProvider( 276): GlobalConfig.GLOBALCONFIG_GPS_CDMA=true
08-28 03:18:43.669 D/GpsLocationProvider( 276): startNavigating with Position Mode = 0
08-28 03:18:43.669 E/libsecgps( 276): gps_start:
08-28 03:18:43.709 V/GpsLocationProvider( 276): reportStatus status: 3
08-28 03:18:43.719 V/GpsLocationProvider( 276): reportStatus status: 1
08-28 03:18:48.639 E/GPSD ( 119): SecLBS_update_location:
08-28 03:18:48.639 D/GpsLocationProvider( 276): TTFF: 4971
08-28 03:18:48.639 D/GpsLocationProvider( 276): got fix, hibernating
08-28 03:18:48.639 D/GpsLocationProvider( 276): stopNavigating
08-28 03:18:48.639 E/libsecgps( 276): gps_stop:
08-28 03:18:48.689 V/GpsLocationProvider( 276): reportStatus status: 2
08-28 03:18:48.699 V/GpsLocationProvider( 276): reportStatus status: 4
08-28 03:18:48.719 D/MyGPSClockApp( 6043): +onLocationChanged
08-28 03:18:48.719 D/MyGPSClockApp( 6043): +getGPSDatetime
08-28 03:18:48.719 D/MyGPSClockApp( 6043): GPSTime: 1409228346000
08-28 03:18:48.719 D/MyGPSClockApp( 6043): GPS Current time: Thu Aug 28 08:19:06 EDT 2014
08-28 03:18:48.719 D/MyGPSClockApp( 6043): -getGPSDatetime
08-28 03:18:48.719 D/MyGPSClockApp( 6043): -onLocationChanged
08-28 03:18:48.789 V/GpsLocationProvider( 276): reportStatus status: 2
08-28 03:18:49.019 I/GCoreUlr( 867): Successfully inserted location
08-28 03:18:49.029 I/GCoreUlr( 867): Not calling LocationReportingService, hasMoved: false, elapsed millis: 1812899, request: Phone
08-28 03:18:58.889 V/StatusBar.BatteryController( 483): status5batteryHealth 2
08-28 03:18:58.889 D/StatusBar.BatteryController( 483): mOldstatus5status 5
08-28 03:18:58.889 D/StatusBar.BatteryController( 483): now old status is 5
08-28 03:19:18.929 V/StatusBar.BatteryController( 483): status5batteryHealth 2
08-28 03:19:18.929 D/StatusBar.BatteryController( 483): mOldstatus5status 5
08-28 03:19:18.929 D/StatusBar.BatteryController( 483): now old status is 5
08-28 03:19:28.949 V/StatusBar.BatteryController( 483): status5batteryHealth 2
08-28 03:19:28.949 D/StatusBar.BatteryController( 483): mOldstatus5status 5
08-28 03:19:28.949 D/StatusBar.BatteryController( 483): now old status is 5
08-28 03:19:38.969 V/StatusBar.BatteryController( 483): status5batteryHealth 2
08-28 03:19:38.969 D/StatusBar.BatteryController( 483): mOldstatus5status 5
08-28 03:19:38.969 D/StatusBar.BatteryController( 483): now old status is 5
08-28 03:19:48.989 V/StatusBar.BatteryController( 483): status5batteryHealth 2
08-28 03:19:48.989 D/StatusBar.BatteryController( 483): mOldstatus5status 5
08-28 03:19:48.989 D/StatusBar.BatteryController( 483): now old status is 5
08-28 03:20:09.029 V/StatusBar.BatteryController( 483): status5batteryHealth 2
08-28 03:20:09.029 D/StatusBar.BatteryController( 483): mOldstatus5status 5
08-28 03:20:09.029 D/StatusBar.BatteryController( 483): now old status is 5
08-28 03:20:19.059 V/StatusBar.BatteryController( 483): status5batteryHealth 2
08-28 03:20:19.059 D/StatusBar.BatteryController( 483): mOldstatus5status 5
08-28 03:20:19.059 D/StatusBar.BatteryController( 483): now old status is 5
08-28 03:20:39.089 V/StatusBar.BatteryController( 483): status5batteryHealth 2
08-28 03:20:39.089 D/StatusBar.BatteryController( 483): mOldstatus5status 5
08-28 03:20:39.089 D/StatusBar.BatteryController( 483): now old status is 5
08-28 03:21:07.229 D/SensorManager( 867): registerListener :: handle = 0 name= BOSCH 3-axis Accelerometer delay= 10000 Listener= kvn@411a7b18
08-28 03:21:07.229 E/SensorManager( 867): thread start
08-28 03:21:07.229 E/SensorManager( 867): =======>>>Sensor Thread RUNNING <<<========
08-28 03:21:07.919 I/SensorManager( 867): Set normal delay = true
08-28 03:21:07.999 D/SensorManager( 867): unregisterListener:: disable all sensors for this listener, name = BOSCH 3-axis Accelerometer listener = kvn@411a7b18
08-28 03:21:09.149 V/StatusBar.BatteryController( 483): status5batteryHealth 2
08-28 03:21:09.149 D/StatusBar.BatteryController( 483): mOldstatus5status 5
08-28 03:21:09.149 D/StatusBar.BatteryController( 483): now old status is 5
08-28 03:21:29.189 V/StatusBar.BatteryController( 483): status5batteryHealth 2
08-28 03:21:29.189 D/StatusBar.BatteryController( 483): mOldstatus5status 5
08-28 03:21:29.189 D/StatusBar.BatteryController( 483): now old status is 5
08-28 03:21:39.209 V/StatusBar.BatteryController( 483): status5batteryHealth 2
08-28 03:21:39.209 D/StatusBar.BatteryController( 483): mOldstatus5status 5
08-28 03:21:39.209 D/StatusBar.BatteryController( 483): now old status is 5
08-28 03:21:49.229 V/StatusBar.BatteryController( 483): status5batteryHealth 2
08-28 03:21:49.229 D/StatusBar.BatteryController( 483): mOldstatus5status 5
08-28 03:21:49.229 D/StatusBar.BatteryController( 483): now old status is 5
08-28 03:21:59.249 V/StatusBar.BatteryController( 483): status5batteryHealth 2
08-28 03:21:59.249 D/StatusBar.BatteryController( 483): mOldstatus5status 5
08-28 03:21:59.249 D/StatusBar.BatteryController( 483): now old status is 5
08-28 03:22:09.269 V/StatusBar.BatteryController( 483): status5batteryHealth 2
08-28 03:22:09.269 D/StatusBar.BatteryController( 483): mOldstatus5status 5
08-28 03:22:09.269 D/StatusBar.BatteryController( 483): now old status is 5
08-28 03:22:19.289 V/StatusBar.BatteryController( 483): status5batteryHealth 2
08-28 03:22:19.289 D/StatusBar.BatteryController( 483): mOldstatus5status 5
08-28 03:22:19.289 D/StatusBar.BatteryController( 483): now old status is 5
08-28 03:22:28.699 V/BackupManagerService( 276): Running a backup pass
08-28 03:22:28.699 V/BackupManagerService( 276): Backup requested but nothing pending
08-28 03:22:29.309 V/StatusBar.BatteryController( 483): status5batteryHealth 2
08-28 03:22:29.309 D/StatusBar.BatteryController( 483): mOldstatus5status 5
08-28 03:22:29.309 D/StatusBar.BatteryController( 483): now old status is 5
08-28 03:22:39.329 V/StatusBar.BatteryController( 483): status5batteryHealth 2
08-28 03:22:39.329 D/StatusBar.BatteryController( 483): mOldstatus5status 5
08-28 03:22:39.329 D/StatusBar.BatteryController( 483): now old status is 5
08-28 03:22:49.349 V/StatusBar.BatteryController( 483): status5batteryHealth 2
08-28 03:22:49.349 D/StatusBar.BatteryController( 483): mOldstatus5status 5
08-28 03:22:49.349 D/StatusBar.BatteryController( 483): now old status is 5
08-28 03:22:59.369 V/StatusBar.BatteryController( 483): status5batteryHealth 2
08-28 03:22:59.369 D/StatusBar.BatteryController( 483): mOldstatus5status 5
08-28 03:22:59.369 D/StatusBar.BatteryController( 483): now old status is 5
08-28 03:23:09.389 V/StatusBar.BatteryController( 483): status5batteryHealth 2
08-28 03:23:09.389 D/StatusBar.BatteryController( 483): mOldstatus5status 5
08-28 03:23:09.389 D/StatusBar.BatteryController( 483): now old status is 5
08-28 03:23:19.409 V/StatusBar.BatteryController( 483): status5batteryHealth 2
08-28 03:23:19.409 D/StatusBar.BatteryController( 483): mOldstatus5status 5
08-28 03:23:19.409 D/StatusBar.BatteryController( 483): now old status is 5
08-28 03:23:39.459 V/StatusBar.BatteryController( 483): status5batteryHealth 2
08-28 03:23:39.459 D/StatusBar.BatteryController( 483): mOldstatus5status 5
08-28 03:23:39.459 D/StatusBar.BatteryController( 483): now old status is 5
08-28 03:23:59.489 V/StatusBar.BatteryController( 483): status5batteryHealth 2
08-28 03:23:59.489 D/StatusBar.BatteryController( 483): mOldstatus5status 5
08-28 03:23:59.489 D/StatusBar.BatteryController( 483): now old status is 5
08-28 03:24:06.179 D/SensorManager( 867): registerListener :: handle = 0 name= BOSCH 3-axis Accelerometer delay= 10000 Listener= kvn@41247860
08-28 03:24:06.179 E/SensorManager( 867): thread start
08-28 03:24:06.179 E/SensorManager( 867): =======>>>Sensor Thread RUNNING <<<========
08-28 03:24:06.869 I/SensorManager( 867): Set normal delay = true
08-28 03:24:06.949 D/SensorManager( 867): unregisterListener:: disable all sensors for this listener, name = BOSCH 3-axis Accelerometer listener = kvn@41247860
08-28 03:24:09.509 V/StatusBar.BatteryController( 483): status5batteryHealth 2
08-28 03:24:09.509 D/StatusBar.BatteryController( 483): mOldstatus5status 5
08-28 03:24:09.509 D/StatusBar.BatteryController( 483): now old status is 5
08-28 03:25:09.629 V/StatusBar.BatteryController( 483): status5batteryHealth 2
08-28 03:25:09.629 D/StatusBar.BatteryController( 483): mOldstatus5status 5
08-28 03:25:09.629 D/StatusBar.BatteryController( 483): now old status is 5
08-28 03:25:19.649 V/StatusBar.BatteryController( 483): status5batteryHealth 2
08-28 03:25:19.649 D/StatusBar.BatteryController( 483): mOldstatus5status 5
08-28 03:25:19.649 D/StatusBar.BatteryController( 483): now old status is 5
08-28 03:25:29.669 V/StatusBar.BatteryController( 483): status5batteryHealth 2
08-28 03:25:29.669 D/StatusBar.BatteryController( 483): mOldstatus5status 5
08-28 03:25:29.669 D/StatusBar.BatteryController( 483): now old status is 5
08-28 03:25:33.819 V/StatusBar.BatteryController( 483): status5batteryHealth 2
08-28 03:25:33.819 D/StatusBar.BatteryController( 483): mOldstatus5status 5
08-28 03:25:33.819 D/StatusBar.BatteryController( 483): now old status is 5
08-28 03:25:43.829 V/StatusBar.BatteryController( 483): status5batteryHealth 2
08-28 03:25:43.829 D/StatusBar.BatteryController( 483): mOldstatus5status 5
08-28 03:25:43.829 D/StatusBar.BatteryController( 483): now old status is 5
08-28 03:25:53.849 V/StatusBar.BatteryController( 483): status5batteryHealth 2
08-28 03:25:53.849 D/StatusBar.BatteryController( 483): mOldstatus5status 5
08-28 03:25:53.849 D/StatusBar.BatteryController( 483): now old status is 5
08-28 03:26:03.869 V/StatusBar.BatteryController( 483): status5batteryHealth 2
08-28 03:26:03.869 D/StatusBar.BatteryController( 483): mOldstatus5status 5
08-28 03:26:03.869 D/StatusBar.BatteryController( 483): now old status is 5
08-28 03:26:13.899 V/StatusBar.BatteryController( 483): status5batteryHealth 2
08-28 03:26:13.899 D/StatusBar.BatteryController( 483): mOldstatus5status 5
08-28 03:26:13.899 D/StatusBar.BatteryController( 483): now old status is 5
08-28 03:26:23.909 V/StatusBar.BatteryController( 483): status5batteryHealth 2
08-28 03:26:23.909 D/StatusBar.BatteryController( 483): mOldstatus5status 5
08-28 03:26:23.909 D/StatusBar.BatteryController( 483): now old status is 5
08-28 03:26:33.929 V/StatusBar.BatteryController( 483): status5batteryHealth 2
08-28 03:26:33.929 D/StatusBar.BatteryController( 483): mOldstatus5status 5
08-28 03:26:33.929 D/StatusBar.BatteryController( 483): now old status is 5
08-28 03:26:43.949 V/StatusBar.BatteryController( 483): status5batteryHealth 2
08-28 03:26:43.949 D/StatusBar.BatteryController( 483): mOldstatus5status 5
08-28 03:26:43.949 D/StatusBar.BatteryController( 483): now old status is 5
08-28 03:27:03.989 V/StatusBar.BatteryController( 483): status5batteryHealth 2
08-28 03:27:03.989 D/StatusBar.BatteryController( 483): mOldstatus5status 5
08-28 03:27:03.989 D/StatusBar.BatteryController( 483): now old status is 5
08-28 03:27:05.119 D/SensorManager( 867): registerListener :: handle = 0 name= BOSCH 3-axis Accelerometer delay= 10000 Listener= kvn@41390810
08-28 03:27:05.119 E/SensorManager( 867): thread start
08-28 03:27:05.119 E/SensorManager( 867): =======>>>Sensor Thread RUNNING <<<========
08-28 03:27:05.819 I/SensorManager( 867): Set normal delay = true
08-28 03:27:05.899 D/SensorManager( 867): unregisterListener:: disable all sensors for this listener, name = BOSCH 3-axis Accelerometer listener = kvn@41390810
08-28 03:27:05.929 I/GCoreUlr( 867): Received powerMode change from NLP: com.google.android.location.activity.LOW_POWER_MODE_ENABLED
08-28 03:27:05.929 I/GCoreUlr( 867): Starting service, intent=Intent { act=com.google.android.location.reporting.ACTION_UPDATE_ACTIVE_STATE cmp=xxxx }, extras=null
08-28 03:27:05.979 I/GCoreUlr( 867): Ensuring that reporting is active for [account#15#]
08-28 03:27:05.979 I/GCoreUlr( 867): Starting service, intent=Intent { act=com.google.android.location.reporting.ACTION_LOCATION_STATUS cmp=xxxx (has extras) }, extras=Bundle[{status=LocationStatus[cell status: STATUS_SUCCESSFUL, wifi status: STATUS_SUCCESSFUL, elapsed realtime ns: 19183643000000]}]
08-28 03:27:14.009 V/StatusBar.BatteryController( 483): status5batteryHealth 2
08-28 03:27:14.009 D/StatusBar.BatteryController( 483): mOldstatus5status 5
08-28 03:27:14.009 D/StatusBar.BatteryController( 483): now old status is 5
08-28 03:27:24.039 V/StatusBar.BatteryController( 483): status5batteryHealth 2
08-28 03:27:24.039 D/StatusBar.BatteryController( 483): mOldstatus5status 5
08-28 03:27:24.039 D/StatusBar.BatteryController( 483): now old status is 5
08-28 03:27:34.059 V/StatusBar.BatteryController( 483): status5batteryHealth 2
08-28 03:27:34.059 D/StatusBar.BatteryController( 483): mOldstatus5status 5
08-28 03:27:34.059 D/StatusBar.BatteryController( 483): now old status is 5
08-28 03:27:44.069 V/StatusBar.BatteryController( 483): status5batteryHealth 2
08-28 03:27:44.069 D/StatusBar.BatteryController( 483): mOldstatus5status 5
08-28 03:27:44.069 D/StatusBar.BatteryController( 483): now old status is 5
08-28 03:27:49.569 W/ThrottleService( 276): unable to find stats for iface rmnet0
08-28 03:27:54.089 V/StatusBar.BatteryController( 483): status5batteryHealth 2
08-28 03:27:54.089 D/StatusBar.BatteryController( 483): mOldstatus5status 5
08-28 03:27:54.089 D/StatusBar.BatteryController( 483): now old status is 5
08-28 03:27:56.669 D/GCM ( 588): Ignoring attempt to send heartbeat on dead connection.
08-28 03:28:01.689 D/Tethering( 276): interfaceLinkStateChanged wlan0, true
08-28 03:28:01.689 D/Tethering( 276): interfaceStatusChanged wlan0, true
08-28 03:28:06.759 D/Tethering( 276): interfaceLinkStateChanged wlan0, true
08-28 03:28:06.759 D/Tethering( 276): interfaceStatusChanged wlan0, true
08-28 03:28:14.129 V/StatusBar.BatteryController( 483): status5batteryHealth 2
08-28 03:28:14.129 D/StatusBar.BatteryController( 483): mOldstatus5status 5
08-28 03:28:14.129 D/StatusBar.BatteryController( 483): now old status is 5
08-28 03:28:24.149 V/StatusBar.BatteryController( 483): status5batteryHealth 2
08-28 03:28:24.149 D/StatusBar.BatteryController( 483): mOldstatus5status 5
08-28 03:28:24.149 D/StatusBar.BatteryController( 483): now old status is 5
08-28 03:28:34.169 V/StatusBar.BatteryController( 483): status5batteryHealth 2
08-28 03:28:34.169 D/StatusBar.BatteryController( 483): mOldstatus5status 5
08-28 03:28:34.169 D/StatusBar.BatteryController( 483): now old status is 5
08-28 03:28:48.649 D/GpsLocationProvider( 276): ALARM_WAKEUP
08-28 03:28:48.649 D/GpsLocationProvider( 276): startNavigating
08-28 03:28:48.649 D/GpsLocationProvider( 276): GlobalConfig.GLOBALCONFIG_GPS_CDMA=true
08-28 03:28:48.649 D/GpsLocationProvider( 276): startNavigating with Position Mode = 0
08-28 03:28:48.649 E/libsecgps( 276): gps_start:
08-28 03:28:48.679 V/GpsLocationProvider( 276): reportStatus status: 3
08-28 03:28:48.679 V/GpsLocationProvider( 276): reportStatus status: 1
08-28 03:28:53.639 E/GPSD ( 119): SecLBS_update_location:
08-28 03:28:53.639 D/GpsLocationProvider( 276): TTFF: 4991
08-28 03:28:53.649 D/GpsLocationProvider( 276): got fix, hibernating
08-28 03:28:53.649 D/GpsLocationProvider( 276): stopNavigating
08-28 03:28:53.649 E/libsecgps( 276): gps_stop:
08-28 03:28:53.679 V/GpsLocationProvider( 276): reportStatus status: 2
08-28 03:28:53.679 V/GpsLocationProvider( 276): reportStatus status: 4
08-28 03:28:53.769 V/GpsLocationProvider( 276): reportStatus status: 2
08-28 03:28:53.939 I/GCoreUlr( 867): Successfully inserted location
08-28 03:28:53.939 I/GCoreUlr( 867): Not calling LocationReportingService, hasMoved: false, elapsed millis: 2417819, request: Phone
08-28 03:28:54.209 V/StatusBar.BatteryController( 483): status5batteryHealth 2
08-28 03:28:54.209 D/StatusBar.BatteryController( 483): mOldstatus5status 5
08-28 03:28:54.209 D/StatusBar.BatteryController( 483): now old status is 5
08-28 03:29:04.229 V/StatusBar.BatteryController( 483): status5batteryHealth 2
08-28 03:29:04.239 D/StatusBar.BatteryController( 483): mOldstatus5status 5
08-28 03:29:04.239 D/StatusBar.BatteryController( 483): now old status is 5
08-28 03:29:14.249 V/StatusBar.BatteryController( 483): status5batteryHealth 2
08-28 03:29:14.249 D/StatusBar.BatteryController( 483): mOldstatus5status 5
08-28 03:29:14.249 D/StatusBar.BatteryController( 483): now old status is 5
08-28 03:29:24.269 V/StatusBar.BatteryController( 483): status5batteryHealth 2
08-28 03:29:24.269 D/StatusBar.BatteryController( 483): mOldstatus5status 5
08-28 03:29:24.269 D/StatusBar.BatteryController( 483): now old status is 5
08-28 03:29:54.329 V/StatusBar.BatteryController( 483): status5batteryHealth 2
08-28 03:29:54.329 D/StatusBar.BatteryController( 483): mOldstatus5status 5
08-28 03:29:54.329 D/StatusBar.BatteryController( 483): now old status is 5
08-28 03:30:04.089 D/SensorManager( 867): registerListener :: handle = 0 name= BOSCH 3-axis Accelerometer delay= 10000 Listener= kvn@41400110
08-28 03:30:04.089 E/SensorManager( 867): thread start
08-28 03:30:04.089 E/SensorManager( 867): =======>>>Sensor Thread RUNNING <<<========
08-28 03:30:04.359 V/StatusBar.BatteryController( 483): status5batteryHealth 2
08-28 03:30:04.359 D/StatusBar.BatteryController( 483): mOldstatus5status 5
08-28 03:30:04.359 D/StatusBar.BatteryController( 483): now old status is 5
08-28 03:30:04.779 I/SensorManager( 867): Set normal delay = true
08-28 03:30:04.859 D/SensorManager( 867): unregisterListener:: disable all sensors for this listener, name = BOSCH 3-axis Accelerometer listener = kvn@41400110
08-28 03:30:14.369 V/StatusBar.BatteryController( 483): status5batteryHealth 2
08-28 03:30:14.369 D/StatusBar.BatteryController( 483): mOldstatus5status 5
08-28 03:30:14.369 D/StatusBar.BatteryController( 483): now old status is 5
08-28 03:30:14.389 E/WifiStateMachine( 276): set suspend optimizations failed!
08-28 03:30:14.839 E/WifiStateMachine( 276): set suspend optimizations failed!
08-28 03:30:24.409 D/Tethering( 276): interfaceLinkStateChanged wlan0, true
08-28 03:30:24.409 D/Tethering( 276): interfaceStatusChanged wlan0, true
08-28 03:30:34.409 V/StatusBar.BatteryController( 483): status5batteryHealth 2
08-28 03:30:34.409 D/StatusBar.BatteryController( 483): mOldstatus5status 5
08-28 03:30:34.409 D/StatusBar.BatteryController( 483): now old status is 5
08-28 03:30:44.429 V/StatusBar.BatteryController( 483): status5batteryHealth 2
08-28 03:30:44.429 D/StatusBar.BatteryController( 483): mOldstatus5status 5
08-28 03:30:44.429 D/StatusBar.BatteryController( 483): now old status is 5
08-28 03:30:54.449 V/StatusBar.BatteryController( 483): status5batteryHealth 2
08-28 03:30:54.449 D/StatusBar.BatteryController( 483): mOldstatus5status 5
08-28 03:30:54.449 D/StatusBar.BatteryController( 483): now old status is 5
08-28 03:31:04.469 V/StatusBar.BatteryController( 483): status5batteryHealth 2
08-28 03:31:04.469 D/StatusBar.BatteryController( 483): mOldstatus5status 5
08-28 03:31:04.469 D/StatusBar.BatteryController( 483): now old status is 5
08-28 03:31:34.529 V/StatusBar.BatteryController( 483): status5batteryHealth 2
08-28 03:31:34.529 D/StatusBar.BatteryController( 483): mOldstatus5status 5
08-28 03:31:34.529 D/StatusBar.BatteryController( 483): now old status is 5
08-28 03:31:44.549 V/StatusBar.BatteryController( 483): status5batteryHealth 2
08-28 03:31:44.549 D/StatusBar.BatteryController( 483): mOldstatus5status 5
08-28 03:31:44.549 D/StatusBar.BatteryController( 483): now old status is 5
08-28 03:31:54.569 V/StatusBar.BatteryController( 483): status5batteryHealth 2
08-28 03:31:54.569 D/StatusBar.BatteryController( 483): mOldstatus5status 5
08-28 03:31:54.569 D/StatusBar.BatteryController( 483): now old status is 5
08-28 03:32:04.589 V/StatusBar.BatteryController( 483): status5batteryHealth 2
08-28 03:32:04.589 D/StatusBar.BatteryController( 483): mOldstatus5status 5
08-28 03:32:04.589 D/StatusBar.BatteryController( 483): now old status is 5
08-28 03:32:14.609 V/StatusBar.BatteryController( 483): status5batteryHealth 2
08-28 03:32:14.609 D/StatusBar.BatteryController( 483): mOldstatus5status 5
08-28 03:32:14.609 D/StatusBar.BatteryController( 483): now old status is 5
08-28 03:32:24.629 V/StatusBar.BatteryController( 483): status5batteryHealth 2
08-28 03:32:24.629 D/StatusBar.BatteryController( 483): mOldstatus5status 5
08-28 03:32:24.629 D/StatusBar.BatteryController( 483): now old status is 5
08-28 03:32:27.949 D/Tethering( 276): interfaceLinkStateChanged wlan0, true
08-28 03:32:27.949 D/Tethering( 276): interfaceStatusChanged wlan0, true
08-28 03:32:34.649 V/StatusBar.BatteryController( 483): status5batteryHealth 2
08-28 03:32:34.649 D/StatusBar.BatteryController( 483): mOldstatus5status 5
08-28 03:32:34.649 D/StatusBar.BatteryController( 483): now old status is 5
08-28 03:32:44.679 V/StatusBar.BatteryController( 483): status5batteryHealth 2
08-28 03:32:44.679 D/StatusBar.BatteryController( 483): mOldstatus5status 5
08-28 03:32:44.679 D/StatusBar.BatteryController( 483): now old status is 5
08-28 03:32:54.689 V/StatusBar.BatteryController( 483): status5batteryHealth 2
08-28 03:32:54.689 D/StatusBar.BatteryController( 483): mOldstatus5status 5
08-28 03:32:54.689 D/StatusBar.BatteryController( 483): now old status is 5
08-28 03:33:04.709 V/StatusBar.BatteryController( 483): status5batteryHealth 2
08-28 03:33:04.709 D/StatusBar.BatteryController( 483): mOldstatus5status 5
08-28 03:33:04.709 D/StatusBar.BatteryController( 483): now old status is 5
08-28 03:33:08.979 E/WifiStateMachine( 276): set suspend optimizations failed!
08-28 03:33:09.009 D/SensorManager( 867): registerListener :: handle = 0 name= BOSCH 3-axis Accelerometer delay= 10000 Listener= kvn@4111c860
08-28 03:33:09.009 E/SensorManager( 867): thread start
08-28 03:33:09.009 E/SensorManager( 867): =======>>>Sensor Thread RUNNING <<<========
08-28 03:33:09.729 D/Tethering( 276): interfaceLinkStateChanged wlan0, true
08-28 03:33:09.729 D/Tethering( 276): interfaceStatusChanged wlan0, true
08-28 03:33:09.729 D/Tethering( 276): interfaceLinkStateChanged wlan0, true
08-28 03:33:09.729 D/Tethering( 276): interfaceStatusChanged wlan0, true
