08-28 04:58:02.649 V/StatusBar.BatteryController( 483): status5batteryHealth 2
08-28 04:58:02.649 D/StatusBar.BatteryController( 483): mOldstatus5status 5
08-28 04:58:02.649 D/StatusBar.BatteryController( 483): now old status is 5
08-28 04:58:12.669 V/StatusBar.BatteryController( 483): status5batteryHealth 2
08-28 04:58:12.669 D/StatusBar.BatteryController( 483): mOldstatus5status 5
08-28 04:58:12.669 D/StatusBar.BatteryController( 483): now old status is 5
08-28 04:58:22.689 V/StatusBar.BatteryController( 483): status5batteryHealth 2
08-28 04:58:22.689 D/StatusBar.BatteryController( 483): mOldstatus5status 5
08-28 04:58:22.689 D/StatusBar.BatteryController( 483): now old status is 5
08-28 04:58:39.629 D/BatteryService( 276): CHARGER :: mBatteryStatus = 3
08-28 04:58:41.919 V/WindowOrientationListener( 276): nearestRotation : 0 Angle: 359 tilt: 55
08-28 04:58:45.649 W/PowerManagerService( 276): Timer 0x3->0x3|0x3
08-28 04:58:52.719 V/WindowOrientationListener( 276): nearestRotation : 0 Angle: 34 tilt: 46
08-28 04:59:02.989 W/SignalStrength( 276): getCdmaLevel=3
08-28 04:59:02.989 W/SignalStrength( 276): getEvdoLevel=0
08-28 04:59:02.989 W/SignalStrength( 276): getCdmaLevel=3
08-28 04:59:02.989 W/SignalStrength( 276): getLevel=3
08-28 04:59:02.999 W/SignalStrength( 483): getCdmaLevel=3
08-28 04:59:02.999 W/SignalStrength( 483): getEvdoLevel=0
08-28 04:59:02.999 W/SignalStrength( 483): getCdmaLevel=3
08-28 04:59:02.999 W/SignalStrength( 483): getLevel=3
08-28 04:59:25.609 D/GpsLocationProvider( 276): ALARM_WAKEUP
08-28 04:59:25.609 D/GpsLocationProvider( 276): startNavigating
08-28 04:59:25.609 D/GpsLocationProvider( 276): GlobalConfig.GLOBALCONFIG_GPS_CDMA=true
08-28 04:59:25.609 D/GpsLocationProvider( 276): startNavigating with Position Mode = 0
08-28 04:59:25.609 E/libsecgps( 276): gps_start:
08-28 04:59:25.649 V/GpsLocationProvider( 276): reportStatus status: 3
08-28 04:59:25.649 V/GpsLocationProvider( 276): reportStatus status: 1
08-28 04:59:33.589 E/GPSD ( 119): SecLBS_update_location:
08-28 04:59:33.589 D/GpsLocationProvider( 276): TTFF: 7982
08-28 04:59:33.629 D/GpsLocationProvider( 276): got fix, hibernating
08-28 04:59:33.629 D/GpsLocationProvider( 276): stopNavigating
08-28 04:59:33.629 E/libsecgps( 276): gps_stop:
08-28 04:59:33.639 V/GpsLocationProvider( 276): reportStatus status: 2
08-28 04:59:33.639 V/GpsLocationProvider( 276): reportStatus status: 4
08-28 04:59:33.699 D/MyGPSClockApp( 6043): +onLocationChanged
08-28 04:59:33.699 D/MyGPSClockApp( 6043): +getGPSDatetime
08-28 04:59:33.699 D/MyGPSClockApp( 6043): GPSTime: 1409234391000
08-28 04:59:33.699 D/MyGPSClockApp( 6043): GPS Current time: Thu Aug 28 09:59:51 EDT 2014
08-28 04:59:33.699 D/MyGPSClockApp( 6043): -getGPSDatetime
08-28 04:59:33.699 D/MyGPSClockApp( 6043): -onLocationChanged
08-28 04:59:33.729 V/GpsLocationProvider( 276): reportStatus status: 2
08-28 04:59:33.969 I/GCoreUlr( 867): Successfully inserted location
08-28 04:59:33.969 I/GCoreUlr( 867): Not calling LocationReportingService, hasMoved: false, elapsed millis: 608043, request: Phone
08-28 05:00:04.169 D/SensorManager( 867): registerListener :: handle = 0 name= BOSCH 3-axis Accelerometer delay= 10000 Listener= kvn@412cb388
08-28 05:00:04.169 E/SensorManager( 867): thread start
08-28 05:00:04.169 E/SensorManager( 867): =======>>>Sensor Thread RUNNING <<<========
08-28 05:00:04.869 I/SensorManager( 867): Set normal delay = true
08-28 05:00:04.949 D/SensorManager( 867): unregisterListener:: disable all sensors for this listener, name = BOSCH 3-axis Accelerometer listener = kvn@412cb388
08-28 05:00:19.699 E/WifiStateMachine( 276): set suspend optimizations failed!
08-28 05:00:20.169 E/WifiStateMachine( 276): set suspend optimizations failed!
08-28 05:00:29.729 D/Tethering( 276): interfaceLinkStateChanged wlan0, true
08-28 05:00:29.729 D/Tethering( 276): interfaceStatusChanged wlan0, true
08-28 05:00:33.029 W/SignalStrength( 276): getCdmaLevel=2
08-28 05:00:33.029 W/SignalStrength( 276): getEvdoLevel=0
08-28 05:00:33.029 W/SignalStrength( 276): getCdmaLevel=2
08-28 05:00:33.029 W/SignalStrength( 276): getLevel=2
08-28 05:00:33.029 W/SignalStrength( 483): getCdmaLevel=2
08-28 05:00:33.029 W/SignalStrength( 483): getEvdoLevel=0
08-28 05:00:33.029 W/SignalStrength( 483): getCdmaLevel=2
08-28 05:00:33.029 W/SignalStrength( 483): getLevel=2
08-28 05:00:40.029 W/SignalStrength( 276): getCdmaLevel=3
08-28 05:00:40.029 W/SignalStrength( 276): getEvdoLevel=0
08-28 05:00:40.029 W/SignalStrength( 276): getCdmaLevel=3
08-28 05:00:40.029 W/SignalStrength( 276): getLevel=3
08-28 05:00:40.029 W/SignalStrength( 483): getCdmaLevel=3
08-28 05:00:40.029 W/SignalStrength( 483): getEvdoLevel=0
08-28 05:00:40.029 W/SignalStrength( 483): getCdmaLevel=3
08-28 05:00:40.029 W/SignalStrength( 483): getLevel=3
08-28 05:01:14.039 W/SignalStrength( 276): getCdmaLevel=2
08-28 05:01:14.039 W/SignalStrength( 276): getEvdoLevel=0
08-28 05:01:14.039 W/SignalStrength( 276): getCdmaLevel=2
08-28 05:01:14.039 W/SignalStrength( 276): getLevel=2
08-28 05:01:14.049 W/SignalStrength( 483): getCdmaLevel=2
08-28 05:01:14.049 W/SignalStrength( 483): getEvdoLevel=0
08-28 05:01:14.049 W/SignalStrength( 483): getCdmaLevel=2
08-28 05:01:14.049 W/SignalStrength( 483): getLevel=2
08-28 05:01:15.049 W/SignalStrength( 276): getCdmaLevel=3
08-28 05:01:15.049 W/SignalStrength( 276): getEvdoLevel=0
08-28 05:01:15.049 W/SignalStrength( 276): getCdmaLevel=3
08-28 05:01:15.049 W/SignalStrength( 276): getLevel=3
08-28 05:01:15.049 W/SignalStrength( 483): getCdmaLevel=3
08-28 05:01:15.049 W/SignalStrength( 483): getEvdoLevel=0
08-28 05:01:15.049 W/SignalStrength( 483): getCdmaLevel=3
08-28 05:01:15.049 W/SignalStrength( 483): getLevel=3
08-28 05:01:25.049 W/SignalStrength( 276): getCdmaLevel=2
08-28 05:01:25.049 W/SignalStrength( 276): getEvdoLevel=0
08-28 05:01:25.049 W/SignalStrength( 276): getCdmaLevel=2
08-28 05:01:25.049 W/SignalStrength( 276): getLevel=2
08-28 05:01:25.049 W/SignalStrength( 483): getCdmaLevel=2
08-28 05:01:25.049 W/SignalStrength( 483): getEvdoLevel=0
08-28 05:01:25.049 W/SignalStrength( 483): getCdmaLevel=2
08-28 05:01:25.049 W/SignalStrength( 483): getLevel=2
08-28 05:01:26.049 W/SignalStrength( 276): getCdmaLevel=3
08-28 05:01:26.049 W/SignalStrength( 276): getEvdoLevel=0
08-28 05:01:26.049 W/SignalStrength( 276): getCdmaLevel=3
08-28 05:01:26.049 W/SignalStrength( 276): getLevel=3
08-28 05:01:26.049 W/SignalStrength( 483): getCdmaLevel=3
08-28 05:01:26.049 W/SignalStrength( 483): getEvdoLevel=0
08-28 05:01:26.049 W/SignalStrength( 483): getCdmaLevel=3
08-28 05:01:26.049 W/SignalStrength( 483): getLevel=3
08-28 05:01:29.089 D/GCM ( 588): Ignoring attempt to send heartbeat on dead connection.
08-28 05:01:34.109 D/Tethering( 276): interfaceLinkStateChanged wlan0, true
08-28 05:01:34.109 D/Tethering( 276): interfaceStatusChanged wlan0, true
08-28 05:01:39.209 D/Tethering( 276): interfaceLinkStateChanged wlan0, true
08-28 05:01:39.209 D/Tethering( 276): interfaceStatusChanged wlan0, true
08-28 05:01:48.059 W/SignalStrength( 276): getCdmaLevel=2
08-28 05:01:48.059 W/SignalStrength( 276): getEvdoLevel=0
08-28 05:01:48.059 W/SignalStrength( 276): getCdmaLevel=2
08-28 05:01:48.059 W/SignalStrength( 276): getLevel=2
08-28 05:01:48.059 W/SignalStrength( 483): getCdmaLevel=2
08-28 05:01:48.059 W/SignalStrength( 483): getEvdoLevel=0
08-28 05:01:48.059 W/SignalStrength( 483): getCdmaLevel=2
08-28 05:01:48.059 W/SignalStrength( 483): getLevel=2
08-28 05:01:56.059 W/SignalStrength( 276): getCdmaLevel=3
08-28 05:01:56.059 W/SignalStrength( 276): getEvdoLevel=0
08-28 05:01:56.059 W/SignalStrength( 276): getCdmaLevel=3
08-28 05:01:56.059 W/SignalStrength( 276): getLevel=3
08-28 05:01:56.059 W/SignalStrength( 483): getCdmaLevel=3
08-28 05:01:56.059 W/SignalStrength( 483): getEvdoLevel=0
08-28 05:01:56.059 W/SignalStrength( 483): getCdmaLevel=3
08-28 05:01:56.059 W/SignalStrength( 483): getLevel=3
08-28 05:02:27.949 D/Tethering( 276): interfaceLinkStateChanged wlan0, true
08-28 05:02:27.949 D/Tethering( 276): interfaceStatusChanged wlan0, true
08-28 05:03:09.099 E/WifiStateMachine( 276): set suspend optimizations failed!
08-28 05:03:09.139 D/SensorManager( 867): registerListener :: handle = 0 name= BOSCH 3-axis Accelerometer delay= 10000 Listener= kvn@4110bac0
08-28 05:03:09.139 E/SensorManager( 867): thread start
08-28 05:03:09.139 E/SensorManager( 867): =======>>>Sensor Thread RUNNING <<<========
08-28 05:03:09.829 I/SensorManager( 867): Set normal delay = true
08-28 05:03:09.869 D/Tethering( 276): interfaceLinkStateChanged wlan0, true
08-28 05:03:09.869 D/Tethering( 276): interfaceStatusChanged wlan0, true
08-28 05:03:09.869 D/Tethering( 276): interfaceLinkStateChanged wlan0, true
08-28 05:03:09.869 D/Tethering( 276): interfaceStatusChanged wlan0, true
08-28 05:03:09.929 D/SensorManager( 867): unregisterListener:: disable all sensors for this listener, name = BOSCH 3-axis Accelerometer listener = kvn@4110bac0
08-28 05:03:10.259 E/WifiStateMachine( 276): set suspend optimizations failed!
08-28 05:03:10.269 I/GCoreUlr( 867): Received powerMode change from NLP: com.google.android.location.activity.LOW_POWER_MODE_ENABLED
08-28 05:03:10.269 I/GCoreUlr( 867): Starting service, intent=Intent { act=com.google.android.location.reporting.ACTION_UPDATE_ACTIVE_STATE cmp=xxxx }, extras=null
08-28 05:03:10.399 I/GCoreUlr( 867): Successfully inserted location
08-28 05:03:10.409 I/GCoreUlr( 867): Not calling LocationReportingService, hasMoved: false, elapsed millis: 824480, request: Phone
08-28 05:03:10.449 I/GCoreUlr( 867): Ensuring that reporting is active for [account#15#]
08-28 05:03:10.459 I/GCoreUlr( 867): Starting service, intent=Intent { act=com.google.android.location.reporting.ACTION_LOCATION_STATUS cmp=xxxx (has extras) }, extras=Bundle[{status=LocationStatus[cell status: STATUS_SUCCESSFUL, wifi status: STATUS_SUCCESSFUL, elapsed realtime ns: 19183643000000]}]
08-28 05:03:25.209 D/Tethering( 276): interfaceLinkStateChanged wlan0, true
08-28 05:03:25.209 D/Tethering( 276): interfaceStatusChanged wlan0, true
08-28 05:03:31.619 D/Tethering( 276): interfaceLinkStateChanged wlan0, true
08-28 05:03:31.619 D/Tethering( 276): interfaceStatusChanged wlan0, true
08-28 05:03:32.729 W/PowerManagerService( 276): Timer 0x3->0x1|0x3
08-28 05:03:39.729 W/PowerManagerService( 276): Timer 0x3->0x0|0x3
08-28 05:03:39.729 E/PowerManagerService( 276): CurLock p:3 mPS:3
08-28 05:03:39.729 W/PowerManagerService( 276): type=SCREEN_BRIGHT_WAKE_LOCK 'KEEP_SCREEN_ON_FLAG' active (minState=3) activeT=63304362
08-28 05:03:48.279 D/Tethering( 276): interfaceLinkStateChanged wlan0, true
08-28 05:03:48.279 D/Tethering( 276): interfaceStatusChanged wlan0, true
08-28 05:04:26.639 D/Tethering( 276): interfaceLinkStateChanged wlan0, true
08-28 05:04:26.639 D/Tethering( 276): interfaceStatusChanged wlan0, true
08-28 05:06:08.419 D/SensorManager( 867): registerListener :: handle = 0 name= BOSCH 3-axis Accelerometer delay= 10000 Listener= kvn@414a59c8
08-28 05:06:08.419 E/SensorManager( 867): thread start
08-28 05:06:08.419 E/SensorManager( 867): =======>>>Sensor Thread RUNNING <<<========
08-28 05:06:09.219 I/SensorManager( 867): Set normal delay = true
08-28 05:06:09.299 D/SensorManager( 867): unregisterListener:: disable all sensors for this listener, name = BOSCH 3-axis Accelerometer listener = kvn@414a59c8
08-28 05:07:41.189 W/SignalStrength( 276): getCdmaLevel=2
08-28 05:07:41.189 W/SignalStrength( 276): getEvdoLevel=0
08-28 05:07:41.189 W/SignalStrength( 276): getCdmaLevel=2
08-28 05:07:41.189 W/SignalStrength( 276): getLevel=2
08-28 05:07:41.199 W/SignalStrength( 483): getCdmaLevel=2
08-28 05:07:41.199 W/SignalStrength( 483): getEvdoLevel=0
08-28 05:07:41.199 W/SignalStrength( 483): getCdmaLevel=2
08-28 05:07:41.199 W/SignalStrength( 483): getLevel=2
08-28 05:07:46.199 W/SignalStrength( 276): getCdmaLevel=3
08-28 05:07:46.199 W/SignalStrength( 276): getEvdoLevel=0
08-28 05:07:46.199 W/SignalStrength( 276): getCdmaLevel=3
08-28 05:07:46.199 W/SignalStrength( 276): getLevel=3
08-28 05:07:46.209 W/SignalStrength( 483): getCdmaLevel=3
08-28 05:07:46.209 W/SignalStrength( 483): getEvdoLevel=0
08-28 05:07:46.209 W/SignalStrength( 483): getCdmaLevel=3
08-28 05:07:46.209 W/SignalStrength( 483): getLevel=3
08-28 05:07:49.629 W/ThrottleService( 276): unable to find stats for iface rmnet0
08-28 05:08:19.209 W/SignalStrength( 276): getCdmaLevel=2
08-28 05:08:19.209 W/SignalStrength( 276): getEvdoLevel=0
08-28 05:08:19.209 W/SignalStrength( 276): getCdmaLevel=2
08-28 05:08:19.209 W/SignalStrength( 276): getLevel=2
08-28 05:08:19.209 W/SignalStrength( 483): getCdmaLevel=2
08-28 05:08:19.209 W/SignalStrength( 483): getEvdoLevel=0
08-28 05:08:19.209 W/SignalStrength( 483): getCdmaLevel=2
08-28 05:08:19.209 W/SignalStrength( 483): getLevel=2
08-28 05:08:20.209 W/SignalStrength( 276): getCdmaLevel=3
08-28 05:08:20.209 W/SignalStrength( 276): getEvdoLevel=0
08-28 05:08:20.209 W/SignalStrength( 276): getCdmaLevel=3
08-28 05:08:20.209 W/SignalStrength( 276): getLevel=3
08-28 05:08:20.209 W/SignalStrength( 483): getCdmaLevel=3
08-28 05:08:20.209 W/SignalStrength( 483): getEvdoLevel=0
08-28 05:08:20.209 W/SignalStrength( 483): getCdmaLevel=3
08-28 05:08:20.209 W/SignalStrength( 483): getLevel=3
08-28 05:08:29.209 W/SignalStrength( 276): getCdmaLevel=2
08-28 05:08:29.209 W/SignalStrength( 276): getEvdoLevel=0
08-28 05:08:29.209 W/SignalStrength( 276): getCdmaLevel=2
08-28 05:08:29.209 W/SignalStrength( 276): getLevel=2
08-28 05:08:29.219 W/SignalStrength( 483): getCdmaLevel=2
08-28 05:08:29.219 W/SignalStrength( 483): getEvdoLevel=0
08-28 05:08:29.219 W/SignalStrength( 483): getCdmaLevel=2
08-28 05:08:29.219 W/SignalStrength( 483): getLevel=2
08-28 05:08:36.209 W/SignalStrength( 276): getCdmaLevel=3
08-28 05:08:36.209 W/SignalStrength( 276): getEvdoLevel=0
08-28 05:08:36.209 W/SignalStrength( 276): getCdmaLevel=3
08-28 05:08:36.209 W/SignalStrength( 276): getLevel=3
08-28 05:08:36.219 W/SignalStrength( 483): getCdmaLevel=3
08-28 05:08:36.219 W/SignalStrength( 483): getEvdoLevel=0
08-28 05:08:36.219 W/SignalStrength( 483): getCdmaLevel=3
08-28 05:08:36.219 W/SignalStrength( 483): getLevel=3
08-28 05:09:00.219 W/SignalStrength( 276): getCdmaLevel=2
08-28 05:09:00.219 W/SignalStrength( 276): getEvdoLevel=0
08-28 05:09:00.219 W/SignalStrength( 276): getCdmaLevel=2
08-28 05:09:00.219 W/SignalStrength( 276): getLevel=2
08-28 05:09:00.229 W/SignalStrength( 483): getCdmaLevel=2
08-28 05:09:00.229 W/SignalStrength( 483): getEvdoLevel=0
08-28 05:09:00.229 W/SignalStrength( 483): getCdmaLevel=2
08-28 05:09:00.229 W/SignalStrength( 483): getLevel=2
08-28 05:09:01.219 W/SignalStrength( 276): getCdmaLevel=3
08-28 05:09:01.219 W/SignalStrength( 276): getEvdoLevel=0
08-28 05:09:01.219 W/SignalStrength( 276): getCdmaLevel=3
08-28 05:09:01.219 W/SignalStrength( 276): getLevel=3
08-28 05:09:01.229 W/SignalStrength( 483): getCdmaLevel=3
08-28 05:09:01.229 W/SignalStrength( 483): getEvdoLevel=0
08-28 05:09:01.229 W/SignalStrength( 483): getCdmaLevel=3
08-28 05:09:01.229 W/SignalStrength( 483): getLevel=3
08-28 05:09:07.479 D/SensorManager( 867): registerListener :: handle = 0 name= BOSCH 3-axis Accelerometer delay= 10000 Listener= kvn@4133fb30
08-28 05:09:07.479 E/SensorManager( 867): thread start
08-28 05:09:07.479 E/SensorManager( 867): =======>>>Sensor Thread RUNNING <<<========
08-28 05:09:08.179 I/SensorManager( 867): Set normal delay = true
08-28 05:09:08.259 D/SensorManager( 867): unregisterListener:: disable all sensors for this listener, name = BOSCH 3-axis Accelerometer listener = kvn@4133fb30
08-28 05:09:10.229 W/SignalStrength( 276): getCdmaLevel=2
08-28 05:09:10.229 W/SignalStrength( 276): getEvdoLevel=0
08-28 05:09:10.229 W/SignalStrength( 276): getCdmaLevel=2
08-28 05:09:10.229 W/SignalStrength( 276): getLevel=2
08-28 05:09:10.229 W/SignalStrength( 483): getCdmaLevel=2
08-28 05:09:10.229 W/SignalStrength( 483): getEvdoLevel=0
08-28 05:09:10.229 W/SignalStrength( 483): getCdmaLevel=2
08-28 05:09:10.229 W/SignalStrength( 483): getLevel=2
08-28 05:09:11.229 W/SignalStrength( 276): getCdmaLevel=3
08-28 05:09:11.229 W/SignalStrength( 276): getEvdoLevel=0
08-28 05:09:11.229 W/SignalStrength( 276): getCdmaLevel=3
08-28 05:09:11.229 W/SignalStrength( 276): getLevel=3
08-28 05:09:11.229 W/SignalStrength( 483): getCdmaLevel=3
08-28 05:09:11.229 W/SignalStrength( 483): getEvdoLevel=0
08-28 05:09:11.229 W/SignalStrength( 483): getCdmaLevel=3
08-28 05:09:11.229 W/SignalStrength( 483): getLevel=3
08-28 05:09:33.629 D/GpsLocationProvider( 276): ALARM_WAKEUP
08-28 05:09:33.629 D/GpsLocationProvider( 276): startNavigating
08-28 05:09:33.629 D/GpsLocationProvider( 276): GlobalConfig.GLOBALCONFIG_GPS_CDMA=true
08-28 05:09:33.629 D/GpsLocationProvider( 276): startNavigating with Position Mode = 0
08-28 05:09:33.629 E/libsecgps( 276): gps_start:
08-28 05:09:33.669 V/GpsLocationProvider( 276): reportStatus status: 3
08-28 05:09:33.669 V/GpsLocationProvider( 276): reportStatus status: 1
08-28 05:09:39.579 E/GPSD ( 119): SecLBS_update_location:
08-28 05:09:39.589 D/GpsLocationProvider( 276): TTFF: 5955
08-28 05:09:39.609 D/GpsLocationProvider( 276): got fix, hibernating
08-28 05:09:39.609 D/GpsLocationProvider( 276): stopNavigating
08-28 05:09:39.609 E/libsecgps( 276): gps_stop:
08-28 05:09:39.619 V/GpsLocationProvider( 276): reportStatus status: 2
08-28 05:09:39.629 V/GpsLocationProvider( 276): reportStatus status: 4
08-28 05:09:39.719 V/GpsLocationProvider( 276): reportStatus status: 2
08-28 05:09:39.899 I/GCoreUlr( 867): Successfully inserted location
08-28 05:09:39.909 I/GCoreUlr( 867): Not calling LocationReportingService, hasMoved: false, elapsed millis: 1213980, request: Phone
08-28 05:09:44.239 W/SignalStrength( 276): getCdmaLevel=2
08-28 05:09:44.239 W/SignalStrength( 276): getEvdoLevel=0
08-28 05:09:44.239 W/SignalStrength( 276): getCdmaLevel=2
08-28 05:09:44.239 W/SignalStrength( 276): getLevel=2
08-28 05:09:44.239 W/SignalStrength( 483): getCdmaLevel=2
08-28 05:09:44.239 W/SignalStrength( 483): getEvdoLevel=0
08-28 05:09:44.239 W/SignalStrength( 483): getCdmaLevel=2
08-28 05:09:44.239 W/SignalStrength( 483): getLevel=2
08-28 05:09:47.239 W/SignalStrength( 276): getCdmaLevel=3
08-28 05:09:47.239 W/SignalStrength( 276): getEvdoLevel=0
08-28 05:09:47.239 W/SignalStrength( 276): getCdmaLevel=3
08-28 05:09:47.239 W/SignalStrength( 276): getLevel=3
08-28 05:09:47.239 W/SignalStrength( 483): getCdmaLevel=3
08-28 05:09:47.239 W/SignalStrength( 483): getEvdoLevel=0
08-28 05:09:47.239 W/SignalStrength( 483): getCdmaLevel=3
08-28 05:09:47.239 W/SignalStrength( 483): getLevel=3
08-28 05:09:56.239 W/SignalStrength( 276): getCdmaLevel=2
08-28 05:09:56.239 W/SignalStrength( 276): getEvdoLevel=0
08-28 05:09:56.239 W/SignalStrength( 276): getCdmaLevel=2
08-28 05:09:56.239 W/SignalStrength( 276): getLevel=2
08-28 05:09:56.249 W/SignalStrength( 483): getCdmaLevel=2
08-28 05:09:56.249 W/SignalStrength( 483): getEvdoLevel=0
08-28 05:09:56.249 W/SignalStrength( 483): getCdmaLevel=2
08-28 05:09:56.249 W/SignalStrength( 483): getLevel=2
08-28 05:09:58.249 W/SignalStrength( 483): getCdmaLevel=3
08-28 05:09:58.249 W/SignalStrength( 483): getEvdoLevel=0
08-28 05:09:58.249 W/SignalStrength( 483): getCdmaLevel=3
08-28 05:09:58.249 W/SignalStrength( 483): getLevel=3
08-28 05:09:58.249 W/SignalStrength( 276): getCdmaLevel=3
08-28 05:09:58.249 W/SignalStrength( 276): getEvdoLevel=0
08-28 05:09:58.249 W/SignalStrength( 276): getCdmaLevel=3
08-28 05:09:58.249 W/SignalStrength( 276): getLevel=3
08-28 05:10:35.259 W/SignalStrength( 276): getCdmaLevel=2
08-28 05:10:35.259 W/SignalStrength( 276): getEvdoLevel=0
08-28 05:10:35.259 W/SignalStrength( 276): getCdmaLevel=2
08-28 05:10:35.259 W/SignalStrength( 276): getLevel=2
08-28 05:10:35.259 W/SignalStrength( 483): getCdmaLevel=2
08-28 05:10:35.259 W/SignalStrength( 483): getEvdoLevel=0
08-28 05:10:35.259 W/SignalStrength( 483): getCdmaLevel=2
08-28 05:10:35.259 W/SignalStrength( 483): getLevel=2
08-28 05:10:44.259 W/SignalStrength( 276): getCdmaLevel=3
08-28 05:10:44.259 W/SignalStrength( 276): getEvdoLevel=0
08-28 05:10:44.259 W/SignalStrength( 276): getCdmaLevel=3
08-28 05:10:44.259 W/SignalStrength( 276): getLevel=3
08-28 05:10:44.269 W/SignalStrength( 483): getCdmaLevel=3
08-28 05:10:44.269 W/SignalStrength( 483): getEvdoLevel=0
08-28 05:10:44.269 W/SignalStrength( 483): getCdmaLevel=3
08-28 05:10:44.269 W/SignalStrength( 483): getLevel=3
08-28 05:10:58.269 W/SignalStrength( 276): getCdmaLevel=2
08-28 05:10:58.269 W/SignalStrength( 276): getEvdoLevel=0
08-28 05:10:58.269 W/SignalStrength( 276): getCdmaLevel=2
08-28 05:10:58.269 W/SignalStrength( 276): getLevel=2
08-28 05:10:58.269 W/SignalStrength( 483): getCdmaLevel=2
08-28 05:10:58.269 W/SignalStrength( 483): getEvdoLevel=0
08-28 05:10:58.269 W/SignalStrength( 483): getCdmaLevel=2
08-28 05:10:58.269 W/SignalStrength( 483): getLevel=2
08-28 05:10:59.269 W/SignalStrength( 276): getCdmaLevel=3
08-28 05:10:59.269 W/SignalStrength( 276): getEvdoLevel=0
08-28 05:10:59.269 W/SignalStrength( 276): getCdmaLevel=3
08-28 05:10:59.269 W/SignalStrength( 276): getLevel=3
08-28 05:10:59.269 W/SignalStrength( 483): getCdmaLevel=3
08-28 05:10:59.269 W/SignalStrength( 483): getEvdoLevel=0
08-28 05:10:59.269 W/SignalStrength( 483): getCdmaLevel=3
08-28 05:10:59.269 W/SignalStrength( 483): getLevel=3
08-28 05:12:06.429 D/SensorManager( 867): registerListener :: handle = 0 name= BOSCH 3-axis Accelerometer delay= 10000 Listener= kvn@41265110
08-28 05:12:06.429 E/SensorManager( 867): thread start
08-28 05:12:06.429 E/SensorManager( 867): =======>>>Sensor Thread RUNNING <<<========
08-28 05:12:07.139 I/SensorManager( 867): Set normal delay = true
08-28 05:12:07.219 D/SensorManager( 867): unregisterListener:: disable all sensors for this listener, name = BOSCH 3-axis Accelerometer listener = kvn@41265110
08-28 05:12:21.509 I/EventLogService( 737): Aggregate from 1409215341322 (log), 1409215341322 (data)
08-28 05:14:28.359 W/SignalStrength( 276): getCdmaLevel=2
08-28 05:14:28.359 W/SignalStrength( 276): getEvdoLevel=0
08-28 05:14:28.359 W/SignalStrength( 276): getCdmaLevel=2
08-28 05:14:28.359 W/SignalStrength( 276): getLevel=2
08-28 05:14:28.359 W/SignalStrength( 483): getCdmaLevel=2
08-28 05:14:28.359 W/SignalStrength( 483): getEvdoLevel=0
08-28 05:14:28.359 W/SignalStrength( 483): getCdmaLevel=2
08-28 05:14:28.359 W/SignalStrength( 483): getLevel=2
08-28 05:14:29.359 W/SignalStrength( 276): getCdmaLevel=3
08-28 05:14:29.359 W/SignalStrength( 276): getEvdoLevel=0
08-28 05:14:29.359 W/SignalStrength( 276): getCdmaLevel=3
08-28 05:14:29.359 W/SignalStrength( 276): getLevel=3
08-28 05:14:29.359 W/SignalStrength( 483): getCdmaLevel=3
08-28 05:14:29.359 W/SignalStrength( 483): getEvdoLevel=0
08-28 05:14:29.359 W/SignalStrength( 483): getCdmaLevel=3
08-28 05:14:29.359 W/SignalStrength( 483): getLevel=3
08-28 05:15:05.389 D/SensorManager( 867): registerListener :: handle = 0 name= BOSCH 3-axis Accelerometer delay= 10000 Listener= kvn@411b64d0
08-28 05:15:05.389 E/SensorManager( 867): thread start
08-28 05:15:05.389 E/SensorManager( 867): =======>>>Sensor Thread RUNNING <<<========
08-28 05:15:06.089 I/SensorManager( 867): Set normal delay = true
08-28 05:15:06.169 D/SensorManager( 867): unregisterListener:: disable all sensors for this listener, name = BOSCH 3-axis Accelerometer listener = kvn@411b64d0
08-28 05:15:06.199 I/GCoreUlr( 867): Received powerMode change from NLP: com.google.android.location.activity.LOW_POWER_MODE_ENABLED
08-28 05:15:06.199 I/GCoreUlr( 867): Starting service, intent=Intent { act=com.google.android.location.reporting.ACTION_UPDATE_ACTIVE_STATE cmp=xxxx }, extras=null
08-28 05:15:06.249 I/GCoreUlr( 867): Ensuring that reporting is active for [account#15#]
08-28 05:15:06.249 I/GCoreUlr( 867): Starting service, intent=Intent { act=com.google.android.location.reporting.ACTION_LOCATION_STATUS cmp=xxxx (has extras) }, extras=Bundle[{status=LocationStatus[cell status: STATUS_SUCCESSFUL, wifi status: STATUS_SUCCESSFUL, elapsed realtime ns: 19183643000000]}]
08-28 05:16:29.209 D/GCM ( 588): Ignoring attempt to send heartbeat on dead connection.
08-28 05:16:34.229 D/Tethering( 276): interfaceLinkStateChanged wlan0, true
08-28 05:16:34.229 D/Tethering( 276): interfaceStatusChanged wlan0, true
08-28 05:16:39.299 D/Tethering( 276): interfaceLinkStateChanged wlan0, true
08-28 05:16:39.299 D/Tethering( 276): interfaceStatusChanged wlan0, true
08-28 05:17:49.629 W/ThrottleService( 276): unable to find stats for iface rmnet0
08-28 05:18:04.349 D/SensorManager( 867): registerListener :: handle = 0 name= BOSCH 3-axis Accelerometer delay= 10000 Listener= kvn@41476ba8
08-28 05:18:04.349 E/SensorManager( 867): thread start
08-28 05:18:04.349 E/SensorManager( 867): =======>>>Sensor Thread RUNNING <<<========
08-28 05:18:05.049 I/SensorManager( 867): Set normal delay = true
08-28 05:18:05.129 D/SensorManager( 867): unregisterListener:: disable all sensors for this listener, name = BOSCH 3-axis Accelerometer listener = kvn@41476ba8
08-28 05:18:11.839 E/WifiStateMachine( 276): set suspend optimizations failed!
08-28 05:18:12.279 E/WifiStateMachine( 276): set suspend optimizations failed!
08-28 05:18:26.879 D/Tethering( 276): interfaceLinkStateChanged wlan0, true
08-28 05:18:26.879 D/Tethering( 276): interfaceStatusChanged wlan0, true
08-28 05:19:39.609 D/GpsLocationProvider( 276): ALARM_WAKEUP
08-28 05:19:39.609 D/GpsLocationProvider( 276): startNavigating
08-28 05:19:39.609 D/GpsLocationProvider( 276): GlobalConfig.GLOBALCONFIG_GPS_CDMA=true
08-28 05:19:39.609 D/GpsLocationProvider( 276): startNavigating with Position Mode = 0
08-28 05:19:39.609 E/libsecgps( 276): gps_start:
08-28 05:19:39.659 V/GpsLocationProvider( 276): reportStatus status: 3
08-28 05:19:39.659 V/GpsLocationProvider( 276): reportStatus status: 1
08-28 05:19:43.579 E/GPSD ( 119): SecLBS_update_location:
08-28 05:19:43.579 D/GpsLocationProvider( 276): TTFF: 3967
08-28 05:19:43.579 D/GpsLocationProvider( 276): got fix, hibernating
08-28 05:19:43.579 D/GpsLocationProvider( 276): stopNavigating
08-28 05:19:43.579 E/libsecgps( 276): gps_stop:
08-28 05:19:43.619 V/GpsLocationProvider( 276): reportStatus status: 2
08-28 05:19:43.619 V/GpsLocationProvider( 276): reportStatus status: 4
08-28 05:19:43.659 D/MyGPSClockApp( 6043): +onLocationChanged
08-28 05:19:43.659 D/MyGPSClockApp( 6043): +getGPSDatetime
08-28 05:19:43.659 D/MyGPSClockApp( 6043): GPSTime: 1409235601000
08-28 05:19:43.659 D/MyGPSClockApp( 6043): GPS Current time: Thu Aug 28 10:20:01 EDT 2014
08-28 05:19:43.659 D/MyGPSClockApp( 6043): -getGPSDatetime
08-28 05:19:43.659 D/MyGPSClockApp( 6043): -onLocationChanged
08-28 05:19:43.709 V/GpsLocationProvider( 276): reportStatus status: 2
08-28 05:19:43.899 I/GCoreUlr( 867): Successfully inserted location
08-28 05:19:43.909 I/GCoreUlr( 867): Not calling LocationReportingService, hasMoved: false, elapsed millis: 1817983, request: Phone
08-28 05:21:01.679 D/Tethering( 276): interfaceLinkStateChanged wlan0, true
08-28 05:21:01.679 D/Tethering( 276): interfaceStatusChanged wlan0, true
08-28 05:21:09.119 E/WifiStateMachine( 276): set suspend optimizations failed!
08-28 05:21:09.149 D/SensorManager( 867): registerListener :: handle = 0 name= BOSCH 3-axis Accelerometer delay= 10000 Listener= kvn@414c5180
08-28 05:21:09.149 E/SensorManager( 867): thread start
08-28 05:21:09.149 E/SensorManager( 867): =======>>>Sensor Thread RUNNING <<<========
08-28 05:21:09.819 D/Tethering( 276): interfaceLinkStateChanged wlan0, true
08-28 05:21:09.819 D/Tethering( 276): interfaceStatusChanged wlan0, true
08-28 05:21:09.819 D/Tethering( 276): interfaceLinkStateChanged wlan0, true
08-28 05:21:09.819 D/Tethering( 276): interfaceStatusChanged wlan0, true
08-28 05:21:09.869 I/SensorManager( 867): Set normal delay = true
08-28 05:21:09.939 D/SensorManager( 867): unregisterListener:: disable all sensors for this listener, name = BOSCH 3-axis Accelerometer listener = kvn@414c5180
08-28 05:21:09.949 E/WifiStateMachine( 276): set suspend optimizations failed!
08-28 05:21:10.079 I/GCoreUlr( 867): Successfully inserted location
08-28 05:21:10.129 I/GCoreUlr( 867): Not calling LocationReportingService, hasMoved: false, elapsed millis: 1904189, request: Phone
08-28 05:21:25.269 D/Tethering( 276): interfaceLinkStateChanged wlan0, true
08-28 05:21:25.269 D/Tethering( 276): interfaceStatusChanged wlan0, true
08-28 05:21:31.679 D/Tethering( 276): interfaceLinkStateChanged wlan0, true
08-28 05:21:31.679 D/Tethering( 276): interfaceStatusChanged wlan0, true
08-28 05:21:48.359 D/Tethering( 276): interfaceLinkStateChanged wlan0, true
08-28 05:21:48.359 D/Tethering( 276): interfaceStatusChanged wlan0, true
08-28 05:22:21.719 D/Tethering( 276): interfaceLinkStateChanged wlan0, true
08-28 05:22:21.719 D/Tethering( 276): interfaceStatusChanged wlan0, true
08-28 05:22:26.729 D/Tethering( 276): interfaceLinkStateChanged wlan0, true
08-28 05:22:26.729 D/Tethering( 276): interfaceStatusChanged wlan0, true
08-28 05:24:08.099 D/SensorManager( 867): registerListener :: handle = 0 name= BOSCH 3-axis Accelerometer delay= 10000 Listener= kvn@413fd998
08-28 05:24:08.099 E/SensorManager( 867): thread start
08-28 05:24:08.099 E/SensorManager( 867): =======>>>Sensor Thread RUNNING <<<========
08-28 05:24:08.789 I/SensorManager( 867): Set normal delay = true
08-28 05:24:08.869 D/SensorManager( 867): unregisterListener:: disable all sensors for this listener, name = BOSCH 3-axis Accelerometer listener = kvn@413fd998
08-28 05:26:55.269 E/WifiStateMachine( 276): set suspend optimizations failed!
08-28 05:26:55.639 E/WifiStateMachine( 276): set suspend optimizations failed!
08-28 05:27:05.289 D/Tethering( 276): interfaceLinkStateChanged wlan0, true
08-28 05:27:05.289 D/Tethering( 276): interfaceStatusChanged wlan0, true
08-28 05:27:07.059 D/SensorManager( 867): registerListener :: handle = 0 name= BOSCH 3-axis Accelerometer delay= 10000 Listener= kvn@4129ab60
08-28 05:27:07.069 E/SensorManager( 867): thread start
08-28 05:27:07.069 E/SensorManager( 867): =======>>>Sensor Thread RUNNING <<<========
08-28 05:27:07.759 I/SensorManager( 867): Set normal delay = true
08-28 05:27:07.839 D/SensorManager( 867): unregisterListener:: disable all sensors for this listener, name = BOSCH 3-axis Accelerometer listener = kvn@4129ab60
08-28 05:27:07.869 I/GCoreUlr( 867): Received powerMode change from NLP: com.google.android.location.activity.LOW_POWER_MODE_ENABLED
08-28 05:27:07.869 I/GCoreUlr( 867): Starting service, intent=Intent { act=com.google.android.location.reporting.ACTION_UPDATE_ACTIVE_STATE cmp=xxxx }, extras=null
08-28 05:27:07.919 I/GCoreUlr( 867): Ensuring that reporting is active for [account#15#]
08-28 05:27:07.919 I/GCoreUlr( 867): Starting service, intent=Intent { act=com.google.android.location.reporting.ACTION_LOCATION_STATUS cmp=xxxx (has extras) }, extras=Bundle[{status=LocationStatus[cell status: STATUS_SUCCESSFUL, wifi status: STATUS_SUCCESSFUL, elapsed realtime ns: 19183643000000]}]
08-28 05:27:49.629 W/ThrottleService( 276): unable to find stats for iface rmnet0
08-28 05:29:11.499 V/BackupManagerService( 276): Running a backup pass
08-28 05:29:11.519 V/BackupManagerService( 276): Backup requested but nothing pending
08-28 05:29:33.979 E/WifiStateMachine( 276): set suspend optimizations failed!
08-28 05:29:34.759 D/Tethering( 276): interfaceLinkStateChanged wlan0, true
08-28 05:29:34.759 D/Tethering( 276): interfaceStatusChanged wlan0, true
08-28 05:29:34.759 D/Tethering( 276): interfaceLinkStateChanged wlan0, true
08-28 05:29:34.759 D/Tethering( 276): interfaceStatusChanged wlan0, true
08-28 05:29:34.899 D/CellLocator( 588): Primary cell miss in cache. Need server request.
08-28 05:29:34.909 D/NetworkLocator( 588): New location significantly newer than previous. Reporting it.
08-28 05:29:34.929 D/GpsLocationProvider( 276): Gps MessageHandler. msg.what 7 msg.arg1:0
08-28 05:29:34.939 I/System.out( 588): [INFO:68394532]: LogSource: Running flush
08-28 05:29:34.949 I/System.out( 588): [INFO:68394548]: LogSource: Sending payload [bytes=488]
08-28 05:29:35.399 I/System.out( 588): [INFO:68394990]: LogSource: Response [http=200,length=255]
08-28 05:29:35.399 I/System.out( 588): [INFO:68394992]: LogSource: Read id 1, status code 200
08-28 05:29:35.409 D/WifiLocator( 588): Too many no-location APs. Will not compute a location nor go to the server. hasLocation=0 noLocation=0 cacheMiss=0
08-28 05:29:35.419 E/WifiStateMachine( 276): set suspend optimizations failed!
08-28 05:29:35.429 D/GpsLocationProvider( 276): Gps MessageHandler. msg.what 7 msg.arg1:0
08-28 05:29:43.589 D/GpsLocationProvider( 276): ALARM_WAKEUP
08-28 05:29:43.589 D/GpsLocationProvider( 276): startNavigating
08-28 05:29:43.589 D/GpsLocationProvider( 276): GlobalConfig.GLOBALCONFIG_GPS_CDMA=true
08-28 05:29:43.589 D/GpsLocationProvider( 276): startNavigating with Position Mode = 0
08-28 05:29:43.589 E/libsecgps( 276): gps_start:
08-28 05:29:43.619 V/GpsLocationProvider( 276): reportStatus status: 3
08-28 05:29:43.619 V/GpsLocationProvider( 276): reportStatus status: 1
08-28 05:29:44.959 D/Tethering( 276): interfaceLinkStateChanged wlan0, true
08-28 05:29:44.959 D/Tethering( 276): interfaceStatusChanged wlan0, true
08-28 05:29:48.569 E/GPSD ( 119): SecLBS_update_location:
08-28 05:29:48.569 D/GpsLocationProvider( 276): TTFF: 4988
08-28 05:29:48.589 D/GpsLocationProvider( 276): got fix, hibernating
08-28 05:29:48.589 D/GpsLocationProvider( 276): stopNavigating
08-28 05:29:48.589 E/libsecgps( 276): gps_stop:
08-28 05:29:48.619 V/GpsLocationProvider( 276): reportStatus status: 2
08-28 05:29:48.619 V/GpsLocationProvider( 276): reportStatus status: 4
08-28 05:29:48.669 D/MyGPSClockApp( 6043): +onLocationChanged
08-28 05:29:48.669 D/MyGPSClockApp( 6043): +getGPSDatetime
08-28 05:29:48.669 D/MyGPSClockApp( 6043): GPSTime: 1409236206000
08-28 05:29:48.669 D/MyGPSClockApp( 6043): GPS Current time: Thu Aug 28 10:30:06 EDT 2014
08-28 05:29:48.669 D/MyGPSClockApp( 6043): -getGPSDatetime
08-28 05:29:48.669 D/MyGPSClockApp( 6043): -onLocationChanged
08-28 05:29:48.709 V/GpsLocationProvider( 276): reportStatus status: 2
08-28 05:30:06.149 D/SensorManager( 867): registerListener :: handle = 0 name= BOSCH 3-axis Accelerometer delay= 10000 Listener= kvn@413c5808
08-28 05:30:06.169 E/SensorManager( 867): thread start
08-28 05:30:06.169 E/SensorManager( 867): =======>>>Sensor Thread RUNNING <<<========
08-28 05:30:06.899 I/SensorManager( 867): Set normal delay = true
08-28 05:30:06.979 D/SensorManager( 867): unregisterListener:: disable all sensors for this listener, name = BOSCH 3-axis Accelerometer listener = kvn@413c5808
08-28 05:31:01.729 W/SignalStrength( 276): getCdmaLevel=2
08-28 05:31:01.729 W/SignalStrength( 276): getEvdoLevel=0
08-28 05:31:01.729 W/SignalStrength( 276): getCdmaLevel=2
08-28 05:31:01.729 W/SignalStrength( 276): getLevel=2
08-28 05:31:01.739 W/SignalStrength( 483): getCdmaLevel=2
08-28 05:31:01.739 W/SignalStrength( 483): getEvdoLevel=0
08-28 05:31:01.739 W/SignalStrength( 483): getCdmaLevel=2
08-28 05:31:01.739 W/SignalStrength( 483): getLevel=2
08-28 05:31:02.729 W/SignalStrength( 276): getCdmaLevel=3
08-28 05:31:02.729 W/SignalStrength( 276): getEvdoLevel=0
08-28 05:31:02.729 W/SignalStrength( 276): getCdmaLevel=3
08-28 05:31:02.729 W/SignalStrength( 276): getLevel=3
08-28 05:31:02.739 W/SignalStrength( 483): getCdmaLevel=3
08-28 05:31:02.739 W/SignalStrength( 483): getEvdoLevel=0
08-28 05:31:02.739 W/SignalStrength( 483): getCdmaLevel=3
08-28 05:31:02.739 W/SignalStrength( 483): getLevel=3
08-28 05:31:29.299 D/GCM ( 588): Ignoring attempt to send heartbeat on dead connection.
08-28 05:31:34.329 D/Tethering( 276): interfaceLinkStateChanged wlan0, true
08-28 05:31:34.329 D/Tethering( 276): interfaceStatusChanged wlan0, true
08-28 05:31:39.399 D/Tethering( 276): interfaceLinkStateChanged wlan0, true
08-28 05:31:39.399 D/Tethering( 276): interfaceStatusChanged wlan0, true
08-28 05:32:27.949 D/Tethering( 276): interfaceLinkStateChanged wlan0, true
08-28 05:32:27.949 D/Tethering( 276): interfaceStatusChanged wlan0, true
08-28 05:33:05.149 D/SensorManager( 867): registerListener :: handle = 0 name= BOSCH 3-axis Accelerometer delay= 10000 Listener= kvn@411b6340
08-28 05:33:05.149 E/SensorManager( 867): thread start
08-28 05:33:05.149 E/SensorManager( 867): =======>>>Sensor Thread RUNNING <<<========
08-28 05:33:05.869 I/SensorManager( 867): Set normal delay = true
08-28 05:33:05.949 D/SensorManager( 867): unregisterListener:: disable all sensors for this listener, name = BOSCH 3-axis Accelerometer listener = kvn@411b6340
08-28 05:33:45.479 D/Tethering( 276): interfaceLinkStateChanged wlan0, true
08-28 05:33:45.479 D/Tethering( 276): interfaceStatusChanged wlan0, true
08-28 05:35:42.479 V/WindowOrientationListener( 276): Proposed rotation changed! proposedRotation=3, oldProposedRotation=-1currentRotation = 0
08-28 05:35:42.479 V/WindowManager( 276): rotationForOrientationLw(orient=1, last=0); user=0 mLidOpen=-1 mDockMode=0 mHdmiPlugged=false mAccelerometerDefault=1 sensorRotation=3
08-28 05:35:45.479 V/WindowOrientationListener( 276): nearestRotation : 0 Angle: 2 tilt: 23
08-28 05:35:57.849 W/SignalStrength( 276): getCdmaLevel=2
08-28 05:35:57.849 W/SignalStrength( 276): getEvdoLevel=0
08-28 05:35:57.849 W/SignalStrength( 276): getCdmaLevel=2
08-28 05:35:57.849 W/SignalStrength( 276): getLevel=2
08-28 05:35:57.849 W/SignalStrength( 483): getCdmaLevel=2
08-28 05:35:57.849 W/SignalStrength( 483): getEvdoLevel=0
08-28 05:35:57.849 W/SignalStrength( 483): getCdmaLevel=2
08-28 05:35:57.849 W/SignalStrength( 483): getLevel=2
08-28 05:36:04.129 D/SensorManager( 867): registerListener :: handle = 0 name= BOSCH 3-axis Accelerometer delay= 10000 Listener= kvn@4117d528
08-28 05:36:04.129 E/SensorManager( 867): thread start
08-28 05:36:04.129 E/SensorManager( 867): =======>>>Sensor Thread RUNNING <<<========
08-28 05:36:04.819 I/SensorManager( 867): Set normal delay = true
08-28 05:36:04.899 D/SensorManager( 867): unregisterListener:: disable all sensors for this listener, name = BOSCH 3-axis Accelerometer listener = kvn@4117d528
08-28 05:36:13.999 E/WifiStateMachine( 276): set suspend optimizations failed!
08-28 05:36:14.439 E/WifiStateMachine( 276): set suspend optimizations failed!
08-28 05:36:24.029 D/Tethering( 276): interfaceLinkStateChanged wlan0, true
08-28 05:36:24.029 D/Tethering( 276): interfaceStatusChanged wlan0, true
08-28 05:36:35.869 W/SignalStrength( 276): getCdmaLevel=3
08-28 05:36:35.869 W/SignalStrength( 276): getEvdoLevel=0
08-28 05:36:35.869 W/SignalStrength( 276): getCdmaLevel=3
08-28 05:36:35.869 W/SignalStrength( 276): getLevel=3
08-28 05:36:35.869 W/SignalStrength( 483): getCdmaLevel=3
08-28 05:36:35.869 W/SignalStrength( 483): getEvdoLevel=0
08-28 05:36:35.869 W/SignalStrength( 483): getCdmaLevel=3
08-28 05:36:35.869 W/SignalStrength( 483): getLevel=3
08-28 05:36:43.869 W/SignalStrength( 276): getCdmaLevel=2
08-28 05:36:43.869 W/SignalStrength( 276): getEvdoLevel=0
08-28 05:36:43.869 W/SignalStrength( 276): getCdmaLevel=2
08-28 05:36:43.869 W/SignalStrength( 276): getLevel=2
08-28 05:36:43.869 W/SignalStrength( 483): getCdmaLevel=2
08-28 05:36:43.869 W/SignalStrength( 483): getEvdoLevel=0
08-28 05:36:43.869 W/SignalStrength( 483): getCdmaLevel=2
08-28 05:36:43.869 W/SignalStrength( 483): getLevel=2
08-28 05:36:45.869 W/SignalStrength( 276): getCdmaLevel=3
08-28 05:36:45.869 W/SignalStrength( 276): getEvdoLevel=0
08-28 05:36:45.869 W/SignalStrength( 276): getCdmaLevel=3
08-28 05:36:45.869 W/SignalStrength( 276): getLevel=3
08-28 05:36:45.869 W/SignalStrength( 483): getCdmaLevel=3
08-28 05:36:45.869 W/SignalStrength( 483): getEvdoLevel=0
08-28 05:36:45.869 W/SignalStrength( 483): getCdmaLevel=3
08-28 05:36:45.869 W/SignalStrength( 483): getLevel=3
08-28 05:37:04.879 W/SignalStrength( 276): getCdmaLevel=2
08-28 05:37:04.879 W/SignalStrength( 276): getEvdoLevel=0
08-28 05:37:04.879 W/SignalStrength( 276): getCdmaLevel=2
08-28 05:37:04.879 W/SignalStrength( 276): getLevel=2
08-28 05:37:04.879 W/SignalStrength( 483): getCdmaLevel=2
08-28 05:37:04.879 W/SignalStrength( 483): getEvdoLevel=0
08-28 05:37:04.879 W/SignalStrength( 483): getCdmaLevel=2
08-28 05:37:04.879 W/SignalStrength( 483): getLevel=2
08-28 05:37:05.879 W/SignalStrength( 276): getCdmaLevel=3
08-28 05:37:05.879 W/SignalStrength( 276): getEvdoLevel=0
08-28 05:37:05.879 W/SignalStrength( 276): getCdmaLevel=3
08-28 05:37:05.879 W/SignalStrength( 276): getLevel=3
08-28 05:37:05.879 W/SignalStrength( 483): getCdmaLevel=3
08-28 05:37:05.879 W/SignalStrength( 483): getEvdoLevel=0
08-28 05:37:05.879 W/SignalStrength( 483): getCdmaLevel=3
08-28 05:37:05.879 W/SignalStrength( 483): getLevel=3
08-28 05:37:17.879 W/SignalStrength( 276): getCdmaLevel=2
08-28 05:37:17.879 W/SignalStrength( 276): getEvdoLevel=0
08-28 05:37:17.879 W/SignalStrength( 276): getCdmaLevel=2
08-28 05:37:17.879 W/SignalStrength( 276): getLevel=2
08-28 05:37:17.889 W/SignalStrength( 483): getCdmaLevel=2
08-28 05:37:17.889 W/SignalStrength( 483): getEvdoLevel=0
08-28 05:37:17.889 W/SignalStrength( 483): getCdmaLevel=2
08-28 05:37:17.889 W/SignalStrength( 483): getLevel=2
08-28 05:37:49.739 W/ThrottleService( 276): unable to find stats for iface rmnet0
08-28 05:37:54.649 D/Tethering( 276): interfaceLinkStateChanged wlan0, true
08-28 05:37:54.649 D/Tethering( 276): interfaceStatusChanged wlan0, true
08-28 05:37:59.649 D/Tethering( 276): interfaceLinkStateChanged wlan0, true
08-28 05:37:59.649 D/Tethering( 276): interfaceStatusChanged wlan0, true
08-28 05:38:08.899 W/SignalStrength( 276): getCdmaLevel=2
08-28 05:38:08.899 W/SignalStrength( 276): getEvdoLevel=0
08-28 05:38:08.899 W/SignalStrength( 276): getCdmaLevel=2
08-28 05:38:08.899 W/SignalStrength( 276): getLevel=2
08-28 05:38:08.899 W/SignalStrength( 483): getCdmaLevel=2
08-28 05:38:08.899 W/SignalStrength( 483): getEvdoLevel=0
08-28 05:38:08.899 W/SignalStrength( 483): getCdmaLevel=2
08-28 05:38:08.899 W/SignalStrength( 483): getLevel=2
08-28 05:38:58.919 W/SignalStrength( 276): getCdmaLevel=3
08-28 05:38:58.919 W/SignalStrength( 276): getEvdoLevel=0
08-28 05:38:58.919 W/SignalStrength( 276): getCdmaLevel=3
08-28 05:38:58.919 W/SignalStrength( 276): getLevel=3
08-28 05:38:58.919 W/SignalStrength( 483): getCdmaLevel=3
08-28 05:38:58.919 W/SignalStrength( 483): getEvdoLevel=0
08-28 05:38:58.919 W/SignalStrength( 483): getCdmaLevel=3
08-28 05:38:58.919 W/SignalStrength( 483): getLevel=3
08-28 05:39:07.919 W/SignalStrength( 276): getCdmaLevel=2
08-28 05:39:07.919 W/SignalStrength( 276): getEvdoLevel=0
08-28 05:39:07.919 W/SignalStrength( 276): getCdmaLevel=2
08-28 05:39:07.919 W/SignalStrength( 276): getLevel=2
08-28 05:39:07.929 W/SignalStrength( 483): getCdmaLevel=2
08-28 05:39:07.929 W/SignalStrength( 483): getEvdoLevel=0
08-28 05:39:07.929 W/SignalStrength( 483): getCdmaLevel=2
08-28 05:39:07.929 W/SignalStrength( 483): getLevel=2
08-28 05:39:09.139 E/WifiStateMachine( 276): set suspend optimizations failed!
08-28 05:39:09.169 D/SensorManager( 867): registerListener :: handle = 0 name= BOSCH 3-axis Accelerometer delay= 10000 Listener= kvn@414caf58
08-28 05:39:09.169 E/SensorManager( 867): thread start
08-28 05:39:09.169 E/SensorManager( 867): =======>>>Sensor Thread RUNNING <<<========
08-28 05:39:09.889 D/Tethering( 276): interfaceLinkStateChanged wlan0, true
08-28 05:39:09.889 D/Tethering( 276): interfaceStatusChanged wlan0, true
08-28 05:39:09.889 D/Tethering( 276): interfaceLinkStateChanged wlan0, true
08-28 05:39:09.889 D/Tethering( 276): interfaceStatusChanged wlan0, true
08-28 05:39:10.019 I/SensorManager( 867): Set normal delay = true
08-28 05:39:10.029 E/WifiStateMachine( 276): set suspend optimizations failed!
08-28 05:39:10.089 D/SensorManager( 867): unregisterListener:: disable all sensors for this listener, name = BOSCH 3-axis Accelerometer listener = kvn@414caf58
08-28 05:39:10.099 I/GCoreUlr( 867): Received powerMode change from NLP: com.google.android.location.activity.LOW_POWER_MODE_ENABLED
08-28 05:39:10.109 I/GCoreUlr( 867): Starting service, intent=Intent { act=com.google.android.location.reporting.ACTION_UPDATE_ACTIVE_STATE cmp=xxxx }, extras=null
08-28 05:39:10.189 I/GCoreUlr( 867): Successfully inserted location
08-28 05:39:10.199 I/GCoreUlr( 867): Not calling LocationReportingService, hasMoved: false, elapsed millis: 2984270, request: Phone
08-28 05:39:10.249 I/GCoreUlr( 867): Ensuring that reporting is active for [account#15#]
08-28 05:39:10.249 I/GCoreUlr( 867): Starting service, intent=Intent { act=com.google.android.location.reporting.ACTION_LOCATION_STATUS cmp=xxxx (has extras) }, extras=Bundle[{status=LocationStatus[cell status: STATUS_SUCCESSFUL, wifi status: STATUS_SUCCESSFUL, elapsed realtime ns: 19183643000000]}]
08-28 05:39:35.429 D/Tethering( 276): interfaceLinkStateChanged wlan0, true
08-28 05:39:35.429 D/Tethering( 276): interfaceStatusChanged wlan0, true
08-28 05:39:43.439 D/Tethering( 276): interfaceLinkStateChanged wlan0, true
08-28 05:39:43.439 D/Tethering( 276): interfaceStatusChanged wlan0, true
08-28 05:39:48.519 D/Tethering( 276): interfaceLinkStateChanged wlan0, true
08-28 05:39:48.519 D/Tethering( 276): interfaceStatusChanged wlan0, true
08-28 05:39:48.589 D/GpsLocationProvider( 276): ALARM_WAKEUP
08-28 05:39:48.589 D/GpsLocationProvider( 276): startNavigating
08-28 05:39:48.589 D/GpsLocationProvider( 276): GlobalConfig.GLOBALCONFIG_GPS_CDMA=true
08-28 05:39:48.589 D/GpsLocationProvider( 276): startNavigating with Position Mode = 0
08-28 05:39:48.589 E/libsecgps( 276): gps_start:
08-28 05:39:48.619 V/GpsLocationProvider( 276): reportStatus status: 3
08-28 05:39:48.629 V/GpsLocationProvider( 276): reportStatus status: 1
08-28 05:39:53.529 D/Tethering( 276): interfaceLinkStateChanged wlan0, true
08-28 05:39:53.529 D/Tethering( 276): interfaceStatusChanged wlan0, true
08-28 05:40:11.639 D/Tethering( 276): interfaceLinkStateChanged wlan0, true
08-28 05:40:11.639 D/Tethering( 276): interfaceStatusChanged wlan0, true
08-28 05:40:19.569 E/GPSD ( 119): SecLBS_update_location:
08-28 05:40:19.569 D/GpsLocationProvider( 276): TTFF: 30979
08-28 05:40:19.589 D/GpsLocationProvider( 276): got fix, hibernating
08-28 05:40:19.589 D/GpsLocationProvider( 276): stopNavigating
08-28 05:40:19.589 E/libsecgps( 276): gps_stop:
08-28 05:40:19.609 V/GpsLocationProvider( 276): reportStatus status: 2
08-28 05:40:19.609 V/GpsLocationProvider( 276): reportStatus status: 4
08-28 05:40:19.669 D/MyGPSClockApp( 6043): +onLocationChanged
08-28 05:40:19.669 D/MyGPSClockApp( 6043): +getGPSDatetime
08-28 05:40:19.669 D/MyGPSClockApp( 6043): GPSTime: 1409236837000
08-28 05:40:19.669 D/MyGPSClockApp( 6043): GPS Current time: Thu Aug 28 10:40:37 EDT 2014
08-28 05:40:19.669 D/MyGPSClockApp( 6043): -getGPSDatetime
08-28 05:40:19.669 D/MyGPSClockApp( 6043): -onLocationChanged
08-28 05:40:19.699 V/GpsLocationProvider( 276): reportStatus status: 2
08-28 05:40:20.029 I/GCoreUlr( 867): Successfully inserted location
08-28 05:40:20.049 I/GCoreUlr( 867): Not calling LocationReportingService, hasMoved: false, elapsed millis: 3054108, request: Phone
08-28 05:40:24.529 D/Tethering( 276): interfaceLinkStateChanged wlan0, true
08-28 05:40:24.529 D/Tethering( 276): interfaceStatusChanged wlan0, true
08-28 05:40:59.969 W/SignalStrength( 483): getCdmaLevel=3
08-28 05:40:59.969 W/SignalStrength( 483): getEvdoLevel=0
08-28 05:40:59.969 W/SignalStrength( 483): getCdmaLevel=3
08-28 05:40:59.969 W/SignalStrength( 483): getLevel=3
08-28 05:40:59.969 W/SignalStrength( 276): getCdmaLevel=3
08-28 05:40:59.969 W/SignalStrength( 276): getEvdoLevel=0
08-28 05:40:59.969 W/SignalStrength( 276): getCdmaLevel=3
08-28 05:40:59.969 W/SignalStrength( 276): getLevel=3
08-28 05:41:03.969 W/SignalStrength( 276): getCdmaLevel=2
08-28 05:41:03.969 W/SignalStrength( 276): getEvdoLevel=0
08-28 05:41:03.969 W/SignalStrength( 276): getCdmaLevel=2
08-28 05:41:03.969 W/SignalStrength( 276): getLevel=2
08-28 05:41:03.969 W/SignalStrength( 483): getCdmaLevel=2
08-28 05:41:03.969 W/SignalStrength( 483): getEvdoLevel=0
08-28 05:41:03.969 W/SignalStrength( 483): getCdmaLevel=2
08-28 05:41:03.969 W/SignalStrength( 483): getLevel=2
08-28 05:42:08.249 D/SensorManager( 867): registerListener :: handle = 0 name= BOSCH 3-axis Accelerometer delay= 10000 Listener= kvn@41421190
08-28 05:42:08.259 E/SensorManager( 867): thread start
08-28 05:42:08.259 E/SensorManager( 867): =======>>>Sensor Thread RUNNING <<<========
08-28 05:42:08.989 I/SensorManager( 867): Set normal delay = true
08-28 05:42:09.079 D/SensorManager( 867): unregisterListener:: disable all sensors for this listener, name = BOSCH 3-axis Accelerometer listener = kvn@41421190
08-28 05:42:13.989 W/SignalStrength( 276): getCdmaLevel=2
08-28 05:42:13.989 W/SignalStrength( 276): getEvdoLevel=0
08-28 05:42:13.989 W/SignalStrength( 276): getCdmaLevel=2
08-28 05:42:13.989 W/SignalStrength( 276): getLevel=2
08-28 05:42:13.999 W/SignalStrength( 483): getCdmaLevel=2
08-28 05:42:13.999 W/SignalStrength( 483): getEvdoLevel=0
08-28 05:42:13.999 W/SignalStrength( 483): getCdmaLevel=2
08-28 05:42:13.999 W/SignalStrength( 483): getLevel=2
08-28 05:42:21.639 I/EventLogService( 737): Aggregate from 1409217141519 (log), 1409217141519 (data)
08-28 05:44:05.609 I/GCoreUlr( 867): WorldUpdater received intent Intent { act=com.google.android.location.reporting.ACTION_UPDATE_WORLD flg=0x4 cmp=xxxx (has extras) } with receiverAction null
08-28 05:44:05.739 D/SyncManager( 276): setSyncAutomatically: , provider com.google.android.location.reporting -> true
08-28 05:44:05.739 D/SyncManager( 276): setSyncAutomatically: already set to true, doing nothing
08-28 05:44:05.899 I/GCoreUlr( 867): Ensuring that reporting is active for [account#15#]
