08-27 23:39:09.859 D/SensorManager( 867): unregisterListener:: disable all sensors for this listener, name = BOSCH 3-axis Accelerometer listener = kvn@414f9d10
08-27 23:39:10.199 E/WifiStateMachine( 276): set suspend optimizations failed!
08-27 23:39:10.209 I/GCoreUlr( 867): Received powerMode change from NLP: com.google.android.location.activity.LOW_POWER_MODE_ENABLED
08-27 23:39:10.209 I/GCoreUlr( 867): Starting service, intent=Intent { act=com.google.android.location.reporting.ACTION_UPDATE_ACTIVE_STATE cmp=xxxx }, extras=null
08-27 23:39:10.449 I/GCoreUlr( 867): Successfully inserted location
08-27 23:39:10.449 I/GCoreUlr( 867): Not calling LocationReportingService, hasMoved: false, elapsed millis: 3167792, request: Phone
08-27 23:39:10.499 I/GCoreUlr( 867): Ensuring that reporting is active for [account#15#]
08-27 23:39:10.499 I/GCoreUlr( 867): Starting service, intent=Intent { act=com.google.android.location.reporting.ACTION_LOCATION_STATUS cmp=xxxx (has extras) }, extras=Bundle[{status=LocationStatus[cell status: STATUS_SUCCESSFUL, wifi status: STATUS_SUCCESSFUL, elapsed realtime ns: 19183643000000]}]
08-27 23:39:24.949 D/Tethering( 276): interfaceLinkStateChanged wlan0, true
08-27 23:39:24.949 D/Tethering( 276): interfaceStatusChanged wlan0, true
08-27 23:39:31.349 D/Tethering( 276): interfaceLinkStateChanged wlan0, true
08-27 23:39:31.349 D/Tethering( 276): interfaceStatusChanged wlan0, true
08-27 23:39:48.029 D/Tethering( 276): interfaceLinkStateChanged wlan0, true
08-27 23:39:48.029 D/Tethering( 276): interfaceStatusChanged wlan0, true
08-27 23:40:31.199 D/Tethering( 276): interfaceLinkStateChanged wlan0, true
08-27 23:40:31.199 D/Tethering( 276): interfaceStatusChanged wlan0, true
08-27 23:42:08.349 D/SensorManager( 867): registerListener :: handle = 0 name= BOSCH 3-axis Accelerometer delay= 10000 Listener= kvn@4122c678
08-27 23:42:08.349 E/SensorManager( 867): thread start
08-27 23:42:08.349 E/SensorManager( 867): =======>>>Sensor Thread RUNNING <<<========
08-27 23:42:09.149 I/SensorManager( 867): Set normal delay = true
08-27 23:42:09.229 D/SensorManager( 867): unregisterListener:: disable all sensors for this listener, name = BOSCH 3-axis Accelerometer listener = kvn@4122c678
08-27 23:42:19.839 I/EventLogService( 737): Aggregate from 1409195539732 (log), 1409195539732 (data)
08-27 23:42:55.739 D/GCM ( 588): Ignoring attempt to send heartbeat on dead connection.
08-27 23:43:00.789 D/Tethering( 276): interfaceLinkStateChanged wlan0, true
08-27 23:43:00.789 D/Tethering( 276): interfaceStatusChanged wlan0, true
08-27 23:43:05.839 D/Tethering( 276): interfaceLinkStateChanged wlan0, true
08-27 23:43:05.839 D/Tethering( 276): interfaceStatusChanged wlan0, true
08-27 23:44:06.129 I/GCoreUlr( 867): WorldUpdater received intent Intent { act=com.google.android.location.reporting.ACTION_UPDATE_WORLD flg=0x4 cmp=xxxx (has extras) } with receiverAction null
08-27 23:44:06.189 D/SyncManager( 276): setSyncAutomatically: , provider com.google.android.location.reporting -> true
08-27 23:44:06.189 D/SyncManager( 276): setSyncAutomatically: already set to true, doing nothing
08-27 23:44:06.339 I/GCoreUlr( 867): Ensuring that reporting is active for [account#15#]
08-27 23:44:06.339 I/GCoreUlr( 867): Starting service, intent=Intent { act=com.google.android.location.reporting.ACTION_LOCATION_STATUS cmp=xxxx (has extras) }, extras=Bundle[{status=LocationStatus[cell status: STATUS_SUCCESSFUL, wifi status: STATUS_SUCCESSFUL, elapsed realtime ns: 19183643000000]}]
08-27 23:44:06.349 I/AdsMeasurementBroadcastReceiver( 737): Reporting settings might have changed, alerting AdsMeasurementService
08-27 23:44:06.349 D/AdsMeasurementBroadcastReceiver( 737): Unauthorized to start the main service
08-27 23:45:07.399 D/SensorManager( 867): registerListener :: handle = 0 name= BOSCH 3-axis Accelerometer delay= 10000 Listener= kvn@4140c870
08-27 23:45:07.399 E/SensorManager( 867): thread start
08-27 23:45:07.399 E/SensorManager( 867): =======>>>Sensor Thread RUNNING <<<========
08-27 23:45:08.119 I/SensorManager( 867): Set normal delay = true
08-27 23:45:08.199 D/SensorManager( 867): unregisterListener:: disable all sensors for this listener, name = BOSCH 3-axis Accelerometer listener = kvn@4140c870
08-27 23:46:57.289 D/GpsLocationProvider( 276): ALARM_WAKEUP
08-27 23:46:57.289 D/GpsLocationProvider( 276): startNavigating
08-27 23:46:57.289 D/GpsLocationProvider( 276): GlobalConfig.GLOBALCONFIG_GPS_CDMA=true
08-27 23:46:57.289 D/GpsLocationProvider( 276): startNavigating with Position Mode = 0
08-27 23:46:57.289 E/libsecgps( 276): gps_start:
08-27 23:46:57.329 V/GpsLocationProvider( 276): reportStatus status: 3
08-27 23:46:57.329 V/GpsLocationProvider( 276): reportStatus status: 1
08-27 23:47:05.259 E/GPSD ( 119): SecLBS_update_location:
08-27 23:47:05.269 D/GpsLocationProvider( 276): TTFF: 7974
08-27 23:47:05.289 D/GpsLocationProvider( 276): got fix, hibernating
08-27 23:47:05.289 D/GpsLocationProvider( 276): stopNavigating
08-27 23:47:05.289 E/libsecgps( 276): gps_stop:
08-27 23:47:05.309 V/GpsLocationProvider( 276): reportStatus status: 2
08-27 23:47:05.309 V/GpsLocationProvider( 276): reportStatus status: 4
08-27 23:47:05.339 D/MyGPSClockApp( 6043): +onLocationChanged
08-27 23:47:05.339 D/MyGPSClockApp( 6043): +getGPSDatetime
08-27 23:47:05.339 D/MyGPSClockApp( 6043): GPSTime: 1409215642000
08-27 23:47:05.339 D/MyGPSClockApp( 6043): GPS Current time: Thu Aug 28 04:47:22 EDT 2014
08-27 23:47:05.339 D/MyGPSClockApp( 6043): -getGPSDatetime
08-27 23:47:05.339 D/MyGPSClockApp( 6043): -onLocationChanged
08-27 23:47:05.399 V/GpsLocationProvider( 276): reportStatus status: 2
08-27 23:47:05.609 I/GCoreUlr( 867): Successfully inserted location
08-27 23:47:05.669 I/GCoreUlr( 867): Starting service, intent=Intent { cmp=xxxx }, extras=null
08-27 23:47:05.929 W/GLSUser ( 588): GoogleAccountDataService.getToken()
08-27 23:47:05.989 W/NetworkManagementSocketTagger( 867): untagSocket(55) failed with errno -22
08-27 23:47:05.989 I/mbh ( 867): I/O exception (org.apache.http.NoHttpResponseException) caught when processing request: The target server failed to respond
08-27 23:47:05.989 I/mbh ( 867): Retrying request
08-27 23:47:06.449 I/GCoreUlr( 867): Starting service, intent=Intent { act=com.google.android.location.reporting.ACTION_UPDATE_ACTIVE_STATE cmp=xxxx }, extras=null
08-27 23:47:06.459 I/AdsMeasurementBroadcastReceiver( 737): Reporting settings might have changed, alerting AdsMeasurementService
08-27 23:47:06.459 D/AdsMeasurementBroadcastReceiver( 737): Unauthorized to start the main service
08-27 23:47:06.459 I/GCoreUlr( 867): Batch Location Update succeeded for account account#15#
08-27 23:47:06.599 I/GCoreUlr( 867): Ensuring that reporting is active for [account#15#]
08-27 23:47:06.599 I/GCoreUlr( 867): Starting service, intent=Intent { act=com.google.android.location.reporting.ACTION_LOCATION_STATUS cmp=xxxx (has extras) }, extras=Bundle[{status=LocationStatus[cell status: STATUS_SUCCESSFUL, wifi status: STATUS_SUCCESSFUL, elapsed realtime ns: 19183643000000]}]
08-27 23:47:20.989 D/Tethering( 276): interfaceLinkStateChanged wlan0, true
08-27 23:47:20.989 D/Tethering( 276): interfaceStatusChanged wlan0, true
08-27 23:48:06.369 D/SensorManager( 867): registerListener :: handle = 0 name= BOSCH 3-axis Accelerometer delay= 10000 Listener= kvn@413c8948
08-27 23:48:06.369 E/SensorManager( 867): thread start
08-27 23:48:06.369 E/SensorManager( 867): =======>>>Sensor Thread RUNNING <<<========
08-27 23:48:07.069 I/SensorManager( 867): Set normal delay = true
08-27 23:48:07.149 D/SensorManager( 867): unregisterListener:: disable all sensors for this listener, name = BOSCH 3-axis Accelerometer listener = kvn@413c8948
08-27 23:51:05.319 D/SensorManager( 867): registerListener :: handle = 0 name= BOSCH 3-axis Accelerometer delay= 10000 Listener= kvn@4110f428
08-27 23:51:05.319 E/SensorManager( 867): thread start
08-27 23:51:05.319 E/SensorManager( 867): =======>>>Sensor Thread RUNNING <<<========
08-27 23:51:06.019 I/SensorManager( 867): Set normal delay = true
08-27 23:51:06.099 D/SensorManager( 867): unregisterListener:: disable all sensors for this listener, name = BOSCH 3-axis Accelerometer listener = kvn@4110f428
08-27 23:51:06.139 I/GCoreUlr( 867): Received powerMode change from NLP: com.google.android.location.activity.LOW_POWER_MODE_ENABLED
08-27 23:51:06.139 I/GCoreUlr( 867): Starting service, intent=Intent { act=com.google.android.location.reporting.ACTION_UPDATE_ACTIVE_STATE cmp=xxxx }, extras=null
08-27 23:51:06.179 I/GCoreUlr( 867): Ensuring that reporting is active for [account#15#]
08-27 23:51:06.179 I/GCoreUlr( 867): Starting service, intent=Intent { act=com.google.android.location.reporting.ACTION_LOCATION_STATUS cmp=xxxx (has extras) }, extras=Bundle[{status=LocationStatus[cell status: STATUS_SUCCESSFUL, wifi status: STATUS_SUCCESSFUL, elapsed realtime ns: 19183643000000]}]
08-27 23:51:16.559 D/Tethering( 276): interfaceLinkStateChanged wlan0, true
08-27 23:51:16.559 D/Tethering( 276): interfaceStatusChanged wlan0, true
08-27 23:54:04.289 D/SensorManager( 867): registerListener :: handle = 0 name= BOSCH 3-axis Accelerometer delay= 10000 Listener= kvn@4119fde0
08-27 23:54:04.289 E/SensorManager( 867): thread start
08-27 23:54:04.289 E/SensorManager( 867): =======>>>Sensor Thread RUNNING <<<========
08-27 23:54:04.979 I/SensorManager( 867): Set normal delay = true
08-27 23:54:05.059 D/SensorManager( 867): unregisterListener:: disable all sensors for this listener, name = BOSCH 3-axis Accelerometer listener = kvn@4119fde0
08-27 23:54:13.129 E/WifiStateMachine( 276): set suspend optimizations failed!
08-27 23:54:13.579 E/WifiStateMachine( 276): set suspend optimizations failed!
08-27 23:54:23.159 D/Tethering( 276): interfaceLinkStateChanged wlan0, true
08-27 23:54:23.159 D/Tethering( 276): interfaceStatusChanged wlan0, true
08-27 23:57:05.289 D/GpsLocationProvider( 276): ALARM_WAKEUP
08-27 23:57:05.289 D/GpsLocationProvider( 276): startNavigating
08-27 23:57:05.289 D/GpsLocationProvider( 276): GlobalConfig.GLOBALCONFIG_GPS_CDMA=true
08-27 23:57:05.289 D/GpsLocationProvider( 276): startNavigating with Position Mode = 0
08-27 23:57:05.289 E/libsecgps( 276): gps_start:
08-27 23:57:05.319 V/GpsLocationProvider( 276): reportStatus status: 3
08-27 23:57:05.329 V/GpsLocationProvider( 276): reportStatus status: 1
08-27 23:57:09.039 E/WifiStateMachine( 276): set suspend optimizations failed!
08-27 23:57:09.079 D/SensorManager( 867): registerListener :: handle = 0 name= BOSCH 3-axis Accelerometer delay= 10000 Listener= kvn@41174a28
08-27 23:57:09.079 E/SensorManager( 867): thread start
08-27 23:57:09.079 E/SensorManager( 867): =======>>>Sensor Thread RUNNING <<<========
08-27 23:57:09.779 I/SensorManager( 867): Set normal delay = true
08-27 23:57:09.789 D/Tethering( 276): interfaceLinkStateChanged wlan0, true
08-27 23:57:09.789 D/Tethering( 276): interfaceStatusChanged wlan0, true
08-27 23:57:09.789 D/Tethering( 276): interfaceLinkStateChanged wlan0, true
08-27 23:57:09.799 D/Tethering( 276): interfaceStatusChanged wlan0, true
08-27 23:57:09.859 D/SensorManager( 867): unregisterListener:: disable all sensors for this listener, name = BOSCH 3-axis Accelerometer listener = kvn@41174a28
08-27 23:57:09.929 E/WifiStateMachine( 276): set suspend optimizations failed!
08-27 23:57:10.049 I/GCoreUlr( 867): Successfully inserted location
08-27 23:57:10.059 I/GCoreUlr( 867): Not calling LocationReportingService, hasMoved: false, elapsed millis: 604430, request: Phone
08-27 23:57:10.259 E/GPSD ( 119): SecLBS_update_location:
08-27 23:57:10.259 D/GpsLocationProvider( 276): TTFF: 4969
08-27 23:57:10.259 D/GpsLocationProvider( 276): got fix, hibernating
08-27 23:57:10.259 D/GpsLocationProvider( 276): stopNavigating
08-27 23:57:10.259 E/libsecgps( 276): gps_stop:
08-27 23:57:10.309 V/GpsLocationProvider( 276): reportStatus status: 2
08-27 23:57:10.309 V/GpsLocationProvider( 276): reportStatus status: 4
08-27 23:57:10.349 D/MyGPSClockApp( 6043): +onLocationChanged
08-27 23:57:10.349 D/MyGPSClockApp( 6043): +getGPSDatetime
08-27 23:57:10.349 D/MyGPSClockApp( 6043): GPSTime: 1409216247000
08-27 23:57:10.349 D/MyGPSClockApp( 6043): GPS Current time: Thu Aug 28 04:57:27 EDT 2014
08-27 23:57:10.349 D/MyGPSClockApp( 6043): -getGPSDatetime
08-27 23:57:10.349 D/MyGPSClockApp( 6043): -onLocationChanged
08-27 23:57:10.409 V/GpsLocationProvider( 276): reportStatus status: 2
08-27 23:57:55.859 D/GCM ( 588): Ignoring attempt to send heartbeat on dead connection.
08-27 23:58:00.879 D/Tethering( 276): interfaceLinkStateChanged wlan0, true
08-27 23:58:00.879 D/Tethering( 276): interfaceStatusChanged wlan0, true
08-27 23:58:05.939 D/Tethering( 276): interfaceLinkStateChanged wlan0, true
08-27 23:58:05.939 D/Tethering( 276): interfaceStatusChanged wlan0, true
08-27 23:58:18.569 D/Tethering( 276): interfaceLinkStateChanged wlan0, true
08-27 23:58:18.569 D/Tethering( 276): interfaceStatusChanged wlan0, true
08-28 00:00:00.109 I/ActivityThread(10146): Pub com.android.calendar.CalendarRecentSuggestionsProvider: com.android.calendar.CalendarRecentSuggestionsProvider
08-28 00:00:00.209 I/ActivityThread(10162): Pub com.android.calendar: com.android.providers.calendar.CalendarProvider2
08-28 00:00:01.279 I/CalendarProvider2(10162): Sending notification intent: Intent { act=android.intent.action.PROVIDER_CHANGED dat=content://com.android.calendar }
08-28 00:00:08.079 D/SensorManager( 867): registerListener :: handle = 0 name= BOSCH 3-axis Accelerometer delay= 10000 Listener= kvn@41145c48
08-28 00:00:08.079 E/SensorManager( 867): thread start
08-28 00:00:08.079 E/SensorManager( 867): =======>>>Sensor Thread RUNNING <<<========
08-28 00:00:08.769 I/SensorManager( 867): Set normal delay = true
08-28 00:00:08.849 D/SensorManager( 867): unregisterListener:: disable all sensors for this listener, name = BOSCH 3-axis Accelerometer listener = kvn@41145c48
08-28 00:02:17.639 W/SignalStrength( 276): getCdmaLevel=2
08-28 00:02:17.639 W/SignalStrength( 276): getEvdoLevel=0
08-28 00:02:17.639 W/SignalStrength( 276): getCdmaLevel=2
08-28 00:02:17.639 W/SignalStrength( 276): getLevel=2
08-28 00:02:17.639 W/SignalStrength( 483): getCdmaLevel=2
08-28 00:02:17.639 W/SignalStrength( 483): getEvdoLevel=0
08-28 00:02:17.639 W/SignalStrength( 483): getCdmaLevel=2
08-28 00:02:17.639 W/SignalStrength( 483): getLevel=2
08-28 00:02:18.639 W/SignalStrength( 276): getCdmaLevel=2
08-28 00:02:18.639 W/SignalStrength( 276): getEvdoLevel=0
08-28 00:02:18.639 W/SignalStrength( 276): getCdmaLevel=2
08-28 00:02:18.639 W/SignalStrength( 276): getLevel=2
08-28 00:02:18.649 W/SignalStrength( 483): getCdmaLevel=2
08-28 00:02:18.649 W/SignalStrength( 483): getEvdoLevel=0
08-28 00:02:18.649 W/SignalStrength( 483): getCdmaLevel=2
08-28 00:02:18.649 W/SignalStrength( 483): getLevel=2
08-28 00:02:33.459 D/Tethering( 276): interfaceLinkStateChanged wlan0, true
08-28 00:02:33.459 D/Tethering( 276): interfaceStatusChanged wlan0, true
08-28 00:03:07.019 D/SensorManager( 867): registerListener :: handle = 0 name= BOSCH 3-axis Accelerometer delay= 10000 Listener= kvn@4156f4b8
08-28 00:03:07.019 E/SensorManager( 867): thread start
08-28 00:03:07.019 E/SensorManager( 867): =======>>>Sensor Thread RUNNING <<<========
08-28 00:03:07.719 I/SensorManager( 867): Set normal delay = true
08-28 00:03:07.799 D/SensorManager( 867): unregisterListener:: disable all sensors for this listener, name = BOSCH 3-axis Accelerometer listener = kvn@4156f4b8
08-28 00:03:07.829 I/GCoreUlr( 867): Received powerMode change from NLP: com.google.android.location.activity.LOW_POWER_MODE_ENABLED
08-28 00:03:07.829 I/GCoreUlr( 867): Starting service, intent=Intent { act=com.google.android.location.reporting.ACTION_UPDATE_ACTIVE_STATE cmp=xxxx }, extras=null
08-28 00:03:07.869 I/GCoreUlr( 867): Ensuring that reporting is active for [account#15#]
08-28 00:03:07.879 I/GCoreUlr( 867): Starting service, intent=Intent { act=com.google.android.location.reporting.ACTION_LOCATION_STATUS cmp=xxxx (has extras) }, extras=Bundle[{status=LocationStatus[cell status: STATUS_SUCCESSFUL, wifi status: STATUS_SUCCESSFUL, elapsed realtime ns: 19183643000000]}]
08-28 00:06:05.979 D/SensorManager( 867): registerListener :: handle = 0 name= BOSCH 3-axis Accelerometer delay= 10000 Listener= kvn@412d5348
08-28 00:06:05.979 E/SensorManager( 867): thread start
08-28 00:06:05.979 E/SensorManager( 867): =======>>>Sensor Thread RUNNING <<<========
08-28 00:06:06.669 I/SensorManager( 867): Set normal delay = true
08-28 00:06:06.749 D/SensorManager( 867): unregisterListener:: disable all sensors for this listener, name = BOSCH 3-axis Accelerometer listener = kvn@412d5348
08-28 00:07:10.269 D/GpsLocationProvider( 276): ALARM_WAKEUP
08-28 00:07:10.269 D/GpsLocationProvider( 276): startNavigating
08-28 00:07:10.269 D/GpsLocationProvider( 276): GlobalConfig.GLOBALCONFIG_GPS_CDMA=true
08-28 00:07:10.269 D/GpsLocationProvider( 276): startNavigating with Position Mode = 0
08-28 00:07:10.269 E/libsecgps( 276): gps_start:
08-28 00:07:10.299 V/GpsLocationProvider( 276): reportStatus status: 3
08-28 00:07:10.299 V/GpsLocationProvider( 276): reportStatus status: 1
08-28 00:07:14.249 E/GPSD ( 119): SecLBS_update_location:
08-28 00:07:14.249 D/GpsLocationProvider( 276): TTFF: 3988
08-28 00:07:14.249 D/GpsLocationProvider( 276): got fix, hibernating
08-28 00:07:14.249 D/GpsLocationProvider( 276): stopNavigating
08-28 00:07:14.249 E/libsecgps( 276): gps_stop:
08-28 00:07:14.289 V/GpsLocationProvider( 276): reportStatus status: 2
08-28 00:07:14.299 V/GpsLocationProvider( 276): reportStatus status: 4
08-28 00:07:14.349 D/MyGPSClockApp( 6043): +onLocationChanged
08-28 00:07:14.349 D/MyGPSClockApp( 6043): +getGPSDatetime
08-28 00:07:14.349 D/MyGPSClockApp( 6043): GPSTime: 1409216851000
08-28 00:07:14.349 D/MyGPSClockApp( 6043): GPS Current time: Thu Aug 28 05:07:31 EDT 2014
08-28 00:07:14.349 D/MyGPSClockApp( 6043): -getGPSDatetime
08-28 00:07:14.349 D/MyGPSClockApp( 6043): -onLocationChanged
08-28 00:07:14.389 V/GpsLocationProvider( 276): reportStatus status: 2
08-28 00:07:14.659 I/GCoreUlr( 867): Successfully inserted location
08-28 00:07:14.669 I/GCoreUlr( 867): Not calling LocationReportingService, hasMoved: false, elapsed millis: 1209040, request: Phone
08-28 00:09:04.919 D/SensorManager( 867): registerListener :: handle = 0 name= BOSCH 3-axis Accelerometer delay= 10000 Listener= kvn@41569808
08-28 00:09:04.919 E/SensorManager( 867): thread start
08-28 00:09:04.919 E/SensorManager( 867): =======>>>Sensor Thread RUNNING <<<========
08-28 00:09:05.599 I/SensorManager( 867): Set normal delay = true
08-28 00:09:05.679 D/SensorManager( 867): unregisterListener:: disable all sensors for this listener, name = BOSCH 3-axis Accelerometer listener = kvn@41569808
08-28 00:12:03.879 D/SensorManager( 867): registerListener :: handle = 0 name= BOSCH 3-axis Accelerometer delay= 10000 Listener= kvn@41587568
08-28 00:12:03.889 E/SensorManager( 867): thread start
08-28 00:12:03.889 E/SensorManager( 867): =======>>>Sensor Thread RUNNING <<<========
08-28 00:12:04.579 I/SensorManager( 867): Set normal delay = true
08-28 00:12:04.659 D/SensorManager( 867): unregisterListener:: disable all sensors for this listener, name = BOSCH 3-axis Accelerometer listener = kvn@41587568
08-28 00:12:15.159 E/WifiStateMachine( 276): set suspend optimizations failed!
08-28 00:12:15.649 E/WifiStateMachine( 276): set suspend optimizations failed!
08-28 00:12:19.979 I/EventLogService( 737): Aggregate from 1409197339852 (log), 1409197339852 (data)
08-28 00:12:28.959 D/Tethering( 276): interfaceLinkStateChanged wlan0, true
08-28 00:12:28.959 D/Tethering( 276): interfaceStatusChanged wlan0, true
08-28 00:12:38.229 D/Tethering( 276): interfaceLinkStateChanged wlan0, true
08-28 00:12:38.229 D/Tethering( 276): interfaceStatusChanged wlan0, true
08-28 00:12:55.939 D/GCM ( 588): Ignoring attempt to send heartbeat on dead connection.
08-28 00:13:00.959 D/Tethering( 276): interfaceLinkStateChanged wlan0, true
08-28 00:13:00.959 D/Tethering( 276): interfaceStatusChanged wlan0, true
08-28 00:13:07.749 D/Tethering( 276): interfaceLinkStateChanged wlan0, true
08-28 00:13:07.749 D/Tethering( 276): interfaceStatusChanged wlan0, true
08-28 00:15:09.079 E/WifiStateMachine( 276): set suspend optimizations failed!
08-28 00:15:09.099 D/SensorManager( 867): registerListener :: handle = 0 name= BOSCH 3-axis Accelerometer delay= 10000 Listener= kvn@413b1010
08-28 00:15:09.099 E/SensorManager( 867): thread start
08-28 00:15:09.099 E/SensorManager( 867): =======>>>Sensor Thread RUNNING <<<========
08-28 00:15:09.789 I/SensorManager( 867): Set normal delay = true
08-28 00:15:09.809 D/Tethering( 276): interfaceLinkStateChanged wlan0, true
08-28 00:15:09.809 D/Tethering( 276): interfaceStatusChanged wlan0, true
08-28 00:15:09.809 D/Tethering( 276): interfaceLinkStateChanged wlan0, true
08-28 00:15:09.809 D/Tethering( 276): interfaceStatusChanged wlan0, true
08-28 00:15:09.879 D/SensorManager( 867): unregisterListener:: disable all sensors for this listener, name = BOSCH 3-axis Accelerometer listener = kvn@413b1010
08-28 00:15:10.029 E/WifiStateMachine( 276): set suspend optimizations failed!
08-28 00:15:10.039 I/GCoreUlr( 867): Received powerMode change from NLP: com.google.android.location.activity.LOW_POWER_MODE_ENABLED
08-28 00:15:10.039 I/GCoreUlr( 867): Starting service, intent=Intent { act=com.google.android.location.reporting.ACTION_UPDATE_ACTIVE_STATE cmp=xxxx }, extras=null
08-28 00:15:10.169 I/GCoreUlr( 867): Successfully inserted location
08-28 00:15:10.169 I/GCoreUlr( 867): Not calling LocationReportingService, hasMoved: false, elapsed millis: 1684544, request: Phone
08-28 00:15:10.219 I/GCoreUlr( 867): Ensuring that reporting is active for [account#15#]
08-28 00:15:10.229 I/GCoreUlr( 867): Starting service, intent=Intent { act=com.google.android.location.reporting.ACTION_LOCATION_STATUS cmp=xxxx (has extras) }, extras=Bundle[{status=LocationStatus[cell status: STATUS_SUCCESSFUL, wifi status: STATUS_SUCCESSFUL, elapsed realtime ns: 19183643000000]}]
08-28 00:15:25.019 D/Tethering( 276): interfaceLinkStateChanged wlan0, true
08-28 00:15:25.019 D/Tethering( 276): interfaceStatusChanged wlan0, true
08-28 00:15:30.789 D/Tethering( 276): interfaceLinkStateChanged wlan0, true
08-28 00:15:30.789 D/Tethering( 276): interfaceStatusChanged wlan0, true
08-28 00:15:46.829 D/Tethering( 276): interfaceLinkStateChanged wlan0, true
08-28 00:15:46.829 D/Tethering( 276): interfaceStatusChanged wlan0, true
08-28 00:16:23.949 D/Tethering( 276): interfaceLinkStateChanged wlan0, true
08-28 00:16:23.949 D/Tethering( 276): interfaceStatusChanged wlan0, true
08-28 00:17:14.269 D/GpsLocationProvider( 276): ALARM_WAKEUP
08-28 00:17:14.269 D/GpsLocationProvider( 276): startNavigating
08-28 00:17:14.269 D/GpsLocationProvider( 276): GlobalConfig.GLOBALCONFIG_GPS_CDMA=true
08-28 00:17:14.269 D/GpsLocationProvider( 276): startNavigating with Position Mode = 0
08-28 00:17:14.269 E/libsecgps( 276): gps_start:
08-28 00:17:14.309 V/GpsLocationProvider( 276): reportStatus status: 3
08-28 00:17:14.309 V/GpsLocationProvider( 276): reportStatus status: 1
08-28 00:17:18.249 E/GPSD ( 119): SecLBS_update_location:
08-28 00:17:18.249 D/GpsLocationProvider( 276): TTFF: 3977
08-28 00:17:18.259 D/GpsLocationProvider( 276): got fix, hibernating
08-28 00:17:18.259 D/GpsLocationProvider( 276): stopNavigating
08-28 00:17:18.259 E/libsecgps( 276): gps_stop:
08-28 00:17:18.289 V/GpsLocationProvider( 276): reportStatus status: 2
08-28 00:17:18.299 V/GpsLocationProvider( 276): reportStatus status: 4
08-28 00:17:18.339 D/MyGPSClockApp( 6043): +onLocationChanged
08-28 00:17:18.339 D/MyGPSClockApp( 6043): +getGPSDatetime
08-28 00:17:18.339 D/MyGPSClockApp( 6043): GPSTime: 1409217455000
08-28 00:17:18.339 D/MyGPSClockApp( 6043): GPS Current time: Thu Aug 28 05:17:35 EDT 2014
08-28 00:17:18.339 D/MyGPSClockApp( 6043): -getGPSDatetime
08-28 00:17:18.339 D/MyGPSClockApp( 6043): -onLocationChanged
08-28 00:17:18.389 V/GpsLocationProvider( 276): reportStatus status: 2
08-28 00:17:18.619 I/GCoreUlr( 867): Successfully inserted location
08-28 00:17:18.619 I/GCoreUlr( 867): Not calling LocationReportingService, hasMoved: false, elapsed millis: 1812999, request: Phone
08-28 00:18:08.309 D/SensorManager( 867): registerListener :: handle = 0 name= BOSCH 3-axis Accelerometer delay= 10000 Listener= kvn@413cfed8
08-28 00:18:08.309 E/SensorManager( 867): thread start
08-28 00:18:08.309 E/SensorManager( 867): =======>>>Sensor Thread RUNNING <<<========
08-28 00:18:08.999 I/SensorManager( 867): Set normal delay = true
08-28 00:18:09.079 D/SensorManager( 867): unregisterListener:: disable all sensors for this listener, name = BOSCH 3-axis Accelerometer listener = kvn@413cfed8
08-28 00:21:07.249 D/SensorManager( 867): registerListener :: handle = 0 name= BOSCH 3-axis Accelerometer delay= 10000 Listener= kvn@4139ee38
08-28 00:21:07.249 E/SensorManager( 867): thread start
08-28 00:21:07.249 E/SensorManager( 867): =======>>>Sensor Thread RUNNING <<<========
08-28 00:21:07.969 I/SensorManager( 867): Set normal delay = true
08-28 00:21:08.049 D/SensorManager( 867): unregisterListener:: disable all sensors for this listener, name = BOSCH 3-axis Accelerometer listener = kvn@4139ee38
08-28 00:24:06.229 D/SensorManager( 867): registerListener :: handle = 0 name= BOSCH 3-axis Accelerometer delay= 10000 Listener= kvn@412b3208
08-28 00:24:06.229 E/SensorManager( 867): thread start
08-28 00:24:06.229 E/SensorManager( 867): =======>>>Sensor Thread RUNNING <<<========
08-28 00:24:06.929 I/SensorManager( 867): Set normal delay = true
08-28 00:24:07.009 D/SensorManager( 867): unregisterListener:: disable all sensors for this listener, name = BOSCH 3-axis Accelerometer listener = kvn@412b3208
08-28 00:27:05.179 D/SensorManager( 867): registerListener :: handle = 0 name= BOSCH 3-axis Accelerometer delay= 10000 Listener= kvn@413c2e08
08-28 00:27:05.179 E/SensorManager( 867): thread start
08-28 00:27:05.179 E/SensorManager( 867): =======>>>Sensor Thread RUNNING <<<========
08-28 00:27:05.879 I/SensorManager( 867): Set normal delay = true
08-28 00:27:05.959 D/SensorManager( 867): unregisterListener:: disable all sensors for this listener, name = BOSCH 3-axis Accelerometer listener = kvn@413c2e08
08-28 00:27:05.999 I/GCoreUlr( 867): Received powerMode change from NLP: com.google.android.location.activity.LOW_POWER_MODE_ENABLED
08-28 00:27:05.999 I/GCoreUlr( 867): Starting service, intent=Intent { act=com.google.android.location.reporting.ACTION_UPDATE_ACTIVE_STATE cmp=xxxx }, extras=null
08-28 00:27:06.039 I/GCoreUlr( 867): Ensuring that reporting is active for [account#15#]
08-28 00:27:06.049 I/GCoreUlr( 867): Starting service, intent=Intent { act=com.google.android.location.reporting.ACTION_LOCATION_STATUS cmp=xxxx (has extras) }, extras=Bundle[{status=LocationStatus[cell status: STATUS_SUCCESSFUL, wifi status: STATUS_SUCCESSFUL, elapsed realtime ns: 19183643000000]}]
08-28 00:27:18.259 D/GpsLocationProvider( 276): ALARM_WAKEUP
08-28 00:27:18.259 D/GpsLocationProvider( 276): startNavigating
08-28 00:27:18.259 D/GpsLocationProvider( 276): GlobalConfig.GLOBALCONFIG_GPS_CDMA=true
08-28 00:27:18.259 D/GpsLocationProvider( 276): startNavigating with Position Mode = 0
08-28 00:27:18.259 E/libsecgps( 276): gps_start:
08-28 00:27:18.299 V/GpsLocationProvider( 276): reportStatus status: 3
08-28 00:27:18.299 V/GpsLocationProvider( 276): reportStatus status: 1
08-28 00:27:22.239 E/GPSD ( 119): SecLBS_update_location:
08-28 00:27:22.239 D/GpsLocationProvider( 276): TTFF: 3980
08-28 00:27:22.249 D/GpsLocationProvider( 276): got fix, hibernating
08-28 00:27:22.249 D/GpsLocationProvider( 276): stopNavigating
08-28 00:27:22.249 E/libsecgps( 276): gps_stop:
08-28 00:27:22.279 V/GpsLocationProvider( 276): reportStatus status: 2
08-28 00:27:22.289 V/GpsLocationProvider( 276): reportStatus status: 4
08-28 00:27:22.379 V/GpsLocationProvider( 276): reportStatus status: 2
08-28 00:27:22.549 I/GCoreUlr( 867): Successfully inserted location
08-28 00:27:22.569 I/GCoreUlr( 867): Not calling LocationReportingService, hasMoved: false, elapsed millis: 2416939, request: Phone
08-28 00:27:56.029 D/GCM ( 588): Ignoring attempt to send heartbeat on dead connection.
08-28 00:28:01.049 D/Tethering( 276): interfaceLinkStateChanged wlan0, true
08-28 00:28:01.049 D/Tethering( 276): interfaceStatusChanged wlan0, true
08-28 00:28:06.119 D/Tethering( 276): interfaceLinkStateChanged wlan0, true
08-28 00:28:06.119 D/Tethering( 276): interfaceStatusChanged wlan0, true
08-28 00:30:04.149 D/SensorManager( 867): registerListener :: handle = 0 name= BOSCH 3-axis Accelerometer delay= 10000 Listener= kvn@41375f40
08-28 00:30:04.149 E/SensorManager( 867): thread start
08-28 00:30:04.149 E/SensorManager( 867): =======>>>Sensor Thread RUNNING <<<========
08-28 00:30:04.869 I/SensorManager( 867): Set normal delay = true
08-28 00:30:04.949 D/SensorManager( 867): unregisterListener:: disable all sensors for this listener, name = BOSCH 3-axis Accelerometer listener = kvn@41375f40
08-28 00:30:55.339 E/WifiStateMachine( 276): set suspend optimizations failed!
08-28 00:30:55.859 E/WifiStateMachine( 276): set suspend optimizations failed!
08-28 00:31:05.459 D/Tethering( 276): interfaceLinkStateChanged wlan0, true
08-28 00:31:05.459 D/Tethering( 276): interfaceStatusChanged wlan0, true
08-28 00:32:33.459 D/Tethering( 276): interfaceLinkStateChanged wlan0, true
08-28 00:32:33.459 D/Tethering( 276): interfaceStatusChanged wlan0, true
08-28 00:33:09.099 E/WifiStateMachine( 276): set suspend optimizations failed!
08-28 00:33:09.149 D/SensorManager( 867): registerListener :: handle = 0 name= BOSCH 3-axis Accelerometer delay= 10000 Listener= kvn@414d1830
08-28 00:33:09.149 E/SensorManager( 867): thread start
08-28 00:33:09.149 E/SensorManager( 867): =======>>>Sensor Thread RUNNING <<<========
08-28 00:33:09.819 D/Tethering( 276): interfaceLinkStateChanged wlan0, true
08-28 00:33:09.819 D/Tethering( 276): interfaceStatusChanged wlan0, true
08-28 00:33:09.819 D/Tethering( 276): interfaceLinkStateChanged wlan0, true
08-28 00:33:09.819 D/Tethering( 276): interfaceStatusChanged wlan0, true
08-28 00:33:09.879 I/SensorManager( 867): Set normal delay = true
08-28 00:33:09.949 D/SensorManager( 867): unregisterListener:: disable all sensors for this listener, name = BOSCH 3-axis Accelerometer listener = kvn@414d1830
08-28 00:33:10.209 E/WifiStateMachine( 276): set suspend optimizations failed!
08-28 00:33:10.339 I/GCoreUlr( 867): Successfully inserted location
08-28 00:33:10.349 I/GCoreUlr( 867): Not calling LocationReportingService, hasMoved: false, elapsed millis: 2764720, request: Phone
08-28 00:33:25.169 D/Tethering( 276): interfaceLinkStateChanged wlan0, true
08-28 00:33:25.169 D/Tethering( 276): interfaceStatusChanged wlan0, true
08-28 00:33:31.589 D/Tethering( 276): interfaceLinkStateChanged wlan0, true
08-28 00:33:31.589 D/Tethering( 276): interfaceStatusChanged wlan0, true
08-28 00:33:48.269 D/Tethering( 276): interfaceLinkStateChanged wlan0, true
08-28 00:33:48.269 D/Tethering( 276): interfaceStatusChanged wlan0, true
08-28 00:34:21.669 D/Tethering( 276): interfaceLinkStateChanged wlan0, true
08-28 00:34:21.669 D/Tethering( 276): interfaceStatusChanged wlan0, true
08-28 00:34:26.679 D/Tethering( 276): interfaceLinkStateChanged wlan0, true
08-28 00:34:26.679 D/Tethering( 276): interfaceStatusChanged wlan0, true
08-28 00:35:05.889 D/Tethering( 276): interfaceLinkStateChanged wlan0, true
08-28 00:35:05.889 D/Tethering( 276): interfaceStatusChanged wlan0, true
08-28 00:36:08.379 D/SensorManager( 867): registerListener :: handle = 0 name= BOSCH 3-axis Accelerometer delay= 10000 Listener= kvn@41338828
08-28 00:36:08.379 E/SensorManager( 867): thread start
08-28 00:36:08.379 E/SensorManager( 867): =======>>>Sensor Thread RUNNING <<<========
08-28 00:36:09.069 I/SensorManager( 867): Set normal delay = true
08-28 00:36:09.149 D/SensorManager( 867): unregisterListener:: disable all sensors for this listener, name = BOSCH 3-axis Accelerometer listener = kvn@41338828
08-28 00:37:22.259 D/GpsLocationProvider( 276): ALARM_WAKEUP
08-28 00:37:22.259 D/GpsLocationProvider( 276): startNavigating
08-28 00:37:22.259 D/GpsLocationProvider( 276): GlobalConfig.GLOBALCONFIG_GPS_CDMA=true
08-28 00:37:22.259 D/GpsLocationProvider( 276): startNavigating with Position Mode = 0
08-28 00:37:22.259 E/libsecgps( 276): gps_start:
08-28 00:37:22.289 V/GpsLocationProvider( 276): reportStatus status: 3
08-28 00:37:22.289 V/GpsLocationProvider( 276): reportStatus status: 1
08-28 00:37:32.239 E/GPSD ( 119): SecLBS_update_location:
08-28 00:37:32.239 D/GpsLocationProvider( 276): TTFF: 9983
08-28 00:37:32.249 D/GpsLocationProvider( 276): got fix, hibernating
08-28 00:37:32.249 D/GpsLocationProvider( 276): stopNavigating
08-28 00:37:32.249 E/libsecgps( 276): gps_stop:
08-28 00:37:32.279 V/GpsLocationProvider( 276): reportStatus status: 2
08-28 00:37:32.279 V/GpsLocationProvider( 276): reportStatus status: 4
08-28 00:37:32.309 D/MyGPSClockApp( 6043): +onLocationChanged
08-28 00:37:32.309 D/MyGPSClockApp( 6043): +getGPSDatetime
08-28 00:37:32.309 D/MyGPSClockApp( 6043): GPSTime: 1409218669000
08-28 00:37:32.309 D/MyGPSClockApp( 6043): GPS Current time: Thu Aug 28 05:37:49 EDT 2014
08-28 00:37:32.309 D/MyGPSClockApp( 6043): -getGPSDatetime
08-28 00:37:32.329 D/MyGPSClockApp( 6043): -onLocationChanged
08-28 00:37:32.379 V/GpsLocationProvider( 276): reportStatus status: 2
08-28 00:37:32.619 I/GCoreUlr( 867): Successfully inserted location
08-28 00:37:32.619 I/GCoreUlr( 867): Not calling LocationReportingService, hasMoved: false, elapsed millis: 3026995, request: Phone
08-28 00:39:07.329 D/SensorManager( 867): registerListener :: handle = 0 name= BOSCH 3-axis Accelerometer delay= 10000 Listener= kvn@41236168
08-28 00:39:07.329 E/SensorManager( 867): thread start
08-28 00:39:07.329 E/SensorManager( 867): =======>>>Sensor Thread RUNNING <<<========
08-28 00:39:08.019 I/SensorManager( 867): Set normal delay = true
08-28 00:39:08.099 D/SensorManager( 867): unregisterListener:: disable all sensors for this listener, name = BOSCH 3-axis Accelerometer listener = kvn@41236168
08-28 00:39:08.139 I/GCoreUlr( 867): Received powerMode change from NLP: com.google.android.location.activity.LOW_POWER_MODE_ENABLED
08-28 00:39:08.139 I/GCoreUlr( 867): Starting service, intent=Intent { act=com.google.android.location.reporting.ACTION_UPDATE_ACTIVE_STATE cmp=xxxx }, extras=null
08-28 00:39:08.179 I/GCoreUlr( 867): Ensuring that reporting is active for [account#15#]
08-28 00:39:08.179 I/GCoreUlr( 867): Starting service, intent=Intent { act=com.google.android.location.reporting.ACTION_LOCATION_STATUS cmp=xxxx (has extras) }, extras=Bundle[{status=LocationStatus[cell status: STATUS_SUCCESSFUL, wifi status: STATUS_SUCCESSFUL, elapsed realtime ns: 19183643000000]}]
08-28 00:42:06.279 D/SensorManager( 867): registerListener :: handle = 0 name= BOSCH 3-axis Accelerometer delay= 10000 Listener= kvn@414843a0
08-28 00:42:06.289 E/SensorManager( 867): thread start
08-28 00:42:06.289 E/SensorManager( 867): =======>>>Sensor Thread RUNNING <<<========
08-28 00:42:06.979 I/SensorManager( 867): Set normal delay = true
08-28 00:42:07.059 D/SensorManager( 867): unregisterListener:: disable all sensors for this listener, name = BOSCH 3-axis Accelerometer listener = kvn@414843a0
08-28 00:42:20.099 I/EventLogService( 737): Aggregate from 1409199139991 (log), 1409199139991 (data)
08-28 00:42:56.119 D/GCM ( 588): Ignoring attempt to send heartbeat on dead connection.
08-28 00:43:01.149 D/Tethering( 276): interfaceLinkStateChanged wlan0, true
08-28 00:43:01.149 D/Tethering( 276): interfaceStatusChanged wlan0, true
08-28 00:43:06.229 D/Tethering( 276): interfaceLinkStateChanged wlan0, true
08-28 00:43:06.229 D/Tethering( 276): interfaceStatusChanged wlan0, true
08-28 00:44:06.129 I/GCoreUlr( 867): WorldUpdater received intent Intent { act=com.google.android.location.reporting.ACTION_UPDATE_WORLD flg=0x4 cmp=xxxx (has extras) } with receiverAction null
08-28 00:44:06.379 D/SyncManager( 276): setSyncAutomatically: , provider com.google.android.location.reporting -> true
08-28 00:44:06.379 D/SyncManager( 276): setSyncAutomatically: already set to true, doing nothing
08-28 00:44:06.509 I/GCoreUlr( 867): Ensuring that reporting is active for [account#15#]
08-28 00:44:06.519 I/GCoreUlr( 867): Starting service, intent=Intent { act=com.google.android.location.reporting.ACTION_LOCATION_STATUS cmp=xxxx (has extras) }, extras=Bundle[{status=LocationStatus[cell status: STATUS_SUCCESSFUL, wifi status: STATUS_SUCCESSFUL, elapsed realtime ns: 19183643000000]}]
08-28 00:44:06.529 I/AdsMeasurementBroadcastReceiver( 737): Reporting settings might have changed, alerting AdsMeasurementService
08-28 00:44:06.529 D/AdsMeasurementBroadcastReceiver( 737): Unauthorized to start the main service
08-28 00:45:05.359 D/SensorManager( 867): registerListener :: handle = 0 name= BOSCH 3-axis Accelerometer delay= 10000 Listener= kvn@4125e3e8
08-28 00:45:05.359 E/SensorManager( 867): thread start
08-28 00:45:05.359 E/SensorManager( 867): =======>>>Sensor Thread RUNNING <<<========
08-28 00:45:06.169 I/SensorManager( 867): Set normal delay = true
08-28 00:45:06.249 D/SensorManager( 867): unregisterListener:: disable all sensors for this listener, name = BOSCH 3-axis Accelerometer listener = kvn@4125e3e8
08-28 00:47:32.249 D/GpsLocationProvider( 276): ALARM_WAKEUP
08-28 00:47:32.249 D/GpsLocationProvider( 276): startNavigating
08-28 00:47:32.249 D/GpsLocationProvider( 276): GlobalConfig.GLOBALCONFIG_GPS_CDMA=true
08-28 00:47:32.249 D/GpsLocationProvider( 276): startNavigating with Position Mode = 0
08-28 00:47:32.259 E/libsecgps( 276): gps_start:
08-28 00:47:32.289 V/GpsLocationProvider( 276): reportStatus status: 3
08-28 00:47:32.289 V/GpsLocationProvider( 276): reportStatus status: 1
08-28 00:47:44.239 E/GPSD ( 119): SecLBS_update_location:
08-28 00:47:44.239 D/GpsLocationProvider( 276): TTFF: 11983
08-28 00:47:44.249 D/GpsLocationProvider( 276): got fix, hibernating
08-28 00:47:44.249 D/GpsLocationProvider( 276): stopNavigating
08-28 00:47:44.249 E/libsecgps( 276): gps_stop:
08-28 00:47:44.269 V/GpsLocationProvider( 276): reportStatus status: 2
08-28 00:47:44.269 V/GpsLocationProvider( 276): reportStatus status: 4
08-28 00:47:44.339 D/MyGPSClockApp( 6043): +onLocationChanged
08-28 00:47:44.339 D/MyGPSClockApp( 6043): +getGPSDatetime
08-28 00:47:44.339 D/MyGPSClockApp( 6043): GPSTime: 1409219281000
08-28 00:47:44.339 D/MyGPSClockApp( 6043): GPS Current time: Thu Aug 28 05:48:01 EDT 2014
08-28 00:47:44.339 D/MyGPSClockApp( 6043): -getGPSDatetime
08-28 00:47:44.339 D/MyGPSClockApp( 6043): -onLocationChanged
08-28 00:47:44.369 V/GpsLocationProvider( 276): reportStatus status: 2
08-28 00:47:44.589 I/GCoreUlr( 867): Successfully inserted location
08-28 00:47:44.649 I/GCoreUlr( 867): Starting service, intent=Intent { cmp=xxxx }, extras=null
08-28 00:47:44.909 W/GLSUser ( 588): GoogleAccountDataService.getToken()
08-28 00:47:45.119 W/NetworkManagementSocketTagger( 867): untagSocket(55) failed with errno -22
08-28 00:47:45.119 I/mbh ( 867): I/O exception (org.apache.http.NoHttpResponseException) caught when processing request: The target server failed to respond
08-28 00:47:45.119 I/mbh ( 867): Retrying request
08-28 00:47:45.489 W/mbh ( 867): Authentication error: Unable to respond to any of these challenges: {bearer=WWW-Authenticate: Bearer realm="https://accounts.google.com/AuthSubRequest", error=invalid_token}
08-28 00:47:45.489 E/Volley ( 867): [77] tm.a: Unexpected response code 401 for https://www.googleapis.com/userlocation/v1/reports/902092423?nlpVersion=2010&platform=android%2Fsamsung%2Famazing3gtrf%2Famazing3gtrf%3A4.0.4%2FIMM76D%2FS738CWYAMJ1%3Auser%2Frelease-keys
08-28 00:47:45.659 W/GLSUser ( 588): GoogleAccountDataService.getToken()
08-28 00:47:46.119 W/GLSUser ( 588): [avd][avd] Permission for com.google.android.gms to access oauth2:https://www.googleapis.com/auth/userlocation.reporting will be managed locally.
08-28 00:47:46.399 W/NetworkManagementSocketTagger( 867): untagSocket(55) failed with errno -22
08-28 00:47:46.439 I/GCoreUlr( 867): Starting service, intent=Intent { act=com.google.android.location.reporting.ACTION_UPDATE_ACTIVE_STATE cmp=xxxx }, extras=null
08-28 00:47:46.459 I/AdsMeasurementBroadcastReceiver( 737): Reporting settings might have changed, alerting AdsMeasurementService
08-28 00:47:46.459 D/AdsMeasurementBroadcastReceiver( 737): Unauthorized to start the main service
08-28 00:47:46.459 I/GCoreUlr( 867): Batch Location Update succeeded for account account#15#
08-28 00:47:46.559 I/GCoreUlr( 867): Ensuring that reporting is active for [account#15#]
08-28 00:47:46.569 I/GCoreUlr( 867): Starting service, intent=Intent { act=com.google.android.location.reporting.ACTION_LOCATION_STATUS cmp=xxxx (has extras) }, extras=Bundle[{status=LocationStatus[cell status: STATUS_SUCCESSFUL, wifi status: STATUS_SUCCESSFUL, elapsed realtime ns: 19183643000000]}]
08-28 00:47:55.119 D/Tethering( 276): interfaceLinkStateChanged wlan0, true
08-28 00:47:55.119 D/Tethering( 276): interfaceStatusChanged wlan0, true
08-28 00:48:04.419 D/SensorManager( 867): registerListener :: handle = 0 name= BOSCH 3-axis Accelerometer delay= 10000 Listener= kvn@4124c318
08-28 00:48:04.419 E/SensorManager( 867): thread start
08-28 00:48:04.419 E/SensorManager( 867): =======>>>Sensor Thread RUNNING <<<========
08-28 00:48:05.129 I/SensorManager( 867): Set normal delay = true
08-28 00:48:05.219 D/SensorManager( 867): unregisterListener:: disable all sensors for this listener, name = BOSCH 3-axis Accelerometer listener = kvn@4124c318
08-28 00:48:47.479 E/WifiStateMachine( 276): set suspend optimizations failed!
08-28 00:48:47.939 E/WifiStateMachine( 276): set suspend optimizations failed!
08-28 00:48:57.509 D/Tethering( 276): interfaceLinkStateChanged wlan0, true
08-28 00:48:57.509 D/Tethering( 276): interfaceStatusChanged wlan0, true
08-28 00:51:09.119 E/WifiStateMachine( 276): set suspend optimizations failed!
08-28 00:51:09.149 D/SensorManager( 867): registerListener :: handle = 0 name= BOSCH 3-axis Accelerometer delay= 10000 Listener= kvn@411ae2e0
08-28 00:51:09.149 E/SensorManager( 867): thread start
08-28 00:51:09.149 E/SensorManager( 867): =======>>>Sensor Thread RUNNING <<<========
08-28 00:51:09.839 D/Tethering( 276): interfaceLinkStateChanged wlan0, true
08-28 00:51:09.839 D/Tethering( 276): interfaceStatusChanged wlan0, true
08-28 00:51:09.839 D/Tethering( 276): interfaceLinkStateChanged wlan0, true
08-28 00:51:09.839 D/Tethering( 276): interfaceStatusChanged wlan0, true
08-28 00:51:09.899 I/SensorManager( 867): Set normal delay = true
08-28 00:51:09.969 D/SensorManager( 867): unregisterListener:: disable all sensors for this listener, name = BOSCH 3-axis Accelerometer listener = kvn@411ae2e0
08-28 00:51:09.979 E/WifiStateMachine( 276): set suspend optimizations failed!
08-28 00:51:09.989 I/GCoreUlr( 867): Received powerMode change from NLP: com.google.android.location.activity.LOW_POWER_MODE_ENABLED
08-28 00:51:09.989 I/GCoreUlr( 867): Starting service, intent=Intent { act=com.google.android.location.reporting.ACTION_UPDATE_ACTIVE_STATE cmp=xxxx }, extras=null
08-28 00:51:10.129 I/GCoreUlr( 867): Successfully inserted location
08-28 00:51:10.129 I/GCoreUlr( 867): Not calling LocationReportingService, hasMoved: false, elapsed millis: 205536, request: Phone
08-28 00:51:10.179 I/GCoreUlr( 867): Ensuring that reporting is active for [account#15#]
08-28 00:51:10.179 I/GCoreUlr( 867): Starting service, intent=Intent { act=com.google.android.location.reporting.ACTION_LOCATION_STATUS cmp=xxxx (has extras) }, extras=Bundle[{status=LocationStatus[cell status: STATUS_SUCCESSFUL, wifi status: STATUS_SUCCESSFUL, elapsed realtime ns: 19183643000000]}]
08-28 00:51:56.679 D/Tethering( 276): interfaceLinkStateChanged wlan0, true
08-28 00:51:56.679 D/Tethering( 276): interfaceStatusChanged wlan0, true
08-28 00:52:58.019 D/Tethering( 276): interfaceLinkStateChanged wlan0, true
08-28 00:52:58.019 D/Tethering( 276): interfaceStatusChanged wlan0, true
08-28 00:54:08.139 D/SensorManager( 867): registerListener :: handle = 0 name= BOSCH 3-axis Accelerometer delay= 10000 Listener= kvn@41123408
08-28 00:54:08.139 E/SensorManager( 867): thread start
08-28 00:54:08.139 E/SensorManager( 867): =======>>>Sensor Thread RUNNING <<<========
08-28 00:54:08.829 I/SensorManager( 867): Set normal delay = true
08-28 00:54:08.909 D/SensorManager( 867): unregisterListener:: disable all sensors for this listener, name = BOSCH 3-axis Accelerometer listener = kvn@41123408
08-28 00:56:57.159 D/Tethering( 276): interfaceLinkStateChanged wlan0, true
08-28 00:56:57.169 D/Tethering( 276): interfaceStatusChanged wlan0, true
08-28 00:57:03.569 D/Tethering( 276): interfaceLinkStateChanged wlan0, true
08-28 00:57:03.569 D/Tethering( 276): interfaceStatusChanged wlan0, true
08-28 00:57:07.079 D/SensorManager( 867): registerListener :: handle = 0 name= BOSCH 3-axis Accelerometer delay= 10000 Listener= kvn@414cf468
08-28 00:57:07.079 E/SensorManager( 867): thread start
08-28 00:57:07.079 E/SensorManager( 867): =======>>>Sensor Thread RUNNING <<<========
08-28 00:57:07.779 I/SensorManager( 867): Set normal delay = true
08-28 00:57:07.859 D/SensorManager( 867): unregisterListener:: disable all sensors for this listener, name = BOSCH 3-axis Accelerometer listener = kvn@414cf468
08-28 00:57:20.229 D/Tethering( 276): interfaceLinkStateChanged wlan0, true
08-28 00:57:20.229 D/Tethering( 276): interfaceStatusChanged wlan0, true
08-28 00:57:44.259 D/GpsLocationProvider( 276): ALARM_WAKEUP
08-28 00:57:44.259 D/GpsLocationProvider( 276): startNavigating
08-28 00:57:44.259 D/GpsLocationProvider( 276): GlobalConfig.GLOBALCONFIG_GPS_CDMA=true
08-28 00:57:44.259 D/GpsLocationProvider( 276): startNavigating with Position Mode = 0
08-28 00:57:44.259 E/libsecgps( 276): gps_start:
08-28 00:57:44.299 V/GpsLocationProvider( 276): reportStatus status: 3
08-28 00:57:44.299 V/GpsLocationProvider( 276): reportStatus status: 1
08-28 00:57:49.229 E/GPSD ( 119): SecLBS_update_location:
08-28 00:57:49.229 D/GpsLocationProvider( 276): TTFF: 4966
08-28 00:57:49.239 D/GpsLocationProvider( 276): got fix, hibernating
08-28 00:57:49.239 D/GpsLocationProvider( 276): stopNavigating
08-28 00:57:49.239 E/libsecgps( 276): gps_stop:
08-28 00:57:49.259 V/GpsLocationProvider( 276): reportStatus status: 2
08-28 00:57:49.259 V/GpsLocationProvider( 276): reportStatus status: 4
08-28 00:57:49.329 D/MyGPSClockApp( 6043): +onLocationChanged
08-28 00:57:49.329 D/MyGPSClockApp( 6043): +getGPSDatetime
08-28 00:57:49.329 D/MyGPSClockApp( 6043): GPSTime: 1409219886000
08-28 00:57:49.329 D/MyGPSClockApp( 6043): GPS Current time: Thu Aug 28 05:58:06 EDT 2014
08-28 00:57:49.329 D/MyGPSClockApp( 6043): -getGPSDatetime
08-28 00:57:49.329 D/MyGPSClockApp( 6043): -onLocationChanged
08-28 00:57:49.359 V/GpsLocationProvider( 276): reportStatus status: 2
08-28 00:57:49.609 I/GCoreUlr( 867): Successfully inserted location
08-28 00:57:49.609 I/GCoreUlr( 867): Not calling LocationReportingService, hasMoved: false, elapsed millis: 605018, request: Phone
08-28 00:57:53.589 D/Tethering( 276): interfaceLinkStateChanged wlan0, true
08-28 00:57:53.589 D/Tethering( 276): interfaceStatusChanged wlan0, true
08-28 00:57:56.209 D/GCM ( 588): Ignoring attempt to send heartbeat on dead connection.
08-28 00:58:08.599 D/Tethering( 276): interfaceLinkStateChanged wlan0, true
08-28 00:58:08.599 D/Tethering( 276): interfaceStatusChanged wlan0, true
08-28 01:00:06.039 D/SensorManager( 867): registerListener :: handle = 0 name= BOSCH 3-axis Accelerometer delay= 10000 Listener= kvn@41503b20
08-28 01:00:06.039 E/SensorManager( 867): thread start
08-28 01:00:06.039 E/SensorManager( 867): =======>>>Sensor Thread RUNNING <<<========
08-28 01:00:06.749 I/SensorManager( 867): Set normal delay = true
08-28 01:00:06.829 D/SensorManager( 867): unregisterListener:: disable all sensors for this listener, name = BOSCH 3-axis Accelerometer listener = kvn@41503b20
08-28 01:02:28.459 D/Tethering( 276): interfaceLinkStateChanged wlan0, true
08-28 01:02:28.459 D/Tethering( 276): interfaceStatusChanged wlan0, true
08-28 01:03:05.029 D/SensorManager( 867): registerListener :: handle = 0 name= BOSCH 3-axis Accelerometer delay= 10000 Listener= kvn@413d0548
08-28 01:03:05.029 E/SensorManager( 867): thread start
08-28 01:03:05.029 E/SensorManager( 867): =======>>>Sensor Thread RUNNING <<<========
08-28 01:03:05.719 I/SensorManager( 867): Set normal delay = true
08-28 01:03:05.799 D/SensorManager( 867): unregisterListener:: disable all sensors for this listener, name = BOSCH 3-axis Accelerometer listener = kvn@413d0548
08-28 01:03:05.829 I/GCoreUlr( 867): Received powerMode change from NLP: com.google.android.location.activity.LOW_POWER_MODE_ENABLED
08-28 01:03:05.829 I/GCoreUlr( 867): Starting service, intent=Intent { act=com.google.android.location.reporting.ACTION_UPDATE_ACTIVE_STATE cmp=xxxx }, extras=null
08-28 01:03:05.879 I/GCoreUlr( 867): Ensuring that reporting is active for [account#15#]
08-28 01:03:05.879 I/GCoreUlr( 867): Starting service, intent=Intent { act=com.google.android.location.reporting.ACTION_LOCATION_STATUS cmp=xxxx (has extras) }, extras=Bundle[{status=LocationStatus[cell status: STATUS_SUCCESSFUL, wifi status: STATUS_SUCCESSFUL, elapsed realtime ns: 19183643000000]}]
08-28 01:06:03.979 D/SensorManager( 867): registerListener :: handle = 0 name= BOSCH 3-axis Accelerometer delay= 10000 Listener= kvn@411be060
08-28 01:06:03.979 E/SensorManager( 867): thread start
08-28 01:06:03.979 E/SensorManager( 867): =======>>>Sensor Thread RUNNING <<<========
08-28 01:06:04.679 I/SensorManager( 867): Set normal delay = true
