08-28 06:24:27.749 E/SMD ( 104): DCD OFF
08-28 06:24:28.809 D/Tethering( 276): interfaceLinkStateChanged wlan0, true
08-28 06:24:28.809 D/Tethering( 276): interfaceStatusChanged wlan0, true
08-28 06:24:30.759 E/SMD ( 104): DCD OFF
08-28 06:24:33.759 E/SMD ( 104): DCD OFF
08-28 06:24:36.759 E/SMD ( 104): DCD OFF
08-28 06:24:39.759 E/SMD ( 104): DCD OFF
08-28 06:24:41.359 D/Tethering( 276): interfaceLinkStateChanged wlan0, true
08-28 06:24:41.359 D/Tethering( 276): interfaceStatusChanged wlan0, true
08-28 06:24:42.769 E/SMD ( 104): DCD OFF
08-28 06:24:45.769 E/SMD ( 104): DCD OFF
08-28 06:24:48.769 E/SMD ( 104): DCD OFF
08-28 06:24:51.769 E/SMD ( 104): DCD OFF
08-28 06:24:54.779 E/SMD ( 104): DCD OFF
08-28 06:24:57.779 E/SMD ( 104): DCD OFF
08-28 06:25:00.779 E/SMD ( 104): DCD OFF
08-28 06:25:03.779 E/SMD ( 104): DCD OFF
08-28 06:25:06.469 V/StatusBar.BatteryController( 483): status5batteryHealth 2
08-28 06:25:06.469 D/StatusBar.BatteryController( 483): mOldstatus5status 5
08-28 06:25:06.469 D/StatusBar.BatteryController( 483): now old status is 5
08-28 06:25:06.779 E/SMD ( 104): DCD OFF
08-28 06:25:08.019 W/SignalStrength( 276): getCdmaLevel=3
08-28 06:25:08.019 W/SignalStrength( 276): getEvdoLevel=0
08-28 06:25:08.019 W/SignalStrength( 276): getCdmaLevel=3
08-28 06:25:08.019 W/SignalStrength( 276): getLevel=3
08-28 06:25:08.029 W/SignalStrength( 483): getCdmaLevel=3
08-28 06:25:08.029 W/SignalStrength( 483): getEvdoLevel=0
08-28 06:25:08.029 W/SignalStrength( 483): getCdmaLevel=3
08-28 06:25:08.029 W/SignalStrength( 483): getLevel=3
08-28 06:25:09.779 E/SMD ( 104): DCD OFF
08-28 06:25:10.839 D/Tethering( 276): interfaceLinkStateChanged wlan0, true
08-28 06:25:10.839 D/Tethering( 276): interfaceStatusChanged wlan0, true
08-28 06:25:12.779 E/SMD ( 104): DCD OFF
08-28 06:25:15.789 E/SMD ( 104): DCD OFF
08-28 06:25:15.849 D/Tethering( 276): interfaceLinkStateChanged wlan0, true
08-28 06:25:15.849 D/Tethering( 276): interfaceStatusChanged wlan0, true
08-28 06:25:16.489 V/StatusBar.BatteryController( 483): status5batteryHealth 2
08-28 06:25:16.489 D/StatusBar.BatteryController( 483): mOldstatus5status 5
08-28 06:25:16.489 D/StatusBar.BatteryController( 483): now old status is 5
08-28 06:25:18.789 E/SMD ( 104): DCD OFF
08-28 06:25:21.789 E/SMD ( 104): DCD OFF
08-28 06:25:24.799 E/SMD ( 104): DCD OFF
08-28 06:25:24.959 D/dhcpcd (10696): dhcp main start
08-28 06:25:24.969 D/dhcpcd ( 3583): enter handle_signal in dhcpcd.c
08-28 06:25:25.199 D/DhcpInfoInternal( 276): makeLinkProperties with empty dns2!
08-28 06:25:25.199 D/DhcpInfoInternal( 276): makeLinkProperties with empty dns2!
08-28 06:25:26.509 V/StatusBar.BatteryController( 483): status5batteryHealth 2
08-28 06:25:26.509 D/StatusBar.BatteryController( 483): mOldstatus5status 5
08-28 06:25:26.509 D/StatusBar.BatteryController( 483): now old status is 5
08-28 06:25:27.799 E/SMD ( 104): DCD OFF
08-28 06:25:29.989 D/Tethering( 276): interfaceLinkStateChanged wlan0, true
08-28 06:25:29.989 D/Tethering( 276): interfaceStatusChanged wlan0, true
08-28 06:25:30.799 E/SMD ( 104): DCD OFF
08-28 06:25:33.029 W/SignalStrength( 276): getCdmaLevel=2
08-28 06:25:33.029 W/SignalStrength( 276): getEvdoLevel=0
08-28 06:25:33.029 W/SignalStrength( 276): getCdmaLevel=2
08-28 06:25:33.029 W/SignalStrength( 276): getLevel=2
08-28 06:25:33.049 W/SignalStrength( 483): getCdmaLevel=2
08-28 06:25:33.049 W/SignalStrength( 483): getEvdoLevel=0
08-28 06:25:33.049 W/SignalStrength( 483): getCdmaLevel=2
08-28 06:25:33.049 W/SignalStrength( 483): getLevel=2
08-28 06:25:33.799 E/SMD ( 104): DCD OFF
08-28 06:25:36.529 V/StatusBar.BatteryController( 483): status5batteryHealth 2
08-28 06:25:36.529 D/StatusBar.BatteryController( 483): mOldstatus5status 5
08-28 06:25:36.529 D/StatusBar.BatteryController( 483): now old status is 5
08-28 06:25:36.809 E/SMD ( 104): DCD OFF
08-28 06:25:39.809 E/SMD ( 104): DCD OFF
08-28 06:25:42.809 E/SMD ( 104): DCD OFF
08-28 06:25:45.809 E/SMD ( 104): DCD OFF
08-28 06:25:46.559 V/StatusBar.BatteryController( 483): status5batteryHealth 2
08-28 06:25:46.559 D/StatusBar.BatteryController( 483): mOldstatus5status 5
08-28 06:25:46.559 D/StatusBar.BatteryController( 483): now old status is 5
08-28 06:25:48.819 E/SMD ( 104): DCD OFF
08-28 06:25:51.819 E/SMD ( 104): DCD OFF
08-28 06:25:54.819 E/SMD ( 104): DCD OFF
08-28 06:25:56.579 V/StatusBar.BatteryController( 483): status5batteryHealth 2
08-28 06:25:56.579 D/StatusBar.BatteryController( 483): mOldstatus5status 5
08-28 06:25:56.579 D/StatusBar.BatteryController( 483): now old status is 5
08-28 06:25:57.819 E/SMD ( 104): DCD OFF
08-28 06:26:00.819 E/SMD ( 104): DCD OFF
08-28 06:26:03.819 E/SMD ( 104): DCD OFF
08-28 06:26:06.819 E/SMD ( 104): DCD OFF
08-28 06:26:09.829 E/SMD ( 104): DCD OFF
08-28 06:26:12.829 E/SMD ( 104): DCD OFF
08-28 06:26:15.829 E/SMD ( 104): DCD OFF
08-28 06:26:16.609 V/StatusBar.BatteryController( 483): status5batteryHealth 2
08-28 06:26:16.619 D/StatusBar.BatteryController( 483): mOldstatus5status 5
08-28 06:26:16.619 D/StatusBar.BatteryController( 483): now old status is 5
08-28 06:26:18.829 E/SMD ( 104): DCD OFF
08-28 06:26:21.839 E/SMD ( 104): DCD OFF
08-28 06:26:24.839 E/SMD ( 104): DCD OFF
08-28 06:26:26.639 V/StatusBar.BatteryController( 483): status5batteryHealth 2
08-28 06:26:26.639 D/StatusBar.BatteryController( 483): mOldstatus5status 5
08-28 06:26:26.639 D/StatusBar.BatteryController( 483): now old status is 5
08-28 06:26:27.839 E/SMD ( 104): DCD OFF
08-28 06:26:30.849 E/SMD ( 104): DCD OFF
08-28 06:26:33.849 E/SMD ( 104): DCD OFF
08-28 06:26:36.059 W/SignalStrength( 483): getCdmaLevel=3
08-28 06:26:36.059 W/SignalStrength( 483): getEvdoLevel=0
08-28 06:26:36.059 W/SignalStrength( 483): getCdmaLevel=3
08-28 06:26:36.059 W/SignalStrength( 483): getLevel=3
08-28 06:26:36.059 W/SignalStrength( 276): getCdmaLevel=3
08-28 06:26:36.059 W/SignalStrength( 276): getEvdoLevel=0
08-28 06:26:36.059 W/SignalStrength( 276): getCdmaLevel=3
08-28 06:26:36.059 W/SignalStrength( 276): getLevel=3
08-28 06:26:36.849 E/SMD ( 104): DCD OFF
08-28 06:26:39.849 E/SMD ( 104): DCD OFF
08-28 06:26:42.859 E/SMD ( 104): DCD OFF
08-28 06:26:45.859 E/SMD ( 104): DCD OFF
08-28 06:26:46.679 V/StatusBar.BatteryController( 483): status5batteryHealth 2
08-28 06:26:46.679 D/StatusBar.BatteryController( 483): mOldstatus5status 5
08-28 06:26:46.679 D/StatusBar.BatteryController( 483): now old status is 5
08-28 06:26:47.059 W/SignalStrength( 276): getCdmaLevel=2
08-28 06:26:47.059 W/SignalStrength( 276): getEvdoLevel=0
08-28 06:26:47.059 W/SignalStrength( 276): getCdmaLevel=2
08-28 06:26:47.059 W/SignalStrength( 276): getLevel=2
08-28 06:26:47.059 W/SignalStrength( 483): getCdmaLevel=2
08-28 06:26:47.059 W/SignalStrength( 483): getEvdoLevel=0
08-28 06:26:47.059 W/SignalStrength( 483): getCdmaLevel=2
08-28 06:26:47.059 W/SignalStrength( 483): getLevel=2
08-28 06:26:48.859 E/SMD ( 104): DCD OFF
08-28 06:26:51.859 E/SMD ( 104): DCD OFF
08-28 06:26:54.859 E/SMD ( 104): DCD OFF
08-28 06:26:56.699 V/StatusBar.BatteryController( 483): status5batteryHealth 2
08-28 06:26:56.699 D/StatusBar.BatteryController( 483): mOldstatus5status 5
08-28 06:26:56.699 D/StatusBar.BatteryController( 483): now old status is 5
08-28 06:26:57.859 E/SMD ( 104): DCD OFF
08-28 06:27:00.859 E/SMD ( 104): DCD OFF
08-28 06:27:03.869 E/SMD ( 104): DCD OFF
08-28 06:27:04.059 W/SignalStrength( 276): getCdmaLevel=3
08-28 06:27:04.059 W/SignalStrength( 276): getEvdoLevel=0
08-28 06:27:04.059 W/SignalStrength( 276): getCdmaLevel=3
08-28 06:27:04.059 W/SignalStrength( 276): getLevel=3
08-28 06:27:04.069 W/SignalStrength( 483): getCdmaLevel=3
08-28 06:27:04.069 W/SignalStrength( 483): getEvdoLevel=0
08-28 06:27:04.069 W/SignalStrength( 483): getCdmaLevel=3
08-28 06:27:04.069 W/SignalStrength( 483): getLevel=3
08-28 06:27:05.119 D/SensorManager( 867): registerListener :: handle = 0 name= BOSCH 3-axis Accelerometer delay= 10000 Listener= kvn@4142f5a8
08-28 06:27:05.119 E/SensorManager( 867): thread start
08-28 06:27:05.119 E/SensorManager( 867): =======>>>Sensor Thread RUNNING <<<========
08-28 06:27:05.839 I/SensorManager( 867): Set normal delay = true
08-28 06:27:05.919 D/SensorManager( 867): unregisterListener:: disable all sensors for this listener, name = BOSCH 3-axis Accelerometer listener = kvn@4142f5a8
08-28 06:27:05.949 I/GCoreUlr( 867): Received powerMode change from NLP: com.google.android.location.activity.LOW_POWER_MODE_ENABLED
08-28 06:27:05.949 I/GCoreUlr( 867): Starting service, intent=Intent { act=com.google.android.location.reporting.ACTION_UPDATE_ACTIVE_STATE cmp=xxxx }, extras=null
08-28 06:27:05.999 I/GCoreUlr( 867): Ensuring that reporting is active for [account#15#]
08-28 06:27:05.999 I/GCoreUlr( 867): Starting service, intent=Intent { act=com.google.android.location.reporting.ACTION_LOCATION_STATUS cmp=xxxx (has extras) }, extras=Bundle[{status=LocationStatus[cell status: STATUS_SUCCESSFUL, wifi status: STATUS_SUCCESSFUL, elapsed realtime ns: 19183643000000]}]
08-28 06:27:06.709 V/StatusBar.BatteryController( 483): status5batteryHealth 2
08-28 06:27:06.709 D/StatusBar.BatteryController( 483): mOldstatus5status 5
08-28 06:27:06.709 D/StatusBar.BatteryController( 483): now old status is 5
08-28 06:27:06.869 E/SMD ( 104): DCD OFF
08-28 06:27:09.869 E/SMD ( 104): DCD OFF
08-28 06:27:10.069 W/SignalStrength( 276): getCdmaLevel=2
08-28 06:27:10.069 W/SignalStrength( 276): getEvdoLevel=0
08-28 06:27:10.069 W/SignalStrength( 276): getCdmaLevel=2
08-28 06:27:10.069 W/SignalStrength( 276): getLevel=2
08-28 06:27:10.069 W/SignalStrength( 483): getCdmaLevel=2
08-28 06:27:10.069 W/SignalStrength( 483): getEvdoLevel=0
08-28 06:27:10.069 W/SignalStrength( 483): getCdmaLevel=2
08-28 06:27:10.069 W/SignalStrength( 483): getLevel=2
08-28 06:27:11.069 W/SignalStrength( 276): getCdmaLevel=3
08-28 06:27:11.069 W/SignalStrength( 276): getEvdoLevel=0
08-28 06:27:11.069 W/SignalStrength( 276): getCdmaLevel=3
08-28 06:27:11.069 W/SignalStrength( 276): getLevel=3
08-28 06:27:11.069 W/SignalStrength( 483): getCdmaLevel=3
08-28 06:27:11.069 W/SignalStrength( 483): getEvdoLevel=0
08-28 06:27:11.069 W/SignalStrength( 483): getCdmaLevel=3
08-28 06:27:11.069 W/SignalStrength( 483): getLevel=3
08-28 06:27:12.879 E/SMD ( 104): DCD OFF
08-28 06:27:15.879 E/SMD ( 104): DCD OFF
08-28 06:27:17.069 W/SignalStrength( 276): getCdmaLevel=2
08-28 06:27:17.069 W/SignalStrength( 276): getEvdoLevel=0
08-28 06:27:17.069 W/SignalStrength( 276): getCdmaLevel=2
08-28 06:27:17.069 W/SignalStrength( 276): getLevel=2
08-28 06:27:17.069 W/SignalStrength( 483): getCdmaLevel=2
08-28 06:27:17.069 W/SignalStrength( 483): getEvdoLevel=0
08-28 06:27:17.069 W/SignalStrength( 483): getCdmaLevel=2
08-28 06:27:17.069 W/SignalStrength( 483): getLevel=2
08-28 06:27:18.879 E/SMD ( 104): DCD OFF
08-28 06:27:21.879 E/SMD ( 104): DCD OFF
08-28 06:27:24.889 E/SMD ( 104): DCD OFF
08-28 06:27:26.759 V/StatusBar.BatteryController( 483): status5batteryHealth 2
08-28 06:27:26.759 D/StatusBar.BatteryController( 483): mOldstatus5status 5
08-28 06:27:26.759 D/StatusBar.BatteryController( 483): now old status is 5
08-28 06:27:27.889 E/SMD ( 104): DCD OFF
08-28 06:27:30.889 E/SMD ( 104): DCD OFF
08-28 06:27:33.889 E/SMD ( 104): DCD OFF
08-28 06:27:36.889 E/SMD ( 104): DCD OFF
08-28 06:27:39.899 E/SMD ( 104): DCD OFF
08-28 06:27:42.899 E/SMD ( 104): DCD OFF
08-28 06:27:45.529 D/GCM ( 588): Ignoring attempt to send heartbeat on dead connection.
08-28 06:27:45.899 E/SMD ( 104): DCD OFF
08-28 06:27:46.789 V/StatusBar.BatteryController( 483): status5batteryHealth 2
08-28 06:27:46.789 D/StatusBar.BatteryController( 483): mOldstatus5status 5
08-28 06:27:46.789 D/StatusBar.BatteryController( 483): now old status is 5
08-28 06:27:48.899 E/SMD ( 104): DCD OFF
08-28 06:27:49.659 W/ThrottleService( 276): unable to find stats for iface rmnet0
08-28 06:27:50.549 D/Tethering( 276): interfaceLinkStateChanged wlan0, true
08-28 06:27:50.549 D/Tethering( 276): interfaceStatusChanged wlan0, true
08-28 06:27:51.909 E/SMD ( 104): DCD OFF
08-28 06:27:54.899 E/SMD ( 104): DCD OFF
08-28 06:27:55.619 D/Tethering( 276): interfaceLinkStateChanged wlan0, true
08-28 06:27:55.619 D/Tethering( 276): interfaceStatusChanged wlan0, true
08-28 06:27:56.819 V/StatusBar.BatteryController( 483): status5batteryHealth 2
08-28 06:27:56.819 D/StatusBar.BatteryController( 483): mOldstatus5status 5
08-28 06:27:56.819 D/StatusBar.BatteryController( 483): now old status is 5
08-28 06:27:57.909 E/SMD ( 104): DCD OFF
08-28 06:28:00.909 E/SMD ( 104): DCD OFF
08-28 06:28:03.909 E/SMD ( 104): DCD OFF
08-28 06:28:04.089 W/SignalStrength( 276): getCdmaLevel=3
08-28 06:28:04.089 W/SignalStrength( 276): getEvdoLevel=0
08-28 06:28:04.089 W/SignalStrength( 276): getCdmaLevel=3
08-28 06:28:04.089 W/SignalStrength( 276): getLevel=3
08-28 06:28:04.089 W/SignalStrength( 483): getCdmaLevel=3
08-28 06:28:04.089 W/SignalStrength( 483): getEvdoLevel=0
08-28 06:28:04.089 W/SignalStrength( 483): getCdmaLevel=3
08-28 06:28:04.089 W/SignalStrength( 483): getLevel=3
08-28 06:28:06.829 V/StatusBar.BatteryController( 483): status5batteryHealth 2
08-28 06:28:06.829 D/StatusBar.BatteryController( 483): mOldstatus5status 5
08-28 06:28:06.829 D/StatusBar.BatteryController( 483): now old status is 5
08-28 06:28:06.909 E/SMD ( 104): DCD OFF
08-28 06:28:09.919 E/SMD ( 104): DCD OFF
08-28 06:28:12.089 W/SignalStrength( 276): getCdmaLevel=2
08-28 06:28:12.089 W/SignalStrength( 276): getEvdoLevel=0
08-28 06:28:12.089 W/SignalStrength( 276): getCdmaLevel=2
08-28 06:28:12.089 W/SignalStrength( 276): getLevel=2
08-28 06:28:12.089 W/SignalStrength( 483): getCdmaLevel=2
08-28 06:28:12.089 W/SignalStrength( 483): getEvdoLevel=0
08-28 06:28:12.089 W/SignalStrength( 483): getCdmaLevel=2
08-28 06:28:12.089 W/SignalStrength( 483): getLevel=2
08-28 06:28:12.919 E/SMD ( 104): DCD OFF
08-28 06:28:15.919 E/SMD ( 104): DCD OFF
08-28 06:28:16.859 V/StatusBar.BatteryController( 483): status5batteryHealth 2
08-28 06:28:16.859 D/StatusBar.BatteryController( 483): mOldstatus5status 5
08-28 06:28:16.859 D/StatusBar.BatteryController( 483): now old status is 5
08-28 06:28:18.929 E/SMD ( 104): DCD OFF
08-28 06:28:21.929 E/SMD ( 104): DCD OFF
08-28 06:28:24.929 E/SMD ( 104): DCD OFF
08-28 06:28:26.869 V/StatusBar.BatteryController( 483): status5batteryHealth 2
08-28 06:28:26.869 D/StatusBar.BatteryController( 483): mOldstatus5status 5
08-28 06:28:26.869 D/StatusBar.BatteryController( 483): now old status is 5
08-28 06:28:27.929 E/SMD ( 104): DCD OFF
08-28 06:28:30.929 E/SMD ( 104): DCD OFF
08-28 06:28:33.939 E/SMD ( 104): DCD OFF
08-28 06:28:36.889 V/StatusBar.BatteryController( 483): status5batteryHealth 2
08-28 06:28:36.889 D/StatusBar.BatteryController( 483): mOldstatus5status 5
08-28 06:28:36.889 D/StatusBar.BatteryController( 483): now old status is 5
08-28 06:28:36.929 E/SMD ( 104): DCD OFF
08-28 06:28:39.939 E/SMD ( 104): DCD OFF
08-28 06:28:42.939 E/SMD ( 104): DCD OFF
08-28 06:28:43.099 W/SignalStrength( 276): getCdmaLevel=3
08-28 06:28:43.099 W/SignalStrength( 276): getEvdoLevel=0
08-28 06:28:43.099 W/SignalStrength( 276): getCdmaLevel=3
08-28 06:28:43.099 W/SignalStrength( 276): getLevel=3
08-28 06:28:43.109 W/SignalStrength( 483): getCdmaLevel=3
08-28 06:28:43.109 W/SignalStrength( 483): getEvdoLevel=0
08-28 06:28:43.109 W/SignalStrength( 483): getCdmaLevel=3
08-28 06:28:43.109 W/SignalStrength( 483): getLevel=3
08-28 06:28:45.939 E/SMD ( 104): DCD OFF
08-28 06:28:46.909 V/StatusBar.BatteryController( 483): status5batteryHealth 2
08-28 06:28:46.919 D/StatusBar.BatteryController( 483): mOldstatus5status 5
08-28 06:28:46.919 D/StatusBar.BatteryController( 483): now old status is 5
08-28 06:28:48.939 E/SMD ( 104): DCD OFF
08-28 06:28:50.099 W/SignalStrength( 276): getCdmaLevel=2
08-28 06:28:50.099 W/SignalStrength( 276): getEvdoLevel=0
08-28 06:28:50.099 W/SignalStrength( 276): getCdmaLevel=2
08-28 06:28:50.099 W/SignalStrength( 276): getLevel=2
08-28 06:28:50.109 W/SignalStrength( 483): getCdmaLevel=2
08-28 06:28:50.109 W/SignalStrength( 483): getEvdoLevel=0
08-28 06:28:50.109 W/SignalStrength( 483): getCdmaLevel=2
08-28 06:28:50.109 W/SignalStrength( 483): getLevel=2
08-28 06:28:51.949 E/SMD ( 104): DCD OFF
08-28 06:28:54.949 E/SMD ( 104): DCD OFF
08-28 06:28:57.949 E/SMD ( 104): DCD OFF
08-28 06:29:00.949 E/SMD ( 104): DCD OFF
08-28 06:29:03.959 E/SMD ( 104): DCD OFF
08-28 06:29:06.959 E/SMD ( 104): DCD OFF
08-28 06:29:09.959 E/SMD ( 104): DCD OFF
08-28 06:29:12.109 W/SignalStrength( 276): getCdmaLevel=3
08-28 06:29:12.109 W/SignalStrength( 276): getEvdoLevel=0
08-28 06:29:12.109 W/SignalStrength( 276): getCdmaLevel=3
08-28 06:29:12.109 W/SignalStrength( 276): getLevel=3
08-28 06:29:12.119 W/SignalStrength( 483): getCdmaLevel=3
08-28 06:29:12.119 W/SignalStrength( 483): getEvdoLevel=0
08-28 06:29:12.119 W/SignalStrength( 483): getCdmaLevel=3
08-28 06:29:12.119 W/SignalStrength( 483): getLevel=3
08-28 06:29:12.959 E/SMD ( 104): DCD OFF
08-28 06:29:15.969 E/SMD ( 104): DCD OFF
08-28 06:29:16.969 V/StatusBar.BatteryController( 483): status5batteryHealth 2
08-28 06:29:16.969 D/StatusBar.BatteryController( 483): mOldstatus5status 5
08-28 06:29:16.969 D/StatusBar.BatteryController( 483): now old status is 5
08-28 06:29:18.109 W/SignalStrength( 276): getCdmaLevel=2
08-28 06:29:18.109 W/SignalStrength( 276): getEvdoLevel=0
08-28 06:29:18.109 W/SignalStrength( 276): getCdmaLevel=2
08-28 06:29:18.109 W/SignalStrength( 276): getLevel=2
08-28 06:29:18.119 W/SignalStrength( 483): getCdmaLevel=2
08-28 06:29:18.119 W/SignalStrength( 483): getEvdoLevel=0
08-28 06:29:18.119 W/SignalStrength( 483): getCdmaLevel=2
08-28 06:29:18.119 W/SignalStrength( 483): getLevel=2
08-28 06:29:18.969 E/SMD ( 104): DCD OFF
08-28 06:29:21.969 E/SMD ( 104): DCD OFF
08-28 06:29:24.969 E/SMD ( 104): DCD OFF
08-28 06:29:27.969 E/SMD ( 104): DCD OFF
08-28 06:29:30.979 E/SMD ( 104): DCD OFF
08-28 06:29:33.979 E/SMD ( 104): DCD OFF
08-28 06:29:36.119 W/SignalStrength( 276): getCdmaLevel=3
08-28 06:29:36.119 W/SignalStrength( 276): getEvdoLevel=0
08-28 06:29:36.119 W/SignalStrength( 276): getCdmaLevel=3
08-28 06:29:36.119 W/SignalStrength( 276): getLevel=3
08-28 06:29:36.119 W/SignalStrength( 483): getCdmaLevel=3
08-28 06:29:36.129 W/SignalStrength( 483): getEvdoLevel=0
08-28 06:29:36.129 W/SignalStrength( 483): getCdmaLevel=3
08-28 06:29:36.129 W/SignalStrength( 483): getLevel=3
08-28 06:29:36.979 E/SMD ( 104): DCD OFF
08-28 06:29:37.019 V/StatusBar.BatteryController( 483): status5batteryHealth 2
08-28 06:29:37.019 D/StatusBar.BatteryController( 483): mOldstatus5status 5
08-28 06:29:37.019 D/StatusBar.BatteryController( 483): now old status is 5
08-28 06:29:39.989 E/SMD ( 104): DCD OFF
08-28 06:29:42.989 E/SMD ( 104): DCD OFF
08-28 06:29:45.989 E/SMD ( 104): DCD OFF
08-28 06:29:46.129 W/SignalStrength( 483): getCdmaLevel=2
08-28 06:29:46.129 W/SignalStrength( 483): getEvdoLevel=0
08-28 06:29:46.129 W/SignalStrength( 483): getCdmaLevel=2
08-28 06:29:46.129 W/SignalStrength( 483): getLevel=2
08-28 06:29:46.129 W/SignalStrength( 276): getCdmaLevel=2
08-28 06:29:46.129 W/SignalStrength( 276): getEvdoLevel=0
08-28 06:29:46.129 W/SignalStrength( 276): getCdmaLevel=2
08-28 06:29:46.129 W/SignalStrength( 276): getLevel=2
08-28 06:29:48.989 E/SMD ( 104): DCD OFF
08-28 06:29:51.989 E/SMD ( 104): DCD OFF
08-28 06:29:54.989 E/SMD ( 104): DCD OFF
08-28 06:29:57.059 V/StatusBar.BatteryController( 483): status5batteryHealth 2
08-28 06:29:57.059 D/StatusBar.BatteryController( 483): mOldstatus5status 5
08-28 06:29:57.059 D/StatusBar.BatteryController( 483): now old status is 5
08-28 06:29:57.999 E/SMD ( 104): DCD OFF
08-28 06:30:00.999 E/SMD ( 104): DCD OFF
08-28 06:30:03.999 E/SMD ( 104): DCD OFF
08-28 06:30:04.099 D/SensorManager( 867): registerListener :: handle = 0 name= BOSCH 3-axis Accelerometer delay= 10000 Listener= kvn@412cd638
08-28 06:30:04.099 E/SensorManager( 867): thread start
08-28 06:30:04.099 E/SensorManager( 867): =======>>>Sensor Thread RUNNING <<<========
08-28 06:30:04.789 I/SensorManager( 867): Set normal delay = true
08-28 06:30:04.869 D/SensorManager( 867): unregisterListener:: disable all sensors for this listener, name = BOSCH 3-axis Accelerometer listener = kvn@412cd638
08-28 06:30:06.999 E/SMD ( 104): DCD OFF
08-28 06:30:10.009 E/SMD ( 104): DCD OFF
08-28 06:30:13.009 E/SMD ( 104): DCD OFF
08-28 06:30:16.009 E/SMD ( 104): DCD OFF
08-28 06:30:19.009 E/SMD ( 104): DCD OFF
08-28 06:30:22.019 E/SMD ( 104): DCD OFF
08-28 06:30:25.019 E/SMD ( 104): DCD OFF
08-28 06:30:28.019 E/SMD ( 104): DCD OFF
08-28 06:30:31.019 E/SMD ( 104): DCD OFF
08-28 06:30:34.019 E/SMD ( 104): DCD OFF
08-28 06:30:37.029 E/SMD ( 104): DCD OFF
08-28 06:30:40.029 E/SMD ( 104): DCD OFF
08-28 06:30:43.029 E/SMD ( 104): DCD OFF
08-28 06:30:46.029 E/SMD ( 104): DCD OFF
08-28 06:30:49.029 E/SMD ( 104): DCD OFF
08-28 06:30:52.029 E/SMD ( 104): DCD OFF
08-28 06:30:55.039 E/SMD ( 104): DCD OFF
08-28 06:30:57.169 V/StatusBar.BatteryController( 483): status5batteryHealth 2
08-28 06:30:57.169 D/StatusBar.BatteryController( 483): mOldstatus5status 5
08-28 06:30:57.169 D/StatusBar.BatteryController( 483): now old status is 5
08-28 06:30:57.189 E/WifiStateMachine( 276): set suspend optimizations failed!
08-28 06:30:57.539 E/WifiStateMachine( 276): set suspend optimizations failed!
08-28 06:30:58.049 E/SMD ( 104): DCD OFF
08-28 06:31:01.049 E/SMD ( 104): DCD OFF
08-28 06:31:04.049 E/SMD ( 104): DCD OFF
08-28 06:31:06.569 D/GpsLocationProvider( 276): ALARM_WAKEUP
08-28 06:31:06.569 D/GpsLocationProvider( 276): startNavigating
08-28 06:31:06.569 D/GpsLocationProvider( 276): GlobalConfig.GLOBALCONFIG_GPS_CDMA=true
08-28 06:31:06.569 D/GpsLocationProvider( 276): startNavigating with Position Mode = 0
08-28 06:31:06.569 E/libsecgps( 276): gps_start:
08-28 06:31:06.599 V/GpsLocationProvider( 276): reportStatus status: 3
08-28 06:31:06.609 V/GpsLocationProvider( 276): reportStatus status: 1
08-28 06:31:07.049 E/SMD ( 104): DCD OFF
08-28 06:31:07.219 D/Tethering( 276): interfaceLinkStateChanged wlan0, true
08-28 06:31:07.219 D/Tethering( 276): interfaceStatusChanged wlan0, true
08-28 06:31:10.059 E/SMD ( 104): DCD OFF
08-28 06:31:13.059 E/SMD ( 104): DCD OFF
08-28 06:31:16.059 E/SMD ( 104): DCD OFF
08-28 06:31:17.209 V/StatusBar.BatteryController( 483): status5batteryHealth 2
08-28 06:31:17.209 D/StatusBar.BatteryController( 483): mOldstatus5status 5
08-28 06:31:17.209 D/StatusBar.BatteryController( 483): now old status is 5
08-28 06:31:17.539 E/GPSD ( 119): SecLBS_update_location:
08-28 06:31:17.539 D/GpsLocationProvider( 276): TTFF: 10971
08-28 06:31:17.539 D/GpsLocationProvider( 276): got fix, hibernating
08-28 06:31:17.539 D/GpsLocationProvider( 276): stopNavigating
08-28 06:31:17.539 E/libsecgps( 276): gps_stop:
08-28 06:31:17.569 V/GpsLocationProvider( 276): reportStatus status: 2
08-28 06:31:17.579 V/GpsLocationProvider( 276): reportStatus status: 4
08-28 06:31:17.629 D/MyGPSClockApp( 6043): +onLocationChanged
08-28 06:31:17.629 D/MyGPSClockApp( 6043): +getGPSDatetime
08-28 06:31:17.629 D/MyGPSClockApp( 6043): GPSTime: 1409239895000
08-28 06:31:17.629 D/MyGPSClockApp( 6043): GPS Current time: Thu Aug 28 11:31:35 EDT 2014
08-28 06:31:17.629 D/MyGPSClockApp( 6043): -getGPSDatetime
08-28 06:31:17.629 D/MyGPSClockApp( 6043): -onLocationChanged
08-28 06:31:17.669 V/GpsLocationProvider( 276): reportStatus status: 2
08-28 06:31:17.929 I/GCoreUlr( 867): Successfully inserted location
08-28 06:31:17.929 I/GCoreUlr( 867): Not calling LocationReportingService, hasMoved: false, elapsed millis: 2450013, request: Phone
08-28 06:31:19.059 E/SMD ( 104): DCD OFF
08-28 06:31:22.069 E/SMD ( 104): DCD OFF
08-28 06:31:25.069 E/SMD ( 104): DCD OFF
08-28 06:31:27.229 V/StatusBar.BatteryController( 483): status5batteryHealth 2
08-28 06:31:27.229 D/StatusBar.BatteryController( 483): mOldstatus5status 5
08-28 06:31:27.229 D/StatusBar.BatteryController( 483): now old status is 5
08-28 06:31:28.069 E/SMD ( 104): DCD OFF
08-28 06:31:31.069 E/SMD ( 104): DCD OFF
08-28 06:31:34.079 E/SMD ( 104): DCD OFF
08-28 06:31:37.079 E/SMD ( 104): DCD OFF
08-28 06:31:37.249 V/StatusBar.BatteryController( 483): status5batteryHealth 2
08-28 06:31:37.249 D/StatusBar.BatteryController( 483): mOldstatus5status 5
08-28 06:31:37.249 D/StatusBar.BatteryController( 483): now old status is 5
08-28 06:31:40.079 E/SMD ( 104): DCD OFF
08-28 06:31:43.089 E/SMD ( 104): DCD OFF
08-28 06:31:45.169 W/SignalStrength( 276): getCdmaLevel=3
08-28 06:31:45.169 W/SignalStrength( 276): getEvdoLevel=0
08-28 06:31:45.169 W/SignalStrength( 276): getCdmaLevel=3
08-28 06:31:45.169 W/SignalStrength( 276): getLevel=3
08-28 06:31:45.169 W/SignalStrength( 483): getCdmaLevel=3
08-28 06:31:45.169 W/SignalStrength( 483): getEvdoLevel=0
08-28 06:31:45.169 W/SignalStrength( 483): getCdmaLevel=3
08-28 06:31:45.169 W/SignalStrength( 483): getLevel=3
08-28 06:31:46.079 E/SMD ( 104): DCD OFF
08-28 06:31:49.089 E/SMD ( 104): DCD OFF
08-28 06:31:52.089 E/SMD ( 104): DCD OFF
08-28 06:31:54.169 W/SignalStrength( 276): getCdmaLevel=2
08-28 06:31:54.169 W/SignalStrength( 276): getEvdoLevel=0
08-28 06:31:54.169 W/SignalStrength( 276): getCdmaLevel=2
08-28 06:31:54.169 W/SignalStrength( 276): getLevel=2
08-28 06:31:54.179 W/SignalStrength( 483): getCdmaLevel=2
08-28 06:31:54.179 W/SignalStrength( 483): getEvdoLevel=0
08-28 06:31:54.179 W/SignalStrength( 483): getCdmaLevel=2
08-28 06:31:54.179 W/SignalStrength( 483): getLevel=2
08-28 06:31:55.089 E/SMD ( 104): DCD OFF
08-28 06:31:58.089 E/SMD ( 104): DCD OFF
08-28 06:32:01.099 E/SMD ( 104): DCD OFF
08-28 06:32:04.099 E/SMD ( 104): DCD OFF
08-28 06:32:07.099 E/SMD ( 104): DCD OFF
08-28 06:32:10.099 E/SMD ( 104): DCD OFF
08-28 06:32:13.109 E/SMD ( 104): DCD OFF
08-28 06:32:16.119 E/SMD ( 104): DCD OFF
08-28 06:32:17.329 V/StatusBar.BatteryController( 483): status5batteryHealth 2
08-28 06:32:17.329 D/StatusBar.BatteryController( 483): mOldstatus5status 5
08-28 06:32:17.329 D/StatusBar.BatteryController( 483): now old status is 5
08-28 06:32:19.109 E/SMD ( 104): DCD OFF
08-28 06:32:22.119 E/SMD ( 104): DCD OFF
08-28 06:32:25.119 E/SMD ( 104): DCD OFF
08-28 06:32:27.359 V/StatusBar.BatteryController( 483): status5batteryHealth 2
08-28 06:32:27.359 D/StatusBar.BatteryController( 483): mOldstatus5status 5
08-28 06:32:27.359 D/StatusBar.BatteryController( 483): now old status is 5
08-28 06:32:27.949 D/Tethering( 276): interfaceLinkStateChanged wlan0, true
08-28 06:32:27.949 D/Tethering( 276): interfaceStatusChanged wlan0, true
08-28 06:32:28.119 E/SMD ( 104): DCD OFF
08-28 06:32:31.119 E/SMD ( 104): DCD OFF
08-28 06:32:32.909 V/BackupManagerService( 276): Running a backup pass
08-28 06:32:32.909 V/BackupManagerService( 276): Backup requested but nothing pending
08-28 06:32:34.129 E/SMD ( 104): DCD OFF
08-28 06:32:37.129 E/SMD ( 104): DCD OFF
08-28 06:32:37.369 V/StatusBar.BatteryController( 483): status5batteryHealth 2
08-28 06:32:37.369 D/StatusBar.BatteryController( 483): mOldstatus5status 5
08-28 06:32:37.369 D/StatusBar.BatteryController( 483): now old status is 5
08-28 06:32:38.189 W/SignalStrength( 276): getCdmaLevel=1
08-28 06:32:38.189 W/SignalStrength( 276): getEvdoLevel=0
08-28 06:32:38.189 W/SignalStrength( 276): getCdmaLevel=1
08-28 06:32:38.189 W/SignalStrength( 276): getLevel=1
08-28 06:32:38.199 W/SignalStrength( 483): getCdmaLevel=1
08-28 06:32:38.199 W/SignalStrength( 483): getEvdoLevel=0
08-28 06:32:38.199 W/SignalStrength( 483): getCdmaLevel=1
08-28 06:32:38.199 W/SignalStrength( 483): getLevel=1
08-28 06:32:39.189 W/SignalStrength( 276): getCdmaLevel=2
08-28 06:32:39.189 W/SignalStrength( 276): getEvdoLevel=0
08-28 06:32:39.189 W/SignalStrength( 276): getCdmaLevel=2
08-28 06:32:39.189 W/SignalStrength( 276): getLevel=2
08-28 06:32:39.199 W/SignalStrength( 483): getCdmaLevel=2
08-28 06:32:39.199 W/SignalStrength( 483): getEvdoLevel=0
08-28 06:32:39.199 W/SignalStrength( 483): getCdmaLevel=2
08-28 06:32:39.199 W/SignalStrength( 483): getLevel=2
08-28 06:32:40.129 E/SMD ( 104): DCD OFF
08-28 06:32:43.139 E/SMD ( 104): DCD OFF
08-28 06:32:46.139 E/SMD ( 104): DCD OFF
08-28 06:32:47.409 V/StatusBar.BatteryController( 483): status5batteryHealth 2
08-28 06:32:47.409 D/StatusBar.BatteryController( 483): mOldstatus5status 5
08-28 06:32:47.409 D/StatusBar.BatteryController( 483): now old status is 5
08-28 06:32:49.139 E/SMD ( 104): DCD OFF
08-28 06:32:52.139 E/SMD ( 104): DCD OFF
08-28 06:32:55.139 E/SMD ( 104): DCD OFF
08-28 06:32:57.419 V/StatusBar.BatteryController( 483): status5batteryHealth 2
08-28 06:32:57.419 D/StatusBar.BatteryController( 483): mOldstatus5status 5
08-28 06:32:57.419 D/StatusBar.BatteryController( 483): now old status is 5
08-28 06:32:58.149 E/SMD ( 104): DCD OFF
08-28 06:33:01.149 E/SMD ( 104): DCD OFF
08-28 06:33:04.149 E/SMD ( 104): DCD OFF
08-28 06:33:07.149 E/SMD ( 104): DCD OFF
08-28 06:33:09.189 E/WifiStateMachine( 276): set suspend optimizations failed!
08-28 06:33:09.219 D/SensorManager( 867): registerListener :: handle = 0 name= BOSCH 3-axis Accelerometer delay= 10000 Listener= kvn@41217e20
08-28 06:33:09.219 E/SensorManager( 867): thread start
08-28 06:33:09.219 E/SensorManager( 867): =======>>>Sensor Thread RUNNING <<<========
08-28 06:33:09.939 D/Tethering( 276): interfaceLinkStateChanged wlan0, true
08-28 06:33:09.939 D/Tethering( 276): interfaceStatusChanged wlan0, true
08-28 06:33:09.939 D/Tethering( 276): interfaceLinkStateChanged wlan0, true
08-28 06:33:09.939 D/Tethering( 276): interfaceStatusChanged wlan0, true
08-28 06:33:09.979 I/SensorManager( 867): Set normal delay = true
08-28 06:33:10.049 D/SensorManager( 867): unregisterListener:: disable all sensors for this listener, name = BOSCH 3-axis Accelerometer listener = kvn@41217e20
08-28 06:33:10.059 E/WifiStateMachine( 276): set suspend optimizations failed!
08-28 06:33:10.149 E/SMD ( 104): DCD OFF
08-28 06:33:10.199 I/GCoreUlr( 867): Successfully inserted location
08-28 06:33:10.209 I/GCoreUlr( 867): Not calling LocationReportingService, hasMoved: false, elapsed millis: 2562288, request: Phone
08-28 06:33:13.149 E/SMD ( 104): DCD OFF
08-28 06:33:16.159 E/SMD ( 104): DCD OFF
08-28 06:33:19.159 E/SMD ( 104): DCD OFF
08-28 06:33:22.159 E/SMD ( 104): DCD OFF
08-28 06:33:25.159 E/SMD ( 104): DCD OFF
08-28 06:33:28.169 E/SMD ( 104): DCD OFF
08-28 06:33:31.169 E/SMD ( 104): DCD OFF
08-28 06:33:34.169 E/SMD ( 104): DCD OFF
08-28 06:33:37.179 E/SMD ( 104): DCD OFF
08-28 06:33:40.179 E/SMD ( 104): DCD OFF
08-28 06:33:43.179 E/SMD ( 104): DCD OFF
08-28 06:33:43.199 D/Tethering( 276): interfaceLinkStateChanged wlan0, true
08-28 06:33:43.199 D/Tethering( 276): interfaceStatusChanged wlan0, true
08-28 06:33:46.179 E/SMD ( 104): DCD OFF
08-28 06:33:47.509 V/StatusBar.BatteryController( 483): status5batteryHealth 2
08-28 06:33:47.509 D/StatusBar.BatteryController( 483): mOldstatus5status 5
08-28 06:33:47.509 D/StatusBar.BatteryController( 483): now old status is 5
08-28 06:33:49.189 E/SMD ( 104): DCD OFF
08-28 06:33:50.219 W/SignalStrength( 276): getCdmaLevel=3
08-28 06:33:50.219 W/SignalStrength( 276): getEvdoLevel=0
08-28 06:33:50.219 W/SignalStrength( 276): getCdmaLevel=3
08-28 06:33:50.219 W/SignalStrength( 276): getLevel=3
08-28 06:33:50.219 W/SignalStrength( 483): getCdmaLevel=3
08-28 06:33:50.219 W/SignalStrength( 483): getEvdoLevel=0
08-28 06:33:50.219 W/SignalStrength( 483): getCdmaLevel=3
08-28 06:33:50.219 W/SignalStrength( 483): getLevel=3
08-28 06:33:52.189 E/SMD ( 104): DCD OFF
08-28 06:33:55.189 E/SMD ( 104): DCD OFF
08-28 06:33:57.539 V/StatusBar.BatteryController( 483): status5batteryHealth 2
08-28 06:33:57.539 D/StatusBar.BatteryController( 483): mOldstatus5status 5
08-28 06:33:57.539 D/StatusBar.BatteryController( 483): now old status is 5
08-28 06:33:58.189 E/SMD ( 104): DCD OFF
08-28 06:33:58.219 W/SignalStrength( 276): getCdmaLevel=2
08-28 06:33:58.219 W/SignalStrength( 276): getEvdoLevel=0
08-28 06:33:58.219 W/SignalStrength( 276): getCdmaLevel=2
08-28 06:33:58.219 W/SignalStrength( 276): getLevel=2
08-28 06:33:58.219 W/SignalStrength( 483): getCdmaLevel=2
08-28 06:33:58.219 W/SignalStrength( 483): getEvdoLevel=0
08-28 06:33:58.219 W/SignalStrength( 483): getCdmaLevel=2
08-28 06:33:58.219 W/SignalStrength( 483): getLevel=2
08-28 06:34:01.189 E/SMD ( 104): DCD OFF
08-28 06:34:04.199 E/SMD ( 104): DCD OFF
08-28 06:34:07.199 E/SMD ( 104): DCD OFF
08-28 06:34:10.199 E/SMD ( 104): DCD OFF
08-28 06:34:13.199 E/SMD ( 104): DCD OFF
08-28 06:34:16.209 E/SMD ( 104): DCD OFF
08-28 06:34:19.199 E/SMD ( 104): DCD OFF
08-28 06:34:22.209 E/SMD ( 104): DCD OFF
08-28 06:34:25.209 E/SMD ( 104): DCD OFF
08-28 06:34:27.599 V/StatusBar.BatteryController( 483): status5batteryHealth 2
08-28 06:34:27.599 D/StatusBar.BatteryController( 483): mOldstatus5status 5
08-28 06:34:27.599 D/StatusBar.BatteryController( 483): now old status is 5
08-28 06:34:28.209 E/SMD ( 104): DCD OFF
08-28 06:34:30.229 W/SignalStrength( 276): getCdmaLevel=1
08-28 06:34:30.229 W/SignalStrength( 276): getEvdoLevel=0
08-28 06:34:30.229 W/SignalStrength( 276): getCdmaLevel=1
08-28 06:34:30.229 W/SignalStrength( 276): getLevel=1
08-28 06:34:30.239 W/SignalStrength( 483): getCdmaLevel=1
08-28 06:34:30.239 W/SignalStrength( 483): getEvdoLevel=0
08-28 06:34:30.239 W/SignalStrength( 483): getCdmaLevel=1
08-28 06:34:30.239 W/SignalStrength( 483): getLevel=1
08-28 06:34:31.219 E/SMD ( 104): DCD OFF
08-28 06:34:32.229 W/SignalStrength( 276): getCdmaLevel=2
08-28 06:34:32.229 W/SignalStrength( 276): getEvdoLevel=0
08-28 06:34:32.229 W/SignalStrength( 276): getCdmaLevel=2
08-28 06:34:32.229 W/SignalStrength( 276): getLevel=2
08-28 06:34:32.239 W/SignalStrength( 483): getCdmaLevel=2
08-28 06:34:32.239 W/SignalStrength( 483): getEvdoLevel=0
08-28 06:34:32.239 W/SignalStrength( 483): getCdmaLevel=2
08-28 06:34:32.239 W/SignalStrength( 483): getLevel=2
08-28 06:34:34.219 E/SMD ( 104): DCD OFF
08-28 06:34:37.219 E/SMD ( 104): DCD OFF
08-28 06:34:40.219 E/SMD ( 104): DCD OFF
08-28 06:34:40.239 W/SignalStrength( 276): getCdmaLevel=1
08-28 06:34:40.239 W/SignalStrength( 276): getEvdoLevel=0
08-28 06:34:40.239 W/SignalStrength( 276): getCdmaLevel=1
08-28 06:34:40.239 W/SignalStrength( 276): getLevel=1
08-28 06:34:40.239 W/SignalStrength( 483): getCdmaLevel=1
08-28 06:34:40.239 W/SignalStrength( 483): getEvdoLevel=0
08-28 06:34:40.239 W/SignalStrength( 483): getCdmaLevel=1
08-28 06:34:40.239 W/SignalStrength( 483): getLevel=1
08-28 06:34:42.239 W/SignalStrength( 276): getCdmaLevel=2
08-28 06:34:42.239 W/SignalStrength( 276): getEvdoLevel=0
08-28 06:34:42.239 W/SignalStrength( 276): getCdmaLevel=2
08-28 06:34:42.239 W/SignalStrength( 276): getLevel=2
08-28 06:34:42.239 W/SignalStrength( 483): getCdmaLevel=2
08-28 06:34:42.239 W/SignalStrength( 483): getEvdoLevel=0
08-28 06:34:42.239 W/SignalStrength( 483): getCdmaLevel=2
08-28 06:34:42.239 W/SignalStrength( 483): getLevel=2
08-28 06:34:43.229 E/SMD ( 104): DCD OFF
08-28 06:34:46.229 E/SMD ( 104): DCD OFF
08-28 06:34:49.229 E/SMD ( 104): DCD OFF
08-28 06:34:52.229 E/SMD ( 104): DCD OFF
08-28 06:34:55.239 E/SMD ( 104): DCD OFF
08-28 06:34:57.659 V/StatusBar.BatteryController( 483): status5batteryHealth 2
08-28 06:34:57.659 D/StatusBar.BatteryController( 483): mOldstatus5status 5
08-28 06:34:57.659 D/StatusBar.BatteryController( 483): now old status is 5
08-28 06:34:58.239 E/SMD ( 104): DCD OFF
08-28 06:35:01.239 E/SMD ( 104): DCD OFF
08-28 06:35:04.239 E/SMD ( 104): DCD OFF
08-28 06:35:07.239 E/SMD ( 104): DCD OFF
08-28 06:35:07.669 V/StatusBar.BatteryController( 483): status5batteryHealth 2
08-28 06:35:07.669 D/StatusBar.BatteryController( 483): mOldstatus5status 5
08-28 06:35:07.669 D/StatusBar.BatteryController( 483): now old status is 5
08-28 06:35:10.239 E/SMD ( 104): DCD OFF
08-28 06:35:13.239 E/SMD ( 104): DCD OFF
08-28 06:35:16.249 E/SMD ( 104): DCD OFF
08-28 06:35:17.689 V/StatusBar.BatteryController( 483): status5batteryHealth 2
08-28 06:35:17.689 D/StatusBar.BatteryController( 483): mOldstatus5status 5
08-28 06:35:17.689 D/StatusBar.BatteryController( 483): now old status is 5
08-28 06:35:19.249 E/SMD ( 104): DCD OFF
08-28 06:35:22.249 E/SMD ( 104): DCD OFF
08-28 06:35:25.259 E/SMD ( 104): DCD OFF
08-28 06:35:27.719 V/StatusBar.BatteryController( 483): status5batteryHealth 2
08-28 06:35:27.719 D/StatusBar.BatteryController( 483): mOldstatus5status 5
08-28 06:35:27.719 D/StatusBar.BatteryController( 483): now old status is 5
08-28 06:35:28.259 E/SMD ( 104): DCD OFF
08-28 06:35:30.259 W/SignalStrength( 483): getCdmaLevel=3
08-28 06:35:30.259 W/SignalStrength( 483): getEvdoLevel=0
08-28 06:35:30.259 W/SignalStrength( 483): getCdmaLevel=3
08-28 06:35:30.259 W/SignalStrength( 483): getLevel=3
08-28 06:35:30.259 W/SignalStrength( 276): getCdmaLevel=3
08-28 06:35:30.259 W/SignalStrength( 276): getEvdoLevel=0
08-28 06:35:30.259 W/SignalStrength( 276): getCdmaLevel=3
08-28 06:35:30.259 W/SignalStrength( 276): getLevel=3
08-28 06:35:31.259 E/SMD ( 104): DCD OFF
08-28 06:35:34.259 W/SignalStrength( 276): getCdmaLevel=2
08-28 06:35:34.259 W/SignalStrength( 276): getEvdoLevel=0
08-28 06:35:34.259 W/SignalStrength( 276): getCdmaLevel=2
08-28 06:35:34.259 W/SignalStrength( 276): getLevel=2
08-28 06:35:34.259 W/SignalStrength( 483): getCdmaLevel=2
08-28 06:35:34.259 W/SignalStrength( 483): getEvdoLevel=0
08-28 06:35:34.259 W/SignalStrength( 483): getCdmaLevel=2
08-28 06:35:34.259 W/SignalStrength( 483): getLevel=2
08-28 06:35:34.259 E/SMD ( 104): DCD OFF
08-28 06:35:37.269 E/SMD ( 104): DCD OFF
08-28 06:35:40.269 E/SMD ( 104): DCD OFF
08-28 06:35:43.269 E/SMD ( 104): DCD OFF
08-28 06:35:46.279 E/SMD ( 104): DCD OFF
08-28 06:35:47.749 V/StatusBar.BatteryController( 483): status5batteryHealth 2
08-28 06:35:47.749 D/StatusBar.BatteryController( 483): mOldstatus5status 5
08-28 06:35:47.749 D/StatusBar.BatteryController( 483): now old status is 5
08-28 06:35:49.279 E/SMD ( 104): DCD OFF
08-28 06:35:52.279 E/SMD ( 104): DCD OFF
08-28 06:35:55.279 E/SMD ( 104): DCD OFF
08-28 06:35:58.289 E/SMD ( 104): DCD OFF
08-28 06:36:00.269 W/SignalStrength( 276): getCdmaLevel=3
08-28 06:36:00.269 W/SignalStrength( 276): getEvdoLevel=0
08-28 06:36:00.269 W/SignalStrength( 276): getCdmaLevel=3
08-28 06:36:00.269 W/SignalStrength( 276): getLevel=3
08-28 06:36:00.269 W/SignalStrength( 483): getCdmaLevel=3
08-28 06:36:00.269 W/SignalStrength( 483): getEvdoLevel=0
08-28 06:36:00.269 W/SignalStrength( 483): getCdmaLevel=3
08-28 06:36:00.269 W/SignalStrength( 483): getLevel=3
08-28 06:36:01.289 E/SMD ( 104): DCD OFF
08-28 06:36:04.289 E/SMD ( 104): DCD OFF
08-28 06:36:07.289 E/SMD ( 104): DCD OFF
08-28 06:36:07.789 V/StatusBar.BatteryController( 483): status5batteryHealth 2
08-28 06:36:07.789 D/StatusBar.BatteryController( 483): mOldstatus5status 5
08-28 06:36:07.789 D/StatusBar.BatteryController( 483): now old status is 5
08-28 06:36:08.209 D/SensorManager( 867): registerListener :: handle = 0 name= BOSCH 3-axis Accelerometer delay= 10000 Listener= kvn@415834c0
08-28 06:36:08.209 E/SensorManager( 867): thread start
08-28 06:36:08.209 E/SensorManager( 867): =======>>>Sensor Thread RUNNING <<<========
08-28 06:36:08.909 I/SensorManager( 867): Set normal delay = true
08-28 06:36:08.989 D/SensorManager( 867): unregisterListener:: disable all sensors for this listener, name = BOSCH 3-axis Accelerometer listener = kvn@415834c0
08-28 06:36:10.289 E/SMD ( 104): DCD OFF
08-28 06:36:13.289 E/SMD ( 104): DCD OFF
08-28 06:36:16.289 E/SMD ( 104): DCD OFF
08-28 06:36:17.809 V/StatusBar.BatteryController( 483): status5batteryHealth 2
08-28 06:36:17.809 D/StatusBar.BatteryController( 483): mOldstatus5status 5
08-28 06:36:17.809 D/StatusBar.BatteryController( 483): now old status is 5
08-28 06:36:19.299 E/SMD ( 104): DCD OFF
08-28 06:36:22.299 E/SMD ( 104): DCD OFF
08-28 06:36:23.279 W/SignalStrength( 483): getCdmaLevel=2
08-28 06:36:23.279 W/SignalStrength( 483): getEvdoLevel=0
08-28 06:36:23.279 W/SignalStrength( 483): getCdmaLevel=2
08-28 06:36:23.279 W/SignalStrength( 483): getLevel=2
08-28 06:36:23.279 W/SignalStrength( 276): getCdmaLevel=2
08-28 06:36:23.279 W/SignalStrength( 276): getEvdoLevel=0
08-28 06:36:23.279 W/SignalStrength( 276): getCdmaLevel=2
08-28 06:36:23.279 W/SignalStrength( 276): getLevel=2
08-28 06:36:24.279 W/SignalStrength( 276): getCdmaLevel=3
08-28 06:36:24.279 W/SignalStrength( 276): getEvdoLevel=0
08-28 06:36:24.279 W/SignalStrength( 276): getCdmaLevel=3
08-28 06:36:24.279 W/SignalStrength( 276): getLevel=3
08-28 06:36:24.279 W/SignalStrength( 483): getCdmaLevel=3
08-28 06:36:24.279 W/SignalStrength( 483): getEvdoLevel=0
08-28 06:36:24.279 W/SignalStrength( 483): getCdmaLevel=3
08-28 06:36:24.279 W/SignalStrength( 483): getLevel=3
08-28 06:36:25.299 E/SMD ( 104): DCD OFF
08-28 06:36:28.309 E/SMD ( 104): DCD OFF
08-28 06:36:31.279 W/SignalStrength( 276): getCdmaLevel=2
08-28 06:36:31.279 W/SignalStrength( 276): getEvdoLevel=0
08-28 06:36:31.279 W/SignalStrength( 276): getCdmaLevel=2
08-28 06:36:31.279 W/SignalStrength( 276): getLevel=2
08-28 06:36:31.279 W/SignalStrength( 483): getCdmaLevel=2
08-28 06:36:31.279 W/SignalStrength( 483): getEvdoLevel=0
08-28 06:36:31.279 W/SignalStrength( 483): getCdmaLevel=2
08-28 06:36:31.279 W/SignalStrength( 483): getLevel=2
08-28 06:36:31.309 E/SMD ( 104): DCD OFF
08-28 06:36:34.309 E/SMD ( 104): DCD OFF
08-28 06:36:37.309 E/SMD ( 104): DCD OFF
08-28 06:36:40.319 E/SMD ( 104): DCD OFF
08-28 06:36:43.319 E/SMD ( 104): DCD OFF
08-28 06:36:46.319 E/SMD ( 104): DCD OFF
08-28 06:36:49.319 E/SMD ( 104): DCD OFF
08-28 06:36:52.319 E/SMD ( 104): DCD OFF
08-28 06:36:55.329 E/SMD ( 104): DCD OFF
08-28 06:36:58.329 E/SMD ( 104): DCD OFF
08-28 06:37:01.329 E/SMD ( 104): DCD OFF
08-28 06:37:04.339 E/SMD ( 104): DCD OFF
08-28 06:37:07.339 E/SMD ( 104): DCD OFF
08-28 06:37:07.909 V/StatusBar.BatteryController( 483): status5batteryHealth 2
08-28 06:37:07.909 D/StatusBar.BatteryController( 483): mOldstatus5status 5
08-28 06:37:07.909 D/StatusBar.BatteryController( 483): now old status is 5
08-28 06:37:10.339 E/SMD ( 104): DCD OFF
08-28 06:37:13.339 E/SMD ( 104): DCD OFF
08-28 06:37:16.339 E/SMD ( 104): DCD OFF
08-28 06:37:19.339 E/SMD ( 104): DCD OFF
08-28 06:37:22.349 E/SMD ( 104): DCD OFF
08-28 06:37:25.349 E/SMD ( 104): DCD OFF
08-28 06:37:27.949 V/StatusBar.BatteryController( 483): status5batteryHealth 2
08-28 06:37:27.949 D/StatusBar.BatteryController( 483): mOldstatus5status 5
08-28 06:37:27.949 D/StatusBar.BatteryController( 483): now old status is 5
08-28 06:37:28.349 E/SMD ( 104): DCD OFF
08-28 06:37:31.349 E/SMD ( 104): DCD OFF
08-28 06:37:34.359 E/SMD ( 104): DCD OFF
08-28 06:37:37.359 E/SMD ( 104): DCD OFF
08-28 06:37:40.359 E/SMD ( 104): DCD OFF
08-28 06:37:43.369 E/SMD ( 104): DCD OFF
08-28 06:37:46.369 E/SMD ( 104): DCD OFF
08-28 06:37:49.369 E/SMD ( 104): DCD OFF
08-28 06:37:49.669 W/ThrottleService( 276): unable to find stats for iface rmnet0
08-28 06:37:52.369 E/SMD ( 104): DCD OFF
08-28 06:37:55.369 E/SMD ( 104): DCD OFF
08-28 06:37:58.379 E/SMD ( 104): DCD OFF
08-28 06:38:01.369 E/SMD ( 104): DCD OFF
08-28 06:38:04.379 E/SMD ( 104): DCD OFF
08-28 06:38:07.379 E/SMD ( 104): DCD OFF
08-28 06:38:08.029 V/StatusBar.BatteryController( 483): status5batteryHealth 2
08-28 06:38:08.029 D/StatusBar.BatteryController( 483): mOldstatus5status 5
08-28 06:38:08.029 D/StatusBar.BatteryController( 483): now old status is 5
08-28 06:38:10.379 E/SMD ( 104): DCD OFF
08-28 06:38:13.379 E/SMD ( 104): DCD OFF
08-28 06:38:16.389 E/SMD ( 104): DCD OFF
08-28 06:38:18.059 V/StatusBar.BatteryController( 483): status5batteryHealth 2
08-28 06:38:18.059 D/StatusBar.BatteryController( 483): mOldstatus5status 5
08-28 06:38:18.059 D/StatusBar.BatteryController( 483): now old status is 5
08-28 06:38:19.389 E/SMD ( 104): DCD OFF
08-28 06:38:22.389 E/SMD ( 104): DCD OFF
08-28 06:38:25.399 E/SMD ( 104): DCD OFF
08-28 06:38:28.069 V/StatusBar.BatteryController( 483): status5batteryHealth 2
08-28 06:38:28.069 D/StatusBar.BatteryController( 483): mOldstatus5status 5
08-28 06:38:28.069 D/StatusBar.BatteryController( 483): now old status is 5
08-28 06:38:28.399 E/SMD ( 104): DCD OFF
08-28 06:38:31.399 E/SMD ( 104): DCD OFF
08-28 06:38:34.399 E/SMD ( 104): DCD OFF
08-28 06:38:37.399 E/SMD ( 104): DCD OFF
08-28 06:38:38.099 V/StatusBar.BatteryController( 483): status5batteryHealth 2
08-28 06:38:38.099 D/StatusBar.BatteryController( 483): mOldstatus5status 5
08-28 06:38:38.099 D/StatusBar.BatteryController( 483): now old status is 5
08-28 06:38:40.409 E/SMD ( 104): DCD OFF
08-28 06:38:43.409 E/SMD ( 104): DCD OFF
08-28 06:38:46.409 E/SMD ( 104): DCD OFF
08-28 06:38:48.109 V/StatusBar.BatteryController( 483): status5batteryHealth 2
08-28 06:38:48.109 D/StatusBar.BatteryController( 483): mOldstatus5status 5
08-28 06:38:48.109 D/StatusBar.BatteryController( 483): now old status is 5
08-28 06:38:49.409 E/SMD ( 104): DCD OFF
08-28 06:38:52.409 E/SMD ( 104): DCD OFF
08-28 06:38:55.419 E/SMD ( 104): DCD OFF
08-28 06:38:58.139 V/StatusBar.BatteryController( 483): status5batteryHealth 2
08-28 06:38:58.139 D/StatusBar.BatteryController( 483): mOldstatus5status 5
08-28 06:38:58.139 D/StatusBar.BatteryController( 483): now old status is 5
08-28 06:38:58.419 E/SMD ( 104): DCD OFF
08-28 06:39:01.419 E/SMD ( 104): DCD OFF
08-28 06:39:04.419 E/SMD ( 104): DCD OFF
08-28 06:39:07.169 D/SensorManager( 867): registerListener :: handle = 0 name= BOSCH 3-axis Accelerometer delay= 10000 Listener= kvn@411f9048
08-28 06:39:07.169 E/SensorManager( 867): thread start
08-28 06:39:07.169 E/SensorManager( 867): =======>>>Sensor Thread RUNNING <<<========
08-28 06:39:07.419 E/SMD ( 104): DCD OFF
08-28 06:39:07.869 I/SensorManager( 867): Set normal delay = true
08-28 06:39:07.949 D/SensorManager( 867): unregisterListener:: disable all sensors for this listener, name = BOSCH 3-axis Accelerometer listener = kvn@411f9048
08-28 06:39:07.979 I/GCoreUlr( 867): Received powerMode change from NLP: com.google.android.location.activity.LOW_POWER_MODE_ENABLED
08-28 06:39:07.979 I/GCoreUlr( 867): Starting service, intent=Intent { act=com.google.android.location.reporting.ACTION_UPDATE_ACTIVE_STATE cmp=xxxx }, extras=null
08-28 06:39:08.019 I/GCoreUlr( 867): Ensuring that reporting is active for [account#15#]
08-28 06:39:08.029 I/GCoreUlr( 867): Starting service, intent=Intent { act=com.google.android.location.reporting.ACTION_LOCATION_STATUS cmp=xxxx (has extras) }, extras=Bundle[{status=LocationStatus[cell status: STATUS_SUCCESSFUL, wifi status: STATUS_SUCCESSFUL, elapsed realtime ns: 19183643000000]}]
08-28 06:39:08.169 V/StatusBar.BatteryController( 483): status5batteryHealth 2
08-28 06:39:08.169 D/StatusBar.BatteryController( 483): mOldstatus5status 5
08-28 06:39:08.169 D/StatusBar.BatteryController( 483): now old status is 5
08-28 06:39:10.429 E/SMD ( 104): DCD OFF
08-28 06:39:13.429 E/SMD ( 104): DCD OFF
08-28 06:39:16.429 E/SMD ( 104): DCD OFF
08-28 06:39:18.169 V/StatusBar.BatteryController( 483): status5batteryHealth 2
08-28 06:39:18.169 D/StatusBar.BatteryController( 483): mOldstatus5status 5
08-28 06:39:18.169 D/StatusBar.BatteryController( 483): now old status is 5
08-28 06:39:19.429 E/SMD ( 104): DCD OFF
08-28 06:39:22.439 E/SMD ( 104): DCD OFF
08-28 06:39:25.439 E/SMD ( 104): DCD OFF
08-28 06:39:28.209 V/StatusBar.BatteryController( 483): status5batteryHealth 2
08-28 06:39:28.209 D/StatusBar.BatteryController( 483): mOldstatus5status 5
08-28 06:39:28.209 D/StatusBar.BatteryController( 483): now old status is 5
08-28 06:39:28.439 E/SMD ( 104): DCD OFF
08-28 06:39:31.449 E/SMD ( 104): DCD OFF
08-28 06:39:34.449 E/SMD ( 104): DCD OFF
08-28 06:39:37.449 E/SMD ( 104): DCD OFF
08-28 06:39:40.449 E/SMD ( 104): DCD OFF
08-28 06:39:43.459 E/SMD ( 104): DCD OFF
08-28 06:39:46.459 E/SMD ( 104): DCD OFF
08-28 06:39:48.229 V/StatusBar.BatteryController( 483): status5batteryHealth 2
08-28 06:39:48.229 D/StatusBar.BatteryController( 483): mOldstatus5status 5
08-28 06:39:48.229 D/StatusBar.BatteryController( 483): now old status is 5
08-28 06:39:49.459 E/SMD ( 104): DCD OFF
08-28 06:39:52.459 E/SMD ( 104): DCD OFF
08-28 06:39:55.459 E/SMD ( 104): DCD OFF
08-28 06:39:58.249 V/StatusBar.BatteryController( 483): status5batteryHealth 2
08-28 06:39:58.249 D/StatusBar.BatteryController( 483): mOldstatus5status 5
08-28 06:39:58.249 D/StatusBar.BatteryController( 483): now old status is 5
08-28 06:39:58.469 E/SMD ( 104): DCD OFF
08-28 06:40:01.459 E/SMD ( 104): DCD OFF
08-28 06:40:04.469 E/SMD ( 104): DCD OFF
08-28 06:40:07.469 E/SMD ( 104): DCD OFF
08-28 06:40:08.269 V/StatusBar.BatteryController( 483): status5batteryHealth 2
08-28 06:40:08.269 D/StatusBar.BatteryController( 483): mOldstatus5status 5
08-28 06:40:08.269 D/StatusBar.BatteryController( 483): now old status is 5
08-28 06:40:10.469 E/SMD ( 104): DCD OFF
08-28 06:40:13.469 E/SMD ( 104): DCD OFF
08-28 06:40:16.479 E/SMD ( 104): DCD OFF
08-28 06:40:19.479 E/SMD ( 104): DCD OFF
08-28 06:40:22.479 E/SMD ( 104): DCD OFF
08-28 06:40:25.489 E/SMD ( 104): DCD OFF
08-28 06:40:28.489 E/SMD ( 104): DCD OFF
08-28 06:40:31.489 E/SMD ( 104): DCD OFF
08-28 06:40:34.489 E/SMD ( 104): DCD OFF
08-28 06:40:37.499 E/SMD ( 104): DCD OFF
08-28 06:40:38.329 V/StatusBar.BatteryController( 483): status5batteryHealth 2
08-28 06:40:38.329 D/StatusBar.BatteryController( 483): mOldstatus5status 5
08-28 06:40:38.329 D/StatusBar.BatteryController( 483): now old status is 5
08-28 06:40:40.499 E/SMD ( 104): DCD OFF
08-28 06:40:43.499 E/SMD ( 104): DCD OFF
08-28 06:40:46.499 E/SMD ( 104): DCD OFF
08-28 06:40:48.349 V/StatusBar.BatteryController( 483): status5batteryHealth 2
08-28 06:40:48.349 D/StatusBar.BatteryController( 483): mOldstatus5status 5
08-28 06:40:48.349 D/StatusBar.BatteryController( 483): now old status is 5
08-28 06:40:49.509 E/SMD ( 104): DCD OFF
08-28 06:40:52.509 E/SMD ( 104): DCD OFF
08-28 06:40:55.509 E/SMD ( 104): DCD OFF
08-28 06:40:58.509 E/SMD ( 104): DCD OFF
08-28 06:41:01.509 E/SMD ( 104): DCD OFF
08-28 06:41:04.509 E/SMD ( 104): DCD OFF
08-28 06:41:07.519 E/SMD ( 104): DCD OFF
