08-28 06:54:54.499 V/StatusBar.BatteryController( 483): status5batteryHealth 2
08-28 06:54:54.499 D/StatusBar.BatteryController( 483): mOldstatus5status 5
08-28 06:54:54.499 D/StatusBar.BatteryController( 483): now old status is 5
08-28 06:54:56.159 E/SMD ( 104): DCD OFF
08-28 06:54:59.159 E/SMD ( 104): DCD OFF
08-28 06:55:02.159 E/SMD ( 104): DCD OFF
08-28 06:55:04.519 V/StatusBar.BatteryController( 483): status5batteryHealth 2
08-28 06:55:04.519 D/StatusBar.BatteryController( 483): mOldstatus5status 5
08-28 06:55:04.519 D/StatusBar.BatteryController( 483): now old status is 5
08-28 06:55:05.159 E/SMD ( 104): DCD OFF
08-28 06:55:08.169 E/SMD ( 104): DCD OFF
08-28 06:55:11.169 E/SMD ( 104): DCD OFF
08-28 06:55:14.169 E/SMD ( 104): DCD OFF
08-28 06:55:14.529 V/StatusBar.BatteryController( 483): status5batteryHealth 2
08-28 06:55:14.529 D/StatusBar.BatteryController( 483): mOldstatus5status 5
08-28 06:55:14.529 D/StatusBar.BatteryController( 483): now old status is 5
08-28 06:55:17.179 E/SMD ( 104): DCD OFF
08-28 06:55:20.179 E/SMD ( 104): DCD OFF
08-28 06:55:22.349 D/Tethering( 276): interfaceLinkStateChanged wlan0, true
08-28 06:55:22.349 D/Tethering( 276): interfaceStatusChanged wlan0, true
08-28 06:55:23.179 E/SMD ( 104): DCD OFF
08-28 06:55:24.559 V/StatusBar.BatteryController( 483): status5batteryHealth 2
08-28 06:55:24.559 D/StatusBar.BatteryController( 483): mOldstatus5status 5
08-28 06:55:24.559 D/StatusBar.BatteryController( 483): now old status is 5
08-28 06:55:26.179 E/SMD ( 104): DCD OFF
08-28 06:55:29.189 E/SMD ( 104): DCD OFF
08-28 06:55:32.189 E/SMD ( 104): DCD OFF
08-28 06:55:35.189 E/SMD ( 104): DCD OFF
08-28 06:55:38.189 E/SMD ( 104): DCD OFF
08-28 06:55:41.189 E/SMD ( 104): DCD OFF
08-28 06:55:44.199 E/SMD ( 104): DCD OFF
08-28 06:55:44.589 V/StatusBar.BatteryController( 483): status5batteryHealth 2
08-28 06:55:44.589 D/StatusBar.BatteryController( 483): mOldstatus5status 5
08-28 06:55:44.589 D/StatusBar.BatteryController( 483): now old status is 5
08-28 06:55:47.199 E/SMD ( 104): DCD OFF
08-28 06:55:50.199 E/SMD ( 104): DCD OFF
08-28 06:55:53.199 E/SMD ( 104): DCD OFF
08-28 06:55:54.619 V/StatusBar.BatteryController( 483): status5batteryHealth 2
08-28 06:55:54.619 D/StatusBar.BatteryController( 483): mOldstatus5status 5
08-28 06:55:54.619 D/StatusBar.BatteryController( 483): now old status is 5
08-28 06:55:56.199 E/SMD ( 104): DCD OFF
08-28 06:55:59.199 E/SMD ( 104): DCD OFF
08-28 06:56:02.209 E/SMD ( 104): DCD OFF
08-28 06:56:04.639 V/StatusBar.BatteryController( 483): status5batteryHealth 2
08-28 06:56:04.639 D/StatusBar.BatteryController( 483): mOldstatus5status 5
08-28 06:56:04.639 D/StatusBar.BatteryController( 483): now old status is 5
08-28 06:56:05.209 E/SMD ( 104): DCD OFF
08-28 06:56:08.209 E/SMD ( 104): DCD OFF
08-28 06:56:11.219 E/SMD ( 104): DCD OFF
08-28 06:56:14.219 E/SMD ( 104): DCD OFF
08-28 06:56:17.219 E/SMD ( 104): DCD OFF
08-28 06:56:20.219 E/SMD ( 104): DCD OFF
08-28 06:56:23.229 E/SMD ( 104): DCD OFF
08-28 06:56:26.229 E/SMD ( 104): DCD OFF
08-28 06:56:29.229 E/SMD ( 104): DCD OFF
08-28 06:56:32.229 E/SMD ( 104): DCD OFF
08-28 06:56:34.709 V/StatusBar.BatteryController( 483): status5batteryHealth 2
08-28 06:56:34.709 D/StatusBar.BatteryController( 483): mOldstatus5status 5
08-28 06:56:34.709 D/StatusBar.BatteryController( 483): now old status is 5
08-28 06:56:35.229 E/SMD ( 104): DCD OFF
08-28 06:56:38.239 E/SMD ( 104): DCD OFF
08-28 06:56:41.239 E/SMD ( 104): DCD OFF
08-28 06:56:44.239 E/SMD ( 104): DCD OFF
08-28 06:56:47.239 E/SMD ( 104): DCD OFF
08-28 06:56:50.239 E/SMD ( 104): DCD OFF
08-28 06:56:53.239 E/SMD ( 104): DCD OFF
08-28 06:56:56.249 E/SMD ( 104): DCD OFF
08-28 06:56:59.249 E/SMD ( 104): DCD OFF
08-28 06:57:02.249 E/SMD ( 104): DCD OFF
08-28 06:57:04.749 V/StatusBar.BatteryController( 483): status5batteryHealth 2
08-28 06:57:04.749 D/StatusBar.BatteryController( 483): mOldstatus5status 5
08-28 06:57:04.749 D/StatusBar.BatteryController( 483): now old status is 5
08-28 06:57:05.259 E/SMD ( 104): DCD OFF
08-28 06:57:07.379 D/SensorManager( 867): registerListener :: handle = 0 name= BOSCH 3-axis Accelerometer delay= 10000 Listener= kvn@412712e0
08-28 06:57:07.379 E/SensorManager( 867): thread start
08-28 06:57:07.379 E/SensorManager( 867): =======>>>Sensor Thread RUNNING <<<========
08-28 06:57:08.099 I/SensorManager( 867): Set normal delay = true
08-28 06:57:08.179 D/SensorManager( 867): unregisterListener:: disable all sensors for this listener, name = BOSCH 3-axis Accelerometer listener = kvn@412712e0
08-28 06:57:08.259 E/SMD ( 104): DCD OFF
08-28 06:57:11.259 E/SMD ( 104): DCD OFF
08-28 06:57:14.259 E/SMD ( 104): DCD OFF
08-28 06:57:14.769 V/StatusBar.BatteryController( 483): status5batteryHealth 2
08-28 06:57:14.769 D/StatusBar.BatteryController( 483): mOldstatus5status 5
08-28 06:57:14.769 D/StatusBar.BatteryController( 483): now old status is 5
08-28 06:57:17.259 E/SMD ( 104): DCD OFF
08-28 06:57:20.259 E/SMD ( 104): DCD OFF
08-28 06:57:23.269 E/SMD ( 104): DCD OFF
08-28 06:57:24.789 V/StatusBar.BatteryController( 483): status5batteryHealth 2
08-28 06:57:24.789 D/StatusBar.BatteryController( 483): mOldstatus5status 5
08-28 06:57:24.789 D/StatusBar.BatteryController( 483): now old status is 5
08-28 06:57:26.269 E/SMD ( 104): DCD OFF
08-28 06:57:27.779 W/SignalStrength( 276): getCdmaLevel=1
08-28 06:57:27.779 W/SignalStrength( 276): getEvdoLevel=0
08-28 06:57:27.779 W/SignalStrength( 276): getCdmaLevel=1
08-28 06:57:27.779 W/SignalStrength( 276): getLevel=1
08-28 06:57:27.789 W/SignalStrength( 483): getCdmaLevel=1
08-28 06:57:27.789 W/SignalStrength( 483): getEvdoLevel=0
08-28 06:57:27.789 W/SignalStrength( 483): getCdmaLevel=1
08-28 06:57:27.789 W/SignalStrength( 483): getLevel=1
08-28 06:57:29.269 E/SMD ( 104): DCD OFF
08-28 06:57:32.279 E/SMD ( 104): DCD OFF
08-28 06:57:33.789 W/SignalStrength( 276): getCdmaLevel=2
08-28 06:57:33.789 W/SignalStrength( 276): getEvdoLevel=0
08-28 06:57:33.789 W/SignalStrength( 276): getCdmaLevel=2
08-28 06:57:33.789 W/SignalStrength( 276): getLevel=2
08-28 06:57:33.789 W/SignalStrength( 483): getCdmaLevel=2
08-28 06:57:33.789 W/SignalStrength( 483): getEvdoLevel=0
08-28 06:57:33.789 W/SignalStrength( 483): getCdmaLevel=2
08-28 06:57:33.789 W/SignalStrength( 483): getLevel=2
08-28 06:57:34.809 V/StatusBar.BatteryController( 483): status5batteryHealth 2
08-28 06:57:34.809 D/StatusBar.BatteryController( 483): mOldstatus5status 5
08-28 06:57:34.809 D/StatusBar.BatteryController( 483): now old status is 5
08-28 06:57:35.269 E/SMD ( 104): DCD OFF
08-28 06:57:38.279 E/SMD ( 104): DCD OFF
08-28 06:57:41.279 E/SMD ( 104): DCD OFF
08-28 06:57:44.279 E/SMD ( 104): DCD OFF
08-28 06:57:44.829 V/StatusBar.BatteryController( 483): status5batteryHealth 2
08-28 06:57:44.829 D/StatusBar.BatteryController( 483): mOldstatus5status 5
08-28 06:57:44.829 D/StatusBar.BatteryController( 483): now old status is 5
08-28 06:57:45.719 D/GCM ( 588): Ignoring attempt to send heartbeat on dead connection.
08-28 06:57:47.279 E/SMD ( 104): DCD OFF
08-28 06:57:49.679 W/ThrottleService( 276): unable to find stats for iface rmnet0
08-28 06:57:50.289 E/SMD ( 104): DCD OFF
08-28 06:57:50.749 D/Tethering( 276): interfaceLinkStateChanged wlan0, true
08-28 06:57:50.749 D/Tethering( 276): interfaceStatusChanged wlan0, true
08-28 06:57:53.289 E/SMD ( 104): DCD OFF
08-28 06:57:54.849 V/StatusBar.BatteryController( 483): status5batteryHealth 2
08-28 06:57:54.849 D/StatusBar.BatteryController( 483): mOldstatus5status 5
08-28 06:57:54.849 D/StatusBar.BatteryController( 483): now old status is 5
08-28 06:57:55.829 D/Tethering( 276): interfaceLinkStateChanged wlan0, true
08-28 06:57:55.829 D/Tethering( 276): interfaceStatusChanged wlan0, true
08-28 06:57:56.289 E/SMD ( 104): DCD OFF
08-28 06:57:59.299 E/SMD ( 104): DCD OFF
08-28 06:58:02.299 E/SMD ( 104): DCD OFF
08-28 06:58:05.299 E/SMD ( 104): DCD OFF
08-28 06:58:08.299 E/SMD ( 104): DCD OFF
08-28 06:58:11.299 E/SMD ( 104): DCD OFF
08-28 06:58:14.309 E/SMD ( 104): DCD OFF
08-28 06:58:14.889 V/StatusBar.BatteryController( 483): status5batteryHealth 2
08-28 06:58:14.889 D/StatusBar.BatteryController( 483): mOldstatus5status 5
08-28 06:58:14.889 D/StatusBar.BatteryController( 483): now old status is 5
08-28 06:58:17.309 E/SMD ( 104): DCD OFF
08-28 06:58:20.309 E/SMD ( 104): DCD OFF
08-28 06:58:23.319 E/SMD ( 104): DCD OFF
08-28 06:58:26.319 E/SMD ( 104): DCD OFF
08-28 06:58:29.319 E/SMD ( 104): DCD OFF
08-28 06:58:32.319 E/SMD ( 104): DCD OFF
08-28 06:58:34.929 V/StatusBar.BatteryController( 483): status5batteryHealth 2
08-28 06:58:34.929 D/StatusBar.BatteryController( 483): mOldstatus5status 5
08-28 06:58:34.929 D/StatusBar.BatteryController( 483): now old status is 5
08-28 06:58:35.319 E/SMD ( 104): DCD OFF
08-28 06:58:38.319 E/SMD ( 104): DCD OFF
08-28 06:58:41.329 E/SMD ( 104): DCD OFF
08-28 06:58:44.329 E/SMD ( 104): DCD OFF
08-28 06:58:44.949 V/StatusBar.BatteryController( 483): status5batteryHealth 2
08-28 06:58:44.949 D/StatusBar.BatteryController( 483): mOldstatus5status 5
08-28 06:58:44.949 D/StatusBar.BatteryController( 483): now old status is 5
08-28 06:58:47.329 E/SMD ( 104): DCD OFF
08-28 06:58:50.329 E/SMD ( 104): DCD OFF
08-28 06:58:53.339 E/SMD ( 104): DCD OFF
08-28 06:58:56.339 E/SMD ( 104): DCD OFF
08-28 06:58:59.339 E/SMD ( 104): DCD OFF
08-28 06:59:02.339 E/SMD ( 104): DCD OFF
08-28 06:59:04.989 V/StatusBar.BatteryController( 483): status5batteryHealth 2
08-28 06:59:04.989 D/StatusBar.BatteryController( 483): mOldstatus5status 5
08-28 06:59:04.989 D/StatusBar.BatteryController( 483): now old status is 5
08-28 06:59:05.349 E/SMD ( 104): DCD OFF
08-28 06:59:08.349 E/SMD ( 104): DCD OFF
08-28 06:59:11.349 E/SMD ( 104): DCD OFF
08-28 06:59:14.349 E/SMD ( 104): DCD OFF
08-28 06:59:15.009 V/StatusBar.BatteryController( 483): status5batteryHealth 2
08-28 06:59:15.009 D/StatusBar.BatteryController( 483): mOldstatus5status 5
08-28 06:59:15.009 D/StatusBar.BatteryController( 483): now old status is 5
08-28 06:59:17.359 E/SMD ( 104): DCD OFF
08-28 06:59:20.359 E/SMD ( 104): DCD OFF
08-28 06:59:23.359 E/SMD ( 104): DCD OFF
08-28 06:59:25.029 V/StatusBar.BatteryController( 483): status5batteryHealth 2
08-28 06:59:25.039 D/StatusBar.BatteryController( 483): mOldstatus5status 5
08-28 06:59:25.039 D/StatusBar.BatteryController( 483): now old status is 5
08-28 06:59:26.359 E/SMD ( 104): DCD OFF
08-28 06:59:29.359 E/SMD ( 104): DCD OFF
08-28 06:59:32.359 E/SMD ( 104): DCD OFF
08-28 06:59:35.059 V/StatusBar.BatteryController( 483): status5batteryHealth 2
08-28 06:59:35.059 D/StatusBar.BatteryController( 483): mOldstatus5status 5
08-28 06:59:35.059 D/StatusBar.BatteryController( 483): now old status is 5
08-28 06:59:35.369 E/SMD ( 104): DCD OFF
08-28 06:59:38.369 E/SMD ( 104): DCD OFF
08-28 06:59:41.369 E/SMD ( 104): DCD OFF
08-28 06:59:44.369 E/SMD ( 104): DCD OFF
08-28 06:59:45.069 V/StatusBar.BatteryController( 483): status5batteryHealth 2
08-28 06:59:45.069 D/StatusBar.BatteryController( 483): mOldstatus5status 5
08-28 06:59:45.069 D/StatusBar.BatteryController( 483): now old status is 5
08-28 06:59:47.379 E/SMD ( 104): DCD OFF
08-28 06:59:50.379 E/SMD ( 104): DCD OFF
08-28 06:59:53.379 E/SMD ( 104): DCD OFF
08-28 06:59:55.089 V/StatusBar.BatteryController( 483): status5batteryHealth 2
08-28 06:59:55.089 D/StatusBar.BatteryController( 483): mOldstatus5status 5
08-28 06:59:55.089 D/StatusBar.BatteryController( 483): now old status is 5
08-28 06:59:56.379 E/SMD ( 104): DCD OFF
08-28 06:59:59.389 E/SMD ( 104): DCD OFF
08-28 07:00:02.389 E/SMD ( 104): DCD OFF
08-28 07:00:05.109 V/StatusBar.BatteryController( 483): status5batteryHealth 2
08-28 07:00:05.119 D/StatusBar.BatteryController( 483): mOldstatus5status 5
08-28 07:00:05.119 D/StatusBar.BatteryController( 483): now old status is 5
08-28 07:00:05.389 E/SMD ( 104): DCD OFF
08-28 07:00:06.439 D/SensorManager( 867): registerListener :: handle = 0 name= BOSCH 3-axis Accelerometer delay= 10000 Listener= kvn@41529550
08-28 07:00:06.439 E/SensorManager( 867): thread start
08-28 07:00:06.439 E/SensorManager( 867): =======>>>Sensor Thread RUNNING <<<========
08-28 07:00:07.249 I/SensorManager( 867): Set normal delay = true
08-28 07:00:07.329 D/SensorManager( 867): unregisterListener:: disable all sensors for this listener, name = BOSCH 3-axis Accelerometer listener = kvn@41529550
08-28 07:00:08.389 E/SMD ( 104): DCD OFF
08-28 07:00:11.399 E/SMD ( 104): DCD OFF
08-28 07:00:14.399 E/SMD ( 104): DCD OFF
08-28 07:00:17.399 E/SMD ( 104): DCD OFF
08-28 07:00:20.399 E/SMD ( 104): DCD OFF
08-28 07:00:23.399 E/SMD ( 104): DCD OFF
08-28 07:00:26.399 E/SMD ( 104): DCD OFF
08-28 07:00:29.399 E/SMD ( 104): DCD OFF
08-28 07:00:32.409 E/SMD ( 104): DCD OFF
08-28 07:00:35.169 V/StatusBar.BatteryController( 483): status5batteryHealth 2
08-28 07:00:35.169 D/StatusBar.BatteryController( 483): mOldstatus5status 5
08-28 07:00:35.169 D/StatusBar.BatteryController( 483): now old status is 5
08-28 07:00:35.409 E/SMD ( 104): DCD OFF
08-28 07:00:38.409 E/SMD ( 104): DCD OFF
08-28 07:00:41.419 E/SMD ( 104): DCD OFF
08-28 07:00:44.419 E/SMD ( 104): DCD OFF
08-28 07:00:47.419 E/SMD ( 104): DCD OFF
08-28 07:00:50.419 E/SMD ( 104): DCD OFF
08-28 07:00:53.429 E/SMD ( 104): DCD OFF
08-28 07:00:55.209 V/StatusBar.BatteryController( 483): status5batteryHealth 2
08-28 07:00:55.209 D/StatusBar.BatteryController( 483): mOldstatus5status 5
08-28 07:00:55.209 D/StatusBar.BatteryController( 483): now old status is 5
08-28 07:00:56.429 E/SMD ( 104): DCD OFF
08-28 07:00:59.429 E/SMD ( 104): DCD OFF
08-28 07:01:02.429 E/SMD ( 104): DCD OFF
08-28 07:01:05.229 V/StatusBar.BatteryController( 483): status5batteryHealth 2
08-28 07:01:05.229 D/StatusBar.BatteryController( 483): mOldstatus5status 5
08-28 07:01:05.229 D/StatusBar.BatteryController( 483): now old status is 5
08-28 07:01:05.439 E/SMD ( 104): DCD OFF
08-28 07:01:08.439 E/SMD ( 104): DCD OFF
08-28 07:01:11.439 E/SMD ( 104): DCD OFF
08-28 07:01:14.439 E/SMD ( 104): DCD OFF
08-28 07:01:15.249 V/StatusBar.BatteryController( 483): status5batteryHealth 2
08-28 07:01:15.249 D/StatusBar.BatteryController( 483): mOldstatus5status 5
08-28 07:01:15.249 D/StatusBar.BatteryController( 483): now old status is 5
08-28 07:01:17.439 E/SMD ( 104): DCD OFF
08-28 07:01:20.439 E/SMD ( 104): DCD OFF
08-28 07:01:23.439 E/SMD ( 104): DCD OFF
08-28 07:01:25.269 V/StatusBar.BatteryController( 483): status5batteryHealth 2
08-28 07:01:25.269 D/StatusBar.BatteryController( 483): mOldstatus5status 5
08-28 07:01:25.269 D/StatusBar.BatteryController( 483): now old status is 5
08-28 07:01:26.449 E/SMD ( 104): DCD OFF
08-28 07:01:29.449 E/SMD ( 104): DCD OFF
08-28 07:01:32.449 E/SMD ( 104): DCD OFF
08-28 07:01:35.289 V/StatusBar.BatteryController( 483): status5batteryHealth 2
08-28 07:01:35.289 D/StatusBar.BatteryController( 483): mOldstatus5status 5
08-28 07:01:35.289 D/StatusBar.BatteryController( 483): now old status is 5
08-28 07:01:35.449 E/SMD ( 104): DCD OFF
08-28 07:01:38.459 E/SMD ( 104): DCD OFF
08-28 07:01:41.459 E/SMD ( 104): DCD OFF
08-28 07:01:41.549 D/GpsLocationProvider( 276): ALARM_WAKEUP
08-28 07:01:41.549 D/GpsLocationProvider( 276): startNavigating
08-28 07:01:41.549 D/GpsLocationProvider( 276): GlobalConfig.GLOBALCONFIG_GPS_CDMA=true
08-28 07:01:41.549 D/GpsLocationProvider( 276): startNavigating with Position Mode = 0
08-28 07:01:41.549 E/libsecgps( 276): gps_start:
08-28 07:01:41.589 V/GpsLocationProvider( 276): reportStatus status: 3
08-28 07:01:41.599 V/GpsLocationProvider( 276): reportStatus status: 1
08-28 07:01:44.459 E/SMD ( 104): DCD OFF
08-28 07:01:45.319 V/StatusBar.BatteryController( 483): status5batteryHealth 2
08-28 07:01:45.319 D/StatusBar.BatteryController( 483): mOldstatus5status 5
08-28 07:01:45.319 D/StatusBar.BatteryController( 483): now old status is 5
08-28 07:01:47.469 E/SMD ( 104): DCD OFF
08-28 07:01:48.519 E/GPSD ( 119): SecLBS_update_location:
08-28 07:01:48.519 D/GpsLocationProvider( 276): TTFF: 6971
08-28 07:01:48.539 D/GpsLocationProvider( 276): got fix, hibernating
08-28 07:01:48.539 D/GpsLocationProvider( 276): stopNavigating
08-28 07:01:48.539 E/libsecgps( 276): gps_stop:
08-28 07:01:48.559 V/GpsLocationProvider( 276): reportStatus status: 2
08-28 07:01:48.569 V/GpsLocationProvider( 276): reportStatus status: 4
08-28 07:01:48.599 D/MyGPSClockApp( 6043): +onLocationChanged
08-28 07:01:48.599 D/MyGPSClockApp( 6043): +getGPSDatetime
08-28 07:01:48.599 D/MyGPSClockApp( 6043): GPSTime: 1409241726000
08-28 07:01:48.599 D/MyGPSClockApp( 6043): GPS Current time: Thu Aug 28 12:02:06 EDT 2014
08-28 07:01:48.599 D/MyGPSClockApp( 6043): -getGPSDatetime
08-28 07:01:48.599 D/MyGPSClockApp( 6043): -onLocationChanged
08-28 07:01:48.659 V/GpsLocationProvider( 276): reportStatus status: 2
08-28 07:01:48.889 I/GCoreUlr( 867): Successfully inserted location
08-28 07:01:48.899 I/GCoreUlr( 867): Not calling LocationReportingService, hasMoved: false, elapsed millis: 638482, request: Phone
08-28 07:01:50.469 E/SMD ( 104): DCD OFF
08-28 07:01:53.469 E/SMD ( 104): DCD OFF
08-28 07:01:55.329 V/StatusBar.BatteryController( 483): status5batteryHealth 2
08-28 07:01:55.329 D/StatusBar.BatteryController( 483): mOldstatus5status 5
08-28 07:01:55.329 D/StatusBar.BatteryController( 483): now old status is 5
08-28 07:01:56.469 E/SMD ( 104): DCD OFF
08-28 07:01:59.479 E/SMD ( 104): DCD OFF
08-28 07:02:02.479 E/SMD ( 104): DCD OFF
08-28 07:02:03.889 W/SignalStrength( 276): getCdmaLevel=3
08-28 07:02:03.889 W/SignalStrength( 276): getEvdoLevel=0
08-28 07:02:03.889 W/SignalStrength( 276): getCdmaLevel=3
08-28 07:02:03.889 W/SignalStrength( 276): getLevel=3
08-28 07:02:03.899 W/SignalStrength( 483): getCdmaLevel=3
08-28 07:02:03.899 W/SignalStrength( 483): getEvdoLevel=0
08-28 07:02:03.899 W/SignalStrength( 483): getCdmaLevel=3
08-28 07:02:03.899 W/SignalStrength( 483): getLevel=3
08-28 07:02:04.889 W/SignalStrength( 276): getCdmaLevel=2
08-28 07:02:04.889 W/SignalStrength( 276): getEvdoLevel=0
08-28 07:02:04.889 W/SignalStrength( 276): getCdmaLevel=2
08-28 07:02:04.889 W/SignalStrength( 276): getLevel=2
08-28 07:02:04.899 W/SignalStrength( 483): getCdmaLevel=2
08-28 07:02:04.899 W/SignalStrength( 483): getEvdoLevel=0
08-28 07:02:04.899 W/SignalStrength( 483): getCdmaLevel=2
08-28 07:02:04.899 W/SignalStrength( 483): getLevel=2
08-28 07:02:05.349 V/StatusBar.BatteryController( 483): status5batteryHealth 2
08-28 07:02:05.349 D/StatusBar.BatteryController( 483): mOldstatus5status 5
08-28 07:02:05.349 D/StatusBar.BatteryController( 483): now old status is 5
08-28 07:02:05.479 E/SMD ( 104): DCD OFF
08-28 07:02:05.889 W/SignalStrength( 276): getCdmaLevel=3
08-28 07:02:05.889 W/SignalStrength( 276): getEvdoLevel=0
08-28 07:02:05.889 W/SignalStrength( 276): getCdmaLevel=3
08-28 07:02:05.889 W/SignalStrength( 276): getLevel=3
08-28 07:02:05.899 W/SignalStrength( 483): getCdmaLevel=3
08-28 07:02:05.899 W/SignalStrength( 483): getEvdoLevel=0
08-28 07:02:05.899 W/SignalStrength( 483): getCdmaLevel=3
08-28 07:02:05.899 W/SignalStrength( 483): getLevel=3
08-28 07:02:08.479 E/SMD ( 104): DCD OFF
08-28 07:02:11.489 E/SMD ( 104): DCD OFF
08-28 07:02:14.479 E/SMD ( 104): DCD OFF
08-28 07:02:15.369 V/StatusBar.BatteryController( 483): status5batteryHealth 2
08-28 07:02:15.369 D/StatusBar.BatteryController( 483): mOldstatus5status 5
08-28 07:02:15.369 D/StatusBar.BatteryController( 483): now old status is 5
08-28 07:02:17.489 E/SMD ( 104): DCD OFF
08-28 07:02:20.489 E/SMD ( 104): DCD OFF
08-28 07:02:23.489 E/SMD ( 104): DCD OFF
08-28 07:02:25.389 V/StatusBar.BatteryController( 483): status5batteryHealth 2
08-28 07:02:25.389 D/StatusBar.BatteryController( 483): mOldstatus5status 5
08-28 07:02:25.389 D/StatusBar.BatteryController( 483): now old status is 5
08-28 07:02:26.489 E/SMD ( 104): DCD OFF
08-28 07:02:27.949 D/Tethering( 276): interfaceLinkStateChanged wlan0, true
08-28 07:02:27.949 D/Tethering( 276): interfaceStatusChanged wlan0, true
08-28 07:02:29.499 E/SMD ( 104): DCD OFF
08-28 07:02:32.499 E/SMD ( 104): DCD OFF
08-28 07:02:35.409 V/StatusBar.BatteryController( 483): status5batteryHealth 2
08-28 07:02:35.409 D/StatusBar.BatteryController( 483): mOldstatus5status 5
08-28 07:02:35.409 D/StatusBar.BatteryController( 483): now old status is 5
08-28 07:02:35.499 E/SMD ( 104): DCD OFF
08-28 07:02:38.509 E/SMD ( 104): DCD OFF
08-28 07:02:41.509 E/SMD ( 104): DCD OFF
08-28 07:02:44.509 E/SMD ( 104): DCD OFF
08-28 07:02:45.429 V/StatusBar.BatteryController( 483): status5batteryHealth 2
08-28 07:02:45.429 D/StatusBar.BatteryController( 483): mOldstatus5status 5
08-28 07:02:45.429 D/StatusBar.BatteryController( 483): now old status is 5
08-28 07:02:47.509 E/SMD ( 104): DCD OFF
08-28 07:02:50.509 E/SMD ( 104): DCD OFF
08-28 07:02:53.519 E/SMD ( 104): DCD OFF
08-28 07:02:55.449 V/StatusBar.BatteryController( 483): status5batteryHealth 2
08-28 07:02:55.449 D/StatusBar.BatteryController( 483): mOldstatus5status 5
08-28 07:02:55.449 D/StatusBar.BatteryController( 483): now old status is 5
08-28 07:02:56.519 E/SMD ( 104): DCD OFF
08-28 07:02:59.519 E/SMD ( 104): DCD OFF
08-28 07:03:02.519 E/SMD ( 104): DCD OFF
08-28 07:03:05.499 D/SensorManager( 867): registerListener :: handle = 0 name= BOSCH 3-axis Accelerometer delay= 10000 Listener= kvn@41240508
08-28 07:03:05.499 E/SensorManager( 867): thread start
08-28 07:03:05.499 E/SensorManager( 867): =======>>>Sensor Thread RUNNING <<<========
08-28 07:03:05.519 E/SMD ( 104): DCD OFF
08-28 07:03:06.199 I/SensorManager( 867): Set normal delay = true
08-28 07:03:06.279 D/SensorManager( 867): unregisterListener:: disable all sensors for this listener, name = BOSCH 3-axis Accelerometer listener = kvn@41240508
08-28 07:03:06.309 I/GCoreUlr( 867): Received powerMode change from NLP: com.google.android.location.activity.LOW_POWER_MODE_ENABLED
08-28 07:03:06.309 I/GCoreUlr( 867): Starting service, intent=Intent { act=com.google.android.location.reporting.ACTION_UPDATE_ACTIVE_STATE cmp=xxxx }, extras=null
08-28 07:03:06.359 I/GCoreUlr( 867): Ensuring that reporting is active for [account#15#]
08-28 07:03:06.359 I/GCoreUlr( 867): Starting service, intent=Intent { act=com.google.android.location.reporting.ACTION_LOCATION_STATUS cmp=xxxx (has extras) }, extras=Bundle[{status=LocationStatus[cell status: STATUS_SUCCESSFUL, wifi status: STATUS_SUCCESSFUL, elapsed realtime ns: 19183643000000]}]
08-28 07:03:08.519 E/SMD ( 104): DCD OFF
08-28 07:03:11.529 E/SMD ( 104): DCD OFF
08-28 07:03:14.529 E/SMD ( 104): DCD OFF
08-28 07:03:15.489 V/StatusBar.BatteryController( 483): status5batteryHealth 2
08-28 07:03:15.489 D/StatusBar.BatteryController( 483): mOldstatus5status 5
08-28 07:03:15.489 D/StatusBar.BatteryController( 483): now old status is 5
08-28 07:03:17.529 E/SMD ( 104): DCD OFF
08-28 07:03:20.529 E/SMD ( 104): DCD OFF
08-28 07:03:23.529 E/SMD ( 104): DCD OFF
08-28 07:03:25.509 V/StatusBar.BatteryController( 483): status5batteryHealth 2
08-28 07:03:25.509 D/StatusBar.BatteryController( 483): mOldstatus5status 5
08-28 07:03:25.509 D/StatusBar.BatteryController( 483): now old status is 5
08-28 07:03:26.539 E/SMD ( 104): DCD OFF
08-28 07:03:29.539 E/SMD ( 104): DCD OFF
08-28 07:03:32.539 E/SMD ( 104): DCD OFF
08-28 07:03:35.529 V/StatusBar.BatteryController( 483): status5batteryHealth 2
08-28 07:03:35.529 D/StatusBar.BatteryController( 483): mOldstatus5status 5
08-28 07:03:35.529 D/StatusBar.BatteryController( 483): now old status is 5
08-28 07:03:35.539 E/SMD ( 104): DCD OFF
08-28 07:03:38.549 E/SMD ( 104): DCD OFF
08-28 07:03:41.549 E/SMD ( 104): DCD OFF
08-28 07:03:44.559 E/SMD ( 104): DCD OFF
08-28 07:03:45.549 V/StatusBar.BatteryController( 483): status5batteryHealth 2
08-28 07:03:45.549 D/StatusBar.BatteryController( 483): mOldstatus5status 5
08-28 07:03:45.549 D/StatusBar.BatteryController( 483): now old status is 5
08-28 07:03:47.559 E/SMD ( 104): DCD OFF
08-28 07:03:50.559 E/SMD ( 104): DCD OFF
08-28 07:03:53.559 E/SMD ( 104): DCD OFF
08-28 07:03:56.559 E/SMD ( 104): DCD OFF
08-28 07:03:59.569 E/SMD ( 104): DCD OFF
08-28 07:04:02.559 E/SMD ( 104): DCD OFF
08-28 07:04:05.569 E/SMD ( 104): DCD OFF
08-28 07:04:05.589 V/StatusBar.BatteryController( 483): status5batteryHealth 2
08-28 07:04:05.589 D/StatusBar.BatteryController( 483): mOldstatus5status 5
08-28 07:04:05.589 D/StatusBar.BatteryController( 483): now old status is 5
08-28 07:04:08.569 E/SMD ( 104): DCD OFF
08-28 07:04:11.569 E/SMD ( 104): DCD OFF
08-28 07:04:14.569 E/SMD ( 104): DCD OFF
08-28 07:04:17.579 E/SMD ( 104): DCD OFF
08-28 07:04:20.579 E/SMD ( 104): DCD OFF
08-28 07:04:23.579 E/SMD ( 104): DCD OFF
08-28 07:04:25.629 V/StatusBar.BatteryController( 483): status5batteryHealth 2
08-28 07:04:25.629 D/StatusBar.BatteryController( 483): mOldstatus5status 5
08-28 07:04:25.629 D/StatusBar.BatteryController( 483): now old status is 5
08-28 07:04:26.589 E/SMD ( 104): DCD OFF
08-28 07:04:29.589 E/SMD ( 104): DCD OFF
08-28 07:04:32.589 E/SMD ( 104): DCD OFF
08-28 07:04:35.589 E/SMD ( 104): DCD OFF
08-28 07:04:35.649 V/StatusBar.BatteryController( 483): status5batteryHealth 2
08-28 07:04:35.649 D/StatusBar.BatteryController( 483): mOldstatus5status 5
08-28 07:04:35.649 D/StatusBar.BatteryController( 483): now old status is 5
08-28 07:04:38.589 E/SMD ( 104): DCD OFF
08-28 07:04:41.599 E/SMD ( 104): DCD OFF
08-28 07:04:44.599 E/SMD ( 104): DCD OFF
08-28 07:04:45.669 V/StatusBar.BatteryController( 483): status5batteryHealth 2
08-28 07:04:45.669 D/StatusBar.BatteryController( 483): mOldstatus5status 5
08-28 07:04:45.669 D/StatusBar.BatteryController( 483): now old status is 5
08-28 07:04:47.599 E/SMD ( 104): DCD OFF
08-28 07:04:50.599 E/SMD ( 104): DCD OFF
08-28 07:04:53.599 E/SMD ( 104): DCD OFF
08-28 07:04:56.599 E/SMD ( 104): DCD OFF
08-28 07:04:59.609 E/SMD ( 104): DCD OFF
08-28 07:05:02.609 E/SMD ( 104): DCD OFF
08-28 07:05:05.609 E/SMD ( 104): DCD OFF
08-28 07:05:05.709 V/StatusBar.BatteryController( 483): status5batteryHealth 2
08-28 07:05:05.709 D/StatusBar.BatteryController( 483): mOldstatus5status 5
08-28 07:05:05.709 D/StatusBar.BatteryController( 483): now old status is 5
08-28 07:05:08.609 E/SMD ( 104): DCD OFF
08-28 07:05:11.619 E/SMD ( 104): DCD OFF
08-28 07:05:14.619 E/SMD ( 104): DCD OFF
08-28 07:05:17.619 E/SMD ( 104): DCD OFF
08-28 07:05:20.619 E/SMD ( 104): DCD OFF
08-28 07:05:23.619 E/SMD ( 104): DCD OFF
08-28 07:05:25.749 V/StatusBar.BatteryController( 483): status5batteryHealth 2
08-28 07:05:25.749 D/StatusBar.BatteryController( 483): mOldstatus5status 5
08-28 07:05:25.749 D/StatusBar.BatteryController( 483): now old status is 5
08-28 07:05:26.629 E/SMD ( 104): DCD OFF
08-28 07:05:29.629 E/SMD ( 104): DCD OFF
08-28 07:05:32.629 E/SMD ( 104): DCD OFF
08-28 07:05:35.639 E/SMD ( 104): DCD OFF
08-28 07:05:38.639 E/SMD ( 104): DCD OFF
08-28 07:05:41.639 E/SMD ( 104): DCD OFF
08-28 07:05:44.639 E/SMD ( 104): DCD OFF
08-28 07:05:47.649 E/SMD ( 104): DCD OFF
08-28 07:05:50.649 E/SMD ( 104): DCD OFF
08-28 07:05:53.649 E/SMD ( 104): DCD OFF
08-28 07:05:55.809 V/StatusBar.BatteryController( 483): status5batteryHealth 2
08-28 07:05:55.809 D/StatusBar.BatteryController( 483): mOldstatus5status 5
08-28 07:05:55.809 D/StatusBar.BatteryController( 483): now old status is 5
08-28 07:05:56.649 E/SMD ( 104): DCD OFF
08-28 07:05:59.649 E/SMD ( 104): DCD OFF
08-28 07:06:02.649 E/SMD ( 104): DCD OFF
08-28 07:06:04.459 D/SensorManager( 867): registerListener :: handle = 0 name= BOSCH 3-axis Accelerometer delay= 10000 Listener= kvn@412b8c68
08-28 07:06:04.459 E/SensorManager( 867): thread start
08-28 07:06:04.459 E/SensorManager( 867): =======>>>Sensor Thread RUNNING <<<========
08-28 07:06:05.149 I/SensorManager( 867): Set normal delay = true
08-28 07:06:05.229 D/SensorManager( 867): unregisterListener:: disable all sensors for this listener, name = BOSCH 3-axis Accelerometer listener = kvn@412b8c68
08-28 07:06:05.649 E/SMD ( 104): DCD OFF
08-28 07:06:05.829 V/StatusBar.BatteryController( 483): status5batteryHealth 2
08-28 07:06:05.829 D/StatusBar.BatteryController( 483): mOldstatus5status 5
08-28 07:06:05.829 D/StatusBar.BatteryController( 483): now old status is 5
08-28 07:06:08.659 E/SMD ( 104): DCD OFF
08-28 07:06:11.659 E/SMD ( 104): DCD OFF
08-28 07:06:14.659 E/SMD ( 104): DCD OFF
08-28 07:06:15.849 V/StatusBar.BatteryController( 483): status5batteryHealth 2
08-28 07:06:15.849 D/StatusBar.BatteryController( 483): mOldstatus5status 5
08-28 07:06:15.849 D/StatusBar.BatteryController( 483): now old status is 5
08-28 07:06:15.869 E/WifiStateMachine( 276): set suspend optimizations failed!
08-28 07:06:16.399 E/WifiStateMachine( 276): set suspend optimizations failed!
08-28 07:06:17.669 E/SMD ( 104): DCD OFF
08-28 07:06:20.669 E/SMD ( 104): DCD OFF
08-28 07:06:23.669 E/SMD ( 104): DCD OFF
08-28 07:06:26.669 E/SMD ( 104): DCD OFF
08-28 07:06:29.669 E/SMD ( 104): DCD OFF
08-28 07:06:30.889 D/Tethering( 276): interfaceLinkStateChanged wlan0, true
08-28 07:06:30.889 D/Tethering( 276): interfaceStatusChanged wlan0, true
08-28 07:06:32.679 E/SMD ( 104): DCD OFF
08-28 07:06:35.679 E/SMD ( 104): DCD OFF
08-28 07:06:35.889 V/StatusBar.BatteryController( 483): status5batteryHealth 2
08-28 07:06:35.889 D/StatusBar.BatteryController( 483): mOldstatus5status 5
08-28 07:06:35.889 D/StatusBar.BatteryController( 483): now old status is 5
08-28 07:06:38.679 E/SMD ( 104): DCD OFF
08-28 07:06:41.679 E/SMD ( 104): DCD OFF
08-28 07:06:44.679 E/SMD ( 104): DCD OFF
08-28 07:06:45.909 V/StatusBar.BatteryController( 483): status5batteryHealth 2
08-28 07:06:45.909 D/StatusBar.BatteryController( 483): mOldstatus5status 5
08-28 07:06:45.909 D/StatusBar.BatteryController( 483): now old status is 5
08-28 07:06:47.689 E/SMD ( 104): DCD OFF
08-28 07:06:50.689 E/SMD ( 104): DCD OFF
08-28 07:06:53.689 E/SMD ( 104): DCD OFF
08-28 07:06:56.689 E/SMD ( 104): DCD OFF
08-28 07:06:59.689 E/SMD ( 104): DCD OFF
08-28 07:07:02.699 E/SMD ( 104): DCD OFF
08-28 07:07:05.699 E/SMD ( 104): DCD OFF
08-28 07:07:08.699 E/SMD ( 104): DCD OFF
08-28 07:07:11.709 E/SMD ( 104): DCD OFF
08-28 07:07:14.709 E/SMD ( 104): DCD OFF
08-28 07:07:17.709 E/SMD ( 104): DCD OFF
08-28 07:07:20.709 E/SMD ( 104): DCD OFF
08-28 07:07:23.719 E/SMD ( 104): DCD OFF
08-28 07:07:26.719 E/SMD ( 104): DCD OFF
08-28 07:07:29.719 E/SMD ( 104): DCD OFF
08-28 07:07:32.719 E/SMD ( 104): DCD OFF
08-28 07:07:35.719 E/SMD ( 104): DCD OFF
08-28 07:07:36.009 V/StatusBar.BatteryController( 483): status5batteryHealth 2
08-28 07:07:36.009 D/StatusBar.BatteryController( 483): mOldstatus5status 5
08-28 07:07:36.009 D/StatusBar.BatteryController( 483): now old status is 5
08-28 07:07:38.729 E/SMD ( 104): DCD OFF
08-28 07:07:41.729 E/SMD ( 104): DCD OFF
08-28 07:07:44.729 E/SMD ( 104): DCD OFF
08-28 07:07:47.729 E/SMD ( 104): DCD OFF
08-28 07:07:49.679 W/ThrottleService( 276): unable to find stats for iface rmnet0
08-28 07:07:50.729 E/SMD ( 104): DCD OFF
08-28 07:07:53.729 E/SMD ( 104): DCD OFF
08-28 07:07:56.739 E/SMD ( 104): DCD OFF
08-28 07:07:59.739 E/SMD ( 104): DCD OFF
08-28 07:08:02.739 E/SMD ( 104): DCD OFF
08-28 07:08:05.749 E/SMD ( 104): DCD OFF
08-28 07:08:06.069 V/StatusBar.BatteryController( 483): status5batteryHealth 2
08-28 07:08:06.069 D/StatusBar.BatteryController( 483): mOldstatus5status 5
08-28 07:08:06.069 D/StatusBar.BatteryController( 483): now old status is 5
08-28 07:08:08.749 E/SMD ( 104): DCD OFF
08-28 07:08:11.749 E/SMD ( 104): DCD OFF
08-28 07:08:14.749 E/SMD ( 104): DCD OFF
08-28 07:08:16.089 V/StatusBar.BatteryController( 483): status5batteryHealth 2
08-28 07:08:16.089 D/StatusBar.BatteryController( 483): mOldstatus5status 5
08-28 07:08:16.089 D/StatusBar.BatteryController( 483): now old status is 5
08-28 07:08:17.759 E/SMD ( 104): DCD OFF
08-28 07:08:20.759 E/SMD ( 104): DCD OFF
08-28 07:08:23.759 E/SMD ( 104): DCD OFF
08-28 07:08:26.109 V/StatusBar.BatteryController( 483): status5batteryHealth 2
08-28 07:08:26.109 D/StatusBar.BatteryController( 483): mOldstatus5status 5
08-28 07:08:26.109 D/StatusBar.BatteryController( 483): now old status is 5
08-28 07:08:26.759 E/SMD ( 104): DCD OFF
08-28 07:08:29.759 E/SMD ( 104): DCD OFF
08-28 07:08:32.759 E/SMD ( 104): DCD OFF
08-28 07:08:35.769 E/SMD ( 104): DCD OFF
08-28 07:08:36.129 V/StatusBar.BatteryController( 483): status5batteryHealth 2
08-28 07:08:36.129 D/StatusBar.BatteryController( 483): mOldstatus5status 5
08-28 07:08:36.129 D/StatusBar.BatteryController( 483): now old status is 5
08-28 07:08:38.769 E/SMD ( 104): DCD OFF
08-28 07:08:41.769 E/SMD ( 104): DCD OFF
08-28 07:08:44.769 E/SMD ( 104): DCD OFF
08-28 07:08:46.149 V/StatusBar.BatteryController( 483): status5batteryHealth 2
08-28 07:08:46.149 D/StatusBar.BatteryController( 483): mOldstatus5status 5
08-28 07:08:46.149 D/StatusBar.BatteryController( 483): now old status is 5
08-28 07:08:47.769 E/SMD ( 104): DCD OFF
08-28 07:08:50.779 E/SMD ( 104): DCD OFF
08-28 07:08:53.779 E/SMD ( 104): DCD OFF
08-28 07:08:56.169 V/StatusBar.BatteryController( 483): status5batteryHealth 2
08-28 07:08:56.169 D/StatusBar.BatteryController( 483): mOldstatus5status 5
08-28 07:08:56.169 D/StatusBar.BatteryController( 483): now old status is 5
08-28 07:08:56.779 E/SMD ( 104): DCD OFF
08-28 07:08:59.789 E/SMD ( 104): DCD OFF
08-28 07:09:02.789 E/SMD ( 104): DCD OFF
08-28 07:09:05.789 E/SMD ( 104): DCD OFF
08-28 07:09:06.189 V/StatusBar.BatteryController( 483): status5batteryHealth 2
08-28 07:09:06.189 D/StatusBar.BatteryController( 483): mOldstatus5status 5
08-28 07:09:06.189 D/StatusBar.BatteryController( 483): now old status is 5
08-28 07:09:08.789 E/SMD ( 104): DCD OFF
08-28 07:09:09.219 E/WifiStateMachine( 276): set suspend optimizations failed!
08-28 07:09:09.249 D/SensorManager( 867): registerListener :: handle = 0 name= BOSCH 3-axis Accelerometer delay= 10000 Listener= kvn@41119468
08-28 07:09:09.249 E/SensorManager( 867): thread start
08-28 07:09:09.249 E/SensorManager( 867): =======>>>Sensor Thread RUNNING <<<========
08-28 07:09:09.939 I/SensorManager( 867): Set normal delay = true
08-28 07:09:09.969 D/Tethering( 276): interfaceLinkStateChanged wlan0, true
08-28 07:09:09.969 D/Tethering( 276): interfaceStatusChanged wlan0, true
08-28 07:09:09.979 D/Tethering( 276): interfaceLinkStateChanged wlan0, true
08-28 07:09:09.979 D/Tethering( 276): interfaceStatusChanged wlan0, true
08-28 07:09:10.029 D/SensorManager( 867): unregisterListener:: disable all sensors for this listener, name = BOSCH 3-axis Accelerometer listener = kvn@41119468
08-28 07:09:10.119 E/WifiStateMachine( 276): set suspend optimizations failed!
08-28 07:09:10.249 I/GCoreUlr( 867): Successfully inserted location
08-28 07:09:10.249 I/GCoreUlr( 867): Not calling LocationReportingService, hasMoved: false, elapsed millis: 1079837, request: Phone
08-28 07:09:11.799 E/SMD ( 104): DCD OFF
08-28 07:09:14.789 E/SMD ( 104): DCD OFF
08-28 07:09:16.209 V/StatusBar.BatteryController( 483): status5batteryHealth 2
08-28 07:09:16.209 D/StatusBar.BatteryController( 483): mOldstatus5status 5
08-28 07:09:16.209 D/StatusBar.BatteryController( 483): now old status is 5
08-28 07:09:17.799 E/SMD ( 104): DCD OFF
08-28 07:09:20.799 E/SMD ( 104): DCD OFF
08-28 07:09:23.799 E/SMD ( 104): DCD OFF
08-28 07:09:26.229 V/StatusBar.BatteryController( 483): status5batteryHealth 2
08-28 07:09:26.229 D/StatusBar.BatteryController( 483): mOldstatus5status 5
08-28 07:09:26.229 D/StatusBar.BatteryController( 483): now old status is 5
08-28 07:09:26.799 E/SMD ( 104): DCD OFF
08-28 07:09:29.809 E/SMD ( 104): DCD OFF
08-28 07:09:32.809 E/SMD ( 104): DCD OFF
08-28 07:09:35.809 E/SMD ( 104): DCD OFF
08-28 07:09:38.809 E/SMD ( 104): DCD OFF
08-28 07:09:41.819 E/SMD ( 104): DCD OFF
08-28 07:09:44.819 E/SMD ( 104): DCD OFF
08-28 07:09:46.269 V/StatusBar.BatteryController( 483): status5batteryHealth 2
08-28 07:09:46.269 D/StatusBar.BatteryController( 483): mOldstatus5status 5
08-28 07:09:46.269 D/StatusBar.BatteryController( 483): now old status is 5
08-28 07:09:47.819 E/SMD ( 104): DCD OFF
08-28 07:09:50.819 E/SMD ( 104): DCD OFF
08-28 07:09:53.829 E/SMD ( 104): DCD OFF
08-28 07:09:56.289 V/StatusBar.BatteryController( 483): status5batteryHealth 2
08-28 07:09:56.289 D/StatusBar.BatteryController( 483): mOldstatus5status 5
08-28 07:09:56.289 D/StatusBar.BatteryController( 483): now old status is 5
08-28 07:09:56.829 E/SMD ( 104): DCD OFF
08-28 07:09:59.829 E/SMD ( 104): DCD OFF
08-28 07:10:02.829 E/SMD ( 104): DCD OFF
08-28 07:10:05.839 E/SMD ( 104): DCD OFF
08-28 07:10:06.309 V/StatusBar.BatteryController( 483): status5batteryHealth 2
08-28 07:10:06.309 D/StatusBar.BatteryController( 483): mOldstatus5status 5
08-28 07:10:06.309 D/StatusBar.BatteryController( 483): now old status is 5
08-28 07:10:08.839 E/SMD ( 104): DCD OFF
08-28 07:10:11.839 E/SMD ( 104): DCD OFF
08-28 07:10:14.839 E/SMD ( 104): DCD OFF
08-28 07:10:17.849 E/SMD ( 104): DCD OFF
08-28 07:10:20.849 E/SMD ( 104): DCD OFF
08-28 07:10:23.849 E/SMD ( 104): DCD OFF
08-28 07:10:26.349 V/StatusBar.BatteryController( 483): status5batteryHealth 2
08-28 07:10:26.349 D/StatusBar.BatteryController( 483): mOldstatus5status 5
08-28 07:10:26.349 D/StatusBar.BatteryController( 483): now old status is 5
08-28 07:10:26.439 D/Tethering( 276): interfaceLinkStateChanged wlan0, true
08-28 07:10:26.439 D/Tethering( 276): interfaceStatusChanged wlan0, true
08-28 07:10:26.849 E/SMD ( 104): DCD OFF
08-28 07:10:29.849 E/SMD ( 104): DCD OFF
08-28 07:10:32.849 E/SMD ( 104): DCD OFF
08-28 07:10:35.859 E/SMD ( 104): DCD OFF
08-28 07:10:36.369 V/StatusBar.BatteryController( 483): status5batteryHealth 2
08-28 07:10:36.369 D/StatusBar.BatteryController( 483): mOldstatus5status 5
08-28 07:10:36.369 D/StatusBar.BatteryController( 483): now old status is 5
08-28 07:10:38.859 E/SMD ( 104): DCD OFF
08-28 07:10:41.859 E/SMD ( 104): DCD OFF
08-28 07:10:44.859 E/SMD ( 104): DCD OFF
08-28 07:10:46.389 V/StatusBar.BatteryController( 483): status5batteryHealth 2
08-28 07:10:46.389 D/StatusBar.BatteryController( 483): mOldstatus5status 5
08-28 07:10:46.389 D/StatusBar.BatteryController( 483): now old status is 5
08-28 07:10:47.859 E/SMD ( 104): DCD OFF
08-28 07:10:50.869 E/SMD ( 104): DCD OFF
08-28 07:10:53.869 E/SMD ( 104): DCD OFF
08-28 07:10:56.409 V/StatusBar.BatteryController( 483): status5batteryHealth 2
08-28 07:10:56.409 D/StatusBar.BatteryController( 483): mOldstatus5status 5
08-28 07:10:56.409 D/StatusBar.BatteryController( 483): now old status is 5
08-28 07:10:56.879 E/SMD ( 104): DCD OFF
08-28 07:10:59.879 E/SMD ( 104): DCD OFF
08-28 07:11:02.879 E/SMD ( 104): DCD OFF
08-28 07:11:05.889 E/SMD ( 104): DCD OFF
08-28 07:11:08.889 E/SMD ( 104): DCD OFF
08-28 07:11:11.889 E/SMD ( 104): DCD OFF
08-28 07:11:14.889 E/SMD ( 104): DCD OFF
08-28 07:11:16.449 V/StatusBar.BatteryController( 483): status5batteryHealth 2
08-28 07:11:16.449 D/StatusBar.BatteryController( 483): mOldstatus5status 5
08-28 07:11:16.449 D/StatusBar.BatteryController( 483): now old status is 5
08-28 07:11:17.899 E/SMD ( 104): DCD OFF
08-28 07:11:20.899 E/SMD ( 104): DCD OFF
08-28 07:11:23.899 E/SMD ( 104): DCD OFF
08-28 07:11:26.899 E/SMD ( 104): DCD OFF
08-28 07:11:29.899 E/SMD ( 104): DCD OFF
08-28 07:11:32.909 E/SMD ( 104): DCD OFF
08-28 07:11:35.909 E/SMD ( 104): DCD OFF
08-28 07:11:38.909 E/SMD ( 104): DCD OFF
08-28 07:11:41.909 E/SMD ( 104): DCD OFF
08-28 07:11:44.909 E/SMD ( 104): DCD OFF
08-28 07:11:46.509 V/StatusBar.BatteryController( 483): status5batteryHealth 2
08-28 07:11:46.509 D/StatusBar.BatteryController( 483): mOldstatus5status 5
08-28 07:11:46.509 D/StatusBar.BatteryController( 483): now old status is 5
08-28 07:11:47.909 E/SMD ( 104): DCD OFF
08-28 07:11:48.549 D/GpsLocationProvider( 276): ALARM_WAKEUP
08-28 07:11:48.549 D/GpsLocationProvider( 276): startNavigating
08-28 07:11:48.549 D/GpsLocationProvider( 276): GlobalConfig.GLOBALCONFIG_GPS_CDMA=true
08-28 07:11:48.549 D/GpsLocationProvider( 276): startNavigating with Position Mode = 0
08-28 07:11:48.549 E/libsecgps( 276): gps_start:
08-28 07:11:48.589 V/GpsLocationProvider( 276): reportStatus status: 3
08-28 07:11:48.589 V/GpsLocationProvider( 276): reportStatus status: 1
08-28 07:11:50.919 E/SMD ( 104): DCD OFF
08-28 07:11:53.919 E/SMD ( 104): DCD OFF
08-28 07:11:56.529 V/StatusBar.BatteryController( 483): status5batteryHealth 2
08-28 07:11:56.529 D/StatusBar.BatteryController( 483): mOldstatus5status 5
08-28 07:11:56.529 D/StatusBar.BatteryController( 483): now old status is 5
08-28 07:11:56.919 E/SMD ( 104): DCD OFF
08-28 07:11:59.929 E/SMD ( 104): DCD OFF
08-28 07:12:02.929 E/SMD ( 104): DCD OFF
08-28 07:12:05.929 E/SMD ( 104): DCD OFF
08-28 07:12:06.559 V/StatusBar.BatteryController( 483): status5batteryHealth 2
08-28 07:12:06.559 D/StatusBar.BatteryController( 483): mOldstatus5status 5
08-28 07:12:06.559 D/StatusBar.BatteryController( 483): now old status is 5
08-28 07:12:08.399 D/SensorManager( 867): registerListener :: handle = 0 name= BOSCH 3-axis Accelerometer delay= 10000 Listener= kvn@411662d8
08-28 07:12:08.399 E/SensorManager( 867): thread start
08-28 07:12:08.399 E/SensorManager( 867): =======>>>Sensor Thread RUNNING <<<========
08-28 07:12:08.929 E/SMD ( 104): DCD OFF
08-28 07:12:09.109 I/SensorManager( 867): Set normal delay = true
08-28 07:12:09.189 D/SensorManager( 867): unregisterListener:: disable all sensors for this listener, name = BOSCH 3-axis Accelerometer listener = kvn@411662d8
08-28 07:12:11.939 E/SMD ( 104): DCD OFF
08-28 07:12:14.939 E/SMD ( 104): DCD OFF
08-28 07:12:15.519 E/GPSD ( 119): SecLBS_update_location:
08-28 07:12:15.519 D/GpsLocationProvider( 276): TTFF: 26971
08-28 07:12:15.529 D/GpsLocationProvider( 276): got fix, hibernating
08-28 07:12:15.529 D/GpsLocationProvider( 276): stopNavigating
08-28 07:12:15.529 E/libsecgps( 276): gps_stop:
08-28 07:12:15.559 V/GpsLocationProvider( 276): reportStatus status: 2
08-28 07:12:15.559 V/GpsLocationProvider( 276): reportStatus status: 4
08-28 07:12:15.589 D/MyGPSClockApp( 6043): +onLocationChanged
08-28 07:12:15.589 D/MyGPSClockApp( 6043): +getGPSDatetime
08-28 07:12:15.589 D/MyGPSClockApp( 6043): GPSTime: 1409242353000
08-28 07:12:15.589 D/MyGPSClockApp( 6043): GPS Current time: Thu Aug 28 12:12:33 EDT 2014
08-28 07:12:15.589 D/MyGPSClockApp( 6043): -getGPSDatetime
08-28 07:12:15.589 D/MyGPSClockApp( 6043): -onLocationChanged
08-28 07:12:15.659 V/GpsLocationProvider( 276): reportStatus status: 2
08-28 07:12:15.869 I/GCoreUlr( 867): Successfully inserted location
08-28 07:12:15.879 I/GCoreUlr( 867): Not calling LocationReportingService, hasMoved: false, elapsed millis: 1265462, request: Phone
08-28 07:12:17.939 E/SMD ( 104): DCD OFF
08-28 07:12:18.259 V/StatusBar.BatteryController( 483): status5batteryHealth 2
08-28 07:12:18.259 D/StatusBar.BatteryController( 483): mOldstatus5status 5
08-28 07:12:18.259 D/StatusBar.BatteryController( 483): now old status is 5
08-28 07:12:20.939 E/SMD ( 104): DCD OFF
08-28 07:12:22.089 I/EventLogService( 737): Aggregate from 1409222541970 (log), 1409222541970 (data)
08-28 07:12:23.939 E/SMD ( 104): DCD OFF
08-28 07:12:26.949 E/SMD ( 104): DCD OFF
08-28 07:12:28.279 V/StatusBar.BatteryController( 483): status5batteryHealth 2
08-28 07:12:28.279 D/StatusBar.BatteryController( 483): mOldstatus5status 5
08-28 07:12:28.279 D/StatusBar.BatteryController( 483): now old status is 5
08-28 07:12:29.939 E/SMD ( 104): DCD OFF
08-28 07:12:32.949 E/SMD ( 104): DCD OFF
08-28 07:12:35.949 E/SMD ( 104): DCD OFF
08-28 07:12:38.949 E/SMD ( 104): DCD OFF
08-28 07:12:41.949 E/SMD ( 104): DCD OFF
08-28 07:12:44.959 E/SMD ( 104): DCD OFF
08-28 07:12:45.799 D/GCM ( 588): Ignoring attempt to send heartbeat on dead connection.
08-28 07:12:47.959 E/SMD ( 104): DCD OFF
08-28 07:12:48.319 V/StatusBar.BatteryController( 483): status5batteryHealth 2
08-28 07:12:48.319 D/StatusBar.BatteryController( 483): mOldstatus5status 5
08-28 07:12:48.319 D/StatusBar.BatteryController( 483): now old status is 5
08-28 07:12:50.819 D/Tethering( 276): interfaceLinkStateChanged wlan0, true
08-28 07:12:50.819 D/Tethering( 276): interfaceStatusChanged wlan0, true
08-28 07:12:50.959 E/SMD ( 104): DCD OFF
08-28 07:12:53.969 E/SMD ( 104): DCD OFF
08-28 07:12:55.919 D/Tethering( 276): interfaceLinkStateChanged wlan0, true
08-28 07:12:55.919 D/Tethering( 276): interfaceStatusChanged wlan0, true
08-28 07:12:56.969 E/SMD ( 104): DCD OFF
08-28 07:12:58.339 V/StatusBar.BatteryController( 483): status5batteryHealth 2
08-28 07:12:58.339 D/StatusBar.BatteryController( 483): mOldstatus5status 5
08-28 07:12:58.339 D/StatusBar.BatteryController( 483): now old status is 5
08-28 07:12:59.969 E/SMD ( 104): DCD OFF
08-28 07:13:02.969 E/SMD ( 104): DCD OFF
08-28 07:13:05.969 E/SMD ( 104): DCD OFF
08-28 07:13:08.349 V/StatusBar.BatteryController( 483): status5batteryHealth 2
08-28 07:13:08.349 D/StatusBar.BatteryController( 483): mOldstatus5status 5
08-28 07:13:08.349 D/StatusBar.BatteryController( 483): now old status is 5
08-28 07:13:08.979 E/SMD ( 104): DCD OFF
08-28 07:13:11.979 E/SMD ( 104): DCD OFF
08-28 07:13:14.979 E/SMD ( 104): DCD OFF
08-28 07:13:17.979 E/SMD ( 104): DCD OFF
08-28 07:13:20.989 E/SMD ( 104): DCD OFF
08-28 07:13:23.979 E/SMD ( 104): DCD OFF
08-28 07:13:26.989 E/SMD ( 104): DCD OFF
08-28 07:13:28.399 V/StatusBar.BatteryController( 483): status5batteryHealth 2
08-28 07:13:28.399 D/StatusBar.BatteryController( 483): mOldstatus5status 5
08-28 07:13:28.399 D/StatusBar.BatteryController( 483): now old status is 5
08-28 07:13:29.989 E/SMD ( 104): DCD OFF
08-28 07:13:32.989 E/SMD ( 104): DCD OFF
08-28 07:13:35.989 E/SMD ( 104): DCD OFF
08-28 07:13:38.409 V/StatusBar.BatteryController( 483): status5batteryHealth 2
08-28 07:13:38.409 D/StatusBar.BatteryController( 483): mOldstatus5status 5
08-28 07:13:38.409 D/StatusBar.BatteryController( 483): now old status is 5
08-28 07:13:38.999 E/SMD ( 104): DCD OFF
08-28 07:13:41.999 E/SMD ( 104): DCD OFF
08-28 07:13:44.999 E/SMD ( 104): DCD OFF
08-28 07:13:48.009 E/SMD ( 104): DCD OFF
08-28 07:13:48.439 V/StatusBar.BatteryController( 483): status5batteryHealth 2
08-28 07:13:48.439 D/StatusBar.BatteryController( 483): mOldstatus5status 5
08-28 07:13:48.439 D/StatusBar.BatteryController( 483): now old status is 5
08-28 07:13:51.009 E/SMD ( 104): DCD OFF
08-28 07:13:54.009 E/SMD ( 104): DCD OFF
08-28 07:13:57.009 E/SMD ( 104): DCD OFF
08-28 07:14:00.009 E/SMD ( 104): DCD OFF
08-28 07:14:03.019 E/SMD ( 104): DCD OFF
08-28 07:14:06.019 E/SMD ( 104): DCD OFF
08-28 07:14:08.479 V/StatusBar.BatteryController( 483): status5batteryHealth 2
08-28 07:14:08.479 D/StatusBar.BatteryController( 483): mOldstatus5status 5
08-28 07:14:08.479 D/StatusBar.BatteryController( 483): now old status is 5
08-28 07:14:09.019 E/SMD ( 104): DCD OFF
08-28 07:14:12.019 E/SMD ( 104): DCD OFF
08-28 07:14:15.019 E/SMD ( 104): DCD OFF
08-28 07:14:18.019 E/SMD ( 104): DCD OFF
08-28 07:14:18.489 V/StatusBar.BatteryController( 483): status5batteryHealth 2
08-28 07:14:18.499 D/StatusBar.BatteryController( 483): mOldstatus5status 5
08-28 07:14:18.499 D/StatusBar.BatteryController( 483): now old status is 5
08-28 07:14:21.029 E/SMD ( 104): DCD OFF
08-28 07:14:24.029 E/SMD ( 104): DCD OFF
08-28 07:14:27.029 E/SMD ( 104): DCD OFF
08-28 07:14:28.519 V/StatusBar.BatteryController( 483): status5batteryHealth 2
08-28 07:14:28.519 D/StatusBar.BatteryController( 483): mOldstatus5status 5
08-28 07:14:28.519 D/StatusBar.BatteryController( 483): now old status is 5
08-28 07:14:30.029 E/SMD ( 104): DCD OFF
08-28 07:14:33.039 E/SMD ( 104): DCD OFF
08-28 07:14:36.039 E/SMD ( 104): DCD OFF
08-28 07:14:38.529 V/StatusBar.BatteryController( 483): status5batteryHealth 2
08-28 07:14:38.529 D/StatusBar.BatteryController( 483): mOldstatus5status 5
08-28 07:14:38.529 D/StatusBar.BatteryController( 483): now old status is 5
08-28 07:14:39.049 E/SMD ( 104): DCD OFF
08-28 07:14:42.049 E/SMD ( 104): DCD OFF
08-28 07:14:45.049 E/SMD ( 104): DCD OFF
08-28 07:14:48.049 E/SMD ( 104): DCD OFF
08-28 07:14:48.549 V/StatusBar.BatteryController( 483): status5batteryHealth 2
08-28 07:14:48.549 D/StatusBar.BatteryController( 483): mOldstatus5status 5
08-28 07:14:48.549 D/StatusBar.BatteryController( 483): now old status is 5
08-28 07:14:51.059 E/SMD ( 104): DCD OFF
08-28 07:14:54.059 E/SMD ( 104): DCD OFF
08-28 07:14:57.059 E/SMD ( 104): DCD OFF
08-28 07:14:58.569 V/StatusBar.BatteryController( 483): status5batteryHealth 2
08-28 07:14:58.569 D/StatusBar.BatteryController( 483): mOldstatus5status 5
08-28 07:14:58.579 D/StatusBar.BatteryController( 483): now old status is 5
08-28 07:15:00.069 E/SMD ( 104): DCD OFF
08-28 07:15:03.069 E/SMD ( 104): DCD OFF
08-28 07:15:06.069 E/SMD ( 104): DCD OFF
08-28 07:15:07.359 D/SensorManager( 867): registerListener :: handle = 0 name= BOSCH 3-axis Accelerometer delay= 10000 Listener= kvn@41185c08
08-28 07:15:07.359 E/SensorManager( 867): thread start
08-28 07:15:07.359 E/SensorManager( 867): =======>>>Sensor Thread RUNNING <<<========
08-28 07:15:08.069 I/SensorManager( 867): Set normal delay = true
08-28 07:15:08.149 D/SensorManager( 867): unregisterListener:: disable all sensors for this listener, name = BOSCH 3-axis Accelerometer listener = kvn@41185c08
08-28 07:15:08.179 I/GCoreUlr( 867): Received powerMode change from NLP: com.google.android.location.activity.LOW_POWER_MODE_ENABLED
08-28 07:15:08.179 I/GCoreUlr( 867): Starting service, intent=Intent { act=com.google.android.location.reporting.ACTION_UPDATE_ACTIVE_STATE cmp=xxxx }, extras=null
08-28 07:15:08.229 I/GCoreUlr( 867): Ensuring that reporting is active for [account#15#]
08-28 07:15:08.229 I/GCoreUlr( 867): Starting service, intent=Intent { act=com.google.android.location.reporting.ACTION_LOCATION_STATUS cmp=xxxx (has extras) }, extras=Bundle[{status=LocationStatus[cell status: STATUS_SUCCESSFUL, wifi status: STATUS_SUCCESSFUL, elapsed realtime ns: 19183643000000]}]
08-28 07:15:09.069 E/SMD ( 104): DCD OFF
08-28 07:15:12.069 E/SMD ( 104): DCD OFF
08-28 07:15:15.079 E/SMD ( 104): DCD OFF
08-28 07:15:18.079 E/SMD ( 104): DCD OFF
08-28 07:15:18.609 V/StatusBar.BatteryController( 483): status5batteryHealth 2
