08-28 07:15:18.609 D/StatusBar.BatteryController( 483): mOldstatus5status 5
08-28 07:15:18.609 D/StatusBar.BatteryController( 483): now old status is 5
08-28 07:15:21.079 E/SMD ( 104): DCD OFF
08-28 07:15:24.089 E/SMD ( 104): DCD OFF
08-28 07:15:27.089 E/SMD ( 104): DCD OFF
08-28 07:15:28.629 V/StatusBar.BatteryController( 483): status5batteryHealth 2
08-28 07:15:28.639 D/StatusBar.BatteryController( 483): mOldstatus5status 5
08-28 07:15:28.639 D/StatusBar.BatteryController( 483): now old status is 5
08-28 07:15:30.089 E/SMD ( 104): DCD OFF
08-28 07:15:33.089 E/SMD ( 104): DCD OFF
08-28 07:15:33.199 W/SignalStrength( 276): getCdmaLevel=2
08-28 07:15:33.199 W/SignalStrength( 276): getEvdoLevel=0
08-28 07:15:33.199 W/SignalStrength( 276): getCdmaLevel=2
08-28 07:15:33.199 W/SignalStrength( 276): getLevel=2
08-28 07:15:33.209 W/SignalStrength( 483): getCdmaLevel=2
08-28 07:15:33.209 W/SignalStrength( 483): getEvdoLevel=0
08-28 07:15:33.209 W/SignalStrength( 483): getCdmaLevel=2
08-28 07:15:33.209 W/SignalStrength( 483): getLevel=2
08-28 07:15:34.199 W/SignalStrength( 276): getCdmaLevel=3
08-28 07:15:34.199 W/SignalStrength( 276): getEvdoLevel=0
08-28 07:15:34.199 W/SignalStrength( 276): getCdmaLevel=3
08-28 07:15:34.199 W/SignalStrength( 276): getLevel=3
08-28 07:15:34.209 W/SignalStrength( 483): getCdmaLevel=3
08-28 07:15:34.209 W/SignalStrength( 483): getEvdoLevel=0
08-28 07:15:34.209 W/SignalStrength( 483): getCdmaLevel=3
08-28 07:15:34.209 W/SignalStrength( 483): getLevel=3
08-28 07:15:36.099 E/SMD ( 104): DCD OFF
08-28 07:15:39.089 E/SMD ( 104): DCD OFF
08-28 07:15:42.099 E/SMD ( 104): DCD OFF
08-28 07:15:45.099 E/SMD ( 104): DCD OFF
08-28 07:15:48.099 E/SMD ( 104): DCD OFF
08-28 07:15:51.099 E/SMD ( 104): DCD OFF
08-28 07:15:54.109 E/SMD ( 104): DCD OFF
08-28 07:15:57.109 E/SMD ( 104): DCD OFF
08-28 07:15:58.689 V/StatusBar.BatteryController( 483): status5batteryHealth 2
08-28 07:15:58.689 D/StatusBar.BatteryController( 483): mOldstatus5status 5
08-28 07:15:58.689 D/StatusBar.BatteryController( 483): now old status is 5
08-28 07:16:00.109 E/SMD ( 104): DCD OFF
08-28 07:16:03.109 E/SMD ( 104): DCD OFF
08-28 07:16:06.119 E/SMD ( 104): DCD OFF
08-28 07:16:08.709 V/StatusBar.BatteryController( 483): status5batteryHealth 2
08-28 07:16:08.709 D/StatusBar.BatteryController( 483): mOldstatus5status 5
08-28 07:16:08.709 D/StatusBar.BatteryController( 483): now old status is 5
08-28 07:16:09.119 E/SMD ( 104): DCD OFF
08-28 07:16:12.119 E/SMD ( 104): DCD OFF
08-28 07:16:15.119 E/SMD ( 104): DCD OFF
08-28 07:16:18.129 E/SMD ( 104): DCD OFF
08-28 07:16:21.129 E/SMD ( 104): DCD OFF
08-28 07:16:24.129 E/SMD ( 104): DCD OFF
08-28 07:16:27.129 E/SMD ( 104): DCD OFF
08-28 07:16:28.759 V/StatusBar.BatteryController( 483): status5batteryHealth 2
08-28 07:16:28.759 D/StatusBar.BatteryController( 483): mOldstatus5status 5
08-28 07:16:28.759 D/StatusBar.BatteryController( 483): now old status is 5
08-28 07:16:30.139 E/SMD ( 104): DCD OFF
08-28 07:16:33.139 E/SMD ( 104): DCD OFF
08-28 07:16:36.139 E/SMD ( 104): DCD OFF
08-28 07:16:39.139 E/SMD ( 104): DCD OFF
08-28 07:16:42.139 E/SMD ( 104): DCD OFF
08-28 07:16:45.139 E/SMD ( 104): DCD OFF
08-28 07:16:48.149 E/SMD ( 104): DCD OFF
08-28 07:16:48.789 V/StatusBar.BatteryController( 483): status5batteryHealth 2
08-28 07:16:48.789 D/StatusBar.BatteryController( 483): mOldstatus5status 5
08-28 07:16:48.789 D/StatusBar.BatteryController( 483): now old status is 5
08-28 07:16:51.149 E/SMD ( 104): DCD OFF
08-28 07:16:54.149 E/SMD ( 104): DCD OFF
08-28 07:16:57.149 E/SMD ( 104): DCD OFF
08-28 07:16:58.809 V/StatusBar.BatteryController( 483): status5batteryHealth 2
08-28 07:16:58.809 D/StatusBar.BatteryController( 483): mOldstatus5status 5
08-28 07:16:58.819 D/StatusBar.BatteryController( 483): now old status is 5
08-28 07:17:00.159 E/SMD ( 104): DCD OFF
08-28 07:17:03.159 E/SMD ( 104): DCD OFF
08-28 07:17:06.159 E/SMD ( 104): DCD OFF
08-28 07:17:09.169 E/SMD ( 104): DCD OFF
08-28 07:17:12.169 E/SMD ( 104): DCD OFF
08-28 07:17:15.169 E/SMD ( 104): DCD OFF
08-28 07:17:18.169 E/SMD ( 104): DCD OFF
08-28 07:17:18.859 V/StatusBar.BatteryController( 483): status5batteryHealth 2
08-28 07:17:18.859 D/StatusBar.BatteryController( 483): mOldstatus5status 5
08-28 07:17:18.859 D/StatusBar.BatteryController( 483): now old status is 5
08-28 07:17:21.169 E/SMD ( 104): DCD OFF
08-28 07:17:24.179 E/SMD ( 104): DCD OFF
08-28 07:17:27.179 E/SMD ( 104): DCD OFF
08-28 07:17:28.879 V/StatusBar.BatteryController( 483): status5batteryHealth 2
08-28 07:17:28.879 D/StatusBar.BatteryController( 483): mOldstatus5status 5
08-28 07:17:28.879 D/StatusBar.BatteryController( 483): now old status is 5
08-28 07:17:30.179 E/SMD ( 104): DCD OFF
08-28 07:17:33.179 E/SMD ( 104): DCD OFF
08-28 07:17:36.189 E/SMD ( 104): DCD OFF
08-28 07:17:39.179 E/SMD ( 104): DCD OFF
08-28 07:17:42.189 E/SMD ( 104): DCD OFF
08-28 07:17:45.189 E/SMD ( 104): DCD OFF
08-28 07:17:48.189 E/SMD ( 104): DCD OFF
08-28 07:17:48.909 V/StatusBar.BatteryController( 483): status5batteryHealth 2
08-28 07:17:48.909 D/StatusBar.BatteryController( 483): mOldstatus5status 5
08-28 07:17:48.919 D/StatusBar.BatteryController( 483): now old status is 5
08-28 07:17:49.689 W/ThrottleService( 276): unable to find stats for iface rmnet0
08-28 07:17:51.189 E/SMD ( 104): DCD OFF
08-28 07:17:54.199 E/SMD ( 104): DCD OFF
08-28 07:17:57.199 E/SMD ( 104): DCD OFF
08-28 07:17:58.939 V/StatusBar.BatteryController( 483): status5batteryHealth 2
08-28 07:17:58.939 D/StatusBar.BatteryController( 483): mOldstatus5status 5
08-28 07:17:58.939 D/StatusBar.BatteryController( 483): now old status is 5
08-28 07:18:00.199 E/SMD ( 104): DCD OFF
08-28 07:18:03.199 E/SMD ( 104): DCD OFF
08-28 07:18:06.209 E/SMD ( 104): DCD OFF
08-28 07:18:06.329 D/SensorManager( 867): registerListener :: handle = 0 name= BOSCH 3-axis Accelerometer delay= 10000 Listener= kvn@41123880
08-28 07:18:06.329 E/SensorManager( 867): thread start
08-28 07:18:06.329 E/SensorManager( 867): =======>>>Sensor Thread RUNNING <<<========
08-28 07:18:07.019 I/SensorManager( 867): Set normal delay = true
08-28 07:18:07.099 D/SensorManager( 867): unregisterListener:: disable all sensors for this listener, name = BOSCH 3-axis Accelerometer listener = kvn@41123880
08-28 07:18:08.949 V/StatusBar.BatteryController( 483): status5batteryHealth 2
08-28 07:18:08.949 D/StatusBar.BatteryController( 483): mOldstatus5status 5
08-28 07:18:08.949 D/StatusBar.BatteryController( 483): now old status is 5
08-28 07:18:09.209 E/SMD ( 104): DCD OFF
08-28 07:18:12.209 E/SMD ( 104): DCD OFF
08-28 07:18:12.269 W/SignalStrength( 276): getCdmaLevel=2
08-28 07:18:12.269 W/SignalStrength( 276): getEvdoLevel=0
08-28 07:18:12.269 W/SignalStrength( 276): getCdmaLevel=2
08-28 07:18:12.269 W/SignalStrength( 276): getLevel=2
08-28 07:18:12.269 W/SignalStrength( 483): getCdmaLevel=2
08-28 07:18:12.269 W/SignalStrength( 483): getEvdoLevel=0
08-28 07:18:12.269 W/SignalStrength( 483): getCdmaLevel=2
08-28 07:18:12.269 W/SignalStrength( 483): getLevel=2
08-28 07:18:13.269 W/SignalStrength( 276): getCdmaLevel=3
08-28 07:18:13.269 W/SignalStrength( 276): getEvdoLevel=0
08-28 07:18:13.269 W/SignalStrength( 276): getCdmaLevel=3
08-28 07:18:13.269 W/SignalStrength( 276): getLevel=3
08-28 07:18:13.269 W/SignalStrength( 483): getCdmaLevel=3
08-28 07:18:13.269 W/SignalStrength( 483): getEvdoLevel=0
08-28 07:18:13.269 W/SignalStrength( 483): getCdmaLevel=3
08-28 07:18:13.269 W/SignalStrength( 483): getLevel=3
08-28 07:18:15.209 E/SMD ( 104): DCD OFF
08-28 07:18:18.219 E/SMD ( 104): DCD OFF
08-28 07:18:20.269 W/SignalStrength( 276): getCdmaLevel=2
08-28 07:18:20.269 W/SignalStrength( 276): getEvdoLevel=0
08-28 07:18:20.269 W/SignalStrength( 276): getCdmaLevel=2
08-28 07:18:20.269 W/SignalStrength( 276): getLevel=2
08-28 07:18:20.269 W/SignalStrength( 483): getCdmaLevel=2
08-28 07:18:20.269 W/SignalStrength( 483): getEvdoLevel=0
08-28 07:18:20.269 W/SignalStrength( 483): getCdmaLevel=2
08-28 07:18:20.269 W/SignalStrength( 483): getLevel=2
08-28 07:18:21.209 E/SMD ( 104): DCD OFF
08-28 07:18:24.219 E/SMD ( 104): DCD OFF
08-28 07:18:27.219 E/SMD ( 104): DCD OFF
08-28 07:18:28.999 V/StatusBar.BatteryController( 483): status5batteryHealth 2
08-28 07:18:28.999 D/StatusBar.BatteryController( 483): mOldstatus5status 5
08-28 07:18:28.999 D/StatusBar.BatteryController( 483): now old status is 5
08-28 07:18:30.219 E/SMD ( 104): DCD OFF
08-28 07:18:33.229 E/SMD ( 104): DCD OFF
08-28 07:18:36.229 E/SMD ( 104): DCD OFF
08-28 07:18:39.009 V/StatusBar.BatteryController( 483): status5batteryHealth 2
08-28 07:18:39.009 D/StatusBar.BatteryController( 483): mOldstatus5status 5
08-28 07:18:39.009 D/StatusBar.BatteryController( 483): now old status is 5
08-28 07:18:39.239 E/SMD ( 104): DCD OFF
08-28 07:18:42.239 E/SMD ( 104): DCD OFF
08-28 07:18:45.239 E/SMD ( 104): DCD OFF
08-28 07:18:48.239 E/SMD ( 104): DCD OFF
08-28 07:18:49.279 W/SignalStrength( 276): getCdmaLevel=3
08-28 07:18:49.279 W/SignalStrength( 276): getEvdoLevel=0
08-28 07:18:49.279 W/SignalStrength( 276): getCdmaLevel=3
08-28 07:18:49.279 W/SignalStrength( 276): getLevel=3
08-28 07:18:49.279 W/SignalStrength( 483): getCdmaLevel=3
08-28 07:18:49.279 W/SignalStrength( 483): getEvdoLevel=0
08-28 07:18:49.279 W/SignalStrength( 483): getCdmaLevel=3
08-28 07:18:49.279 W/SignalStrength( 483): getLevel=3
08-28 07:18:51.239 E/SMD ( 104): DCD OFF
08-28 07:18:54.239 E/SMD ( 104): DCD OFF
08-28 07:18:55.279 W/SignalStrength( 276): getCdmaLevel=2
08-28 07:18:55.279 W/SignalStrength( 276): getEvdoLevel=0
08-28 07:18:55.279 W/SignalStrength( 276): getCdmaLevel=2
08-28 07:18:55.279 W/SignalStrength( 276): getLevel=2
08-28 07:18:55.289 W/SignalStrength( 483): getCdmaLevel=2
08-28 07:18:55.289 W/SignalStrength( 483): getEvdoLevel=0
08-28 07:18:55.289 W/SignalStrength( 483): getCdmaLevel=2
08-28 07:18:55.289 W/SignalStrength( 483): getLevel=2
08-28 07:18:57.249 E/SMD ( 104): DCD OFF
08-28 07:19:00.249 E/SMD ( 104): DCD OFF
08-28 07:19:03.249 E/SMD ( 104): DCD OFF
08-28 07:19:06.249 E/SMD ( 104): DCD OFF
08-28 07:19:09.259 E/SMD ( 104): DCD OFF
08-28 07:19:12.259 E/SMD ( 104): DCD OFF
08-28 07:19:15.259 E/SMD ( 104): DCD OFF
08-28 07:19:18.259 E/SMD ( 104): DCD OFF
08-28 07:19:21.269 E/SMD ( 104): DCD OFF
08-28 07:19:24.269 E/SMD ( 104): DCD OFF
08-28 07:19:27.269 E/SMD ( 104): DCD OFF
08-28 07:19:29.109 V/StatusBar.BatteryController( 483): status5batteryHealth 2
08-28 07:19:29.109 D/StatusBar.BatteryController( 483): mOldstatus5status 5
08-28 07:19:29.109 D/StatusBar.BatteryController( 483): now old status is 5
08-28 07:19:30.269 E/SMD ( 104): DCD OFF
08-28 07:19:33.279 E/SMD ( 104): DCD OFF
08-28 07:19:36.279 E/SMD ( 104): DCD OFF
08-28 07:19:39.129 V/StatusBar.BatteryController( 483): status5batteryHealth 2
08-28 07:19:39.129 D/StatusBar.BatteryController( 483): mOldstatus5status 5
08-28 07:19:39.129 D/StatusBar.BatteryController( 483): now old status is 5
08-28 07:19:39.279 E/SMD ( 104): DCD OFF
08-28 07:19:42.279 E/SMD ( 104): DCD OFF
08-28 07:19:45.279 E/SMD ( 104): DCD OFF
08-28 07:19:48.279 E/SMD ( 104): DCD OFF
08-28 07:19:49.149 V/StatusBar.BatteryController( 483): status5batteryHealth 2
08-28 07:19:49.149 D/StatusBar.BatteryController( 483): mOldstatus5status 5
08-28 07:19:49.149 D/StatusBar.BatteryController( 483): now old status is 5
08-28 07:19:51.279 E/SMD ( 104): DCD OFF
08-28 07:19:54.289 E/SMD ( 104): DCD OFF
08-28 07:19:57.289 E/SMD ( 104): DCD OFF
08-28 07:20:00.289 E/SMD ( 104): DCD OFF
08-28 07:20:03.299 E/SMD ( 104): DCD OFF
08-28 07:20:06.299 E/SMD ( 104): DCD OFF
08-28 07:20:09.189 V/StatusBar.BatteryController( 483): status5batteryHealth 2
08-28 07:20:09.189 D/StatusBar.BatteryController( 483): mOldstatus5status 5
08-28 07:20:09.189 D/StatusBar.BatteryController( 483): now old status is 5
08-28 07:20:09.299 E/SMD ( 104): DCD OFF
08-28 07:20:12.299 E/SMD ( 104): DCD OFF
08-28 07:20:15.309 E/SMD ( 104): DCD OFF
08-28 07:20:18.309 E/SMD ( 104): DCD OFF
08-28 07:20:19.209 V/StatusBar.BatteryController( 483): status5batteryHealth 2
08-28 07:20:19.209 D/StatusBar.BatteryController( 483): mOldstatus5status 5
08-28 07:20:19.209 D/StatusBar.BatteryController( 483): now old status is 5
08-28 07:20:21.309 E/SMD ( 104): DCD OFF
08-28 07:20:24.309 E/SMD ( 104): DCD OFF
08-28 07:20:27.309 E/SMD ( 104): DCD OFF
08-28 07:20:29.229 V/StatusBar.BatteryController( 483): status5batteryHealth 2
08-28 07:20:29.229 D/StatusBar.BatteryController( 483): mOldstatus5status 5
08-28 07:20:29.229 D/StatusBar.BatteryController( 483): now old status is 5
08-28 07:20:30.309 E/SMD ( 104): DCD OFF
08-28 07:20:33.309 E/SMD ( 104): DCD OFF
08-28 07:20:36.319 E/SMD ( 104): DCD OFF
08-28 07:20:39.319 E/SMD ( 104): DCD OFF
08-28 07:20:42.319 E/SMD ( 104): DCD OFF
08-28 07:20:45.319 E/SMD ( 104): DCD OFF
08-28 07:20:48.329 E/SMD ( 104): DCD OFF
08-28 07:20:49.269 V/StatusBar.BatteryController( 483): status5batteryHealth 2
08-28 07:20:49.269 D/StatusBar.BatteryController( 483): mOldstatus5status 5
08-28 07:20:49.269 D/StatusBar.BatteryController( 483): now old status is 5
08-28 07:20:51.329 E/SMD ( 104): DCD OFF
08-28 07:20:54.329 E/SMD ( 104): DCD OFF
08-28 07:20:57.339 E/SMD ( 104): DCD OFF
08-28 07:20:59.289 V/StatusBar.BatteryController( 483): status5batteryHealth 2
08-28 07:20:59.289 D/StatusBar.BatteryController( 483): mOldstatus5status 5
08-28 07:20:59.289 D/StatusBar.BatteryController( 483): now old status is 5
08-28 07:21:00.339 E/SMD ( 104): DCD OFF
08-28 07:21:03.339 E/SMD ( 104): DCD OFF
08-28 07:21:05.279 D/SensorManager( 867): registerListener :: handle = 0 name= BOSCH 3-axis Accelerometer delay= 10000 Listener= kvn@414c1280
08-28 07:21:05.279 E/SensorManager( 867): thread start
08-28 07:21:05.279 E/SensorManager( 867): =======>>>Sensor Thread RUNNING <<<========
08-28 07:21:05.969 I/SensorManager( 867): Set normal delay = true
08-28 07:21:06.049 D/SensorManager( 867): unregisterListener:: disable all sensors for this listener, name = BOSCH 3-axis Accelerometer listener = kvn@414c1280
08-28 07:21:06.339 E/SMD ( 104): DCD OFF
08-28 07:21:09.309 V/StatusBar.BatteryController( 483): status5batteryHealth 2
08-28 07:21:09.309 D/StatusBar.BatteryController( 483): mOldstatus5status 5
08-28 07:21:09.309 D/StatusBar.BatteryController( 483): now old status is 5
08-28 07:21:09.349 E/SMD ( 104): DCD OFF
08-28 07:21:12.349 E/SMD ( 104): DCD OFF
08-28 07:21:15.349 E/SMD ( 104): DCD OFF
08-28 07:21:18.349 E/SMD ( 104): DCD OFF
08-28 07:21:21.349 E/SMD ( 104): DCD OFF
08-28 07:21:24.359 E/SMD ( 104): DCD OFF
08-28 07:21:27.359 E/SMD ( 104): DCD OFF
08-28 07:21:30.359 E/SMD ( 104): DCD OFF
08-28 07:21:33.359 E/SMD ( 104): DCD OFF
08-28 07:21:36.359 E/SMD ( 104): DCD OFF
08-28 07:21:39.359 E/SMD ( 104): DCD OFF
08-28 07:21:39.379 V/StatusBar.BatteryController( 483): status5batteryHealth 2
08-28 07:21:39.379 D/StatusBar.BatteryController( 483): mOldstatus5status 5
08-28 07:21:39.379 D/StatusBar.BatteryController( 483): now old status is 5
08-28 07:21:42.369 E/SMD ( 104): DCD OFF
08-28 07:21:45.349 W/SignalStrength( 276): getCdmaLevel=3
08-28 07:21:45.349 W/SignalStrength( 276): getEvdoLevel=0
08-28 07:21:45.349 W/SignalStrength( 276): getCdmaLevel=3
08-28 07:21:45.349 W/SignalStrength( 276): getLevel=3
08-28 07:21:45.359 W/SignalStrength( 483): getCdmaLevel=3
08-28 07:21:45.359 W/SignalStrength( 483): getEvdoLevel=0
08-28 07:21:45.359 W/SignalStrength( 483): getCdmaLevel=3
08-28 07:21:45.359 W/SignalStrength( 483): getLevel=3
08-28 07:21:45.369 E/SMD ( 104): DCD OFF
08-28 07:21:48.369 E/SMD ( 104): DCD OFF
08-28 07:21:49.389 V/StatusBar.BatteryController( 483): status5batteryHealth 2
08-28 07:21:49.389 D/StatusBar.BatteryController( 483): mOldstatus5status 5
08-28 07:21:49.389 D/StatusBar.BatteryController( 483): now old status is 5
08-28 07:21:51.369 E/SMD ( 104): DCD OFF
08-28 07:21:54.379 E/SMD ( 104): DCD OFF
08-28 07:21:56.359 W/SignalStrength( 276): getCdmaLevel=2
08-28 07:21:56.359 W/SignalStrength( 276): getEvdoLevel=0
08-28 07:21:56.359 W/SignalStrength( 276): getCdmaLevel=2
08-28 07:21:56.359 W/SignalStrength( 276): getLevel=2
08-28 07:21:56.359 W/SignalStrength( 483): getCdmaLevel=2
08-28 07:21:56.359 W/SignalStrength( 483): getEvdoLevel=0
08-28 07:21:56.359 W/SignalStrength( 483): getCdmaLevel=2
08-28 07:21:56.359 W/SignalStrength( 483): getLevel=2
08-28 07:21:57.379 E/SMD ( 104): DCD OFF
08-28 07:21:59.409 V/StatusBar.BatteryController( 483): status5batteryHealth 2
08-28 07:21:59.409 D/StatusBar.BatteryController( 483): mOldstatus5status 5
08-28 07:21:59.409 D/StatusBar.BatteryController( 483): now old status is 5
08-28 07:22:00.389 E/SMD ( 104): DCD OFF
08-28 07:22:03.389 E/SMD ( 104): DCD OFF
08-28 07:22:06.389 E/SMD ( 104): DCD OFF
08-28 07:22:09.389 E/SMD ( 104): DCD OFF
08-28 07:22:09.429 V/StatusBar.BatteryController( 483): status5batteryHealth 2
08-28 07:22:09.429 D/StatusBar.BatteryController( 483): mOldstatus5status 5
08-28 07:22:09.429 D/StatusBar.BatteryController( 483): now old status is 5
08-28 07:22:12.389 E/SMD ( 104): DCD OFF
08-28 07:22:15.399 E/SMD ( 104): DCD OFF
08-28 07:22:15.529 D/GpsLocationProvider( 276): ALARM_WAKEUP
08-28 07:22:15.529 D/GpsLocationProvider( 276): startNavigating
08-28 07:22:15.529 D/GpsLocationProvider( 276): GlobalConfig.GLOBALCONFIG_GPS_CDMA=true
08-28 07:22:15.529 D/GpsLocationProvider( 276): startNavigating with Position Mode = 0
08-28 07:22:15.529 E/libsecgps( 276): gps_start:
08-28 07:22:15.569 V/GpsLocationProvider( 276): reportStatus status: 3
08-28 07:22:15.569 V/GpsLocationProvider( 276): reportStatus status: 1
08-28 07:22:18.399 E/SMD ( 104): DCD OFF
08-28 07:22:21.399 E/SMD ( 104): DCD OFF
08-28 07:22:24.399 E/SMD ( 104): DCD OFF
08-28 07:22:26.519 E/GPSD ( 119): SecLBS_update_location:
08-28 07:22:26.519 D/GpsLocationProvider( 276): TTFF: 10983
08-28 07:22:26.539 D/GpsLocationProvider( 276): got fix, hibernating
08-28 07:22:26.539 D/GpsLocationProvider( 276): stopNavigating
08-28 07:22:26.539 E/libsecgps( 276): gps_stop:
08-28 07:22:26.549 V/GpsLocationProvider( 276): reportStatus status: 2
08-28 07:22:26.559 V/GpsLocationProvider( 276): reportStatus status: 4
08-28 07:22:26.639 D/MyGPSClockApp( 6043): +onLocationChanged
08-28 07:22:26.649 V/GpsLocationProvider( 276): reportStatus status: 2
08-28 07:22:26.649 D/MyGPSClockApp( 6043): +getGPSDatetime
08-28 07:22:26.649 D/MyGPSClockApp( 6043): GPSTime: 1409242964000
08-28 07:22:26.649 D/MyGPSClockApp( 6043): GPS Current time: Thu Aug 28 12:22:44 EDT 2014
08-28 07:22:26.649 D/MyGPSClockApp( 6043): -getGPSDatetime
08-28 07:22:26.649 D/MyGPSClockApp( 6043): -onLocationChanged
08-28 07:22:26.929 I/GCoreUlr( 867): Successfully inserted location
08-28 07:22:26.929 I/GCoreUlr( 867): Not calling LocationReportingService, hasMoved: false, elapsed millis: 1876519, request: Phone
08-28 07:22:27.409 E/SMD ( 104): DCD OFF
08-28 07:22:29.469 V/StatusBar.BatteryController( 483): status5batteryHealth 2
08-28 07:22:29.469 D/StatusBar.BatteryController( 483): mOldstatus5status 5
08-28 07:22:29.469 D/StatusBar.BatteryController( 483): now old status is 5
08-28 07:22:30.399 E/SMD ( 104): DCD OFF
08-28 07:22:33.409 E/SMD ( 104): DCD OFF
08-28 07:22:36.409 E/SMD ( 104): DCD OFF
08-28 07:22:39.409 E/SMD ( 104): DCD OFF
08-28 07:22:41.579 D/Tethering( 276): interfaceLinkStateChanged wlan0, true
08-28 07:22:41.579 D/Tethering( 276): interfaceStatusChanged wlan0, true
08-28 07:22:42.409 E/SMD ( 104): DCD OFF
08-28 07:22:45.419 E/SMD ( 104): DCD OFF
08-28 07:22:48.419 E/SMD ( 104): DCD OFF
08-28 07:22:51.419 E/SMD ( 104): DCD OFF
08-28 07:22:54.429 E/SMD ( 104): DCD OFF
08-28 07:22:55.839 D/Tethering( 276): interfaceLinkStateChanged wlan0, true
08-28 07:22:55.839 D/Tethering( 276): interfaceStatusChanged wlan0, true
08-28 07:22:56.379 W/SignalStrength( 276): getCdmaLevel=3
08-28 07:22:56.379 W/SignalStrength( 276): getEvdoLevel=0
08-28 07:22:56.379 W/SignalStrength( 276): getCdmaLevel=3
08-28 07:22:56.379 W/SignalStrength( 276): getLevel=3
08-28 07:22:56.379 W/SignalStrength( 483): getCdmaLevel=3
08-28 07:22:56.379 W/SignalStrength( 483): getEvdoLevel=0
08-28 07:22:56.379 W/SignalStrength( 483): getCdmaLevel=3
08-28 07:22:56.389 W/SignalStrength( 483): getLevel=3
08-28 07:22:57.429 E/SMD ( 104): DCD OFF
08-28 07:22:59.529 V/StatusBar.BatteryController( 483): status5batteryHealth 2
08-28 07:22:59.529 D/StatusBar.BatteryController( 483): mOldstatus5status 5
08-28 07:22:59.529 D/StatusBar.BatteryController( 483): now old status is 5
08-28 07:23:00.429 E/SMD ( 104): DCD OFF
08-28 12:23:02.967 I/ActivityManager( 276): Start proc app.processName for service hostingNameStr: pid=10785 uid=10039 gids={3003, 1015, 1023}
08-28 12:23:02.977 V/BackupManagerService( 276): Running a backup pass
08-28 12:23:02.977 V/BackupManagerService( 276): Backup requested but nothing pending
08-28 12:23:03.017 V/AuthZen ( 737): Received broadcast action: com.google.android.gms.auth.authzen.CHECK_REGISTRATION
08-28 12:23:03.037 I/EventLogService( 737): Aggregate from 1409224342096 (log), 1409224342096 (data)
08-28 12:23:03.047 V/AuthZen ( 737): Handling intent: com.google.android.gms.auth.authzen.CHECK_REGISTRATION
08-28 12:23:03.137 V/AuthZen ( 737): [DefaultAuthzenGcmReceiverDelegateService] Handling delegate intent.
08-28 12:23:03.147 I/ActivityManager( 276): Start proc app.processName for broadcast hostingNameStr: pid=10801 uid=10015 gids={}
08-28 12:23:03.257 I/ActivityThread(10801): Pub com.android.deskclock: com.android.deskclock.AlarmProvider
08-28 12:23:03.337 I/AuthZen ( 737): Fetching signing key...
08-28 12:23:03.377 V/AlarmClock(10801): AlarmInitReceiver finished
08-28 12:23:03.387 I/AuthZen ( 737): Signing key fetched successfuly!
08-28 12:23:03.497 I/ActivityThread(10785): Pub com.google.android.finsky.QSBSuggestionsProvider2: com.google.android.finsky.providers.QSBSuggestionsProvider
08-28 12:23:03.497 D/MyGPSClockApp.MyGPSDigitalClock( 6043): +SNTPDatetime
08-28 12:23:03.497 D/MyGPSClockApp.MyGPSDigitalClock( 6043): lSNTPTime: 1409242998386
08-28 12:23:03.497 D/MyGPSClockApp.MyGPSDigitalClock( 6043): SNTP Current time: Thu Aug 28 12:23:18 EDT 2014
08-28 12:23:03.497 D/MyGPSClockApp.MyGPSDigitalClock( 6043): -SNTPDatetime
08-28 12:23:03.497 E/MyGPSClockApp.MyGPSDigitalClock( 6043): lSaveTimeMillis: 2014-08-28 12:23:18
08-28 12:23:03.497 D/MyGPSClockApp.MyGPSDigitalClock( 6043): +SNTPDatetime
08-28 12:23:03.497 D/MyGPSClockApp.MyGPSDigitalClock( 6043): lSNTPTime: 1409242983511
08-28 12:23:03.497 D/MyGPSClockApp.MyGPSDigitalClock( 6043): SNTP Current time: Thu Aug 28 12:23:03 EDT 2014
08-28 12:23:03.497 D/MyGPSClockApp.MyGPSDigitalClock( 6043): -SNTPDatetime
08-28 12:23:03.497 E/MyGPSClockApp.MyGPSDigitalClock( 6043): lSystemCurrentTime: 2014-08-28 12:23:03
08-28 12:23:03.497 D/MyGPSClockApp.MyGPSDigitalClock( 6043): +SNTPDatetime
08-28 12:23:03.497 D/MyGPSClockApp.MyGPSDigitalClock( 6043): lSNTPTime: 1409242999389
08-28 12:23:03.507 D/MyGPSClockApp.MyGPSDigitalClock( 6043): SNTP Current time: Thu Aug 28 12:23:19 EDT 2014
08-28 12:23:03.507 D/MyGPSClockApp.MyGPSDigitalClock( 6043): -SNTPDatetime
08-28 12:23:03.507 E/MyGPSClockApp.MyGPSDigitalClock( 6043): Recovered lSNTPTime: 2014-08-28 12:23:19
08-28 12:23:03.507 D/MyGPSClockApp.MyGPSDigitalClock( 6043): +outputLog
08-28 12:23:03.507 I/ActivityThread(10785): Pub com.google.android.finsky.AppIconProvider: com.google.android.finsky.providers.AppIconProvider
08-28 12:23:03.517 I/ActivityThread(10785): Pub com.google.android.finsky.RecentSuggestionsProvider: com.google.android.finsky.providers.RecentSuggestionsProvider
08-28 12:23:03.587 D/ClockSync( 3683): Time changed
08-28 12:23:03.607 D/MyGPSClockApp.MyGPSDigitalClock( 6043): strFileName: logcat_1409242983621.txt
08-28 12:23:03.607 D/MyGPSClockApp.MyGPSDigitalClock( 6043): getExternalCacheDir: /data/data/org.gophotog.mygpsclockapp/files
08-28 12:23:03.607 D/MyGPSClockApp.MyGPSDigitalClock( 6043): outputFile: /data/data/org.gophotog.mygpsclockapp/files/logcat_1409242983621.txt
08-28 12:23:03.837 W/SignalStrength( 276): getCdmaLevel=2
08-28 12:23:03.837 W/SignalStrength( 276): getEvdoLevel=0
08-28 12:23:03.837 W/SignalStrength( 276): getCdmaLevel=2
08-28 12:23:03.837 W/SignalStrength( 276): getLevel=2
08-28 12:23:03.837 W/SignalStrength( 483): getCdmaLevel=2
08-28 12:23:03.837 W/SignalStrength( 483): getEvdoLevel=0
08-28 12:23:03.837 W/SignalStrength( 483): getCdmaLevel=2
08-28 12:23:03.837 W/SignalStrength( 483): getLevel=2
08-28 12:23:03.937 D/Finsky (10785): [1] FinskyApp.onCreate: Initializing network with DFE https://android.clients.google.com/fdfe/
08-28 12:23:04.107 W/dalvikvm(10785): VFY: unable to resolve static method 896: Landroid/provider/Settings$Global;.getInt (Landroid/content/ContentResolver;Ljava/lang/String;I)I
08-28 12:23:04.117 D/Finsky (10785): [1] DailyHygiene.goMakeHygieneIfDirty: Dirty, need more hygiene.
08-28 12:23:04.237 W/dalvikvm(10785): VFY: unable to resolve static method 896: Landroid/provider/Settings$Global;.getInt (Landroid/content/ContentResolver;Ljava/lang/String;I)I
08-28 12:23:04.237 W/dalvikvm(10785): VFY: unable to resolve virtual method 863: Landroid/os/StatFs;.getAvailableBytes ()J
08-28 12:23:04.237 W/dalvikvm(10785): VFY: unable to resolve virtual method 658: Landroid/net/ConnectivityManager;.isActiveNetworkMetered ()Z
08-28 12:23:04.887 E/SMD ( 104): DCD OFF
08-28 12:23:05.107 W/dalvikvm(10785): VFY: unable to resolve virtual method 387: Landroid/content/pm/PackageManager;.extendVerificationTimeout (IIJ)V
08-28 12:23:05.197 D/GCM ( 588): GcmService start Intent { act=com.google.android.checkin.CHECKIN_COMPLETE flg=0x10 cmp=xxxx (has extras) } com.google.android.checkin.CHECKIN_COMPLETE