08-28 04:00:06.769 D/SensorManager( 867): unregisterListener:: disable all sensors for this listener, name = BOSCH 3-axis Accelerometer listener = kvn@4111a6f8
08-28 04:00:07.949 V/StatusBar.BatteryController( 483): status5batteryHealth 2
08-28 04:00:07.949 D/StatusBar.BatteryController( 483): mOldstatus5status 5
08-28 04:00:07.949 D/StatusBar.BatteryController( 483): now old status is 5
08-28 04:00:27.989 V/StatusBar.BatteryController( 483): status5batteryHealth 2
08-28 04:00:27.989 D/StatusBar.BatteryController( 483): mOldstatus5status 5
08-28 04:00:27.989 D/StatusBar.BatteryController( 483): now old status is 5
08-28 04:00:38.009 V/StatusBar.BatteryController( 483): status5batteryHealth 2
08-28 04:00:38.009 D/StatusBar.BatteryController( 483): mOldstatus5status 5
08-28 04:00:38.009 D/StatusBar.BatteryController( 483): now old status is 5
08-28 04:00:48.029 V/StatusBar.BatteryController( 483): status5batteryHealth 2
08-28 04:00:48.029 D/StatusBar.BatteryController( 483): mOldstatus5status 5
08-28 04:00:48.029 D/StatusBar.BatteryController( 483): now old status is 5
08-28 04:01:08.069 V/StatusBar.BatteryController( 483): status5batteryHealth 2
08-28 04:01:08.069 D/StatusBar.BatteryController( 483): mOldstatus5status 5
08-28 04:01:08.069 D/StatusBar.BatteryController( 483): now old status is 5
08-28 04:01:18.089 V/StatusBar.BatteryController( 483): status5batteryHealth 2
08-28 04:01:18.089 D/StatusBar.BatteryController( 483): mOldstatus5status 5
08-28 04:01:18.089 D/StatusBar.BatteryController( 483): now old status is 5
08-28 04:01:28.109 V/StatusBar.BatteryController( 483): status5batteryHealth 2
08-28 04:01:28.109 D/StatusBar.BatteryController( 483): mOldstatus5status 5
08-28 04:01:28.109 D/StatusBar.BatteryController( 483): now old status is 5
08-28 04:01:38.129 V/StatusBar.BatteryController( 483): status5batteryHealth 2
08-28 04:01:38.129 D/StatusBar.BatteryController( 483): mOldstatus5status 5
08-28 04:01:38.129 D/StatusBar.BatteryController( 483): now old status is 5
08-28 04:01:49.659 W/SignalStrength( 276): getCdmaLevel=3
08-28 04:01:49.659 W/SignalStrength( 276): getEvdoLevel=0
08-28 04:01:49.659 W/SignalStrength( 276): getCdmaLevel=3
08-28 04:01:49.659 W/SignalStrength( 276): getLevel=3
08-28 04:01:49.669 W/SignalStrength( 483): getCdmaLevel=3
08-28 04:01:49.669 W/SignalStrength( 483): getEvdoLevel=0
08-28 04:01:49.669 W/SignalStrength( 483): getCdmaLevel=3
08-28 04:01:49.669 W/SignalStrength( 483): getLevel=3
08-28 04:01:52.659 W/SignalStrength( 276): getCdmaLevel=2
08-28 04:01:52.659 W/SignalStrength( 276): getEvdoLevel=0
08-28 04:01:52.659 W/SignalStrength( 276): getCdmaLevel=2
08-28 04:01:52.659 W/SignalStrength( 276): getLevel=2
08-28 04:01:52.669 W/SignalStrength( 483): getCdmaLevel=2
08-28 04:01:52.669 W/SignalStrength( 483): getEvdoLevel=0
08-28 04:01:52.669 W/SignalStrength( 483): getCdmaLevel=2
08-28 04:01:52.669 W/SignalStrength( 483): getLevel=2
08-28 04:01:58.169 V/StatusBar.BatteryController( 483): status5batteryHealth 2
08-28 04:01:58.169 D/StatusBar.BatteryController( 483): mOldstatus5status 5
08-28 04:01:58.169 D/StatusBar.BatteryController( 483): now old status is 5
08-28 04:02:08.189 V/StatusBar.BatteryController( 483): status5batteryHealth 2
08-28 04:02:08.189 D/StatusBar.BatteryController( 483): mOldstatus5status 5
08-28 04:02:08.189 D/StatusBar.BatteryController( 483): now old status is 5
08-28 04:02:18.209 V/StatusBar.BatteryController( 483): status5batteryHealth 2
08-28 04:02:18.209 D/StatusBar.BatteryController( 483): mOldstatus5status 5
08-28 04:02:18.209 D/StatusBar.BatteryController( 483): now old status is 5
08-28 04:02:28.229 V/StatusBar.BatteryController( 483): status5batteryHealth 2
08-28 04:02:28.229 D/StatusBar.BatteryController( 483): mOldstatus5status 5
08-28 04:02:28.229 D/StatusBar.BatteryController( 483): now old status is 5
08-28 04:02:32.949 D/Tethering( 276): interfaceLinkStateChanged wlan0, true
08-28 04:02:32.949 D/Tethering( 276): interfaceStatusChanged wlan0, true
08-28 04:02:48.269 V/StatusBar.BatteryController( 483): status5batteryHealth 2
08-28 04:02:48.269 D/StatusBar.BatteryController( 483): mOldstatus5status 5
08-28 04:02:48.269 D/StatusBar.BatteryController( 483): now old status is 5
08-28 04:03:04.939 D/SensorManager( 867): registerListener :: handle = 0 name= BOSCH 3-axis Accelerometer delay= 10000 Listener= kvn@4142ffc0
08-28 04:03:04.939 E/SensorManager( 867): thread start
08-28 04:03:04.949 E/SensorManager( 867): =======>>>Sensor Thread RUNNING <<<========
08-28 04:03:05.659 I/SensorManager( 867): Set normal delay = true
08-28 04:03:05.739 D/SensorManager( 867): unregisterListener:: disable all sensors for this listener, name = BOSCH 3-axis Accelerometer listener = kvn@4142ffc0
08-28 04:03:05.809 I/GCoreUlr( 867): Received powerMode change from NLP: com.google.android.location.activity.LOW_POWER_MODE_ENABLED
08-28 04:03:05.809 I/GCoreUlr( 867): Starting service, intent=Intent { act=com.google.android.location.reporting.ACTION_UPDATE_ACTIVE_STATE cmp=xxxx }, extras=null
08-28 04:03:05.929 I/GCoreUlr( 867): Ensuring that reporting is active for [account#15#]
08-28 04:03:05.929 I/GCoreUlr( 867): Starting service, intent=Intent { act=com.google.android.location.reporting.ACTION_LOCATION_STATUS cmp=xxxx (has extras) }, extras=Bundle[{status=LocationStatus[cell status: STATUS_SUCCESSFUL, wifi status: STATUS_SUCCESSFUL, elapsed realtime ns: 19183643000000]}]
08-28 04:03:08.309 V/StatusBar.BatteryController( 483): status5batteryHealth 2
08-28 04:03:08.309 D/StatusBar.BatteryController( 483): mOldstatus5status 5
08-28 04:03:08.309 D/StatusBar.BatteryController( 483): now old status is 5
08-28 04:03:18.329 V/StatusBar.BatteryController( 483): status5batteryHealth 2
08-28 04:03:18.329 D/StatusBar.BatteryController( 483): mOldstatus5status 5
08-28 04:03:18.329 D/StatusBar.BatteryController( 483): now old status is 5
08-28 04:03:38.369 V/StatusBar.BatteryController( 483): status5batteryHealth 2
08-28 04:03:38.369 D/StatusBar.BatteryController( 483): mOldstatus5status 5
08-28 04:03:38.369 D/StatusBar.BatteryController( 483): now old status is 5
08-28 04:03:48.389 V/StatusBar.BatteryController( 483): status5batteryHealth 2
08-28 04:03:48.389 D/StatusBar.BatteryController( 483): mOldstatus5status 5
08-28 04:03:48.389 D/StatusBar.BatteryController( 483): now old status is 5
08-28 04:03:58.409 V/StatusBar.BatteryController( 483): status5batteryHealth 2
08-28 04:03:58.409 D/StatusBar.BatteryController( 483): mOldstatus5status 5
08-28 04:03:58.409 D/StatusBar.BatteryController( 483): now old status is 5
08-28 04:04:08.429 V/StatusBar.BatteryController( 483): status5batteryHealth 2
08-28 04:04:08.429 D/StatusBar.BatteryController( 483): mOldstatus5status 5
08-28 04:04:08.429 D/StatusBar.BatteryController( 483): now old status is 5
08-28 04:04:48.509 V/StatusBar.BatteryController( 483): status5batteryHealth 2
08-28 04:04:48.509 D/StatusBar.BatteryController( 483): mOldstatus5status 5
08-28 04:04:48.509 D/StatusBar.BatteryController( 483): now old status is 5
08-28 04:04:58.529 V/StatusBar.BatteryController( 483): status5batteryHealth 2
08-28 04:04:58.529 D/StatusBar.BatteryController( 483): mOldstatus5status 5
08-28 04:04:58.529 D/StatusBar.BatteryController( 483): now old status is 5
08-28 04:05:48.629 V/StatusBar.BatteryController( 483): status5batteryHealth 2
08-28 04:05:48.629 D/StatusBar.BatteryController( 483): mOldstatus5status 5
08-28 04:05:48.629 D/StatusBar.BatteryController( 483): now old status is 5
08-28 04:05:58.649 V/StatusBar.BatteryController( 483): status5batteryHealth 2
08-28 04:05:58.649 D/StatusBar.BatteryController( 483): mOldstatus5status 5
08-28 04:05:58.649 D/StatusBar.BatteryController( 483): now old status is 5
08-28 04:06:04.109 D/SensorManager( 867): registerListener :: handle = 0 name= BOSCH 3-axis Accelerometer delay= 10000 Listener= kvn@413b7fb8
08-28 04:06:04.109 E/SensorManager( 867): thread start
08-28 04:06:04.109 E/SensorManager( 867): =======>>>Sensor Thread RUNNING <<<========
08-28 04:06:04.799 I/SensorManager( 867): Set normal delay = true
08-28 04:06:04.879 D/SensorManager( 867): unregisterListener:: disable all sensors for this listener, name = BOSCH 3-axis Accelerometer listener = kvn@413b7fb8
08-28 04:06:08.669 V/StatusBar.BatteryController( 483): status5batteryHealth 2
08-28 04:06:08.669 D/StatusBar.BatteryController( 483): mOldstatus5status 5
08-28 04:06:08.669 D/StatusBar.BatteryController( 483): now old status is 5
08-28 04:06:18.689 V/StatusBar.BatteryController( 483): status5batteryHealth 2
08-28 04:06:18.689 D/StatusBar.BatteryController( 483): mOldstatus5status 5
08-28 04:06:18.689 D/StatusBar.BatteryController( 483): now old status is 5
08-28 04:06:18.709 E/WifiStateMachine( 276): set suspend optimizations failed!
08-28 04:06:19.049 E/WifiStateMachine( 276): set suspend optimizations failed!
08-28 04:06:28.729 D/Tethering( 276): interfaceLinkStateChanged wlan0, true
08-28 04:06:28.729 D/Tethering( 276): interfaceStatusChanged wlan0, true
08-28 04:06:28.819 V/StatusBar.BatteryController( 483): status5batteryHealth 2
08-28 04:06:28.819 D/StatusBar.BatteryController( 483): mOldstatus5status 5
08-28 04:06:28.819 D/StatusBar.BatteryController( 483): now old status is 5
08-28 04:06:36.469 V/StatusBar.BatteryController( 483): status5batteryHealth 2
08-28 04:06:36.469 D/StatusBar.BatteryController( 483): mOldstatus5status 5
08-28 04:06:36.469 D/StatusBar.BatteryController( 483): now old status is 5
08-28 04:07:06.539 V/StatusBar.BatteryController( 483): status5batteryHealth 2
08-28 04:07:06.539 D/StatusBar.BatteryController( 483): mOldstatus5status 5
08-28 04:07:06.539 D/StatusBar.BatteryController( 483): now old status is 5
08-28 04:07:36.589 V/StatusBar.BatteryController( 483): status5batteryHealth 2
08-28 04:07:36.589 D/StatusBar.BatteryController( 483): mOldstatus5status 5
08-28 04:07:36.589 D/StatusBar.BatteryController( 483): now old status is 5
08-28 04:07:46.609 V/StatusBar.BatteryController( 483): status5batteryHealth 2
08-28 04:07:46.609 D/StatusBar.BatteryController( 483): mOldstatus5status 5
08-28 04:07:46.609 D/StatusBar.BatteryController( 483): now old status is 5
08-28 04:07:49.589 W/ThrottleService( 276): unable to find stats for iface rmnet0
08-28 04:08:06.649 V/StatusBar.BatteryController( 483): status5batteryHealth 2
08-28 04:08:06.649 D/StatusBar.BatteryController( 483): mOldstatus5status 5
08-28 04:08:06.649 D/StatusBar.BatteryController( 483): now old status is 5
08-28 04:08:06.809 W/SignalStrength( 276): getCdmaLevel=2
08-28 04:08:06.809 W/SignalStrength( 276): getEvdoLevel=0
08-28 04:08:06.809 W/SignalStrength( 276): getCdmaLevel=2
08-28 04:08:06.809 W/SignalStrength( 276): getLevel=2
08-28 04:08:06.809 W/SignalStrength( 483): getCdmaLevel=2
08-28 04:08:06.809 W/SignalStrength( 483): getEvdoLevel=0
08-28 04:08:06.809 W/SignalStrength( 483): getCdmaLevel=2
08-28 04:08:06.809 W/SignalStrength( 483): getLevel=2
08-28 04:08:09.809 W/SignalStrength( 276): getCdmaLevel=3
08-28 04:08:09.809 W/SignalStrength( 276): getEvdoLevel=0
08-28 04:08:09.809 W/SignalStrength( 276): getCdmaLevel=3
08-28 04:08:09.809 W/SignalStrength( 276): getLevel=3
08-28 04:08:09.809 W/SignalStrength( 483): getCdmaLevel=3
08-28 04:08:09.809 W/SignalStrength( 483): getEvdoLevel=0
08-28 04:08:09.809 W/SignalStrength( 483): getCdmaLevel=3
08-28 04:08:09.809 W/SignalStrength( 483): getLevel=3
08-28 04:08:10.809 W/SignalStrength( 276): getCdmaLevel=2
08-28 04:08:10.809 W/SignalStrength( 276): getEvdoLevel=0
08-28 04:08:10.809 W/SignalStrength( 276): getCdmaLevel=2
08-28 04:08:10.809 W/SignalStrength( 276): getLevel=2
08-28 04:08:10.809 W/SignalStrength( 483): getCdmaLevel=2
08-28 04:08:10.809 W/SignalStrength( 483): getEvdoLevel=0
08-28 04:08:10.809 W/SignalStrength( 483): getCdmaLevel=2
08-28 04:08:10.809 W/SignalStrength( 483): getLevel=2
08-28 04:08:16.679 V/StatusBar.BatteryController( 483): status5batteryHealth 2
08-28 04:08:16.679 D/StatusBar.BatteryController( 483): mOldstatus5status 5
08-28 04:08:16.679 D/StatusBar.BatteryController( 483): now old status is 5
08-28 04:08:26.699 V/StatusBar.BatteryController( 483): status5batteryHealth 2
08-28 04:08:26.699 D/StatusBar.BatteryController( 483): mOldstatus5status 5
08-28 04:08:26.699 D/StatusBar.BatteryController( 483): now old status is 5
08-28 04:08:36.709 V/StatusBar.BatteryController( 483): status5batteryHealth 2
08-28 04:08:36.709 D/StatusBar.BatteryController( 483): mOldstatus5status 5
08-28 04:08:36.709 D/StatusBar.BatteryController( 483): now old status is 5
08-28 04:08:40.819 W/SignalStrength( 276): getCdmaLevel=2
08-28 04:08:40.819 W/SignalStrength( 276): getEvdoLevel=0
08-28 04:08:40.819 W/SignalStrength( 276): getCdmaLevel=2
08-28 04:08:40.819 W/SignalStrength( 276): getLevel=2
08-28 04:08:40.819 W/SignalStrength( 483): getCdmaLevel=2
08-28 04:08:40.819 W/SignalStrength( 483): getEvdoLevel=0
08-28 04:08:40.819 W/SignalStrength( 483): getCdmaLevel=2
08-28 04:08:40.819 W/SignalStrength( 483): getLevel=2
08-28 04:08:46.739 V/StatusBar.BatteryController( 483): status5batteryHealth 2
08-28 04:08:46.739 D/StatusBar.BatteryController( 483): mOldstatus5status 5
08-28 04:08:46.739 D/StatusBar.BatteryController( 483): now old status is 5
08-28 04:08:56.759 V/StatusBar.BatteryController( 483): status5batteryHealth 2
08-28 04:08:56.759 D/StatusBar.BatteryController( 483): mOldstatus5status 5
08-28 04:08:56.759 D/StatusBar.BatteryController( 483): now old status is 5
08-28 04:09:06.639 D/GpsLocationProvider( 276): ALARM_WAKEUP
08-28 04:09:06.639 D/GpsLocationProvider( 276): startNavigating
08-28 04:09:06.639 D/GpsLocationProvider( 276): GlobalConfig.GLOBALCONFIG_GPS_CDMA=true
08-28 04:09:06.639 D/GpsLocationProvider( 276): startNavigating with Position Mode = 0
08-28 04:09:06.639 E/libsecgps( 276): gps_start:
08-28 04:09:06.679 V/GpsLocationProvider( 276): reportStatus status: 3
08-28 04:09:06.679 V/GpsLocationProvider( 276): reportStatus status: 1
08-28 04:09:06.769 V/StatusBar.BatteryController( 483): status5batteryHealth 2
08-28 04:09:06.769 D/StatusBar.BatteryController( 483): mOldstatus5status 5
08-28 04:09:06.769 D/StatusBar.BatteryController( 483): now old status is 5
08-28 04:09:09.049 E/WifiStateMachine( 276): set suspend optimizations failed!
08-28 04:09:09.079 D/SensorManager( 867): registerListener :: handle = 0 name= BOSCH 3-axis Accelerometer delay= 10000 Listener= kvn@414473e8
08-28 04:09:09.079 E/SensorManager( 867): thread start
08-28 04:09:09.079 E/SensorManager( 867): =======>>>Sensor Thread RUNNING <<<========
08-28 04:09:09.769 D/Tethering( 276): interfaceLinkStateChanged wlan0, true
08-28 04:09:09.769 D/Tethering( 276): interfaceStatusChanged wlan0, true
08-28 04:09:09.769 D/Tethering( 276): interfaceLinkStateChanged wlan0, true
08-28 04:09:09.769 D/Tethering( 276): interfaceStatusChanged wlan0, true
08-28 04:09:09.819 I/SensorManager( 867): Set normal delay = true
08-28 04:09:09.889 D/SensorManager( 867): unregisterListener:: disable all sensors for this listener, name = BOSCH 3-axis Accelerometer listener = kvn@414473e8
08-28 04:09:10.129 E/WifiStateMachine( 276): set suspend optimizations failed!
08-28 04:09:10.269 I/GCoreUlr( 867): Successfully inserted location
08-28 04:09:10.269 I/GCoreUlr( 867): Not calling LocationReportingService, hasMoved: false, elapsed millis: 1208285, request: Phone
08-28 04:09:10.619 E/GPSD ( 119): SecLBS_update_location:
08-28 04:09:10.619 D/GpsLocationProvider( 276): TTFF: 3972
08-28 04:09:10.619 D/GpsLocationProvider( 276): got fix, hibernating
08-28 04:09:10.619 D/GpsLocationProvider( 276): stopNavigating
08-28 04:09:10.619 E/libsecgps( 276): gps_stop:
08-28 04:09:10.649 V/GpsLocationProvider( 276): reportStatus status: 2
08-28 04:09:10.659 V/GpsLocationProvider( 276): reportStatus status: 4
08-28 04:09:10.699 D/MyGPSClockApp( 6043): +onLocationChanged
08-28 04:09:10.699 D/MyGPSClockApp( 6043): +getGPSDatetime
08-28 04:09:10.699 D/MyGPSClockApp( 6043): GPSTime: 1409231368000
08-28 04:09:10.699 D/MyGPSClockApp( 6043): GPS Current time: Thu Aug 28 09:09:28 EDT 2014
08-28 04:09:10.699 D/MyGPSClockApp( 6043): -getGPSDatetime
08-28 04:09:10.699 D/MyGPSClockApp( 6043): -onLocationChanged
08-28 04:09:10.749 V/GpsLocationProvider( 276): reportStatus status: 2
08-28 04:09:16.789 V/StatusBar.BatteryController( 483): status5batteryHealth 2
08-28 04:09:16.789 D/StatusBar.BatteryController( 483): mOldstatus5status 5
08-28 04:09:16.789 D/StatusBar.BatteryController( 483): now old status is 5
08-28 04:09:26.819 V/StatusBar.BatteryController( 483): status5batteryHealth 2
08-28 04:09:26.819 D/StatusBar.BatteryController( 483): mOldstatus5status 5
08-28 04:09:26.819 D/StatusBar.BatteryController( 483): now old status is 5
08-28 04:09:30.109 D/Tethering( 276): interfaceLinkStateChanged wlan0, true
08-28 04:09:30.109 D/Tethering( 276): interfaceStatusChanged wlan0, true
08-28 04:09:44.359 D/Tethering( 276): interfaceLinkStateChanged wlan0, true
08-28 04:09:44.359 D/Tethering( 276): interfaceStatusChanged wlan0, true
08-28 04:09:46.849 V/StatusBar.BatteryController( 483): status5batteryHealth 2
08-28 04:09:46.849 D/StatusBar.BatteryController( 483): mOldstatus5status 5
08-28 04:09:46.849 D/StatusBar.BatteryController( 483): now old status is 5
08-28 04:10:05.849 W/SignalStrength( 276): getCdmaLevel=3
08-28 04:10:05.849 W/SignalStrength( 276): getEvdoLevel=0
08-28 04:10:05.849 W/SignalStrength( 276): getCdmaLevel=3
08-28 04:10:05.849 W/SignalStrength( 276): getLevel=3
08-28 04:10:05.859 W/SignalStrength( 483): getCdmaLevel=3
08-28 04:10:05.859 W/SignalStrength( 483): getEvdoLevel=0
08-28 04:10:05.859 W/SignalStrength( 483): getCdmaLevel=3
08-28 04:10:05.859 W/SignalStrength( 483): getLevel=3
08-28 04:10:10.849 W/SignalStrength( 276): getCdmaLevel=2
08-28 04:10:10.849 W/SignalStrength( 276): getEvdoLevel=0
08-28 04:10:10.849 W/SignalStrength( 276): getCdmaLevel=2
08-28 04:10:10.849 W/SignalStrength( 276): getLevel=2
08-28 04:10:10.859 W/SignalStrength( 483): getCdmaLevel=2
08-28 04:10:10.859 W/SignalStrength( 483): getEvdoLevel=0
08-28 04:10:10.859 W/SignalStrength( 483): getCdmaLevel=2
08-28 04:10:10.859 W/SignalStrength( 483): getLevel=2
08-28 04:10:13.879 D/Tethering( 276): interfaceLinkStateChanged wlan0, true
08-28 04:10:13.879 D/Tethering( 276): interfaceStatusChanged wlan0, true
08-28 04:10:18.889 D/Tethering( 276): interfaceLinkStateChanged wlan0, true
08-28 04:10:18.889 D/Tethering( 276): interfaceStatusChanged wlan0, true
08-28 04:10:26.939 V/StatusBar.BatteryController( 483): status5batteryHealth 2
08-28 04:10:26.939 D/StatusBar.BatteryController( 483): mOldstatus5status 5
08-28 04:10:26.939 D/StatusBar.BatteryController( 483): now old status is 5
08-28 04:10:29.079 D/Tethering( 276): interfaceLinkStateChanged wlan0, true
08-28 04:10:29.079 D/Tethering( 276): interfaceStatusChanged wlan0, true
08-28 04:10:36.949 V/StatusBar.BatteryController( 483): status5batteryHealth 2
08-28 04:10:36.949 D/StatusBar.BatteryController( 483): mOldstatus5status 5
08-28 04:10:36.949 D/StatusBar.BatteryController( 483): now old status is 5
08-28 04:10:46.979 V/StatusBar.BatteryController( 483): status5batteryHealth 2
08-28 04:10:46.979 D/StatusBar.BatteryController( 483): mOldstatus5status 5
08-28 04:10:46.979 D/StatusBar.BatteryController( 483): now old status is 5
08-28 04:10:56.999 V/StatusBar.BatteryController( 483): status5batteryHealth 2
08-28 04:10:56.999 D/StatusBar.BatteryController( 483): mOldstatus5status 5
08-28 04:10:56.999 D/StatusBar.BatteryController( 483): now old status is 5
08-28 04:11:07.009 V/StatusBar.BatteryController( 483): status5batteryHealth 2
08-28 04:11:07.009 D/StatusBar.BatteryController( 483): mOldstatus5status 5
08-28 04:11:07.009 D/StatusBar.BatteryController( 483): now old status is 5
08-28 04:11:12.879 W/SignalStrength( 276): getCdmaLevel=3
08-28 04:11:12.879 W/SignalStrength( 276): getEvdoLevel=0
08-28 04:11:12.879 W/SignalStrength( 276): getCdmaLevel=3
08-28 04:11:12.879 W/SignalStrength( 276): getLevel=3
08-28 04:11:12.879 W/SignalStrength( 483): getCdmaLevel=3
08-28 04:11:12.879 W/SignalStrength( 483): getEvdoLevel=0
08-28 04:11:12.879 W/SignalStrength( 483): getCdmaLevel=3
08-28 04:11:12.879 W/SignalStrength( 483): getLevel=3
08-28 04:11:17.039 V/StatusBar.BatteryController( 483): status5batteryHealth 2
08-28 04:11:17.039 D/StatusBar.BatteryController( 483): mOldstatus5status 5
08-28 04:11:17.039 D/StatusBar.BatteryController( 483): now old status is 5
08-28 04:11:18.879 W/SignalStrength( 276): getCdmaLevel=2
08-28 04:11:18.879 W/SignalStrength( 276): getEvdoLevel=0
08-28 04:11:18.879 W/SignalStrength( 276): getCdmaLevel=2
08-28 04:11:18.879 W/SignalStrength( 276): getLevel=2
08-28 04:11:18.879 W/SignalStrength( 483): getCdmaLevel=2
08-28 04:11:18.879 W/SignalStrength( 483): getEvdoLevel=0
08-28 04:11:18.879 W/SignalStrength( 483): getCdmaLevel=2
08-28 04:11:18.879 W/SignalStrength( 483): getLevel=2
08-28 04:11:27.059 V/StatusBar.BatteryController( 483): status5batteryHealth 2
08-28 04:11:27.059 D/StatusBar.BatteryController( 483): mOldstatus5status 5
08-28 04:11:27.059 D/StatusBar.BatteryController( 483): now old status is 5
08-28 04:11:37.069 V/StatusBar.BatteryController( 483): status5batteryHealth 2
08-28 04:11:37.069 D/StatusBar.BatteryController( 483): mOldstatus5status 5
08-28 04:11:37.069 D/StatusBar.BatteryController( 483): now old status is 5
08-28 04:11:41.889 W/SignalStrength( 276): getCdmaLevel=3
08-28 04:11:41.889 W/SignalStrength( 276): getEvdoLevel=0
08-28 04:11:41.889 W/SignalStrength( 276): getCdmaLevel=3
08-28 04:11:41.889 W/SignalStrength( 276): getLevel=3
08-28 04:11:41.889 W/SignalStrength( 483): getCdmaLevel=3
08-28 04:11:41.889 W/SignalStrength( 483): getEvdoLevel=0
08-28 04:11:41.889 W/SignalStrength( 483): getCdmaLevel=3
08-28 04:11:41.889 W/SignalStrength( 483): getLevel=3
08-28 04:11:48.889 W/SignalStrength( 276): getCdmaLevel=2
08-28 04:11:48.889 W/SignalStrength( 276): getEvdoLevel=0
08-28 04:11:48.889 W/SignalStrength( 276): getCdmaLevel=2
08-28 04:11:48.889 W/SignalStrength( 276): getLevel=2
08-28 04:11:48.889 W/SignalStrength( 483): getCdmaLevel=2
08-28 04:11:48.889 W/SignalStrength( 483): getEvdoLevel=0
08-28 04:11:48.889 W/SignalStrength( 483): getCdmaLevel=2
08-28 04:11:48.889 W/SignalStrength( 483): getLevel=2
08-28 04:11:57.109 V/StatusBar.BatteryController( 483): status5batteryHealth 2
08-28 04:11:57.109 D/StatusBar.BatteryController( 483): mOldstatus5status 5
08-28 04:11:57.109 D/StatusBar.BatteryController( 483): now old status is 5
08-28 04:12:07.129 V/StatusBar.BatteryController( 483): status5batteryHealth 2
08-28 04:12:07.129 D/StatusBar.BatteryController( 483): mOldstatus5status 5
08-28 04:12:07.129 D/StatusBar.BatteryController( 483): now old status is 5
08-28 04:12:08.279 D/SensorManager( 867): registerListener :: handle = 0 name= BOSCH 3-axis Accelerometer delay= 10000 Listener= kvn@4134c7e0
08-28 04:12:08.279 E/SensorManager( 867): thread start
08-28 04:12:08.279 E/SensorManager( 867): =======>>>Sensor Thread RUNNING <<<========
08-28 04:12:08.969 I/SensorManager( 867): Set normal delay = true
08-28 04:12:09.049 D/SensorManager( 867): unregisterListener:: disable all sensors for this listener, name = BOSCH 3-axis Accelerometer listener = kvn@4134c7e0
08-28 04:12:21.189 I/EventLogService( 737): Aggregate from 1409211741077 (log), 1409211741077 (data)
08-28 04:12:27.169 V/StatusBar.BatteryController( 483): status5batteryHealth 2
08-28 04:12:27.169 D/StatusBar.BatteryController( 483): mOldstatus5status 5
08-28 04:12:27.169 D/StatusBar.BatteryController( 483): now old status is 5
08-28 04:12:37.199 V/StatusBar.BatteryController( 483): status5batteryHealth 2
08-28 04:12:37.199 D/StatusBar.BatteryController( 483): mOldstatus5status 5
08-28 04:12:37.199 D/StatusBar.BatteryController( 483): now old status is 5
08-28 04:12:47.219 V/StatusBar.BatteryController( 483): status5batteryHealth 2
08-28 04:12:47.219 D/StatusBar.BatteryController( 483): mOldstatus5status 5
08-28 04:12:47.219 D/StatusBar.BatteryController( 483): now old status is 5
08-28 04:12:56.929 D/GCM ( 588): Ignoring attempt to send heartbeat on dead connection.
08-28 04:12:57.229 V/StatusBar.BatteryController( 483): status5batteryHealth 2
08-28 04:12:57.229 D/StatusBar.BatteryController( 483): mOldstatus5status 5
08-28 04:12:57.229 D/StatusBar.BatteryController( 483): now old status is 5
08-28 04:13:01.949 D/Tethering( 276): interfaceLinkStateChanged wlan0, true
08-28 04:13:01.949 D/Tethering( 276): interfaceStatusChanged wlan0, true
08-28 04:13:07.059 D/Tethering( 276): interfaceLinkStateChanged wlan0, true
08-28 04:13:07.059 D/Tethering( 276): interfaceStatusChanged wlan0, true
08-28 04:13:07.259 V/StatusBar.BatteryController( 483): status5batteryHealth 2
08-28 04:13:07.259 D/StatusBar.BatteryController( 483): mOldstatus5status 5
08-28 04:13:07.259 D/StatusBar.BatteryController( 483): now old status is 5
08-28 04:13:37.309 V/StatusBar.BatteryController( 483): status5batteryHealth 2
08-28 04:13:37.309 D/StatusBar.BatteryController( 483): mOldstatus5status 5
08-28 04:13:37.309 D/StatusBar.BatteryController( 483): now old status is 5
08-28 04:13:47.339 V/StatusBar.BatteryController( 483): status5batteryHealth 2
08-28 04:13:47.339 D/StatusBar.BatteryController( 483): mOldstatus5status 5
08-28 04:13:47.339 D/StatusBar.BatteryController( 483): now old status is 5
08-28 04:14:07.369 V/StatusBar.BatteryController( 483): status5batteryHealth 2
08-28 04:14:07.369 D/StatusBar.BatteryController( 483): mOldstatus5status 5
08-28 04:14:07.369 D/StatusBar.BatteryController( 483): now old status is 5
08-28 04:14:37.429 V/StatusBar.BatteryController( 483): status5batteryHealth 2
08-28 04:14:37.429 D/StatusBar.BatteryController( 483): mOldstatus5status 5
08-28 04:14:37.429 D/StatusBar.BatteryController( 483): now old status is 5
08-28 04:14:57.469 V/StatusBar.BatteryController( 483): status5batteryHealth 2
08-28 04:14:57.479 D/StatusBar.BatteryController( 483): mOldstatus5status 5
08-28 04:14:57.479 D/StatusBar.BatteryController( 483): now old status is 5
08-28 04:15:07.229 D/SensorManager( 867): registerListener :: handle = 0 name= BOSCH 3-axis Accelerometer delay= 10000 Listener= kvn@414128f8
08-28 04:15:07.239 E/SensorManager( 867): thread start
08-28 04:15:07.239 E/SensorManager( 867): =======>>>Sensor Thread RUNNING <<<========
08-28 04:15:07.499 V/StatusBar.BatteryController( 483): status5batteryHealth 2
08-28 04:15:07.499 D/StatusBar.BatteryController( 483): mOldstatus5status 5
08-28 04:15:07.499 D/StatusBar.BatteryController( 483): now old status is 5
08-28 04:15:07.929 I/SensorManager( 867): Set normal delay = true
08-28 04:15:08.009 D/SensorManager( 867): unregisterListener:: disable all sensors for this listener, name = BOSCH 3-axis Accelerometer listener = kvn@414128f8
08-28 04:15:08.049 I/GCoreUlr( 867): Received powerMode change from NLP: com.google.android.location.activity.LOW_POWER_MODE_ENABLED
08-28 04:15:08.049 I/GCoreUlr( 867): Starting service, intent=Intent { act=com.google.android.location.reporting.ACTION_UPDATE_ACTIVE_STATE cmp=xxxx }, extras=null
08-28 04:15:08.089 I/GCoreUlr( 867): Ensuring that reporting is active for [account#15#]
08-28 04:15:08.099 I/GCoreUlr( 867): Starting service, intent=Intent { act=com.google.android.location.reporting.ACTION_LOCATION_STATUS cmp=xxxx (has extras) }, extras=Bundle[{status=LocationStatus[cell status: STATUS_SUCCESSFUL, wifi status: STATUS_SUCCESSFUL, elapsed realtime ns: 19183643000000]}]
08-28 04:15:27.539 V/StatusBar.BatteryController( 483): status5batteryHealth 2
08-28 04:15:27.539 D/StatusBar.BatteryController( 483): mOldstatus5status 5
08-28 04:15:27.539 D/StatusBar.BatteryController( 483): now old status is 5
08-28 04:15:37.549 V/StatusBar.BatteryController( 483): status5batteryHealth 2
08-28 04:15:37.549 D/StatusBar.BatteryController( 483): mOldstatus5status 5
08-28 04:15:37.549 D/StatusBar.BatteryController( 483): now old status is 5
08-28 04:15:47.569 V/StatusBar.BatteryController( 483): status5batteryHealth 2
08-28 04:15:47.569 D/StatusBar.BatteryController( 483): mOldstatus5status 5
08-28 04:15:47.579 D/StatusBar.BatteryController( 483): now old status is 5
08-28 04:16:27.649 V/StatusBar.BatteryController( 483): status5batteryHealth 2
08-28 04:16:27.649 D/StatusBar.BatteryController( 483): mOldstatus5status 5
08-28 04:16:27.649 D/StatusBar.BatteryController( 483): now old status is 5
08-28 04:16:37.669 V/StatusBar.BatteryController( 483): status5batteryHealth 2
08-28 04:16:37.669 D/StatusBar.BatteryController( 483): mOldstatus5status 5
08-28 04:16:37.669 D/StatusBar.BatteryController( 483): now old status is 5
08-28 04:16:47.699 V/StatusBar.BatteryController( 483): status5batteryHealth 2
08-28 04:16:47.699 D/StatusBar.BatteryController( 483): mOldstatus5status 5
08-28 04:16:47.699 D/StatusBar.BatteryController( 483): now old status is 5
08-28 04:17:07.729 V/StatusBar.BatteryController( 483): status5batteryHealth 2
08-28 04:17:07.729 D/StatusBar.BatteryController( 483): mOldstatus5status 5
08-28 04:17:07.729 D/StatusBar.BatteryController( 483): now old status is 5
08-28 04:17:17.759 V/StatusBar.BatteryController( 483): status5batteryHealth 2
08-28 04:17:17.759 D/StatusBar.BatteryController( 483): mOldstatus5status 5
08-28 04:17:17.759 D/StatusBar.BatteryController( 483): now old status is 5
08-28 04:17:37.789 V/StatusBar.BatteryController( 483): status5batteryHealth 2
08-28 04:17:37.789 D/StatusBar.BatteryController( 483): mOldstatus5status 5
08-28 04:17:37.789 D/StatusBar.BatteryController( 483): now old status is 5
08-28 04:17:49.599 W/ThrottleService( 276): unable to find stats for iface rmnet0
08-28 04:18:06.199 D/SensorManager( 867): registerListener :: handle = 0 name= BOSCH 3-axis Accelerometer delay= 10000 Listener= kvn@41378138
08-28 04:18:06.199 E/SensorManager( 867): thread start
08-28 04:18:06.199 E/SensorManager( 867): =======>>>Sensor Thread RUNNING <<<========
08-28 04:18:06.889 I/SensorManager( 867): Set normal delay = true
08-28 04:18:06.969 D/SensorManager( 867): unregisterListener:: disable all sensors for this listener, name = BOSCH 3-axis Accelerometer listener = kvn@41378138
08-28 04:18:07.849 V/StatusBar.BatteryController( 483): status5batteryHealth 2
08-28 04:18:07.849 D/StatusBar.BatteryController( 483): mOldstatus5status 5
08-28 04:18:07.849 D/StatusBar.BatteryController( 483): now old status is 5
08-28 04:18:27.899 V/StatusBar.BatteryController( 483): status5batteryHealth 2
08-28 04:18:27.899 D/StatusBar.BatteryController( 483): mOldstatus5status 5
08-28 04:18:27.899 D/StatusBar.BatteryController( 483): now old status is 5
08-28 04:18:37.909 V/StatusBar.BatteryController( 483): status5batteryHealth 2
08-28 04:18:37.909 D/StatusBar.BatteryController( 483): mOldstatus5status 5
08-28 04:18:37.909 D/StatusBar.BatteryController( 483): now old status is 5
08-28 04:18:47.929 V/StatusBar.BatteryController( 483): status5batteryHealth 2
08-28 04:18:47.929 D/StatusBar.BatteryController( 483): mOldstatus5status 5
08-28 04:18:47.929 D/StatusBar.BatteryController( 483): now old status is 5
08-28 04:18:57.949 V/StatusBar.BatteryController( 483): status5batteryHealth 2
08-28 04:18:57.949 D/StatusBar.BatteryController( 483): mOldstatus5status 5
08-28 04:18:57.949 D/StatusBar.BatteryController( 483): now old status is 5
08-28 04:19:07.969 V/StatusBar.BatteryController( 483): status5batteryHealth 2
08-28 04:19:07.969 D/StatusBar.BatteryController( 483): mOldstatus5status 5
08-28 04:19:07.969 D/StatusBar.BatteryController( 483): now old status is 5
08-28 04:19:10.619 D/GpsLocationProvider( 276): ALARM_WAKEUP
08-28 04:19:10.619 D/GpsLocationProvider( 276): startNavigating
08-28 04:19:10.619 D/GpsLocationProvider( 276): GlobalConfig.GLOBALCONFIG_GPS_CDMA=true
08-28 04:19:10.619 D/GpsLocationProvider( 276): startNavigating with Position Mode = 0
08-28 04:19:10.619 E/libsecgps( 276): gps_start:
08-28 04:19:10.659 V/GpsLocationProvider( 276): reportStatus status: 3
08-28 04:19:10.659 V/GpsLocationProvider( 276): reportStatus status: 1
08-28 04:19:15.609 E/GPSD ( 119): SecLBS_update_location:
08-28 04:19:15.609 D/GpsLocationProvider( 276): TTFF: 4986
08-28 04:19:15.619 D/GpsLocationProvider( 276): got fix, hibernating
08-28 04:19:15.619 D/GpsLocationProvider( 276): stopNavigating
08-28 04:19:15.619 E/libsecgps( 276): gps_stop:
08-28 04:19:15.649 V/GpsLocationProvider( 276): reportStatus status: 2
08-28 04:19:15.669 V/GpsLocationProvider( 276): reportStatus status: 4
08-28 04:19:15.689 D/MyGPSClockApp( 6043): +onLocationChanged
08-28 04:19:15.689 D/MyGPSClockApp( 6043): +getGPSDatetime
08-28 04:19:15.689 D/MyGPSClockApp( 6043): GPSTime: 1409231973000
08-28 04:19:15.689 D/MyGPSClockApp( 6043): GPS Current time: Thu Aug 28 09:19:33 EDT 2014
08-28 04:19:15.689 D/MyGPSClockApp( 6043): -getGPSDatetime
08-28 04:19:15.689 D/MyGPSClockApp( 6043): -onLocationChanged
08-28 04:19:15.749 V/GpsLocationProvider( 276): reportStatus status: 2
08-28 04:19:15.999 I/GCoreUlr( 867): Successfully inserted location
08-28 04:19:15.999 I/GCoreUlr( 867): Not calling LocationReportingService, hasMoved: false, elapsed millis: 1814010, request: Phone
08-28 04:19:28.009 V/StatusBar.BatteryController( 483): status5batteryHealth 2
08-28 04:19:28.009 D/StatusBar.BatteryController( 483): mOldstatus5status 5
08-28 04:19:28.009 D/StatusBar.BatteryController( 483): now old status is 5
08-28 04:19:48.059 V/StatusBar.BatteryController( 483): status5batteryHealth 2
08-28 04:19:48.059 D/StatusBar.BatteryController( 483): mOldstatus5status 5
08-28 04:19:48.059 D/StatusBar.BatteryController( 483): now old status is 5
08-28 04:20:28.129 V/StatusBar.BatteryController( 483): status5batteryHealth 2
08-28 04:20:28.129 D/StatusBar.BatteryController( 483): mOldstatus5status 5
08-28 04:20:28.129 D/StatusBar.BatteryController( 483): now old status is 5
08-28 04:20:38.149 V/StatusBar.BatteryController( 483): status5batteryHealth 2
08-28 04:20:38.149 D/StatusBar.BatteryController( 483): mOldstatus5status 5
08-28 04:20:38.149 D/StatusBar.BatteryController( 483): now old status is 5
08-28 04:20:48.169 V/StatusBar.BatteryController( 483): status5batteryHealth 2
08-28 04:20:48.169 D/StatusBar.BatteryController( 483): mOldstatus5status 5
08-28 04:20:48.169 D/StatusBar.BatteryController( 483): now old status is 5
08-28 04:20:58.189 V/StatusBar.BatteryController( 483): status5batteryHealth 2
08-28 04:20:58.189 D/StatusBar.BatteryController( 483): mOldstatus5status 5
08-28 04:20:58.189 D/StatusBar.BatteryController( 483): now old status is 5
08-28 04:21:05.209 D/SensorManager( 867): registerListener :: handle = 0 name= BOSCH 3-axis Accelerometer delay= 10000 Listener= kvn@414ccc20
08-28 04:21:05.209 E/SensorManager( 867): thread start
08-28 04:21:05.209 E/SensorManager( 867): =======>>>Sensor Thread RUNNING <<<========
08-28 04:21:06.019 I/SensorManager( 867): Set normal delay = true
08-28 04:21:06.099 D/SensorManager( 867): unregisterListener:: disable all sensors for this listener, name = BOSCH 3-axis Accelerometer listener = kvn@414ccc20
08-28 04:21:08.209 V/StatusBar.BatteryController( 483): status5batteryHealth 2
08-28 04:21:08.209 D/StatusBar.BatteryController( 483): mOldstatus5status 5
08-28 04:21:08.209 D/StatusBar.BatteryController( 483): now old status is 5
08-28 04:21:18.229 V/StatusBar.BatteryController( 483): status5batteryHealth 2
08-28 04:21:18.239 D/StatusBar.BatteryController( 483): mOldstatus5status 5
08-28 04:21:18.239 D/StatusBar.BatteryController( 483): now old status is 5
08-28 04:21:28.249 V/StatusBar.BatteryController( 483): status5batteryHealth 2
08-28 04:21:28.249 D/StatusBar.BatteryController( 483): mOldstatus5status 5
08-28 04:21:28.249 D/StatusBar.BatteryController( 483): now old status is 5
08-28 04:21:58.309 V/StatusBar.BatteryController( 483): status5batteryHealth 2
08-28 04:21:58.309 D/StatusBar.BatteryController( 483): mOldstatus5status 5
08-28 04:21:58.309 D/StatusBar.BatteryController( 483): now old status is 5
08-28 04:22:08.329 V/StatusBar.BatteryController( 483): status5batteryHealth 2
08-28 04:22:08.329 D/StatusBar.BatteryController( 483): mOldstatus5status 5
08-28 04:22:08.329 D/StatusBar.BatteryController( 483): now old status is 5
08-28 04:22:19.139 W/SignalStrength( 276): getCdmaLevel=3
08-28 04:22:19.139 W/SignalStrength( 276): getEvdoLevel=0
08-28 04:22:19.139 W/SignalStrength( 276): getCdmaLevel=3
08-28 04:22:19.139 W/SignalStrength( 276): getLevel=3
08-28 04:22:19.139 W/SignalStrength( 483): getCdmaLevel=3
08-28 04:22:19.139 W/SignalStrength( 483): getEvdoLevel=0
08-28 04:22:19.139 W/SignalStrength( 483): getCdmaLevel=3
08-28 04:22:19.139 W/SignalStrength( 483): getLevel=3
08-28 04:22:22.139 W/SignalStrength( 276): getCdmaLevel=2
08-28 04:22:22.139 W/SignalStrength( 276): getEvdoLevel=0
08-28 04:22:22.139 W/SignalStrength( 276): getCdmaLevel=2
08-28 04:22:22.139 W/SignalStrength( 276): getLevel=2
08-28 04:22:22.149 W/SignalStrength( 483): getCdmaLevel=2
08-28 04:22:22.149 W/SignalStrength( 483): getEvdoLevel=0
08-28 04:22:22.149 W/SignalStrength( 483): getCdmaLevel=2
08-28 04:22:22.149 W/SignalStrength( 483): getLevel=2
08-28 04:22:38.389 V/StatusBar.BatteryController( 483): status5batteryHealth 2
08-28 04:22:38.389 D/StatusBar.BatteryController( 483): mOldstatus5status 5
08-28 04:22:38.389 D/StatusBar.BatteryController( 483): now old status is 5
08-28 04:22:48.409 V/StatusBar.BatteryController( 483): status5batteryHealth 2
08-28 04:22:48.409 D/StatusBar.BatteryController( 483): mOldstatus5status 5
08-28 04:22:48.409 D/StatusBar.BatteryController( 483): now old status is 5
08-28 04:22:54.149 W/SignalStrength( 276): getCdmaLevel=3
08-28 04:22:54.149 W/SignalStrength( 276): getEvdoLevel=0
08-28 04:22:54.149 W/SignalStrength( 276): getCdmaLevel=3
08-28 04:22:54.149 W/SignalStrength( 276): getLevel=3
08-28 04:22:54.159 W/SignalStrength( 483): getCdmaLevel=3
08-28 04:22:54.159 W/SignalStrength( 483): getEvdoLevel=0
08-28 04:22:54.159 W/SignalStrength( 483): getCdmaLevel=3
08-28 04:22:54.159 W/SignalStrength( 483): getLevel=3
08-28 04:22:57.149 W/SignalStrength( 276): getCdmaLevel=2
08-28 04:22:57.149 W/SignalStrength( 276): getEvdoLevel=0
08-28 04:22:57.149 W/SignalStrength( 276): getCdmaLevel=2
08-28 04:22:57.149 W/SignalStrength( 276): getLevel=2
08-28 04:22:57.159 W/SignalStrength( 483): getCdmaLevel=2
08-28 04:22:57.159 W/SignalStrength( 483): getEvdoLevel=0
08-28 04:22:57.159 W/SignalStrength( 483): getCdmaLevel=2
08-28 04:22:57.159 W/SignalStrength( 483): getLevel=2
08-28 04:23:08.449 V/StatusBar.BatteryController( 483): status5batteryHealth 2
08-28 04:23:08.449 D/StatusBar.BatteryController( 483): mOldstatus5status 5
08-28 04:23:08.449 D/StatusBar.BatteryController( 483): now old status is 5
08-28 04:23:28.489 V/StatusBar.BatteryController( 483): status5batteryHealth 2
08-28 04:23:28.489 D/StatusBar.BatteryController( 483): mOldstatus5status 5
08-28 04:23:28.489 D/StatusBar.BatteryController( 483): now old status is 5
08-28 04:23:48.529 V/StatusBar.BatteryController( 483): status5batteryHealth 2
08-28 04:23:48.529 D/StatusBar.BatteryController( 483): mOldstatus5status 5
08-28 04:23:48.529 D/StatusBar.BatteryController( 483): now old status is 5
08-28 04:24:04.279 D/SensorManager( 867): registerListener :: handle = 0 name= BOSCH 3-axis Accelerometer delay= 10000 Listener= kvn@413aef18
08-28 04:24:04.279 E/SensorManager( 867): thread start
08-28 04:24:04.279 E/SensorManager( 867): =======>>>Sensor Thread RUNNING <<<========
08-28 04:24:04.959 I/SensorManager( 867): Set normal delay = true
08-28 04:24:05.049 D/SensorManager( 867): unregisterListener:: disable all sensors for this listener, name = BOSCH 3-axis Accelerometer listener = kvn@413aef18
08-28 04:24:18.589 V/StatusBar.BatteryController( 483): status5batteryHealth 2
08-28 04:24:18.589 D/StatusBar.BatteryController( 483): mOldstatus5status 5
08-28 04:24:18.589 D/StatusBar.BatteryController( 483): now old status is 5
08-28 04:24:18.609 E/WifiStateMachine( 276): set suspend optimizations failed!
08-28 04:24:19.129 E/WifiStateMachine( 276): set suspend optimizations failed!
08-28 04:24:28.609 V/StatusBar.BatteryController( 483): status5batteryHealth 2
08-28 04:24:28.609 D/StatusBar.BatteryController( 483): mOldstatus5status 5
08-28 04:24:28.609 D/StatusBar.BatteryController( 483): now old status is 5
08-28 04:24:28.639 D/Tethering( 276): interfaceLinkStateChanged wlan0, true
08-28 04:24:28.639 D/Tethering( 276): interfaceStatusChanged wlan0, true
08-28 04:24:38.629 V/StatusBar.BatteryController( 483): status5batteryHealth 2
08-28 04:24:38.629 D/StatusBar.BatteryController( 483): mOldstatus5status 5
08-28 04:24:38.629 D/StatusBar.BatteryController( 483): now old status is 5
08-28 04:25:28.729 V/StatusBar.BatteryController( 483): status5batteryHealth 2
08-28 04:25:28.729 D/StatusBar.BatteryController( 483): mOldstatus5status 5
08-28 04:25:28.729 D/StatusBar.BatteryController( 483): now old status is 5
08-28 04:25:38.749 V/StatusBar.BatteryController( 483): status5batteryHealth 2
08-28 04:25:38.749 D/StatusBar.BatteryController( 483): mOldstatus5status 5
08-28 04:25:38.749 D/StatusBar.BatteryController( 483): now old status is 5
08-28 04:25:48.769 V/StatusBar.BatteryController( 483): status5batteryHealth 2
08-28 04:25:48.769 D/StatusBar.BatteryController( 483): mOldstatus5status 5
08-28 04:25:48.769 D/StatusBar.BatteryController( 483): now old status is 5
08-28 04:25:50.099 V/BackupManagerService( 276): Running a backup pass
08-28 04:25:50.099 V/BackupManagerService( 276): Backup requested but nothing pending
08-28 04:26:08.809 V/StatusBar.BatteryController( 483): status5batteryHealth 2
08-28 04:26:08.809 D/StatusBar.BatteryController( 483): mOldstatus5status 5
08-28 04:26:08.809 D/StatusBar.BatteryController( 483): now old status is 5
08-28 04:26:18.829 V/StatusBar.BatteryController( 483): status5batteryHealth 2
08-28 04:26:18.829 D/StatusBar.BatteryController( 483): mOldstatus5status 5
08-28 04:26:18.829 D/StatusBar.BatteryController( 483): now old status is 5
08-28 04:26:38.869 V/StatusBar.BatteryController( 483): status5batteryHealth 2
08-28 04:26:38.869 D/StatusBar.BatteryController( 483): mOldstatus5status 5
08-28 04:26:38.869 D/StatusBar.BatteryController( 483): now old status is 5
08-28 04:26:48.889 V/StatusBar.BatteryController( 483): status5batteryHealth 2
08-28 04:26:48.889 D/StatusBar.BatteryController( 483): mOldstatus5status 5
08-28 04:26:48.889 D/StatusBar.BatteryController( 483): now old status is 5
08-28 04:26:58.909 V/StatusBar.BatteryController( 483): status5batteryHealth 2
08-28 04:26:58.909 D/StatusBar.BatteryController( 483): mOldstatus5status 5
08-28 04:26:58.909 D/StatusBar.BatteryController( 483): now old status is 5
08-28 04:27:08.929 V/StatusBar.BatteryController( 483): status5batteryHealth 2
08-28 04:27:08.929 D/StatusBar.BatteryController( 483): mOldstatus5status 5
08-28 04:27:08.929 D/StatusBar.BatteryController( 483): now old status is 5
08-28 04:27:09.059 E/WifiStateMachine( 276): set suspend optimizations failed!
08-28 04:27:09.099 D/SensorManager( 867): registerListener :: handle = 0 name= BOSCH 3-axis Accelerometer delay= 10000 Listener= kvn@414cb958
08-28 04:27:09.099 E/SensorManager( 867): thread start
08-28 04:27:09.099 E/SensorManager( 867): =======>>>Sensor Thread RUNNING <<<========
08-28 04:27:09.779 D/Tethering( 276): interfaceLinkStateChanged wlan0, true
08-28 04:27:09.779 D/Tethering( 276): interfaceStatusChanged wlan0, true
08-28 04:27:09.779 D/Tethering( 276): interfaceLinkStateChanged wlan0, true
08-28 04:27:09.779 D/Tethering( 276): interfaceStatusChanged wlan0, true
08-28 04:27:09.919 I/SensorManager( 867): Set normal delay = true
08-28 04:27:09.919 E/WifiStateMachine( 276): set suspend optimizations failed!
08-28 04:27:09.989 D/SensorManager( 867): unregisterListener:: disable all sensors for this listener, name = BOSCH 3-axis Accelerometer listener = kvn@414cb958
08-28 04:27:10.019 I/GCoreUlr( 867): Received powerMode change from NLP: com.google.android.location.activity.LOW_POWER_MODE_ENABLED
08-28 04:27:10.019 I/GCoreUlr( 867): Starting service, intent=Intent { act=com.google.android.location.reporting.ACTION_UPDATE_ACTIVE_STATE cmp=xxxx }, extras=null
08-28 04:27:10.059 I/GCoreUlr( 867): Successfully inserted location
08-28 04:27:10.059 I/GCoreUlr( 867): Not calling LocationReportingService, hasMoved: false, elapsed millis: 2288071, request: Phone
08-28 04:27:10.089 I/GCoreUlr( 867): Ensuring that reporting is active for [account#15#]
08-28 04:27:10.089 I/GCoreUlr( 867): Starting service, intent=Intent { act=com.google.android.location.reporting.ACTION_LOCATION_STATUS cmp=xxxx (has extras) }, extras=Bundle[{status=LocationStatus[cell status: STATUS_SUCCESSFUL, wifi status: STATUS_SUCCESSFUL, elapsed realtime ns: 19183643000000]}]
08-28 04:27:28.969 V/StatusBar.BatteryController( 483): status5batteryHealth 2
08-28 04:27:28.969 D/StatusBar.BatteryController( 483): mOldstatus5status 5
08-28 04:27:28.969 D/StatusBar.BatteryController( 483): now old status is 5
08-28 04:27:38.989 V/StatusBar.BatteryController( 483): status5batteryHealth 2
08-28 04:27:38.989 D/StatusBar.BatteryController( 483): mOldstatus5status 5
08-28 04:27:38.989 D/StatusBar.BatteryController( 483): now old status is 5
08-28 04:27:49.009 V/StatusBar.BatteryController( 483): status5batteryHealth 2
08-28 04:27:49.009 D/StatusBar.BatteryController( 483): mOldstatus5status 5
08-28 04:27:49.009 D/StatusBar.BatteryController( 483): now old status is 5
08-28 04:27:49.599 W/ThrottleService( 276): unable to find stats for iface rmnet0
08-28 04:27:57.009 D/GCM ( 588): Ignoring attempt to send heartbeat on dead connection.
08-28 04:27:59.029 V/StatusBar.BatteryController( 483): status5batteryHealth 2
08-28 04:27:59.029 D/StatusBar.BatteryController( 483): mOldstatus5status 5
08-28 04:27:59.029 D/StatusBar.BatteryController( 483): now old status is 5
08-28 04:28:02.029 D/Tethering( 276): interfaceLinkStateChanged wlan0, true
08-28 04:28:02.029 D/Tethering( 276): interfaceStatusChanged wlan0, true
08-28 04:28:07.159 D/Tethering( 276): interfaceLinkStateChanged wlan0, true
08-28 04:28:07.159 D/Tethering( 276): interfaceStatusChanged wlan0, true
08-28 04:28:09.059 V/StatusBar.BatteryController( 483): status5batteryHealth 2
08-28 04:28:09.059 D/StatusBar.BatteryController( 483): mOldstatus5status 5
08-28 04:28:09.059 D/StatusBar.BatteryController( 483): now old status is 5
08-28 04:28:19.069 V/StatusBar.BatteryController( 483): status5batteryHealth 2
08-28 04:28:19.069 D/StatusBar.BatteryController( 483): mOldstatus5status 5
08-28 04:28:19.069 D/StatusBar.BatteryController( 483): now old status is 5
08-28 04:28:24.189 D/Tethering( 276): interfaceLinkStateChanged wlan0, true
08-28 04:28:24.189 D/Tethering( 276): interfaceStatusChanged wlan0, true
08-28 04:28:29.089 V/StatusBar.BatteryController( 483): status5batteryHealth 2
08-28 04:28:29.089 D/StatusBar.BatteryController( 483): mOldstatus5status 5
08-28 04:28:29.089 D/StatusBar.BatteryController( 483): now old status is 5
08-28 04:28:39.109 V/StatusBar.BatteryController( 483): status5batteryHealth 2
08-28 04:28:39.109 D/StatusBar.BatteryController( 483): mOldstatus5status 5
08-28 04:28:39.109 D/StatusBar.BatteryController( 483): now old status is 5
08-28 04:28:49.129 V/StatusBar.BatteryController( 483): status5batteryHealth 2
08-28 04:28:49.129 D/StatusBar.BatteryController( 483): mOldstatus5status 5
08-28 04:28:49.129 D/StatusBar.BatteryController( 483): now old status is 5
08-28 04:28:59.159 V/StatusBar.BatteryController( 483): status5batteryHealth 2
08-28 04:28:59.159 D/StatusBar.BatteryController( 483): mOldstatus5status 5
08-28 04:28:59.159 D/StatusBar.BatteryController( 483): now old status is 5
08-28 04:29:09.169 V/StatusBar.BatteryController( 483): status5batteryHealth 2
08-28 04:29:09.169 D/StatusBar.BatteryController( 483): mOldstatus5status 5
08-28 04:29:09.169 D/StatusBar.BatteryController( 483): now old status is 5
08-28 04:29:15.629 D/GpsLocationProvider( 276): ALARM_WAKEUP
08-28 04:29:15.629 D/GpsLocationProvider( 276): startNavigating
08-28 04:29:15.629 D/GpsLocationProvider( 276): GlobalConfig.GLOBALCONFIG_GPS_CDMA=true
08-28 04:29:15.629 D/GpsLocationProvider( 276): startNavigating with Position Mode = 0
08-28 04:29:15.629 E/libsecgps( 276): gps_start:
08-28 04:29:15.669 V/GpsLocationProvider( 276): reportStatus status: 3
08-28 04:29:15.679 V/GpsLocationProvider( 276): reportStatus status: 1
08-28 04:29:18.599 E/GPSD ( 119): SecLBS_update_location:
08-28 04:29:18.599 D/GpsLocationProvider( 276): TTFF: 2972
08-28 04:29:18.599 D/GpsLocationProvider( 276): got fix, hibernating
08-28 04:29:18.599 D/GpsLocationProvider( 276): stopNavigating
08-28 04:29:18.599 E/libsecgps( 276): gps_stop:
08-28 04:29:18.649 V/GpsLocationProvider( 276): reportStatus status: 2
08-28 04:29:18.649 V/GpsLocationProvider( 276): reportStatus status: 4
08-28 04:29:18.719 V/GpsLocationProvider( 276): reportStatus status: 2
08-28 04:29:18.729 D/MyGPSClockApp( 6043): +onLocationChanged
08-28 04:29:18.729 D/MyGPSClockApp( 6043): +getGPSDatetime
08-28 04:29:18.729 D/MyGPSClockApp( 6043): GPSTime: 1409232576000
08-28 04:29:18.729 D/MyGPSClockApp( 6043): GPS Current time: Thu Aug 28 09:29:36 EDT 2014
08-28 04:29:18.729 D/MyGPSClockApp( 6043): -getGPSDatetime
08-28 04:29:18.729 D/MyGPSClockApp( 6043): -onLocationChanged
08-28 04:29:19.229 I/GCoreUlr( 867): Successfully inserted location
08-28 04:29:19.239 I/GCoreUlr( 867): Not calling LocationReportingService, hasMoved: false, elapsed millis: 2417246, request: Phone
08-28 04:29:39.229 V/StatusBar.BatteryController( 483): status5batteryHealth 2
08-28 04:29:39.229 D/StatusBar.BatteryController( 483): mOldstatus5status 5
08-28 04:29:39.229 D/StatusBar.BatteryController( 483): now old status is 5
08-28 04:29:49.249 V/StatusBar.BatteryController( 483): status5batteryHealth 2
08-28 04:29:49.249 D/StatusBar.BatteryController( 483): mOldstatus5status 5
08-28 04:29:49.249 D/StatusBar.BatteryController( 483): now old status is 5
