08-28 05:56:02.999 V/StatusBar.BatteryController( 483): status2batteryHealth 2
08-28 05:56:02.999 D/StatusBar.BatteryController( 483): mOldstatus2status 2
08-28 05:56:02.999 D/StatusBar.BatteryController( 483): now old status is 2
08-28 05:56:05.429 E/SMD ( 104): DCD OFF
08-28 05:56:08.429 E/SMD ( 104): DCD OFF
08-28 05:56:11.429 E/SMD ( 104): DCD OFF
08-28 05:56:13.009 V/StatusBar.BatteryController( 483): status2batteryHealth 2
08-28 05:56:13.009 D/StatusBar.BatteryController( 483): mOldstatus2status 2
08-28 05:56:13.009 D/StatusBar.BatteryController( 483): now old status is 2
08-28 05:56:14.439 E/SMD ( 104): DCD OFF
08-28 05:56:17.439 E/SMD ( 104): DCD OFF
08-28 05:56:17.979 D/Tethering( 276): interfaceLinkStateChanged wlan0, true
08-28 05:56:17.979 D/Tethering( 276): interfaceStatusChanged wlan0, true
08-28 05:56:20.439 E/SMD ( 104): DCD OFF
08-28 05:56:23.029 V/StatusBar.BatteryController( 483): status2batteryHealth 2
08-28 05:56:23.029 D/StatusBar.BatteryController( 483): mOldstatus2status 2
08-28 05:56:23.029 D/StatusBar.BatteryController( 483): now old status is 2
08-28 05:56:23.439 E/SMD ( 104): DCD OFF
08-28 05:56:26.449 E/SMD ( 104): DCD OFF
08-28 05:56:29.449 E/SMD ( 104): DCD OFF
08-28 05:56:32.449 E/SMD ( 104): DCD OFF
08-28 05:56:33.059 V/StatusBar.BatteryController( 483): status2batteryHealth 2
08-28 05:56:33.059 D/StatusBar.BatteryController( 483): mOldstatus2status 2
08-28 05:56:33.059 D/StatusBar.BatteryController( 483): now old status is 2
08-28 05:56:35.449 E/SMD ( 104): DCD OFF
08-28 05:56:38.449 E/SMD ( 104): DCD OFF
08-28 05:56:41.459 E/SMD ( 104): DCD OFF
08-28 05:56:44.469 E/SMD ( 104): DCD OFF
08-28 05:56:47.479 E/SMD ( 104): DCD OFF
08-28 05:56:50.479 E/SMD ( 104): DCD OFF
08-28 05:56:53.089 V/StatusBar.BatteryController( 483): status2batteryHealth 2
08-28 05:56:53.089 D/StatusBar.BatteryController( 483): mOldstatus2status 2
08-28 05:56:53.089 D/StatusBar.BatteryController( 483): now old status is 2
08-28 05:56:53.489 E/SMD ( 104): DCD OFF
08-28 05:56:56.489 E/SMD ( 104): DCD OFF
08-28 05:56:59.489 E/SMD ( 104): DCD OFF
08-28 05:57:02.499 E/SMD ( 104): DCD OFF
08-28 05:57:03.109 V/StatusBar.BatteryController( 483): status2batteryHealth 2
08-28 05:57:03.109 D/StatusBar.BatteryController( 483): mOldstatus2status 2
08-28 05:57:03.109 D/StatusBar.BatteryController( 483): now old status is 2
08-28 05:57:05.499 E/SMD ( 104): DCD OFF
08-28 05:57:08.499 E/SMD ( 104): DCD OFF
08-28 05:57:09.149 E/WifiStateMachine( 276): set suspend optimizations failed!
08-28 05:57:09.189 D/SensorManager( 867): registerListener :: handle = 0 name= BOSCH 3-axis Accelerometer delay= 10000 Listener= kvn@41297fc8
08-28 05:57:09.189 E/SensorManager( 867): thread start
08-28 05:57:09.189 E/SensorManager( 867): =======>>>Sensor Thread RUNNING <<<========
08-28 05:57:09.359 W/PowerManagerService( 276): Timer 0x3->0x1|0x3
08-28 05:57:09.909 D/Tethering( 276): interfaceLinkStateChanged wlan0, true
08-28 05:57:09.909 D/Tethering( 276): interfaceStatusChanged wlan0, true
08-28 05:57:09.909 D/Tethering( 276): interfaceLinkStateChanged wlan0, true
08-28 05:57:09.909 D/Tethering( 276): interfaceStatusChanged wlan0, true
08-28 05:57:09.979 I/SensorManager( 867): Set normal delay = true
08-28 05:57:10.049 D/SensorManager( 867): unregisterListener:: disable all sensors for this listener, name = BOSCH 3-axis Accelerometer listener = kvn@41297fc8
08-28 05:57:10.219 E/WifiStateMachine( 276): set suspend optimizations failed!
08-28 05:57:10.349 I/GCoreUlr( 867): Successfully inserted location
08-28 05:57:10.349 I/GCoreUlr( 867): Not calling LocationReportingService, hasMoved: false, elapsed millis: 402435, request: Phone
08-28 05:57:11.499 E/SMD ( 104): DCD OFF
08-28 05:57:13.129 V/StatusBar.BatteryController( 483): status2batteryHealth 2
08-28 05:57:13.129 D/StatusBar.BatteryController( 483): mOldstatus2status 2
08-28 05:57:13.129 D/StatusBar.BatteryController( 483): now old status is 2
08-28 05:57:14.509 E/SMD ( 104): DCD OFF
08-28 05:57:15.369 W/SignalStrength( 483): getCdmaLevel=2
08-28 05:57:15.369 W/SignalStrength( 483): getEvdoLevel=0
08-28 05:57:15.369 W/SignalStrength( 483): getCdmaLevel=2
08-28 05:57:15.369 W/SignalStrength( 483): getLevel=2
08-28 05:57:15.369 W/SignalStrength( 276): getCdmaLevel=2
08-28 05:57:15.369 W/SignalStrength( 276): getEvdoLevel=0
08-28 05:57:15.369 W/SignalStrength( 276): getCdmaLevel=2
08-28 05:57:15.369 W/SignalStrength( 276): getLevel=2
08-28 05:57:16.369 W/PowerManagerService( 276): Timer 0x3->0x0|0x3
08-28 05:57:16.369 E/PowerManagerService( 276): CurLock p:3 mPS:3
08-28 05:57:16.369 W/PowerManagerService( 276): type=SCREEN_BRIGHT_WAKE_LOCK 'KEEP_SCREEN_ON_FLAG' active (minState=3) activeT=66521003
08-28 05:57:17.509 E/SMD ( 104): DCD OFF
08-28 05:57:20.509 E/SMD ( 104): DCD OFF
08-28 05:57:23.149 V/StatusBar.BatteryController( 483): status2batteryHealth 2
08-28 05:57:23.149 D/StatusBar.BatteryController( 483): mOldstatus2status 2
08-28 05:57:23.149 D/StatusBar.BatteryController( 483): now old status is 2
08-28 05:57:23.519 E/SMD ( 104): DCD OFF
08-28 05:57:26.519 E/SMD ( 104): DCD OFF
08-28 05:57:29.519 E/SMD ( 104): DCD OFF
08-28 05:57:32.519 E/SMD ( 104): DCD OFF
08-28 05:57:33.169 V/StatusBar.BatteryController( 483): status2batteryHealth 2
08-28 05:57:33.169 D/StatusBar.BatteryController( 483): mOldstatus2status 2
08-28 05:57:33.169 D/StatusBar.BatteryController( 483): now old status is 2
08-28 05:57:35.519 E/SMD ( 104): DCD OFF
08-28 05:57:38.529 E/SMD ( 104): DCD OFF
08-28 05:57:41.529 E/SMD ( 104): DCD OFF
08-28 05:57:44.529 E/SMD ( 104): DCD OFF
08-28 05:57:45.689 I/ActivityManager( 276): Start proc app.processName for content provider hostingNameStr: pid=10643 uid=10006 gids={1006, 3003, 1015, 1023}
08-28 05:57:45.769 I/ActivityThread(10643): Pub com.android.browser;browser: com.android.browser.provider.BrowserProvider2
08-28 05:57:45.779 I/ActivityThread(10643): Pub com.android.browser.home: com.android.browser.homepages.HomeProvider
08-28 05:57:45.789 I/ActivityThread(10643): Pub com.android.browser.snapshots: com.android.browser.provider.SnapshotProvider
08-28 05:57:47.529 E/SMD ( 104): DCD OFF
08-28 05:57:49.649 W/ThrottleService( 276): unable to find stats for iface rmnet0
08-28 05:57:50.529 E/SMD ( 104): DCD OFF
08-28 05:57:53.209 V/StatusBar.BatteryController( 483): status2batteryHealth 2
08-28 05:57:53.209 D/StatusBar.BatteryController( 483): mOldstatus2status 2
08-28 05:57:53.209 D/StatusBar.BatteryController( 483): now old status is 2
08-28 05:57:53.539 E/SMD ( 104): DCD OFF
08-28 05:57:55.429 D/Tethering( 276): interfaceLinkStateChanged wlan0, true
08-28 05:57:55.429 D/Tethering( 276): interfaceStatusChanged wlan0, true
08-28 05:57:56.379 W/SignalStrength( 276): getCdmaLevel=2
08-28 05:57:56.379 W/SignalStrength( 276): getEvdoLevel=0
08-28 05:57:56.379 W/SignalStrength( 276): getCdmaLevel=2
08-28 05:57:56.379 W/SignalStrength( 276): getLevel=2
08-28 05:57:56.379 W/SignalStrength( 483): getCdmaLevel=2
08-28 05:57:56.379 W/SignalStrength( 483): getEvdoLevel=0
08-28 05:57:56.379 W/SignalStrength( 483): getCdmaLevel=2
08-28 05:57:56.379 W/SignalStrength( 483): getLevel=2
08-28 05:57:56.539 E/SMD ( 104): DCD OFF
08-28 05:57:59.539 E/SMD ( 104): DCD OFF
08-28 05:58:02.539 E/SMD ( 104): DCD OFF
08-28 05:58:03.229 V/StatusBar.BatteryController( 483): status2batteryHealth 2
08-28 05:58:03.229 D/StatusBar.BatteryController( 483): mOldstatus2status 2
08-28 05:58:03.229 D/StatusBar.BatteryController( 483): now old status is 2
08-28 05:58:05.549 E/SMD ( 104): DCD OFF
08-28 05:58:08.549 E/SMD ( 104): DCD OFF
08-28 05:58:11.549 E/SMD ( 104): DCD OFF
08-28 05:58:13.249 V/StatusBar.BatteryController( 483): status2batteryHealth 2
08-28 05:58:13.249 D/StatusBar.BatteryController( 483): mOldstatus2status 2
08-28 05:58:13.249 D/StatusBar.BatteryController( 483): now old status is 2
08-28 05:58:14.549 E/SMD ( 104): DCD OFF
08-28 05:58:17.549 E/SMD ( 104): DCD OFF
08-28 05:58:20.549 E/SMD ( 104): DCD OFF
08-28 05:58:23.269 V/StatusBar.BatteryController( 483): status2batteryHealth 2
08-28 05:58:23.269 D/StatusBar.BatteryController( 483): mOldstatus2status 2
08-28 05:58:23.269 D/StatusBar.BatteryController( 483): now old status is 2
08-28 05:58:23.559 E/SMD ( 104): DCD OFF
08-28 05:58:26.559 E/SMD ( 104): DCD OFF
08-28 05:58:29.559 E/SMD ( 104): DCD OFF
08-28 05:58:32.569 E/SMD ( 104): DCD OFF
08-28 05:58:33.289 V/StatusBar.BatteryController( 483): status2batteryHealth 2
08-28 05:58:33.289 D/StatusBar.BatteryController( 483): mOldstatus2status 2
08-28 05:58:33.289 D/StatusBar.BatteryController( 483): now old status is 2
08-28 05:58:35.569 E/SMD ( 104): DCD OFF
08-28 05:58:38.569 E/SMD ( 104): DCD OFF
08-28 05:58:41.569 E/SMD ( 104): DCD OFF
08-28 05:58:43.309 V/StatusBar.BatteryController( 483): status2batteryHealth 2
08-28 05:58:43.309 D/StatusBar.BatteryController( 483): mOldstatus2status 2
08-28 05:58:43.309 D/StatusBar.BatteryController( 483): now old status is 2
08-28 05:58:44.569 E/SMD ( 104): DCD OFF
08-28 05:58:47.569 E/SMD ( 104): DCD OFF
08-28 05:58:50.579 E/SMD ( 104): DCD OFF
08-28 05:58:53.329 V/StatusBar.BatteryController( 483): status2batteryHealth 2
08-28 05:58:53.329 D/StatusBar.BatteryController( 483): mOldstatus2status 2
08-28 05:58:53.329 D/StatusBar.BatteryController( 483): now old status is 2
08-28 05:58:53.579 E/SMD ( 104): DCD OFF
08-28 05:58:56.579 E/SMD ( 104): DCD OFF
08-28 05:58:59.589 E/SMD ( 104): DCD OFF
08-28 05:59:02.589 E/SMD ( 104): DCD OFF
08-28 05:59:03.349 V/StatusBar.BatteryController( 483): status2batteryHealth 2
08-28 05:59:03.349 D/StatusBar.BatteryController( 483): mOldstatus2status 2
08-28 05:59:03.349 D/StatusBar.BatteryController( 483): now old status is 2
08-28 05:59:05.589 E/SMD ( 104): DCD OFF
08-28 05:59:08.589 E/SMD ( 104): DCD OFF
08-28 05:59:11.589 E/SMD ( 104): DCD OFF
08-28 05:59:13.369 V/StatusBar.BatteryController( 483): status2batteryHealth 2
08-28 05:59:13.369 D/StatusBar.BatteryController( 483): mOldstatus2status 2
08-28 05:59:13.369 D/StatusBar.BatteryController( 483): now old status is 2
08-28 05:59:14.589 E/SMD ( 104): DCD OFF
08-28 05:59:17.599 E/SMD ( 104): DCD OFF
08-28 05:59:20.599 E/SMD ( 104): DCD OFF
08-28 05:59:23.599 E/SMD ( 104): DCD OFF
08-28 05:59:26.609 E/SMD ( 104): DCD OFF
08-28 05:59:29.609 E/SMD ( 104): DCD OFF
08-28 05:59:32.609 E/SMD ( 104): DCD OFF
08-28 05:59:35.609 E/SMD ( 104): DCD OFF
08-28 05:59:38.609 E/SMD ( 104): DCD OFF
08-28 05:59:41.609 E/SMD ( 104): DCD OFF
08-28 05:59:43.429 V/StatusBar.BatteryController( 483): status2batteryHealth 2
08-28 05:59:43.429 D/StatusBar.BatteryController( 483): mOldstatus2status 2
08-28 05:59:43.429 D/StatusBar.BatteryController( 483): now old status is 2
08-28 05:59:44.619 E/SMD ( 104): DCD OFF
08-28 05:59:47.619 E/SMD ( 104): DCD OFF
08-28 05:59:50.619 E/SMD ( 104): DCD OFF
08-28 05:59:53.629 E/SMD ( 104): DCD OFF
08-28 05:59:56.629 E/SMD ( 104): DCD OFF
08-28 05:59:59.629 E/SMD ( 104): DCD OFF
08-28 06:00:02.629 E/SMD ( 104): DCD OFF
08-28 06:00:05.639 E/SMD ( 104): DCD OFF
08-28 06:00:08.369 D/SensorManager( 867): registerListener :: handle = 0 name= BOSCH 3-axis Accelerometer delay= 10000 Listener= kvn@414f6ad8
08-28 06:00:08.369 E/SensorManager( 867): thread start
08-28 06:00:08.369 E/SensorManager( 867): =======>>>Sensor Thread RUNNING <<<========
08-28 06:00:08.639 E/SMD ( 104): DCD OFF
08-28 06:00:09.179 I/SensorManager( 867): Set normal delay = true
08-28 06:00:09.259 D/SensorManager( 867): unregisterListener:: disable all sensors for this listener, name = BOSCH 3-axis Accelerometer listener = kvn@414f6ad8
08-28 06:00:11.639 E/SMD ( 104): DCD OFF
08-28 06:00:14.639 E/SMD ( 104): DCD OFF
08-28 06:00:17.639 E/SMD ( 104): DCD OFF
08-28 06:00:20.649 E/SMD ( 104): DCD OFF
08-28 06:00:23.509 V/StatusBar.BatteryController( 483): status2batteryHealth 2
08-28 06:00:23.509 D/StatusBar.BatteryController( 483): mOldstatus2status 2
08-28 06:00:23.509 D/StatusBar.BatteryController( 483): now old status is 2
08-28 06:00:23.639 E/SMD ( 104): DCD OFF
08-28 06:00:26.649 E/SMD ( 104): DCD OFF
08-28 06:00:27.569 D/GpsLocationProvider( 276): ALARM_WAKEUP
08-28 06:00:27.569 D/GpsLocationProvider( 276): startNavigating
08-28 06:00:27.569 D/GpsLocationProvider( 276): GlobalConfig.GLOBALCONFIG_GPS_CDMA=true
08-28 06:00:27.569 D/GpsLocationProvider( 276): startNavigating with Position Mode = 0
08-28 06:00:27.569 E/libsecgps( 276): gps_start:
08-28 06:00:27.599 V/GpsLocationProvider( 276): reportStatus status: 3
08-28 06:00:27.599 V/GpsLocationProvider( 276): reportStatus status: 1
08-28 06:00:29.649 E/SMD ( 104): DCD OFF
08-28 06:00:32.649 E/SMD ( 104): DCD OFF
08-28 06:00:33.539 V/StatusBar.BatteryController( 483): status2batteryHealth 2
08-28 06:00:33.539 D/StatusBar.BatteryController( 483): mOldstatus2status 2
08-28 06:00:33.539 D/StatusBar.BatteryController( 483): now old status is 2
08-28 06:00:35.659 E/SMD ( 104): DCD OFF
08-28 06:00:38.659 E/SMD ( 104): DCD OFF
08-28 06:00:40.559 E/GPSD ( 119): SecLBS_update_location:
08-28 06:00:40.559 D/GpsLocationProvider( 276): TTFF: 12989
08-28 06:00:40.569 D/GpsLocationProvider( 276): got fix, hibernating
08-28 06:00:40.569 D/GpsLocationProvider( 276): stopNavigating
08-28 06:00:40.569 E/libsecgps( 276): gps_stop:
08-28 06:00:40.589 V/GpsLocationProvider( 276): reportStatus status: 2
08-28 06:00:40.599 V/GpsLocationProvider( 276): reportStatus status: 4
08-28 06:00:40.639 D/MyGPSClockApp( 6043): +onLocationChanged
08-28 06:00:40.639 D/MyGPSClockApp( 6043): +getGPSDatetime
08-28 06:00:40.639 D/MyGPSClockApp( 6043): GPSTime: 1409238058000
08-28 06:00:40.639 D/MyGPSClockApp( 6043): GPS Current time: Thu Aug 28 11:00:58 EDT 2014
08-28 06:00:40.639 D/MyGPSClockApp( 6043): -getGPSDatetime
08-28 06:00:40.639 D/MyGPSClockApp( 6043): -onLocationChanged
08-28 06:00:40.689 V/GpsLocationProvider( 276): reportStatus status: 2
08-28 06:00:40.989 I/GCoreUlr( 867): Successfully inserted location
08-28 06:00:40.989 I/GCoreUlr( 867): Not calling LocationReportingService, hasMoved: false, elapsed millis: 613074, request: Phone
08-28 06:00:41.659 E/SMD ( 104): DCD OFF
08-28 06:00:43.549 V/StatusBar.BatteryController( 483): status2batteryHealth 2
08-28 06:00:43.549 D/StatusBar.BatteryController( 483): mOldstatus2status 2
08-28 06:00:43.559 D/StatusBar.BatteryController( 483): now old status is 2
08-28 06:00:44.659 E/SMD ( 104): DCD OFF
08-28 06:00:47.669 E/SMD ( 104): DCD OFF
08-28 06:00:50.669 E/SMD ( 104): DCD OFF
08-28 06:00:53.569 V/StatusBar.BatteryController( 483): status2batteryHealth 2
08-28 06:00:53.569 D/StatusBar.BatteryController( 483): mOldstatus2status 2
08-28 06:00:53.569 D/StatusBar.BatteryController( 483): now old status is 2
08-28 06:00:53.669 E/SMD ( 104): DCD OFF
08-28 06:00:55.949 D/Tethering( 276): interfaceLinkStateChanged wlan0, true
08-28 06:00:55.949 D/Tethering( 276): interfaceStatusChanged wlan0, true
08-28 06:00:56.679 E/SMD ( 104): DCD OFF
08-28 06:00:58.449 W/SignalStrength( 276): getCdmaLevel=3
08-28 06:00:58.449 W/SignalStrength( 276): getEvdoLevel=0
08-28 06:00:58.449 W/SignalStrength( 276): getCdmaLevel=3
08-28 06:00:58.449 W/SignalStrength( 276): getLevel=3
08-28 06:00:58.459 W/SignalStrength( 483): getCdmaLevel=3
08-28 06:00:58.459 W/SignalStrength( 483): getEvdoLevel=0
08-28 06:00:58.459 W/SignalStrength( 483): getCdmaLevel=3
08-28 06:00:58.459 W/SignalStrength( 483): getLevel=3
08-28 06:00:59.679 E/SMD ( 104): DCD OFF
08-28 06:01:02.359 D/Tethering( 276): interfaceLinkStateChanged wlan0, true
08-28 06:01:02.359 D/Tethering( 276): interfaceStatusChanged wlan0, true
08-28 06:01:02.679 E/SMD ( 104): DCD OFF
08-28 06:01:03.459 W/SignalStrength( 276): getCdmaLevel=2
08-28 06:01:03.459 W/SignalStrength( 276): getEvdoLevel=0
08-28 06:01:03.459 W/SignalStrength( 276): getCdmaLevel=2
08-28 06:01:03.459 W/SignalStrength( 276): getLevel=2
08-28 06:01:03.459 W/SignalStrength( 483): getCdmaLevel=2
08-28 06:01:03.459 W/SignalStrength( 483): getEvdoLevel=0
08-28 06:01:03.459 W/SignalStrength( 483): getCdmaLevel=2
08-28 06:01:03.459 W/SignalStrength( 483): getLevel=2
08-28 06:01:03.589 V/StatusBar.BatteryController( 483): status2batteryHealth 2
08-28 06:01:03.599 D/StatusBar.BatteryController( 483): mOldstatus2status 2
08-28 06:01:03.599 D/StatusBar.BatteryController( 483): now old status is 2
08-28 06:01:05.679 E/SMD ( 104): DCD OFF
08-28 06:01:08.679 E/SMD ( 104): DCD OFF
08-28 06:01:11.689 E/SMD ( 104): DCD OFF
08-28 06:01:13.609 V/StatusBar.BatteryController( 483): status2batteryHealth 2
08-28 06:01:13.609 D/StatusBar.BatteryController( 483): mOldstatus2status 2
08-28 06:01:13.609 D/StatusBar.BatteryController( 483): now old status is 2
08-28 06:01:14.689 E/SMD ( 104): DCD OFF
08-28 06:01:17.689 E/SMD ( 104): DCD OFF
08-28 06:01:19.049 D/Tethering( 276): interfaceLinkStateChanged wlan0, true
08-28 06:01:19.049 D/Tethering( 276): interfaceStatusChanged wlan0, true
08-28 06:01:20.689 E/SMD ( 104): DCD OFF
08-28 06:01:23.629 V/StatusBar.BatteryController( 483): status2batteryHealth 2
08-28 06:01:23.629 D/StatusBar.BatteryController( 483): mOldstatus2status 2
08-28 06:01:23.629 D/StatusBar.BatteryController( 483): now old status is 2
08-28 06:01:23.689 E/SMD ( 104): DCD OFF
08-28 06:01:24.049 D/Tethering( 276): interfaceLinkStateChanged wlan0, true
08-28 06:01:24.049 D/Tethering( 276): interfaceStatusChanged wlan0, true
08-28 06:01:26.689 E/SMD ( 104): DCD OFF
08-28 06:01:29.699 E/SMD ( 104): DCD OFF
08-28 06:01:32.699 E/SMD ( 104): DCD OFF
08-28 06:01:35.699 E/SMD ( 104): DCD OFF
08-28 06:01:36.469 W/SignalStrength( 276): getCdmaLevel=3
08-28 06:01:36.469 W/SignalStrength( 276): getEvdoLevel=0
08-28 06:01:36.469 W/SignalStrength( 276): getCdmaLevel=3
08-28 06:01:36.469 W/SignalStrength( 276): getLevel=3
08-28 06:01:36.469 W/SignalStrength( 483): getCdmaLevel=3
08-28 06:01:36.469 W/SignalStrength( 483): getEvdoLevel=0
08-28 06:01:36.469 W/SignalStrength( 483): getCdmaLevel=3
08-28 06:01:36.469 W/SignalStrength( 483): getLevel=3
08-28 06:01:38.699 E/SMD ( 104): DCD OFF
08-28 06:01:41.709 E/SMD ( 104): DCD OFF
08-28 06:01:44.709 E/SMD ( 104): DCD OFF
08-28 06:01:47.709 E/SMD ( 104): DCD OFF
08-28 06:01:50.719 E/SMD ( 104): DCD OFF
08-28 06:01:52.359 D/Tethering( 276): interfaceLinkStateChanged wlan0, true
08-28 06:01:52.359 D/Tethering( 276): interfaceStatusChanged wlan0, true
08-28 06:01:53.689 V/StatusBar.BatteryController( 483): status2batteryHealth 2
08-28 06:01:53.689 D/StatusBar.BatteryController( 483): mOldstatus2status 2
08-28 06:01:53.689 D/StatusBar.BatteryController( 483): now old status is 2
08-28 06:01:53.719 E/SMD ( 104): DCD OFF
08-28 06:01:54.479 W/SignalStrength( 276): getCdmaLevel=2
08-28 06:01:54.479 W/SignalStrength( 276): getEvdoLevel=0
08-28 06:01:54.479 W/SignalStrength( 276): getCdmaLevel=2
08-28 06:01:54.479 W/SignalStrength( 276): getLevel=2
08-28 06:01:54.479 W/SignalStrength( 483): getCdmaLevel=2
08-28 06:01:54.479 W/SignalStrength( 483): getEvdoLevel=0
08-28 06:01:54.479 W/SignalStrength( 483): getCdmaLevel=2
08-28 06:01:54.479 W/SignalStrength( 483): getLevel=2
08-28 06:01:55.479 W/SignalStrength( 276): getCdmaLevel=3
08-28 06:01:55.479 W/SignalStrength( 276): getEvdoLevel=0
08-28 06:01:55.479 W/SignalStrength( 276): getCdmaLevel=3
08-28 06:01:55.479 W/SignalStrength( 276): getLevel=3
08-28 06:01:55.479 W/SignalStrength( 483): getCdmaLevel=3
08-28 06:01:55.479 W/SignalStrength( 483): getEvdoLevel=0
08-28 06:01:55.479 W/SignalStrength( 483): getCdmaLevel=3
08-28 06:01:55.479 W/SignalStrength( 483): getLevel=3
08-28 06:01:56.719 E/SMD ( 104): DCD OFF
08-28 06:01:57.369 D/Tethering( 276): interfaceLinkStateChanged wlan0, true
08-28 06:01:57.369 D/Tethering( 276): interfaceStatusChanged wlan0, true
08-28 06:01:59.719 E/SMD ( 104): DCD OFF
08-28 06:02:02.719 E/SMD ( 104): DCD OFF
08-28 06:02:03.709 V/StatusBar.BatteryController( 483): status2batteryHealth 2
08-28 06:02:03.709 D/StatusBar.BatteryController( 483): mOldstatus2status 2
08-28 06:02:03.709 D/StatusBar.BatteryController( 483): now old status is 2
08-28 06:02:05.729 E/SMD ( 104): DCD OFF
08-28 06:02:08.729 E/SMD ( 104): DCD OFF
08-28 06:02:10.479 W/SignalStrength( 276): getCdmaLevel=2
08-28 06:02:10.479 W/SignalStrength( 276): getEvdoLevel=0
08-28 06:02:10.479 W/SignalStrength( 276): getCdmaLevel=2
08-28 06:02:10.479 W/SignalStrength( 276): getLevel=2
08-28 06:02:10.489 W/SignalStrength( 483): getCdmaLevel=2
08-28 06:02:10.489 W/SignalStrength( 483): getEvdoLevel=0
08-28 06:02:10.489 W/SignalStrength( 483): getCdmaLevel=2
08-28 06:02:10.489 W/SignalStrength( 483): getLevel=2
08-28 06:02:11.479 W/SignalStrength( 276): getCdmaLevel=3
08-28 06:02:11.479 W/SignalStrength( 276): getEvdoLevel=0
08-28 06:02:11.479 W/SignalStrength( 276): getCdmaLevel=3
08-28 06:02:11.479 W/SignalStrength( 276): getLevel=3
08-28 06:02:11.489 W/SignalStrength( 483): getCdmaLevel=3
08-28 06:02:11.489 W/SignalStrength( 483): getEvdoLevel=0
08-28 06:02:11.489 W/SignalStrength( 483): getCdmaLevel=3
08-28 06:02:11.489 W/SignalStrength( 483): getLevel=3
08-28 06:02:11.729 E/SMD ( 104): DCD OFF
08-28 06:02:14.729 E/SMD ( 104): DCD OFF
08-28 06:02:17.739 E/SMD ( 104): DCD OFF
08-28 06:02:20.729 E/SMD ( 104): DCD OFF
08-28 06:02:23.739 E/SMD ( 104): DCD OFF
08-28 06:02:26.749 E/SMD ( 104): DCD OFF
08-28 06:02:27.949 D/Tethering( 276): interfaceLinkStateChanged wlan0, true
08-28 06:02:27.949 D/Tethering( 276): interfaceStatusChanged wlan0, true
08-28 06:02:29.739 E/SMD ( 104): DCD OFF
08-28 06:02:32.749 E/SMD ( 104): DCD OFF
08-28 06:02:33.779 V/StatusBar.BatteryController( 483): status2batteryHealth 2
08-28 06:02:33.779 D/StatusBar.BatteryController( 483): mOldstatus2status 2
08-28 06:02:33.779 D/StatusBar.BatteryController( 483): now old status is 2
08-28 06:02:35.749 E/SMD ( 104): DCD OFF
08-28 06:02:38.749 E/SMD ( 104): DCD OFF
08-28 06:02:41.749 E/SMD ( 104): DCD OFF
08-28 06:02:43.789 V/StatusBar.BatteryController( 483): status2batteryHealth 2
08-28 06:02:43.799 D/StatusBar.BatteryController( 483): mOldstatus2status 2
08-28 06:02:43.799 D/StatusBar.BatteryController( 483): now old status is 2
08-28 06:02:44.759 E/SMD ( 104): DCD OFF
08-28 06:02:47.759 E/SMD ( 104): DCD OFF
08-28 06:02:50.759 E/SMD ( 104): DCD OFF
08-28 06:02:53.769 E/SMD ( 104): DCD OFF
08-28 06:02:53.809 V/StatusBar.BatteryController( 483): status2batteryHealth 2
08-28 06:02:53.809 D/StatusBar.BatteryController( 483): mOldstatus2status 2
08-28 06:02:53.809 D/StatusBar.BatteryController( 483): now old status is 2
08-28 06:02:56.769 E/SMD ( 104): DCD OFF
08-28 06:02:59.769 E/SMD ( 104): DCD OFF
08-28 06:03:02.769 E/SMD ( 104): DCD OFF
08-28 06:03:03.829 V/StatusBar.BatteryController( 483): status2batteryHealth 2
08-28 06:03:03.829 D/StatusBar.BatteryController( 483): mOldstatus2status 2
08-28 06:03:03.839 D/StatusBar.BatteryController( 483): now old status is 2
08-28 06:03:05.769 E/SMD ( 104): DCD OFF
08-28 06:03:07.429 D/SensorManager( 867): registerListener :: handle = 0 name= BOSCH 3-axis Accelerometer delay= 10000 Listener= kvn@41431310
08-28 06:03:07.429 E/SensorManager( 867): thread start
08-28 06:03:07.429 E/SensorManager( 867): =======>>>Sensor Thread RUNNING <<<========
08-28 06:03:08.149 I/SensorManager( 867): Set normal delay = true
08-28 06:03:08.229 D/SensorManager( 867): unregisterListener:: disable all sensors for this listener, name = BOSCH 3-axis Accelerometer listener = kvn@41431310
08-28 06:03:08.259 I/GCoreUlr( 867): Received powerMode change from NLP: com.google.android.location.activity.LOW_POWER_MODE_ENABLED
08-28 06:03:08.259 I/GCoreUlr( 867): Starting service, intent=Intent { act=com.google.android.location.reporting.ACTION_UPDATE_ACTIVE_STATE cmp=xxxx }, extras=null
08-28 06:03:08.309 I/GCoreUlr( 867): Ensuring that reporting is active for [account#15#]
08-28 06:03:08.309 I/GCoreUlr( 867): Starting service, intent=Intent { act=com.google.android.location.reporting.ACTION_LOCATION_STATUS cmp=xxxx (has extras) }, extras=Bundle[{status=LocationStatus[cell status: STATUS_SUCCESSFUL, wifi status: STATUS_SUCCESSFUL, elapsed realtime ns: 19183643000000]}]
08-28 06:03:08.779 E/SMD ( 104): DCD OFF
08-28 06:03:11.779 E/SMD ( 104): DCD OFF
08-28 06:03:14.779 E/SMD ( 104): DCD OFF
08-28 06:03:17.779 E/SMD ( 104): DCD OFF
08-28 06:03:20.789 E/SMD ( 104): DCD OFF
08-28 06:03:21.519 W/SignalStrength( 276): getCdmaLevel=2
08-28 06:03:21.519 W/SignalStrength( 276): getEvdoLevel=0
08-28 06:03:21.519 W/SignalStrength( 276): getCdmaLevel=2
08-28 06:03:21.519 W/SignalStrength( 276): getLevel=2
08-28 06:03:21.519 W/SignalStrength( 483): getCdmaLevel=2
08-28 06:03:21.519 W/SignalStrength( 483): getEvdoLevel=0
08-28 06:03:21.519 W/SignalStrength( 483): getCdmaLevel=2
08-28 06:03:21.519 W/SignalStrength( 483): getLevel=2
08-28 06:03:23.779 E/SMD ( 104): DCD OFF
08-28 06:03:26.789 E/SMD ( 104): DCD OFF
08-28 06:03:29.789 E/SMD ( 104): DCD OFF
08-28 06:03:32.789 E/SMD ( 104): DCD OFF
08-28 06:03:33.889 V/StatusBar.BatteryController( 483): status2batteryHealth 2
08-28 06:03:33.889 D/StatusBar.BatteryController( 483): mOldstatus2status 2
08-28 06:03:33.889 D/StatusBar.BatteryController( 483): now old status is 2
08-28 06:03:35.789 E/SMD ( 104): DCD OFF
08-28 06:03:38.799 E/SMD ( 104): DCD OFF
08-28 06:03:41.799 E/SMD ( 104): DCD OFF
08-28 06:03:43.909 V/StatusBar.BatteryController( 483): status2batteryHealth 2
08-28 06:03:43.909 D/StatusBar.BatteryController( 483): mOldstatus2status 2
08-28 06:03:43.909 D/StatusBar.BatteryController( 483): now old status is 2
08-28 06:03:44.799 E/SMD ( 104): DCD OFF
08-28 06:03:47.799 E/SMD ( 104): DCD OFF
08-28 06:03:50.809 E/SMD ( 104): DCD OFF
08-28 06:03:53.809 E/SMD ( 104): DCD OFF
08-28 06:03:53.929 V/StatusBar.BatteryController( 483): status2batteryHealth 2
08-28 06:03:53.929 D/StatusBar.BatteryController( 483): mOldstatus2status 2
08-28 06:03:53.929 D/StatusBar.BatteryController( 483): now old status is 2
08-28 06:03:56.809 E/SMD ( 104): DCD OFF
08-28 06:03:59.809 E/SMD ( 104): DCD OFF
08-28 06:04:02.819 E/SMD ( 104): DCD OFF
08-28 06:04:05.819 E/SMD ( 104): DCD OFF
08-28 06:04:08.819 E/SMD ( 104): DCD OFF
08-28 06:04:11.819 E/SMD ( 104): DCD OFF
08-28 06:04:14.819 E/SMD ( 104): DCD OFF
08-28 06:04:17.819 E/SMD ( 104): DCD OFF
08-28 06:04:20.829 E/SMD ( 104): DCD OFF
08-28 06:04:23.829 E/SMD ( 104): DCD OFF
08-28 06:04:23.989 V/StatusBar.BatteryController( 483): status2batteryHealth 2
08-28 06:04:23.989 D/StatusBar.BatteryController( 483): mOldstatus2status 2
08-28 06:04:23.989 D/StatusBar.BatteryController( 483): now old status is 2
08-28 06:04:26.829 E/SMD ( 104): DCD OFF
08-28 06:04:29.829 E/SMD ( 104): DCD OFF
08-28 06:04:32.839 E/SMD ( 104): DCD OFF
08-28 06:04:34.009 V/StatusBar.BatteryController( 483): status2batteryHealth 2
08-28 06:04:34.009 D/StatusBar.BatteryController( 483): mOldstatus2status 2
08-28 06:04:34.009 D/StatusBar.BatteryController( 483): now old status is 2
08-28 06:04:34.539 W/SignalStrength( 276): getCdmaLevel=1
08-28 06:04:34.539 W/SignalStrength( 276): getEvdoLevel=0
08-28 06:04:34.539 W/SignalStrength( 276): getCdmaLevel=1
08-28 06:04:34.539 W/SignalStrength( 276): getLevel=1
08-28 06:04:34.549 W/SignalStrength( 483): getCdmaLevel=1
08-28 06:04:34.549 W/SignalStrength( 483): getEvdoLevel=0
08-28 06:04:34.549 W/SignalStrength( 483): getCdmaLevel=1
08-28 06:04:34.549 W/SignalStrength( 483): getLevel=1
08-28 06:04:35.539 W/SignalStrength( 276): getCdmaLevel=0
08-28 06:04:35.539 W/SignalStrength( 276): getEvdoLevel=0
08-28 06:04:35.539 W/SignalStrength( 276): getCdmaLevel=0
08-28 06:04:35.539 W/SignalStrength( 276): getLevel=0
08-28 06:04:35.549 W/SignalStrength( 483): getCdmaLevel=0
08-28 06:04:35.549 W/SignalStrength( 483): getEvdoLevel=0
08-28 06:04:35.549 W/SignalStrength( 483): getCdmaLevel=0
08-28 06:04:35.549 W/SignalStrength( 483): getLevel=0
08-28 06:04:35.839 E/SMD ( 104): DCD OFF
08-28 06:04:38.839 E/SMD ( 104): DCD OFF
08-28 06:04:41.839 E/SMD ( 104): DCD OFF
08-28 06:04:44.029 V/StatusBar.BatteryController( 483): status2batteryHealth 2
08-28 06:04:44.029 D/StatusBar.BatteryController( 483): mOldstatus2status 2
08-28 06:04:44.029 D/StatusBar.BatteryController( 483): now old status is 2
08-28 06:04:44.849 E/SMD ( 104): DCD OFF
08-28 06:04:46.549 W/SignalStrength( 276): getCdmaLevel=1
08-28 06:04:46.549 W/SignalStrength( 276): getEvdoLevel=0
08-28 06:04:46.549 W/SignalStrength( 276): getCdmaLevel=1
08-28 06:04:46.549 W/SignalStrength( 276): getLevel=1
08-28 06:04:46.549 W/SignalStrength( 483): getCdmaLevel=1
08-28 06:04:46.549 W/SignalStrength( 483): getEvdoLevel=0
08-28 06:04:46.549 W/SignalStrength( 483): getCdmaLevel=1
08-28 06:04:46.549 W/SignalStrength( 483): getLevel=1
08-28 06:04:47.549 W/SignalStrength( 276): getCdmaLevel=2
08-28 06:04:47.549 W/SignalStrength( 276): getEvdoLevel=0
08-28 06:04:47.549 W/SignalStrength( 276): getCdmaLevel=2
08-28 06:04:47.549 W/SignalStrength( 276): getLevel=2
08-28 06:04:47.549 W/SignalStrength( 483): getCdmaLevel=2
08-28 06:04:47.549 W/SignalStrength( 483): getEvdoLevel=0
08-28 06:04:47.549 W/SignalStrength( 483): getCdmaLevel=2
08-28 06:04:47.549 W/SignalStrength( 483): getLevel=2
08-28 06:04:47.849 E/SMD ( 104): DCD OFF
08-28 06:04:50.849 E/SMD ( 104): DCD OFF
08-28 06:04:53.549 W/SignalStrength( 276): getCdmaLevel=1
08-28 06:04:53.549 W/SignalStrength( 276): getEvdoLevel=0
08-28 06:04:53.549 W/SignalStrength( 276): getCdmaLevel=1
08-28 06:04:53.549 W/SignalStrength( 276): getLevel=1
08-28 06:04:53.549 W/SignalStrength( 483): getCdmaLevel=1
08-28 06:04:53.549 W/SignalStrength( 483): getEvdoLevel=0
08-28 06:04:53.549 W/SignalStrength( 483): getCdmaLevel=1
08-28 06:04:53.549 W/SignalStrength( 483): getLevel=1
08-28 06:04:53.849 E/SMD ( 104): DCD OFF
08-28 06:04:54.059 V/StatusBar.BatteryController( 483): status2batteryHealth 2
08-28 06:04:54.059 D/StatusBar.BatteryController( 483): mOldstatus2status 2
08-28 06:04:54.059 D/StatusBar.BatteryController( 483): now old status is 2
08-28 06:04:55.549 W/SignalStrength( 276): getCdmaLevel=2
08-28 06:04:55.549 W/SignalStrength( 276): getEvdoLevel=0
08-28 06:04:55.549 W/SignalStrength( 276): getCdmaLevel=2
08-28 06:04:55.549 W/SignalStrength( 276): getLevel=2
08-28 06:04:55.549 W/SignalStrength( 483): getCdmaLevel=2
08-28 06:04:55.549 W/SignalStrength( 483): getEvdoLevel=0
08-28 06:04:55.549 W/SignalStrength( 483): getCdmaLevel=2
08-28 06:04:55.549 W/SignalStrength( 483): getLevel=2
08-28 06:04:56.849 E/SMD ( 104): DCD OFF
08-28 06:04:59.859 E/SMD ( 104): DCD OFF
08-28 06:05:02.859 E/SMD ( 104): DCD OFF
08-28 06:05:04.069 V/StatusBar.BatteryController( 483): status2batteryHealth 2
08-28 06:05:04.069 D/StatusBar.BatteryController( 483): mOldstatus2status 2
08-28 06:05:04.069 D/StatusBar.BatteryController( 483): now old status is 2
08-28 06:05:04.549 W/SignalStrength( 276): getCdmaLevel=1
08-28 06:05:04.549 W/SignalStrength( 276): getEvdoLevel=0
08-28 06:05:04.549 W/SignalStrength( 276): getCdmaLevel=1
08-28 06:05:04.549 W/SignalStrength( 276): getLevel=1
08-28 06:05:04.559 W/SignalStrength( 483): getCdmaLevel=1
08-28 06:05:04.559 W/SignalStrength( 483): getEvdoLevel=0
08-28 06:05:04.559 W/SignalStrength( 483): getCdmaLevel=1
08-28 06:05:04.559 W/SignalStrength( 483): getLevel=1
08-28 06:05:05.859 E/SMD ( 104): DCD OFF
08-28 06:05:08.859 E/SMD ( 104): DCD OFF
08-28 06:05:11.859 E/SMD ( 104): DCD OFF
08-28 06:05:14.859 E/SMD ( 104): DCD OFF
08-28 06:05:17.869 E/SMD ( 104): DCD OFF
08-28 06:05:19.559 W/SignalStrength( 276): getCdmaLevel=0
08-28 06:05:19.559 W/SignalStrength( 276): getEvdoLevel=0
08-28 06:05:19.559 W/SignalStrength( 276): getCdmaLevel=0
08-28 06:05:19.559 W/SignalStrength( 276): getLevel=0
08-28 06:05:19.559 W/SignalStrength( 483): getCdmaLevel=0
08-28 06:05:19.559 W/SignalStrength( 483): getEvdoLevel=0
08-28 06:05:19.559 W/SignalStrength( 483): getCdmaLevel=0
08-28 06:05:19.559 W/SignalStrength( 483): getLevel=0
08-28 06:05:20.559 W/SignalStrength( 276): getCdmaLevel=1
08-28 06:05:20.559 W/SignalStrength( 276): getEvdoLevel=0
08-28 06:05:20.559 W/SignalStrength( 276): getCdmaLevel=1
08-28 06:05:20.559 W/SignalStrength( 276): getLevel=1
08-28 06:05:20.559 W/SignalStrength( 483): getCdmaLevel=1
08-28 06:05:20.559 W/SignalStrength( 483): getEvdoLevel=0
08-28 06:05:20.559 W/SignalStrength( 483): getCdmaLevel=1
08-28 06:05:20.559 W/SignalStrength( 483): getLevel=1
08-28 06:05:20.869 E/SMD ( 104): DCD OFF
08-28 06:05:22.559 W/SignalStrength( 276): getCdmaLevel=2
08-28 06:05:22.559 W/SignalStrength( 276): getEvdoLevel=0
08-28 06:05:22.559 W/SignalStrength( 276): getCdmaLevel=2
08-28 06:05:22.559 W/SignalStrength( 276): getLevel=2
08-28 06:05:22.559 W/SignalStrength( 483): getCdmaLevel=2
08-28 06:05:22.559 W/SignalStrength( 483): getEvdoLevel=0
08-28 06:05:22.559 W/SignalStrength( 483): getCdmaLevel=2
08-28 06:05:22.559 W/SignalStrength( 483): getLevel=2
08-28 06:05:23.869 E/SMD ( 104): DCD OFF
08-28 06:05:26.879 E/SMD ( 104): DCD OFF
08-28 06:05:29.869 E/SMD ( 104): DCD OFF
08-28 06:05:32.879 E/SMD ( 104): DCD OFF
08-28 06:05:33.559 W/SignalStrength( 276): getCdmaLevel=1
08-28 06:05:33.569 W/SignalStrength( 483): getCdmaLevel=1
08-28 06:05:33.569 W/SignalStrength( 483): getEvdoLevel=0
08-28 06:05:33.569 W/SignalStrength( 483): getCdmaLevel=1
08-28 06:05:33.569 W/SignalStrength( 483): getLevel=1
08-28 06:05:33.569 W/SignalStrength( 276): getEvdoLevel=0
08-28 06:05:33.569 W/SignalStrength( 276): getCdmaLevel=1
08-28 06:05:33.569 W/SignalStrength( 276): getLevel=1
08-28 06:05:34.129 V/StatusBar.BatteryController( 483): status2batteryHealth 2
08-28 06:05:34.129 D/StatusBar.BatteryController( 483): mOldstatus2status 2
08-28 06:05:34.129 D/StatusBar.BatteryController( 483): now old status is 2
08-28 06:05:35.879 E/SMD ( 104): DCD OFF
08-28 06:05:38.879 E/SMD ( 104): DCD OFF
08-28 06:05:41.569 W/SignalStrength( 276): getCdmaLevel=2
08-28 06:05:41.569 W/SignalStrength( 276): getEvdoLevel=0
08-28 06:05:41.569 W/SignalStrength( 276): getCdmaLevel=2
08-28 06:05:41.569 W/SignalStrength( 276): getLevel=2
08-28 06:05:41.569 W/SignalStrength( 483): getCdmaLevel=2
08-28 06:05:41.569 W/SignalStrength( 483): getEvdoLevel=0
08-28 06:05:41.569 W/SignalStrength( 483): getCdmaLevel=2
08-28 06:05:41.569 W/SignalStrength( 483): getLevel=2
08-28 06:05:41.879 E/SMD ( 104): DCD OFF
08-28 06:05:44.149 V/StatusBar.BatteryController( 483): status2batteryHealth 2
08-28 06:05:44.149 D/StatusBar.BatteryController( 483): mOldstatus2status 2
08-28 06:05:44.149 D/StatusBar.BatteryController( 483): now old status is 2
08-28 06:05:44.889 E/SMD ( 104): DCD OFF
08-28 06:05:47.569 W/SignalStrength( 276): getCdmaLevel=1
08-28 06:05:47.569 W/SignalStrength( 276): getEvdoLevel=0
08-28 06:05:47.569 W/SignalStrength( 276): getCdmaLevel=1
08-28 06:05:47.569 W/SignalStrength( 276): getLevel=1
08-28 06:05:47.569 W/SignalStrength( 483): getCdmaLevel=1
08-28 06:05:47.569 W/SignalStrength( 483): getEvdoLevel=0
08-28 06:05:47.569 W/SignalStrength( 483): getCdmaLevel=1
08-28 06:05:47.569 W/SignalStrength( 483): getLevel=1
08-28 06:05:47.899 E/SMD ( 104): DCD OFF
08-28 06:05:50.569 W/SignalStrength( 276): getCdmaLevel=0
08-28 06:05:50.569 W/SignalStrength( 276): getEvdoLevel=0
08-28 06:05:50.569 W/SignalStrength( 276): getCdmaLevel=0
08-28 06:05:50.569 W/SignalStrength( 276): getLevel=0
08-28 06:05:50.579 W/SignalStrength( 483): getCdmaLevel=0
08-28 06:05:50.579 W/SignalStrength( 483): getEvdoLevel=0
08-28 06:05:50.579 W/SignalStrength( 483): getCdmaLevel=0
08-28 06:05:50.579 W/SignalStrength( 483): getLevel=0
08-28 06:05:50.899 E/SMD ( 104): DCD OFF
08-28 06:05:51.569 W/SignalStrength( 276): getCdmaLevel=1
08-28 06:05:51.569 W/SignalStrength( 276): getEvdoLevel=0
08-28 06:05:51.569 W/SignalStrength( 276): getCdmaLevel=1
08-28 06:05:51.569 W/SignalStrength( 276): getLevel=1
08-28 06:05:51.579 W/SignalStrength( 483): getCdmaLevel=1
08-28 06:05:51.579 W/SignalStrength( 483): getEvdoLevel=0
08-28 06:05:51.579 W/SignalStrength( 483): getCdmaLevel=1
08-28 06:05:51.579 W/SignalStrength( 483): getLevel=1
08-28 06:05:53.569 W/SignalStrength( 276): getCdmaLevel=2
08-28 06:05:53.569 W/SignalStrength( 276): getEvdoLevel=0
08-28 06:05:53.569 W/SignalStrength( 276): getCdmaLevel=2
08-28 06:05:53.569 W/SignalStrength( 276): getLevel=2
08-28 06:05:53.579 W/SignalStrength( 483): getCdmaLevel=2
08-28 06:05:53.579 W/SignalStrength( 483): getEvdoLevel=0
08-28 06:05:53.579 W/SignalStrength( 483): getCdmaLevel=2
08-28 06:05:53.579 W/SignalStrength( 483): getLevel=2
08-28 06:05:53.899 E/SMD ( 104): DCD OFF
08-28 06:05:54.169 V/StatusBar.BatteryController( 483): status2batteryHealth 2
08-28 06:05:54.169 D/StatusBar.BatteryController( 483): mOldstatus2status 2
08-28 06:05:54.169 D/StatusBar.BatteryController( 483): now old status is 2
08-28 06:05:56.899 E/SMD ( 104): DCD OFF
08-28 06:05:59.899 E/SMD ( 104): DCD OFF
08-28 06:06:02.909 E/SMD ( 104): DCD OFF
08-28 06:06:04.189 V/StatusBar.BatteryController( 483): status2batteryHealth 2
08-28 06:06:04.189 D/StatusBar.BatteryController( 483): mOldstatus2status 2
08-28 06:06:04.189 D/StatusBar.BatteryController( 483): now old status is 2
08-28 06:06:05.899 E/SMD ( 104): DCD OFF
08-28 06:06:06.409 D/SensorManager( 867): registerListener :: handle = 0 name= BOSCH 3-axis Accelerometer delay= 10000 Listener= kvn@413e2240
08-28 06:06:06.409 E/SensorManager( 867): thread start
08-28 06:06:06.409 E/SensorManager( 867): =======>>>Sensor Thread RUNNING <<<========
08-28 06:06:07.129 I/SensorManager( 867): Set normal delay = true
08-28 06:06:07.209 D/SensorManager( 867): unregisterListener:: disable all sensors for this listener, name = BOSCH 3-axis Accelerometer listener = kvn@413e2240
08-28 06:06:08.909 E/SMD ( 104): DCD OFF
08-28 06:06:09.579 W/SignalStrength( 276): getCdmaLevel=2
08-28 06:06:09.579 W/SignalStrength( 276): getEvdoLevel=0
08-28 06:06:09.579 W/SignalStrength( 276): getCdmaLevel=2
08-28 06:06:09.579 W/SignalStrength( 276): getLevel=2
08-28 06:06:09.579 W/SignalStrength( 483): getCdmaLevel=2
08-28 06:06:09.579 W/SignalStrength( 483): getEvdoLevel=0
08-28 06:06:09.579 W/SignalStrength( 483): getCdmaLevel=2
08-28 06:06:09.579 W/SignalStrength( 483): getLevel=2
08-28 06:06:11.909 E/SMD ( 104): DCD OFF
08-28 06:06:14.209 V/StatusBar.BatteryController( 483): status2batteryHealth 2
08-28 06:06:14.209 D/StatusBar.BatteryController( 483): mOldstatus2status 2
08-28 06:06:14.209 D/StatusBar.BatteryController( 483): now old status is 2
08-28 06:06:14.909 E/SMD ( 104): DCD OFF
08-28 06:06:17.909 E/SMD ( 104): DCD OFF
08-28 06:06:20.919 E/SMD ( 104): DCD OFF
08-28 06:06:23.919 E/SMD ( 104): DCD OFF
08-28 06:06:24.229 V/StatusBar.BatteryController( 483): status2batteryHealth 2
08-28 06:06:24.229 D/StatusBar.BatteryController( 483): mOldstatus2status 2
08-28 06:06:24.229 D/StatusBar.BatteryController( 483): now old status is 2
08-28 06:06:26.919 E/SMD ( 104): DCD OFF
08-28 06:06:29.929 E/SMD ( 104): DCD OFF
08-28 06:06:32.929 E/SMD ( 104): DCD OFF
08-28 06:06:34.249 V/StatusBar.BatteryController( 483): status2batteryHealth 2
08-28 06:06:34.249 D/StatusBar.BatteryController( 483): mOldstatus2status 2
08-28 06:06:34.249 D/StatusBar.BatteryController( 483): now old status is 2
08-28 06:06:34.589 W/SignalStrength( 276): getCdmaLevel=1
08-28 06:06:34.589 W/SignalStrength( 276): getEvdoLevel=0
08-28 06:06:34.589 W/SignalStrength( 276): getCdmaLevel=1
08-28 06:06:34.589 W/SignalStrength( 276): getLevel=1
08-28 06:06:34.589 W/SignalStrength( 483): getCdmaLevel=1
08-28 06:06:34.589 W/SignalStrength( 483): getEvdoLevel=0
08-28 06:06:34.589 W/SignalStrength( 483): getCdmaLevel=1
08-28 06:06:34.589 W/SignalStrength( 483): getLevel=1
08-28 06:06:35.929 E/SMD ( 104): DCD OFF
08-28 06:06:36.589 W/SignalStrength( 276): getCdmaLevel=0
08-28 06:06:36.589 W/SignalStrength( 276): getEvdoLevel=0
08-28 06:06:36.589 W/SignalStrength( 276): getCdmaLevel=0
08-28 06:06:36.589 W/SignalStrength( 276): getLevel=0
08-28 06:06:36.589 W/SignalStrength( 483): getCdmaLevel=0
08-28 06:06:36.589 W/SignalStrength( 483): getEvdoLevel=0
08-28 06:06:36.589 W/SignalStrength( 483): getCdmaLevel=0
08-28 06:06:36.589 W/SignalStrength( 483): getLevel=0
08-28 06:06:38.929 E/SMD ( 104): DCD OFF
08-28 06:06:39.589 W/SignalStrength( 276): getCdmaLevel=1
08-28 06:06:39.589 W/SignalStrength( 276): getEvdoLevel=0
08-28 06:06:39.589 W/SignalStrength( 276): getCdmaLevel=1
08-28 06:06:39.589 W/SignalStrength( 276): getLevel=1
08-28 06:06:39.589 W/SignalStrength( 483): getCdmaLevel=1
08-28 06:06:39.589 W/SignalStrength( 483): getEvdoLevel=0
08-28 06:06:39.589 W/SignalStrength( 483): getCdmaLevel=1
08-28 06:06:39.589 W/SignalStrength( 483): getLevel=1
08-28 06:06:41.929 E/SMD ( 104): DCD OFF
08-28 06:06:42.589 W/SignalStrength( 276): getCdmaLevel=2
08-28 06:06:42.589 W/SignalStrength( 276): getEvdoLevel=0
08-28 06:06:42.589 W/SignalStrength( 276): getCdmaLevel=2
08-28 06:06:42.589 W/SignalStrength( 276): getLevel=2
08-28 06:06:42.599 W/SignalStrength( 483): getCdmaLevel=2
08-28 06:06:42.599 W/SignalStrength( 483): getEvdoLevel=0
08-28 06:06:42.599 W/SignalStrength( 483): getCdmaLevel=2
08-28 06:06:42.599 W/SignalStrength( 483): getLevel=2
08-28 06:06:44.929 E/SMD ( 104): DCD OFF
08-28 06:06:46.589 W/SignalStrength( 276): getCdmaLevel=2
08-28 06:06:46.589 W/SignalStrength( 276): getEvdoLevel=0
08-28 06:06:46.589 W/SignalStrength( 276): getCdmaLevel=2
08-28 06:06:46.589 W/SignalStrength( 276): getLevel=2
08-28 06:06:46.599 W/SignalStrength( 483): getCdmaLevel=2
08-28 06:06:46.599 W/SignalStrength( 483): getEvdoLevel=0
08-28 06:06:46.599 W/SignalStrength( 483): getCdmaLevel=2
08-28 06:06:46.599 W/SignalStrength( 483): getLevel=2
08-28 06:06:47.939 E/SMD ( 104): DCD OFF
08-28 06:06:50.939 E/SMD ( 104): DCD OFF
08-28 06:06:53.939 E/SMD ( 104): DCD OFF
08-28 06:06:56.949 E/SMD ( 104): DCD OFF
08-28 06:06:59.939 E/SMD ( 104): DCD OFF
08-28 06:07:02.949 E/SMD ( 104): DCD OFF
08-28 06:07:05.949 E/SMD ( 104): DCD OFF
08-28 06:07:08.949 E/SMD ( 104): DCD OFF
08-28 06:07:11.949 E/SMD ( 104): DCD OFF
08-28 06:07:12.599 W/SignalStrength( 276): getCdmaLevel=1
08-28 06:07:12.599 W/SignalStrength( 276): getEvdoLevel=0
08-28 06:07:12.599 W/SignalStrength( 276): getCdmaLevel=1
08-28 06:07:12.599 W/SignalStrength( 276): getLevel=1
08-28 06:07:12.609 W/SignalStrength( 483): getCdmaLevel=1
08-28 06:07:12.609 W/SignalStrength( 483): getEvdoLevel=0
08-28 06:07:12.609 W/SignalStrength( 483): getCdmaLevel=1
08-28 06:07:12.609 W/SignalStrength( 483): getLevel=1
08-28 06:07:13.599 W/SignalStrength( 276): getCdmaLevel=2
08-28 06:07:13.599 W/SignalStrength( 276): getEvdoLevel=0
08-28 06:07:13.599 W/SignalStrength( 276): getCdmaLevel=2
08-28 06:07:13.599 W/SignalStrength( 276): getLevel=2
08-28 06:07:13.609 W/SignalStrength( 483): getCdmaLevel=2
08-28 06:07:13.609 W/SignalStrength( 483): getEvdoLevel=0
08-28 06:07:13.609 W/SignalStrength( 483): getCdmaLevel=2
08-28 06:07:13.609 W/SignalStrength( 483): getLevel=2
08-28 06:07:14.959 E/SMD ( 104): DCD OFF
08-28 06:07:17.959 E/SMD ( 104): DCD OFF
08-28 06:07:20.959 E/SMD ( 104): DCD OFF
08-28 06:07:23.969 E/SMD ( 104): DCD OFF
08-28 06:07:26.969 E/SMD ( 104): DCD OFF
08-28 06:07:29.969 E/SMD ( 104): DCD OFF
08-28 06:07:32.969 E/SMD ( 104): DCD OFF
08-28 06:07:33.609 W/SignalStrength( 276): getCdmaLevel=2
08-28 06:07:33.609 W/SignalStrength( 276): getEvdoLevel=0
08-28 06:07:33.609 W/SignalStrength( 276): getCdmaLevel=2
08-28 06:07:33.609 W/SignalStrength( 276): getLevel=2
08-28 06:07:33.619 W/SignalStrength( 483): getCdmaLevel=2
08-28 06:07:33.619 W/SignalStrength( 483): getEvdoLevel=0
08-28 06:07:33.619 W/SignalStrength( 483): getCdmaLevel=2
08-28 06:07:33.619 W/SignalStrength( 483): getLevel=2
08-28 06:07:35.969 E/SMD ( 104): DCD OFF
08-28 06:07:38.969 E/SMD ( 104): DCD OFF
08-28 06:07:41.979 E/SMD ( 104): DCD OFF
08-28 06:07:44.979 E/SMD ( 104): DCD OFF
08-28 06:07:47.979 E/SMD ( 104): DCD OFF
08-28 06:07:49.659 W/ThrottleService( 276): unable to find stats for iface rmnet0
08-28 06:07:50.989 E/SMD ( 104): DCD OFF
08-28 06:07:53.979 E/SMD ( 104): DCD OFF
08-28 06:07:56.989 E/SMD ( 104): DCD OFF
08-28 06:07:59.989 E/SMD ( 104): DCD OFF
08-28 06:08:02.989 E/SMD ( 104): DCD OFF
08-28 06:08:03.619 W/SignalStrength( 276): getCdmaLevel=1
08-28 06:08:03.619 W/SignalStrength( 276): getEvdoLevel=0
08-28 06:08:03.619 W/SignalStrength( 276): getCdmaLevel=1
08-28 06:08:03.619 W/SignalStrength( 276): getLevel=1
08-28 06:08:03.629 W/SignalStrength( 483): getCdmaLevel=1
08-28 06:08:03.629 W/SignalStrength( 483): getEvdoLevel=0
08-28 06:08:03.629 W/SignalStrength( 483): getCdmaLevel=1
08-28 06:08:03.629 W/SignalStrength( 483): getLevel=1
08-28 06:08:04.619 W/SignalStrength( 276): getCdmaLevel=2
08-28 06:08:04.619 W/SignalStrength( 276): getEvdoLevel=0
08-28 06:08:04.619 W/SignalStrength( 276): getCdmaLevel=2
08-28 06:08:04.619 W/SignalStrength( 276): getLevel=2
08-28 06:08:04.629 W/SignalStrength( 483): getCdmaLevel=2
08-28 06:08:04.629 W/SignalStrength( 483): getEvdoLevel=0
08-28 06:08:04.629 W/SignalStrength( 483): getCdmaLevel=2
08-28 06:08:04.629 W/SignalStrength( 483): getLevel=2
08-28 06:08:05.989 E/SMD ( 104): DCD OFF
08-28 06:08:08.999 E/SMD ( 104): DCD OFF
08-28 06:08:11.629 W/SignalStrength( 276): getCdmaLevel=2
08-28 06:08:11.629 W/SignalStrength( 276): getEvdoLevel=0
08-28 06:08:11.629 W/SignalStrength( 276): getCdmaLevel=2
08-28 06:08:11.629 W/SignalStrength( 276): getLevel=2
08-28 06:08:11.629 W/SignalStrength( 483): getCdmaLevel=2
08-28 06:08:11.629 W/SignalStrength( 483): getEvdoLevel=0
08-28 06:08:11.629 W/SignalStrength( 483): getCdmaLevel=2
08-28 06:08:11.629 W/SignalStrength( 483): getLevel=2
08-28 06:08:11.999 E/SMD ( 104): DCD OFF
08-28 06:08:12.629 W/SignalStrength( 276): getCdmaLevel=1
08-28 06:08:12.629 W/SignalStrength( 276): getEvdoLevel=0
08-28 06:08:12.629 W/SignalStrength( 276): getCdmaLevel=1
08-28 06:08:12.629 W/SignalStrength( 276): getLevel=1
08-28 06:08:12.629 W/SignalStrength( 483): getCdmaLevel=1
08-28 06:08:12.629 W/SignalStrength( 483): getEvdoLevel=0
08-28 06:08:12.629 W/SignalStrength( 483): getCdmaLevel=1
08-28 06:08:12.629 W/SignalStrength( 483): getLevel=1
08-28 06:08:14.459 V/StatusBar.BatteryController( 483): status2batteryHealth 2
08-28 06:08:14.459 D/StatusBar.BatteryController( 483): mOldstatus2status 2
08-28 06:08:14.459 D/StatusBar.BatteryController( 483): now old status is 2
08-28 06:08:14.999 E/SMD ( 104): DCD OFF
08-28 06:08:17.999 E/SMD ( 104): DCD OFF
08-28 06:08:19.629 W/SignalStrength( 276): getCdmaLevel=2
08-28 06:08:19.629 W/SignalStrength( 276): getEvdoLevel=0
08-28 06:08:19.629 W/SignalStrength( 276): getCdmaLevel=2
08-28 06:08:19.629 W/SignalStrength( 276): getLevel=2
08-28 06:08:19.639 W/SignalStrength( 483): getCdmaLevel=2
08-28 06:08:19.639 W/SignalStrength( 483): getEvdoLevel=0
08-28 06:08:19.639 W/SignalStrength( 483): getCdmaLevel=2
08-28 06:08:19.639 W/SignalStrength( 483): getLevel=2
08-28 06:08:21.009 E/SMD ( 104): DCD OFF
08-28 06:08:24.009 E/SMD ( 104): DCD OFF
08-28 06:08:24.469 V/StatusBar.BatteryController( 483): status2batteryHealth 2
08-28 06:08:24.469 D/StatusBar.BatteryController( 483): mOldstatus2status 2
08-28 06:08:24.469 D/StatusBar.BatteryController( 483): now old status is 2
08-28 06:08:27.009 E/SMD ( 104): DCD OFF
08-28 06:08:30.009 E/SMD ( 104): DCD OFF
08-28 06:08:33.019 E/SMD ( 104): DCD OFF
08-28 06:08:36.019 E/SMD ( 104): DCD OFF
08-28 06:08:39.019 E/SMD ( 104): DCD OFF
08-28 06:08:42.019 E/SMD ( 104): DCD OFF
08-28 06:08:44.519 V/StatusBar.BatteryController( 483): status2batteryHealth 2
08-28 06:08:44.519 D/StatusBar.BatteryController( 483): mOldstatus2status 2
08-28 06:08:44.519 D/StatusBar.BatteryController( 483): now old status is 2
08-28 06:08:45.019 E/SMD ( 104): DCD OFF
08-28 06:08:48.029 E/SMD ( 104): DCD OFF
08-28 06:08:51.029 E/SMD ( 104): DCD OFF
08-28 06:08:54.029 E/SMD ( 104): DCD OFF
08-28 06:08:54.539 V/StatusBar.BatteryController( 483): status2batteryHealth 2
08-28 06:08:54.539 D/StatusBar.BatteryController( 483): mOldstatus2status 2
08-28 06:08:54.539 D/StatusBar.BatteryController( 483): now old status is 2
08-28 06:08:57.029 E/SMD ( 104): DCD OFF
08-28 06:09:00.029 E/SMD ( 104): DCD OFF
08-28 06:09:03.039 E/SMD ( 104): DCD OFF
08-28 06:09:05.379 D/SensorManager( 867): registerListener :: handle = 0 name= BOSCH 3-axis Accelerometer delay= 10000 Listener= kvn@413fb8b0
08-28 06:09:05.379 E/SensorManager( 867): thread start
08-28 06:09:05.379 E/SensorManager( 867): =======>>>Sensor Thread RUNNING <<<========
08-28 06:09:06.039 E/SMD ( 104): DCD OFF
08-28 06:09:06.089 I/SensorManager( 867): Set normal delay = true
08-28 06:09:06.169 D/SensorManager( 867): unregisterListener:: disable all sensors for this listener, name = BOSCH 3-axis Accelerometer listener = kvn@413fb8b0
08-28 06:09:09.049 E/SMD ( 104): DCD OFF
08-28 06:09:12.049 E/SMD ( 104): DCD OFF
08-28 06:09:15.049 E/SMD ( 104): DCD OFF
08-28 06:09:18.059 E/SMD ( 104): DCD OFF
08-28 06:09:21.059 E/SMD ( 104): DCD OFF
08-28 06:09:24.059 E/SMD ( 104): DCD OFF
08-28 06:09:24.589 V/StatusBar.BatteryController( 483): status2batteryHealth 2
08-28 06:09:24.589 D/StatusBar.BatteryController( 483): mOldstatus2status 2
08-28 06:09:24.589 D/StatusBar.BatteryController( 483): now old status is 2
08-28 06:09:27.059 E/SMD ( 104): DCD OFF
08-28 06:09:28.659 W/SignalStrength( 276): getCdmaLevel=1
08-28 06:09:28.659 W/SignalStrength( 276): getEvdoLevel=0
08-28 06:09:28.659 W/SignalStrength( 276): getCdmaLevel=1
08-28 06:09:28.659 W/SignalStrength( 276): getLevel=1
08-28 06:09:28.659 W/SignalStrength( 483): getCdmaLevel=1
08-28 06:09:28.659 W/SignalStrength( 483): getEvdoLevel=0
08-28 06:09:28.659 W/SignalStrength( 483): getCdmaLevel=1
08-28 06:09:28.659 W/SignalStrength( 483): getLevel=1
08-28 06:09:30.069 E/SMD ( 104): DCD OFF
08-28 06:09:31.659 W/SignalStrength( 276): getCdmaLevel=2
08-28 06:09:31.659 W/SignalStrength( 276): getEvdoLevel=0
08-28 06:09:31.659 W/SignalStrength( 276): getCdmaLevel=2
08-28 06:09:31.659 W/SignalStrength( 276): getLevel=2
08-28 06:09:31.659 W/SignalStrength( 483): getCdmaLevel=2
08-28 06:09:31.659 W/SignalStrength( 483): getEvdoLevel=0
08-28 06:09:31.659 W/SignalStrength( 483): getCdmaLevel=2
