08-28 06:41:08.389 V/StatusBar.BatteryController( 483): status5batteryHealth 2
08-28 06:41:08.389 D/StatusBar.BatteryController( 483): mOldstatus5status 5
08-28 06:41:08.389 D/StatusBar.BatteryController( 483): now old status is 5
08-28 06:41:10.519 E/SMD ( 104): DCD OFF
08-28 06:41:13.519 E/SMD ( 104): DCD OFF
08-28 06:41:16.519 E/SMD ( 104): DCD OFF
08-28 06:41:17.549 D/GpsLocationProvider( 276): ALARM_WAKEUP
08-28 06:41:17.549 D/GpsLocationProvider( 276): startNavigating
08-28 06:41:17.549 D/GpsLocationProvider( 276): GlobalConfig.GLOBALCONFIG_GPS_CDMA=true
08-28 06:41:17.549 D/GpsLocationProvider( 276): startNavigating with Position Mode = 0
08-28 06:41:17.549 E/libsecgps( 276): gps_start:
08-28 06:41:17.579 V/GpsLocationProvider( 276): reportStatus status: 3
08-28 06:41:17.579 V/GpsLocationProvider( 276): reportStatus status: 1
08-28 06:41:18.419 V/StatusBar.BatteryController( 483): status5batteryHealth 2
08-28 06:41:18.419 D/StatusBar.BatteryController( 483): mOldstatus5status 5
08-28 06:41:18.419 D/StatusBar.BatteryController( 483): now old status is 5
08-28 06:41:19.529 E/SMD ( 104): DCD OFF
08-28 06:41:22.529 E/SMD ( 104): DCD OFF
08-28 06:41:25.529 E/SMD ( 104): DCD OFF
08-28 06:41:28.429 V/StatusBar.BatteryController( 483): status5batteryHealth 2
08-28 06:41:28.439 D/StatusBar.BatteryController( 483): mOldstatus5status 5
08-28 06:41:28.439 D/StatusBar.BatteryController( 483): now old status is 5
08-28 06:41:28.529 E/SMD ( 104): DCD OFF
08-28 06:41:31.539 E/SMD ( 104): DCD OFF
08-28 06:41:32.539 E/GPSD ( 119): SecLBS_update_location:
08-28 06:41:32.539 D/GpsLocationProvider( 276): TTFF: 14992
08-28 06:41:32.549 D/GpsLocationProvider( 276): got fix, hibernating
08-28 06:41:32.549 D/GpsLocationProvider( 276): stopNavigating
08-28 06:41:32.549 E/libsecgps( 276): gps_stop:
08-28 06:41:32.569 V/GpsLocationProvider( 276): reportStatus status: 2
08-28 06:41:32.579 V/GpsLocationProvider( 276): reportStatus status: 4
08-28 06:41:32.639 D/MyGPSClockApp( 6043): +onLocationChanged
08-28 06:41:32.639 D/MyGPSClockApp( 6043): +getGPSDatetime
08-28 06:41:32.639 D/MyGPSClockApp( 6043): GPSTime: 1409240510000
08-28 06:41:32.639 D/MyGPSClockApp( 6043): GPS Current time: Thu Aug 28 11:41:50 EDT 2014
08-28 06:41:32.639 D/MyGPSClockApp( 6043): -getGPSDatetime
08-28 06:41:32.639 D/MyGPSClockApp( 6043): -onLocationChanged
08-28 06:41:32.659 V/GpsLocationProvider( 276): reportStatus status: 2
08-28 06:41:32.919 I/GCoreUlr( 867): Successfully inserted location
08-28 06:41:32.919 I/GCoreUlr( 867): Not calling LocationReportingService, hasMoved: false, elapsed millis: 3065002, request: Phone
08-28 06:41:34.539 E/SMD ( 104): DCD OFF
08-28 06:41:37.539 E/SMD ( 104): DCD OFF
08-28 06:41:38.449 V/StatusBar.BatteryController( 483): status5batteryHealth 2
08-28 06:41:38.449 D/StatusBar.BatteryController( 483): mOldstatus5status 5
08-28 06:41:38.449 D/StatusBar.BatteryController( 483): now old status is 5
08-28 06:41:40.539 E/SMD ( 104): DCD OFF
08-28 06:41:43.549 E/SMD ( 104): DCD OFF
08-28 06:41:46.539 E/SMD ( 104): DCD OFF
08-28 06:41:49.549 E/SMD ( 104): DCD OFF
08-28 06:41:52.549 E/SMD ( 104): DCD OFF
08-28 06:41:55.549 E/SMD ( 104): DCD OFF
08-28 06:41:58.489 V/StatusBar.BatteryController( 483): status5batteryHealth 2
08-28 06:41:58.489 D/StatusBar.BatteryController( 483): mOldstatus5status 5
08-28 06:41:58.489 D/StatusBar.BatteryController( 483): now old status is 5
08-28 06:41:58.549 E/SMD ( 104): DCD OFF
08-28 06:42:01.559 E/SMD ( 104): DCD OFF
08-28 06:42:04.559 E/SMD ( 104): DCD OFF
08-28 06:42:06.129 D/SensorManager( 867): registerListener :: handle = 0 name= BOSCH 3-axis Accelerometer delay= 10000 Listener= kvn@411653b0
08-28 06:42:06.129 E/SensorManager( 867): thread start
08-28 06:42:06.129 E/SensorManager( 867): =======>>>Sensor Thread RUNNING <<<========
08-28 06:42:06.829 I/SensorManager( 867): Set normal delay = true
08-28 06:42:06.909 D/SensorManager( 867): unregisterListener:: disable all sensors for this listener, name = BOSCH 3-axis Accelerometer listener = kvn@411653b0
08-28 06:42:07.559 E/SMD ( 104): DCD OFF
08-28 06:42:08.509 V/StatusBar.BatteryController( 483): status5batteryHealth 2
08-28 06:42:08.509 D/StatusBar.BatteryController( 483): mOldstatus5status 5
08-28 06:42:08.509 D/StatusBar.BatteryController( 483): now old status is 5
08-28 06:42:10.569 E/SMD ( 104): DCD OFF
08-28 06:42:13.579 E/SMD ( 104): DCD OFF
08-28 06:42:16.579 E/SMD ( 104): DCD OFF
08-28 06:42:18.529 V/StatusBar.BatteryController( 483): status5batteryHealth 2
08-28 06:42:18.529 D/StatusBar.BatteryController( 483): mOldstatus5status 5
08-28 06:42:18.529 D/StatusBar.BatteryController( 483): now old status is 5
08-28 06:42:19.589 E/SMD ( 104): DCD OFF
08-28 06:42:21.959 I/EventLogService( 737): Aggregate from 1409220741789 (log), 1409220741789 (data)
08-28 06:42:22.579 E/SMD ( 104): DCD OFF
08-28 06:42:25.589 E/SMD ( 104): DCD OFF
08-28 06:42:28.549 V/StatusBar.BatteryController( 483): status5batteryHealth 2
08-28 06:42:28.549 D/StatusBar.BatteryController( 483): mOldstatus5status 5
08-28 06:42:28.549 D/StatusBar.BatteryController( 483): now old status is 5
08-28 06:42:28.589 E/SMD ( 104): DCD OFF
08-28 06:42:31.599 E/SMD ( 104): DCD OFF
08-28 06:42:34.589 E/SMD ( 104): DCD OFF
08-28 06:42:37.599 E/SMD ( 104): DCD OFF
08-28 06:42:38.569 V/StatusBar.BatteryController( 483): status5batteryHealth 2
08-28 06:42:38.569 D/StatusBar.BatteryController( 483): mOldstatus5status 5
08-28 06:42:38.569 D/StatusBar.BatteryController( 483): now old status is 5
08-28 06:42:40.599 E/SMD ( 104): DCD OFF
08-28 06:42:43.599 E/SMD ( 104): DCD OFF
08-28 06:42:45.629 D/GCM ( 588): Ignoring attempt to send heartbeat on dead connection.
08-28 06:42:46.599 E/SMD ( 104): DCD OFF
08-28 06:42:49.609 E/SMD ( 104): DCD OFF
08-28 06:42:50.649 D/Tethering( 276): interfaceLinkStateChanged wlan0, true
08-28 06:42:50.649 D/Tethering( 276): interfaceStatusChanged wlan0, true
08-28 06:42:52.609 E/SMD ( 104): DCD OFF
08-28 06:42:55.609 E/SMD ( 104): DCD OFF
08-28 06:42:55.719 D/Tethering( 276): interfaceLinkStateChanged wlan0, true
08-28 06:42:55.719 D/Tethering( 276): interfaceStatusChanged wlan0, true
08-28 06:42:58.609 E/SMD ( 104): DCD OFF
08-28 06:43:01.619 E/SMD ( 104): DCD OFF
08-28 06:43:04.619 E/SMD ( 104): DCD OFF
08-28 06:43:07.619 E/SMD ( 104): DCD OFF
08-28 06:43:10.619 E/SMD ( 104): DCD OFF
08-28 06:43:13.629 E/SMD ( 104): DCD OFF
08-28 06:43:16.629 E/SMD ( 104): DCD OFF
08-28 06:43:19.629 E/SMD ( 104): DCD OFF
08-28 06:43:22.629 E/SMD ( 104): DCD OFF
08-28 06:43:25.629 E/SMD ( 104): DCD OFF
08-28 06:43:28.629 E/SMD ( 104): DCD OFF
08-28 06:43:31.639 E/SMD ( 104): DCD OFF
08-28 06:43:34.639 E/SMD ( 104): DCD OFF
08-28 06:43:37.639 E/SMD ( 104): DCD OFF
08-28 06:43:38.689 V/StatusBar.BatteryController( 483): status5batteryHealth 2
08-28 06:43:38.689 D/StatusBar.BatteryController( 483): mOldstatus5status 5
08-28 06:43:38.689 D/StatusBar.BatteryController( 483): now old status is 5
08-28 06:43:40.639 E/SMD ( 104): DCD OFF
08-28 06:43:43.649 E/SMD ( 104): DCD OFF
08-28 06:43:46.649 E/SMD ( 104): DCD OFF
08-28 06:43:49.649 E/SMD ( 104): DCD OFF
08-28 06:43:52.649 E/SMD ( 104): DCD OFF
08-28 06:43:55.649 E/SMD ( 104): DCD OFF
08-28 06:43:58.659 E/SMD ( 104): DCD OFF
08-28 06:43:58.729 V/StatusBar.BatteryController( 483): status5batteryHealth 2
08-28 06:43:58.729 D/StatusBar.BatteryController( 483): mOldstatus5status 5
08-28 06:43:58.729 D/StatusBar.BatteryController( 483): now old status is 5
08-28 06:44:01.659 E/SMD ( 104): DCD OFF
08-28 06:44:04.659 E/SMD ( 104): DCD OFF
08-28 06:44:05.619 I/GCoreUlr( 867): WorldUpdater received intent Intent { act=com.google.android.location.reporting.ACTION_UPDATE_WORLD flg=0x4 cmp=xxxx (has extras) } with receiverAction null
08-28 06:44:05.819 D/SyncManager( 276): setSyncAutomatically: , provider com.google.android.location.reporting -> true
08-28 06:44:05.819 D/SyncManager( 276): setSyncAutomatically: already set to true, doing nothing
08-28 06:44:05.959 I/GCoreUlr( 867): Ensuring that reporting is active for [account#15#]
08-28 06:44:05.959 I/GCoreUlr( 867): Starting service, intent=Intent { act=com.google.android.location.reporting.ACTION_LOCATION_STATUS cmp=xxxx (has extras) }, extras=Bundle[{status=LocationStatus[cell status: STATUS_SUCCESSFUL, wifi status: STATUS_SUCCESSFUL, elapsed realtime ns: 19183643000000]}]
08-28 06:44:05.969 I/AdsMeasurementBroadcastReceiver( 737): Reporting settings might have changed, alerting AdsMeasurementService
08-28 06:44:05.969 D/AdsMeasurementBroadcastReceiver( 737): Unauthorized to start the main service
08-28 06:44:07.659 E/SMD ( 104): DCD OFF
08-28 06:44:10.669 E/SMD ( 104): DCD OFF
08-28 06:44:13.669 E/SMD ( 104): DCD OFF
08-28 06:44:16.669 E/SMD ( 104): DCD OFF
08-28 06:44:18.769 V/StatusBar.BatteryController( 483): status5batteryHealth 2
08-28 06:44:18.769 D/StatusBar.BatteryController( 483): mOldstatus5status 5
08-28 06:44:18.769 D/StatusBar.BatteryController( 483): now old status is 5
08-28 06:44:19.669 E/SMD ( 104): DCD OFF
08-28 06:44:22.679 E/SMD ( 104): DCD OFF
08-28 06:44:23.249 V/StatusBar.BatteryController( 483): status5batteryHealth 2
08-28 06:44:23.249 D/StatusBar.BatteryController( 483): mOldstatus5status 5
08-28 06:44:23.249 D/StatusBar.BatteryController( 483): now old status is 5
08-28 06:44:24.469 W/SignalStrength( 276): getCdmaLevel=1
08-28 06:44:24.469 W/SignalStrength( 276): getEvdoLevel=0
08-28 06:44:24.469 W/SignalStrength( 276): getCdmaLevel=1
08-28 06:44:24.469 W/SignalStrength( 276): getLevel=1
08-28 06:44:24.469 W/SignalStrength( 483): getCdmaLevel=1
08-28 06:44:24.469 W/SignalStrength( 483): getEvdoLevel=0
08-28 06:44:24.469 W/SignalStrength( 483): getCdmaLevel=1
08-28 06:44:24.469 W/SignalStrength( 483): getLevel=1
08-28 06:44:25.469 W/SignalStrength( 276): getCdmaLevel=2
08-28 06:44:25.469 W/SignalStrength( 276): getEvdoLevel=0
08-28 06:44:25.469 W/SignalStrength( 276): getCdmaLevel=2
08-28 06:44:25.469 W/SignalStrength( 276): getLevel=2
08-28 06:44:25.469 W/SignalStrength( 483): getCdmaLevel=2
08-28 06:44:25.469 W/SignalStrength( 483): getEvdoLevel=0
08-28 06:44:25.469 W/SignalStrength( 483): getCdmaLevel=2
08-28 06:44:25.469 W/SignalStrength( 483): getLevel=2
08-28 06:44:25.679 E/SMD ( 104): DCD OFF
08-28 06:44:28.679 E/SMD ( 104): DCD OFF
08-28 06:44:31.689 E/SMD ( 104): DCD OFF
08-28 06:44:33.249 V/StatusBar.BatteryController( 483): status5batteryHealth 2
08-28 06:44:33.249 D/StatusBar.BatteryController( 483): mOldstatus5status 5
08-28 06:44:33.249 D/StatusBar.BatteryController( 483): now old status is 5
08-28 06:44:34.679 E/SMD ( 104): DCD OFF
08-28 06:44:37.689 E/SMD ( 104): DCD OFF
08-28 06:44:40.689 E/SMD ( 104): DCD OFF
08-28 06:44:43.269 V/StatusBar.BatteryController( 483): status5batteryHealth 2
08-28 06:44:43.269 D/StatusBar.BatteryController( 483): mOldstatus5status 5
08-28 06:44:43.269 D/StatusBar.BatteryController( 483): now old status is 5
08-28 06:44:43.689 E/SMD ( 104): DCD OFF
08-28 06:44:46.699 E/SMD ( 104): DCD OFF
08-28 06:44:49.689 E/SMD ( 104): DCD OFF
08-28 06:44:52.699 E/SMD ( 104): DCD OFF
08-28 06:44:53.289 V/StatusBar.BatteryController( 483): status5batteryHealth 2
08-28 06:44:53.289 D/StatusBar.BatteryController( 483): mOldstatus5status 5
08-28 06:44:53.289 D/StatusBar.BatteryController( 483): now old status is 5
08-28 06:44:55.699 E/SMD ( 104): DCD OFF
08-28 06:44:58.699 E/SMD ( 104): DCD OFF
08-28 06:45:00.009 E/WifiStateMachine( 276): set suspend optimizations failed!
08-28 06:45:00.069 D/SensorManager( 867): registerListener :: handle = 0 name= BOSCH 3-axis Accelerometer delay= 10000 Listener= kvn@412a27e0
08-28 06:45:00.069 E/SensorManager( 867): thread start
08-28 06:45:00.069 E/SensorManager( 867): =======>>>Sensor Thread RUNNING <<<========
08-28 06:45:00.229 E/WifiStateMachine( 276): set suspend optimizations failed!
08-28 06:45:00.799 I/SensorManager( 867): Set normal delay = true
08-28 06:45:00.879 D/SensorManager( 867): unregisterListener:: disable all sensors for this listener, name = BOSCH 3-axis Accelerometer listener = kvn@412a27e0
08-28 06:45:01.709 E/SMD ( 104): DCD OFF
08-28 06:45:04.709 E/SMD ( 104): DCD OFF
08-28 06:45:07.709 E/SMD ( 104): DCD OFF
08-28 06:45:10.719 E/SMD ( 104): DCD OFF
08-28 06:45:13.489 W/SignalStrength( 276): getCdmaLevel=3
08-28 06:45:13.489 W/SignalStrength( 276): getEvdoLevel=0
08-28 06:45:13.489 W/SignalStrength( 276): getCdmaLevel=3
08-28 06:45:13.489 W/SignalStrength( 276): getLevel=3
08-28 06:45:13.489 W/SignalStrength( 483): getCdmaLevel=3
08-28 06:45:13.489 W/SignalStrength( 483): getEvdoLevel=0
08-28 06:45:13.489 W/SignalStrength( 483): getCdmaLevel=3
08-28 06:45:13.489 W/SignalStrength( 483): getLevel=3
08-28 06:45:13.719 E/SMD ( 104): DCD OFF
08-28 06:45:16.719 E/SMD ( 104): DCD OFF
08-28 06:45:19.719 E/SMD ( 104): DCD OFF
08-28 06:45:22.489 W/SignalStrength( 276): getCdmaLevel=2
08-28 06:45:22.489 W/SignalStrength( 276): getEvdoLevel=0
08-28 06:45:22.489 W/SignalStrength( 276): getCdmaLevel=2
08-28 06:45:22.489 W/SignalStrength( 276): getLevel=2
08-28 06:45:22.499 W/SignalStrength( 483): getCdmaLevel=2
08-28 06:45:22.499 W/SignalStrength( 483): getEvdoLevel=0
08-28 06:45:22.499 W/SignalStrength( 483): getCdmaLevel=2
08-28 06:45:22.499 W/SignalStrength( 483): getLevel=2
08-28 06:45:22.719 E/SMD ( 104): DCD OFF
08-28 06:45:25.729 E/SMD ( 104): DCD OFF
08-28 06:45:28.719 E/SMD ( 104): DCD OFF
08-28 06:45:31.729 E/SMD ( 104): DCD OFF
08-28 06:45:33.379 V/StatusBar.BatteryController( 483): status5batteryHealth 2
08-28 06:45:33.379 D/StatusBar.BatteryController( 483): mOldstatus5status 5
08-28 06:45:33.379 D/StatusBar.BatteryController( 483): now old status is 5
08-28 06:45:34.729 E/SMD ( 104): DCD OFF
08-28 06:45:37.499 W/SignalStrength( 276): getCdmaLevel=3
08-28 06:45:37.499 W/SignalStrength( 276): getEvdoLevel=0
08-28 06:45:37.499 W/SignalStrength( 276): getCdmaLevel=3
08-28 06:45:37.499 W/SignalStrength( 276): getLevel=3
08-28 06:45:37.499 W/SignalStrength( 483): getCdmaLevel=3
08-28 06:45:37.499 W/SignalStrength( 483): getEvdoLevel=0
08-28 06:45:37.499 W/SignalStrength( 483): getCdmaLevel=3
08-28 06:45:37.499 W/SignalStrength( 483): getLevel=3
08-28 06:45:37.729 E/SMD ( 104): DCD OFF
08-28 06:45:40.739 E/SMD ( 104): DCD OFF
08-28 06:45:43.389 V/StatusBar.BatteryController( 483): status5batteryHealth 2
08-28 06:45:43.389 D/StatusBar.BatteryController( 483): mOldstatus5status 5
08-28 06:45:43.389 D/StatusBar.BatteryController( 483): now old status is 5
08-28 06:45:43.499 W/SignalStrength( 276): getCdmaLevel=2
08-28 06:45:43.499 W/SignalStrength( 276): getEvdoLevel=0
08-28 06:45:43.499 W/SignalStrength( 276): getCdmaLevel=2
08-28 06:45:43.499 W/SignalStrength( 276): getLevel=2
08-28 06:45:43.499 W/SignalStrength( 483): getCdmaLevel=2
08-28 06:45:43.499 W/SignalStrength( 483): getEvdoLevel=0
08-28 06:45:43.499 W/SignalStrength( 483): getCdmaLevel=2
08-28 06:45:43.499 W/SignalStrength( 483): getLevel=2
08-28 06:45:43.739 E/SMD ( 104): DCD OFF
08-28 06:45:46.739 E/SMD ( 104): DCD OFF
08-28 06:45:49.739 E/SMD ( 104): DCD OFF
08-28 06:45:52.749 E/SMD ( 104): DCD OFF
08-28 06:45:53.419 V/StatusBar.BatteryController( 483): status5batteryHealth 2
08-28 06:45:53.419 D/StatusBar.BatteryController( 483): mOldstatus5status 5
08-28 06:45:53.419 D/StatusBar.BatteryController( 483): now old status is 5
08-28 06:45:55.739 E/SMD ( 104): DCD OFF
08-28 06:45:58.749 E/SMD ( 104): DCD OFF
08-28 06:46:01.749 E/SMD ( 104): DCD OFF
08-28 06:46:03.439 V/StatusBar.BatteryController( 483): status5batteryHealth 2
08-28 06:46:03.439 D/StatusBar.BatteryController( 483): mOldstatus5status 5
08-28 06:46:03.439 D/StatusBar.BatteryController( 483): now old status is 5
08-28 06:46:04.749 E/SMD ( 104): DCD OFF
08-28 06:46:07.759 E/SMD ( 104): DCD OFF
08-28 06:46:10.759 E/SMD ( 104): DCD OFF
08-28 06:46:13.449 V/StatusBar.BatteryController( 483): status5batteryHealth 2
08-28 06:46:13.449 D/StatusBar.BatteryController( 483): mOldstatus5status 5
08-28 06:46:13.449 D/StatusBar.BatteryController( 483): now old status is 5
08-28 06:46:13.759 E/SMD ( 104): DCD OFF
08-28 06:46:16.759 E/SMD ( 104): DCD OFF
08-28 06:46:19.769 E/SMD ( 104): DCD OFF
08-28 06:46:22.759 E/SMD ( 104): DCD OFF
08-28 06:46:23.479 V/StatusBar.BatteryController( 483): status5batteryHealth 2
08-28 06:46:23.479 D/StatusBar.BatteryController( 483): mOldstatus5status 5
08-28 06:46:23.479 D/StatusBar.BatteryController( 483): now old status is 5
08-28 06:46:25.769 E/SMD ( 104): DCD OFF
08-28 06:46:26.519 W/SignalStrength( 276): getCdmaLevel=1
08-28 06:46:26.519 W/SignalStrength( 276): getEvdoLevel=0
08-28 06:46:26.519 W/SignalStrength( 276): getCdmaLevel=1
08-28 06:46:26.519 W/SignalStrength( 276): getLevel=1
08-28 06:46:26.519 W/SignalStrength( 483): getCdmaLevel=1
08-28 06:46:26.519 W/SignalStrength( 483): getEvdoLevel=0
08-28 06:46:26.519 W/SignalStrength( 483): getCdmaLevel=1
08-28 06:46:26.519 W/SignalStrength( 483): getLevel=1
08-28 06:46:27.519 W/SignalStrength( 276): getCdmaLevel=0
08-28 06:46:27.519 W/SignalStrength( 276): getEvdoLevel=0
08-28 06:46:27.519 W/SignalStrength( 276): getCdmaLevel=0
08-28 06:46:27.519 W/SignalStrength( 276): getLevel=0
08-28 06:46:27.519 W/SignalStrength( 483): getCdmaLevel=0
08-28 06:46:27.519 W/SignalStrength( 483): getEvdoLevel=0
08-28 06:46:27.519 W/SignalStrength( 483): getCdmaLevel=0
08-28 06:46:27.519 W/SignalStrength( 483): getLevel=0
08-28 06:46:28.519 W/SignalStrength( 276): getCdmaLevel=1
08-28 06:46:28.519 W/SignalStrength( 276): getEvdoLevel=0
08-28 06:46:28.519 W/SignalStrength( 276): getCdmaLevel=1
08-28 06:46:28.519 W/SignalStrength( 276): getLevel=1
08-28 06:46:28.519 W/SignalStrength( 483): getCdmaLevel=1
08-28 06:46:28.519 W/SignalStrength( 483): getEvdoLevel=0
08-28 06:46:28.519 W/SignalStrength( 483): getCdmaLevel=1
08-28 06:46:28.519 W/SignalStrength( 483): getLevel=1
08-28 06:46:28.769 E/SMD ( 104): DCD OFF
08-28 06:46:31.519 W/SignalStrength( 276): getCdmaLevel=2
08-28 06:46:31.519 W/SignalStrength( 276): getEvdoLevel=0
08-28 06:46:31.519 W/SignalStrength( 276): getCdmaLevel=2
08-28 06:46:31.519 W/SignalStrength( 276): getLevel=2
08-28 06:46:31.519 W/SignalStrength( 483): getCdmaLevel=2
08-28 06:46:31.519 W/SignalStrength( 483): getEvdoLevel=0
08-28 06:46:31.519 W/SignalStrength( 483): getCdmaLevel=2
08-28 06:46:31.519 W/SignalStrength( 483): getLevel=2
08-28 06:46:31.769 E/SMD ( 104): DCD OFF
08-28 06:46:34.779 E/SMD ( 104): DCD OFF
08-28 06:46:37.779 E/SMD ( 104): DCD OFF
08-28 06:46:40.779 E/SMD ( 104): DCD OFF
08-28 06:46:42.519 W/SignalStrength( 276): getCdmaLevel=1
08-28 06:46:42.519 W/SignalStrength( 276): getEvdoLevel=0
08-28 06:46:42.519 W/SignalStrength( 276): getCdmaLevel=1
08-28 06:46:42.519 W/SignalStrength( 276): getLevel=1
08-28 06:46:42.529 W/SignalStrength( 483): getCdmaLevel=1
08-28 06:46:42.529 W/SignalStrength( 483): getEvdoLevel=0
08-28 06:46:42.529 W/SignalStrength( 483): getCdmaLevel=1
08-28 06:46:42.529 W/SignalStrength( 483): getLevel=1
08-28 06:46:43.519 W/SignalStrength( 276): getCdmaLevel=2
08-28 06:46:43.519 W/SignalStrength( 276): getEvdoLevel=0
08-28 06:46:43.519 W/SignalStrength( 276): getCdmaLevel=2
08-28 06:46:43.519 W/SignalStrength( 276): getLevel=2
08-28 06:46:43.519 V/StatusBar.BatteryController( 483): status5batteryHealth 2
08-28 06:46:43.519 D/StatusBar.BatteryController( 483): mOldstatus5status 5
08-28 06:46:43.519 D/StatusBar.BatteryController( 483): now old status is 5
08-28 06:46:43.529 W/SignalStrength( 483): getCdmaLevel=2
08-28 06:46:43.529 W/SignalStrength( 483): getEvdoLevel=0
08-28 06:46:43.529 W/SignalStrength( 483): getCdmaLevel=2
08-28 06:46:43.529 W/SignalStrength( 483): getLevel=2
08-28 06:46:43.779 E/SMD ( 104): DCD OFF
08-28 06:46:46.789 E/SMD ( 104): DCD OFF
08-28 06:46:49.789 E/SMD ( 104): DCD OFF
08-28 06:46:52.789 E/SMD ( 104): DCD OFF
08-28 06:46:53.539 V/StatusBar.BatteryController( 483): status5batteryHealth 2
08-28 06:46:53.539 D/StatusBar.BatteryController( 483): mOldstatus5status 5
08-28 06:46:53.539 D/StatusBar.BatteryController( 483): now old status is 5
08-28 06:46:55.789 E/SMD ( 104): DCD OFF
08-28 06:46:58.799 E/SMD ( 104): DCD OFF
08-28 06:47:01.799 E/SMD ( 104): DCD OFF
08-28 06:47:03.559 V/StatusBar.BatteryController( 483): status5batteryHealth 2
08-28 06:47:03.559 D/StatusBar.BatteryController( 483): mOldstatus5status 5
08-28 06:47:03.559 D/StatusBar.BatteryController( 483): now old status is 5
08-28 06:47:04.799 E/SMD ( 104): DCD OFF
08-28 06:47:07.799 E/SMD ( 104): DCD OFF
08-28 06:47:10.799 E/SMD ( 104): DCD OFF
08-28 06:47:13.569 V/StatusBar.BatteryController( 483): status5batteryHealth 2
08-28 06:47:13.569 D/StatusBar.BatteryController( 483): mOldstatus5status 5
08-28 06:47:13.569 D/StatusBar.BatteryController( 483): now old status is 5
08-28 06:47:13.809 E/SMD ( 104): DCD OFF
08-28 06:47:16.799 E/SMD ( 104): DCD OFF
08-28 06:47:19.809 E/SMD ( 104): DCD OFF
08-28 06:47:22.809 E/SMD ( 104): DCD OFF
08-28 06:47:23.589 V/StatusBar.BatteryController( 483): status5batteryHealth 2
08-28 06:47:23.589 D/StatusBar.BatteryController( 483): mOldstatus5status 5
08-28 06:47:23.589 D/StatusBar.BatteryController( 483): now old status is 5
08-28 06:47:25.809 E/SMD ( 104): DCD OFF
08-28 06:47:28.659 D/Tethering( 276): interfaceLinkStateChanged wlan0, true
08-28 06:47:28.659 D/Tethering( 276): interfaceStatusChanged wlan0, true
08-28 06:47:28.819 E/SMD ( 104): DCD OFF
08-28 06:47:31.819 E/SMD ( 104): DCD OFF
08-28 06:47:34.819 E/SMD ( 104): DCD OFF
08-28 06:47:35.059 D/Tethering( 276): interfaceLinkStateChanged wlan0, true
08-28 06:47:35.059 D/Tethering( 276): interfaceStatusChanged wlan0, true
08-28 06:47:37.819 E/SMD ( 104): DCD OFF
08-28 06:47:40.819 E/SMD ( 104): DCD OFF
08-28 06:47:43.629 V/StatusBar.BatteryController( 483): status5batteryHealth 2
08-28 06:47:43.629 D/StatusBar.BatteryController( 483): mOldstatus5status 5
08-28 06:47:43.629 D/StatusBar.BatteryController( 483): now old status is 5
08-28 06:47:43.829 E/SMD ( 104): DCD OFF
08-28 06:47:46.829 E/SMD ( 104): DCD OFF
08-28 06:47:49.669 W/ThrottleService( 276): unable to find stats for iface rmnet0
08-28 06:47:49.829 E/SMD ( 104): DCD OFF
08-28 06:47:51.719 D/Tethering( 276): interfaceLinkStateChanged wlan0, true
08-28 06:47:51.719 D/Tethering( 276): interfaceStatusChanged wlan0, true
08-28 06:47:52.839 E/SMD ( 104): DCD OFF
08-28 06:47:53.659 V/StatusBar.BatteryController( 483): status5batteryHealth 2
08-28 06:47:53.659 D/StatusBar.BatteryController( 483): mOldstatus5status 5
08-28 06:47:53.659 D/StatusBar.BatteryController( 483): now old status is 5
08-28 06:47:55.839 E/SMD ( 104): DCD OFF
08-28 06:47:58.839 E/SMD ( 104): DCD OFF
08-28 06:47:59.059 D/SensorManager( 867): registerListener :: handle = 0 name= BOSCH 3-axis Accelerometer delay= 10000 Listener= kvn@414e9e30
08-28 06:47:59.059 E/SensorManager( 867): thread start
08-28 06:47:59.059 E/SensorManager( 867): =======>>>Sensor Thread RUNNING <<<========
08-28 06:47:59.749 I/SensorManager( 867): Set normal delay = true
08-28 06:47:59.829 D/SensorManager( 867): unregisterListener:: disable all sensors for this listener, name = BOSCH 3-axis Accelerometer listener = kvn@414e9e30
08-28 06:48:01.839 E/SMD ( 104): DCD OFF
08-28 06:48:03.669 V/StatusBar.BatteryController( 483): status5batteryHealth 2
08-28 06:48:03.679 D/StatusBar.BatteryController( 483): mOldstatus5status 5
08-28 06:48:03.679 D/StatusBar.BatteryController( 483): now old status is 5
08-28 06:48:04.839 E/SMD ( 104): DCD OFF
08-28 06:48:07.839 E/SMD ( 104): DCD OFF
08-28 06:48:10.849 E/SMD ( 104): DCD OFF
08-28 06:48:13.689 V/StatusBar.BatteryController( 483): status5batteryHealth 2
08-28 06:48:13.689 D/StatusBar.BatteryController( 483): mOldstatus5status 5
08-28 06:48:13.689 D/StatusBar.BatteryController( 483): now old status is 5
08-28 06:48:13.709 E/WifiStateMachine( 276): set suspend optimizations failed!
08-28 06:48:13.849 E/SMD ( 104): DCD OFF
08-28 06:48:14.199 E/WifiStateMachine( 276): set suspend optimizations failed!
08-28 06:48:16.849 E/SMD ( 104): DCD OFF
08-28 06:48:19.849 E/SMD ( 104): DCD OFF
08-28 06:48:22.859 E/SMD ( 104): DCD OFF
08-28 06:48:23.709 V/StatusBar.BatteryController( 483): status5batteryHealth 2
08-28 06:48:23.719 D/StatusBar.BatteryController( 483): mOldstatus5status 5
08-28 06:48:23.719 D/StatusBar.BatteryController( 483): now old status is 5
08-28 06:48:25.859 E/SMD ( 104): DCD OFF
08-28 06:48:28.829 D/Tethering( 276): interfaceLinkStateChanged wlan0, true
08-28 06:48:28.829 D/Tethering( 276): interfaceStatusChanged wlan0, true
08-28 06:48:28.859 E/SMD ( 104): DCD OFF
08-28 06:48:31.869 E/SMD ( 104): DCD OFF
08-28 06:48:33.729 V/StatusBar.BatteryController( 483): status5batteryHealth 2
08-28 06:48:33.729 D/StatusBar.BatteryController( 483): mOldstatus5status 5
08-28 06:48:33.729 D/StatusBar.BatteryController( 483): now old status is 5
08-28 06:48:34.869 E/SMD ( 104): DCD OFF
08-28 06:48:37.869 E/SMD ( 104): DCD OFF
08-28 06:48:40.869 E/SMD ( 104): DCD OFF
08-28 06:48:43.749 V/StatusBar.BatteryController( 483): status5batteryHealth 2
08-28 06:48:43.749 D/StatusBar.BatteryController( 483): mOldstatus5status 5
08-28 06:48:43.749 D/StatusBar.BatteryController( 483): now old status is 5
08-28 06:48:43.869 E/SMD ( 104): DCD OFF
08-28 06:48:46.879 E/SMD ( 104): DCD OFF
08-28 06:48:49.879 E/SMD ( 104): DCD OFF
08-28 06:48:52.879 E/SMD ( 104): DCD OFF
08-28 06:48:53.779 V/StatusBar.BatteryController( 483): status5batteryHealth 2
08-28 06:48:53.779 D/StatusBar.BatteryController( 483): mOldstatus5status 5
08-28 06:48:53.779 D/StatusBar.BatteryController( 483): now old status is 5
08-28 06:48:55.879 E/SMD ( 104): DCD OFF
08-28 06:48:58.889 E/SMD ( 104): DCD OFF
08-28 06:49:01.879 E/SMD ( 104): DCD OFF
08-28 06:49:03.789 V/StatusBar.BatteryController( 483): status5batteryHealth 2
08-28 06:49:03.789 D/StatusBar.BatteryController( 483): mOldstatus5status 5
08-28 06:49:03.789 D/StatusBar.BatteryController( 483): now old status is 5
08-28 06:49:04.889 E/SMD ( 104): DCD OFF
08-28 06:49:07.889 E/SMD ( 104): DCD OFF
08-28 06:49:10.889 E/SMD ( 104): DCD OFF
08-28 06:49:13.809 V/StatusBar.BatteryController( 483): status5batteryHealth 2
08-28 06:49:13.809 D/StatusBar.BatteryController( 483): mOldstatus5status 5
08-28 06:49:13.809 D/StatusBar.BatteryController( 483): now old status is 5
08-28 06:49:13.889 E/SMD ( 104): DCD OFF
08-28 06:49:16.899 E/SMD ( 104): DCD OFF
08-28 06:49:19.899 E/SMD ( 104): DCD OFF
08-28 06:49:22.899 E/SMD ( 104): DCD OFF
08-28 06:49:23.829 V/StatusBar.BatteryController( 483): status5batteryHealth 2
08-28 06:49:23.829 D/StatusBar.BatteryController( 483): mOldstatus5status 5
08-28 06:49:23.829 D/StatusBar.BatteryController( 483): now old status is 5
08-28 06:49:25.909 E/SMD ( 104): DCD OFF
08-28 06:49:28.909 E/SMD ( 104): DCD OFF
08-28 06:49:31.909 E/SMD ( 104): DCD OFF
08-28 06:49:33.849 V/StatusBar.BatteryController( 483): status5batteryHealth 2
08-28 06:49:33.849 D/StatusBar.BatteryController( 483): mOldstatus5status 5
08-28 06:49:33.849 D/StatusBar.BatteryController( 483): now old status is 5
08-28 06:49:34.909 E/SMD ( 104): DCD OFF
08-28 06:49:37.909 E/SMD ( 104): DCD OFF
08-28 06:49:40.909 E/SMD ( 104): DCD OFF
08-28 06:49:43.869 V/StatusBar.BatteryController( 483): status5batteryHealth 2
08-28 06:49:43.869 D/StatusBar.BatteryController( 483): mOldstatus5status 5
08-28 06:49:43.869 D/StatusBar.BatteryController( 483): now old status is 5
08-28 06:49:43.919 E/SMD ( 104): DCD OFF
08-28 06:49:46.919 E/SMD ( 104): DCD OFF
08-28 06:49:49.919 E/SMD ( 104): DCD OFF
08-28 06:49:52.929 E/SMD ( 104): DCD OFF
08-28 06:49:53.889 V/StatusBar.BatteryController( 483): status5batteryHealth 2
08-28 06:49:53.889 D/StatusBar.BatteryController( 483): mOldstatus5status 5
08-28 06:49:53.889 D/StatusBar.BatteryController( 483): now old status is 5
08-28 06:49:55.919 E/SMD ( 104): DCD OFF
08-28 06:49:58.929 E/SMD ( 104): DCD OFF
08-28 06:50:01.929 E/SMD ( 104): DCD OFF
08-28 06:50:03.909 V/StatusBar.BatteryController( 483): status5batteryHealth 2
08-28 06:50:03.909 D/StatusBar.BatteryController( 483): mOldstatus5status 5
08-28 06:50:03.909 D/StatusBar.BatteryController( 483): now old status is 5
08-28 06:50:04.929 E/SMD ( 104): DCD OFF
08-28 06:50:07.929 E/SMD ( 104): DCD OFF
08-28 06:50:10.939 E/SMD ( 104): DCD OFF
08-28 06:50:13.929 V/StatusBar.BatteryController( 483): status5batteryHealth 2
08-28 06:50:13.929 D/StatusBar.BatteryController( 483): mOldstatus5status 5
08-28 06:50:13.929 D/StatusBar.BatteryController( 483): now old status is 5
08-28 06:50:13.939 E/SMD ( 104): DCD OFF
08-28 06:50:16.939 E/SMD ( 104): DCD OFF
08-28 06:50:19.939 E/SMD ( 104): DCD OFF
08-28 06:50:22.949 E/SMD ( 104): DCD OFF
08-28 06:50:25.949 E/SMD ( 104): DCD OFF
08-28 06:50:28.949 E/SMD ( 104): DCD OFF
08-28 06:50:29.179 D/Tethering( 276): interfaceLinkStateChanged wlan0, true
08-28 06:50:29.179 D/Tethering( 276): interfaceStatusChanged wlan0, true
08-28 06:50:31.949 E/SMD ( 104): DCD OFF
08-28 06:50:34.959 E/SMD ( 104): DCD OFF
08-28 06:50:37.959 E/SMD ( 104): DCD OFF
08-28 06:50:40.959 E/SMD ( 104): DCD OFF
08-28 06:50:43.959 E/SMD ( 104): DCD OFF
08-28 06:50:46.619 W/SignalStrength( 276): getCdmaLevel=3
08-28 06:50:46.619 W/SignalStrength( 276): getEvdoLevel=0
08-28 06:50:46.619 W/SignalStrength( 276): getCdmaLevel=3
08-28 06:50:46.619 W/SignalStrength( 276): getLevel=3
08-28 06:50:46.619 W/SignalStrength( 483): getCdmaLevel=3
08-28 06:50:46.619 W/SignalStrength( 483): getEvdoLevel=0
08-28 06:50:46.619 W/SignalStrength( 483): getCdmaLevel=3
08-28 06:50:46.619 W/SignalStrength( 483): getLevel=3
08-28 06:50:46.969 E/SMD ( 104): DCD OFF
08-28 06:50:49.969 E/SMD ( 104): DCD OFF
08-28 06:50:52.969 E/SMD ( 104): DCD OFF
08-28 06:50:53.619 W/SignalStrength( 276): getCdmaLevel=2
08-28 06:50:53.619 W/SignalStrength( 276): getEvdoLevel=0
08-28 06:50:53.619 W/SignalStrength( 276): getCdmaLevel=2
08-28 06:50:53.619 W/SignalStrength( 276): getLevel=2
08-28 06:50:53.629 W/SignalStrength( 483): getCdmaLevel=2
08-28 06:50:53.629 W/SignalStrength( 483): getEvdoLevel=0
08-28 06:50:53.629 W/SignalStrength( 483): getCdmaLevel=2
08-28 06:50:53.629 W/SignalStrength( 483): getLevel=2
08-28 06:50:54.009 V/StatusBar.BatteryController( 483): status5batteryHealth 2
08-28 06:50:54.009 D/StatusBar.BatteryController( 483): mOldstatus5status 5
08-28 06:50:54.009 D/StatusBar.BatteryController( 483): now old status is 5
08-28 06:50:55.969 E/SMD ( 104): DCD OFF
08-28 06:50:58.979 E/SMD ( 104): DCD OFF
08-28 06:51:01.979 E/SMD ( 104): DCD OFF
08-28 06:51:04.029 V/StatusBar.BatteryController( 483): status5batteryHealth 2
08-28 06:51:04.029 D/StatusBar.BatteryController( 483): mOldstatus5status 5
08-28 06:51:04.029 D/StatusBar.BatteryController( 483): now old status is 5
08-28 06:51:04.979 E/SMD ( 104): DCD OFF
08-28 06:51:07.979 E/SMD ( 104): DCD OFF
08-28 06:51:09.199 E/WifiStateMachine( 276): set suspend optimizations failed!
08-28 06:51:09.239 D/SensorManager( 867): registerListener :: handle = 0 name= BOSCH 3-axis Accelerometer delay= 10000 Listener= kvn@4122de50
08-28 06:51:09.239 E/SensorManager( 867): thread start
08-28 06:51:09.239 E/SensorManager( 867): =======>>>Sensor Thread RUNNING <<<========
08-28 06:51:09.949 I/SensorManager( 867): Set normal delay = true
08-28 06:51:09.969 D/Tethering( 276): interfaceLinkStateChanged wlan0, true
08-28 06:51:09.969 D/Tethering( 276): interfaceStatusChanged wlan0, true
08-28 06:51:09.969 D/Tethering( 276): interfaceLinkStateChanged wlan0, true
08-28 06:51:09.969 D/Tethering( 276): interfaceStatusChanged wlan0, true
08-28 06:51:10.039 D/SensorManager( 867): unregisterListener:: disable all sensors for this listener, name = BOSCH 3-axis Accelerometer listener = kvn@4122de50
08-28 06:51:10.269 E/WifiStateMachine( 276): set suspend optimizations failed!
08-28 06:51:10.279 I/GCoreUlr( 867): Received powerMode change from NLP: com.google.android.location.activity.LOW_POWER_MODE_ENABLED
08-28 06:51:10.279 I/GCoreUlr( 867): Starting service, intent=Intent { act=com.google.android.location.reporting.ACTION_UPDATE_ACTIVE_STATE cmp=xxxx }, extras=null
08-28 06:51:10.409 I/GCoreUlr( 867): Successfully inserted location
08-28 06:51:10.489 I/GCoreUlr( 867): Starting service, intent=Intent { cmp=xxxx }, extras=null
08-28 06:51:10.809 I/GCoreUlr( 867): Ensuring that reporting is active for [account#15#]
08-28 06:51:10.819 W/GLSUser ( 588): GoogleAccountDataService.getToken()
08-28 06:51:10.869 I/GCoreUlr( 867): Starting service, intent=Intent { act=com.google.android.location.reporting.ACTION_LOCATION_STATUS cmp=xxxx (has extras) }, extras=Bundle[{status=LocationStatus[cell status: STATUS_SUCCESSFUL, wifi status: STATUS_SUCCESSFUL, elapsed realtime ns: 19183643000000]}]
08-28 06:51:10.909 W/NetworkManagementSocketTagger( 867): untagSocket(55) failed with errno -22
08-28 06:51:10.909 I/mbh ( 867): I/O exception (org.apache.http.NoHttpResponseException) caught when processing request: The target server failed to respond
08-28 06:51:10.909 I/mbh ( 867): Retrying request
08-28 06:51:10.979 E/SMD ( 104): DCD OFF
08-28 06:51:11.239 W/mbh ( 867): Authentication error: Unable to respond to any of these challenges: {bearer=WWW-Authenticate: Bearer realm="https://accounts.google.com/AuthSubRequest", error=invalid_token}
08-28 06:51:11.249 E/Volley ( 867): [77] tm.a: Unexpected response code 401 for https://www.googleapis.com/userlocation/v1/reports/902092423?nlpVersion=2010&platform=android%2Fsamsung%2Famazing3gtrf%2Famazing3gtrf%3A4.0.4%2FIMM76D%2FS738CWYAMJ1%3Auser%2Frelease-keys
08-28 06:51:11.399 W/GLSUser ( 588): GoogleAccountDataService.getToken()
08-28 06:51:11.839 W/GLSUser ( 588): [avd][avd] Permission for com.google.android.gms to access oauth2:https://www.googleapis.com/auth/userlocation.reporting will be managed locally.
08-28 06:51:12.159 W/NetworkManagementSocketTagger( 867): untagSocket(55) failed with errno -22
08-28 06:51:12.209 I/GCoreUlr( 867): Starting service, intent=Intent { act=com.google.android.location.reporting.ACTION_UPDATE_ACTIVE_STATE cmp=xxxx }, extras=null
08-28 06:51:12.219 I/AdsMeasurementBroadcastReceiver( 737): Reporting settings might have changed, alerting AdsMeasurementService
08-28 06:51:12.219 D/AdsMeasurementBroadcastReceiver( 737): Unauthorized to start the main service
08-28 06:51:12.229 I/GCoreUlr( 867): Batch Location Update succeeded for account account#15#
08-28 06:51:12.249 E/SqliteDatabaseCpp( 867): sqlite3_exec - Failed to set synchronous mode = 1(Normal)
08-28 06:51:12.329 I/GCoreUlr( 867): Ensuring that reporting is active for [account#15#]
08-28 06:51:12.339 I/GCoreUlr( 867): Starting service, intent=Intent { act=com.google.android.location.reporting.ACTION_LOCATION_STATUS cmp=xxxx (has extras) }, extras=Bundle[{status=LocationStatus[cell status: STATUS_SUCCESSFUL, wifi status: STATUS_SUCCESSFUL, elapsed realtime ns: 19183643000000]}]
08-28 06:51:13.989 E/SMD ( 104): DCD OFF
08-28 06:51:16.989 E/SMD ( 104): DCD OFF
08-28 06:51:19.989 E/SMD ( 104): DCD OFF
08-28 06:51:22.989 E/SMD ( 104): DCD OFF
08-28 06:51:25.999 E/SMD ( 104): DCD OFF
08-28 06:51:28.999 E/SMD ( 104): DCD OFF
08-28 06:51:30.739 D/Tethering( 276): interfaceLinkStateChanged wlan0, true
08-28 06:51:30.739 D/Tethering( 276): interfaceStatusChanged wlan0, true
08-28 06:51:31.999 E/SMD ( 104): DCD OFF
08-28 06:51:32.559 D/GpsLocationProvider( 276): ALARM_WAKEUP
08-28 06:51:32.559 D/GpsLocationProvider( 276): startNavigating
08-28 06:51:32.559 D/GpsLocationProvider( 276): GlobalConfig.GLOBALCONFIG_GPS_CDMA=true
08-28 06:51:32.559 D/GpsLocationProvider( 276): startNavigating with Position Mode = 0
08-28 06:51:32.559 E/libsecgps( 276): gps_start:
08-28 06:51:32.589 V/GpsLocationProvider( 276): reportStatus status: 3
08-28 06:51:32.599 V/GpsLocationProvider( 276): reportStatus status: 1
08-28 06:51:34.089 V/StatusBar.BatteryController( 483): status5batteryHealth 2
08-28 06:51:34.089 D/StatusBar.BatteryController( 483): mOldstatus5status 5
08-28 06:51:34.089 D/StatusBar.BatteryController( 483): now old status is 5
08-28 06:51:34.999 E/SMD ( 104): DCD OFF
08-28 06:51:38.009 E/SMD ( 104): DCD OFF
08-28 06:51:40.999 E/SMD ( 104): DCD OFF
08-28 06:51:41.529 E/GPSD ( 119): SecLBS_update_location:
08-28 06:51:41.529 D/GpsLocationProvider( 276): TTFF: 8972
08-28 06:51:41.549 D/GpsLocationProvider( 276): got fix, hibernating
08-28 06:51:41.549 D/GpsLocationProvider( 276): stopNavigating
08-28 06:51:41.549 E/libsecgps( 276): gps_stop:
08-28 06:51:41.569 V/GpsLocationProvider( 276): reportStatus status: 2
08-28 06:51:41.569 V/GpsLocationProvider( 276): reportStatus status: 4
08-28 06:51:41.619 D/MyGPSClockApp( 6043): +onLocationChanged
08-28 06:51:41.619 D/MyGPSClockApp( 6043): +getGPSDatetime
08-28 06:51:41.619 D/MyGPSClockApp( 6043): GPSTime: 1409241119000
08-28 06:51:41.619 D/MyGPSClockApp( 6043): GPS Current time: Thu Aug 28 11:51:59 EDT 2014
08-28 06:51:41.619 D/MyGPSClockApp( 6043): -getGPSDatetime
08-28 06:51:41.619 D/MyGPSClockApp( 6043): -onLocationChanged
08-28 06:51:41.669 V/GpsLocationProvider( 276): reportStatus status: 2
08-28 06:51:44.009 E/SMD ( 104): DCD OFF
08-28 06:51:44.119 V/StatusBar.BatteryController( 483): status5batteryHealth 2
08-28 06:51:44.119 D/StatusBar.BatteryController( 483): mOldstatus5status 5
08-28 06:51:44.119 D/StatusBar.BatteryController( 483): now old status is 5
08-28 06:51:44.999 D/Tethering( 276): interfaceLinkStateChanged wlan0, true
08-28 06:51:44.999 D/Tethering( 276): interfaceStatusChanged wlan0, true
08-28 06:51:47.009 E/SMD ( 104): DCD OFF
08-28 06:51:50.009 E/SMD ( 104): DCD OFF
08-28 06:51:53.009 E/SMD ( 104): DCD OFF
08-28 06:51:54.129 V/StatusBar.BatteryController( 483): status5batteryHealth 2
08-28 06:51:54.129 D/StatusBar.BatteryController( 483): mOldstatus5status 5
08-28 06:51:54.129 D/StatusBar.BatteryController( 483): now old status is 5
08-28 06:51:56.019 E/SMD ( 104): DCD OFF
08-28 06:51:59.019 E/SMD ( 104): DCD OFF
08-28 06:52:02.019 E/SMD ( 104): DCD OFF
08-28 06:52:05.019 E/SMD ( 104): DCD OFF
08-28 06:52:08.019 E/SMD ( 104): DCD OFF
08-28 06:52:11.029 E/SMD ( 104): DCD OFF
08-28 06:52:14.029 E/SMD ( 104): DCD OFF
08-28 06:52:14.519 D/Tethering( 276): interfaceLinkStateChanged wlan0, true
08-28 06:52:14.519 D/Tethering( 276): interfaceStatusChanged wlan0, true
08-28 06:52:17.029 E/SMD ( 104): DCD OFF
08-28 06:52:19.529 D/Tethering( 276): interfaceLinkStateChanged wlan0, true
08-28 06:52:19.529 D/Tethering( 276): interfaceStatusChanged wlan0, true
08-28 06:52:20.039 E/SMD ( 104): DCD OFF
08-28 06:52:23.039 E/SMD ( 104): DCD OFF
08-28 06:52:24.199 V/StatusBar.BatteryController( 483): status5batteryHealth 2
08-28 06:52:24.199 D/StatusBar.BatteryController( 483): mOldstatus5status 5
08-28 06:52:24.199 D/StatusBar.BatteryController( 483): now old status is 5
08-28 06:52:26.039 E/SMD ( 104): DCD OFF
08-28 06:52:29.039 E/SMD ( 104): DCD OFF
08-28 06:52:32.039 E/SMD ( 104): DCD OFF
08-28 06:52:34.219 V/StatusBar.BatteryController( 483): status5batteryHealth 2
08-28 06:52:34.219 D/StatusBar.BatteryController( 483): mOldstatus5status 5
08-28 06:52:34.219 D/StatusBar.BatteryController( 483): now old status is 5
08-28 06:52:35.039 E/SMD ( 104): DCD OFF
08-28 06:52:38.049 E/SMD ( 104): DCD OFF
08-28 06:52:41.049 E/SMD ( 104): DCD OFF
08-28 06:52:44.049 E/SMD ( 104): DCD OFF
08-28 06:52:44.229 V/StatusBar.BatteryController( 483): status5batteryHealth 2
08-28 06:52:44.229 D/StatusBar.BatteryController( 483): mOldstatus5status 5
08-28 06:52:44.229 D/StatusBar.BatteryController( 483): now old status is 5
08-28 06:52:47.059 E/SMD ( 104): DCD OFF
08-28 06:52:50.059 E/SMD ( 104): DCD OFF
08-28 06:52:53.059 E/SMD ( 104): DCD OFF
08-28 06:52:54.259 V/StatusBar.BatteryController( 483): status5batteryHealth 2
08-28 06:52:54.259 D/StatusBar.BatteryController( 483): mOldstatus5status 5
08-28 06:52:54.259 D/StatusBar.BatteryController( 483): now old status is 5
08-28 06:52:56.059 E/SMD ( 104): DCD OFF
08-28 06:52:59.069 E/SMD ( 104): DCD OFF
08-28 06:53:02.069 E/SMD ( 104): DCD OFF
08-28 06:53:04.279 V/StatusBar.BatteryController( 483): status5batteryHealth 2
08-28 06:53:04.279 D/StatusBar.BatteryController( 483): mOldstatus5status 5
08-28 06:53:04.279 D/StatusBar.BatteryController( 483): now old status is 5
08-28 06:53:05.069 E/SMD ( 104): DCD OFF
08-28 06:53:08.069 E/SMD ( 104): DCD OFF
08-28 06:53:11.079 E/SMD ( 104): DCD OFF
08-28 06:53:14.079 E/SMD ( 104): DCD OFF
08-28 06:53:14.289 V/StatusBar.BatteryController( 483): status5batteryHealth 2
08-28 06:53:14.289 D/StatusBar.BatteryController( 483): mOldstatus5status 5
08-28 06:53:14.289 D/StatusBar.BatteryController( 483): now old status is 5
08-28 06:53:17.079 E/SMD ( 104): DCD OFF
08-28 06:53:20.089 E/SMD ( 104): DCD OFF
08-28 06:53:23.089 E/SMD ( 104): DCD OFF
08-28 06:53:24.319 V/StatusBar.BatteryController( 483): status5batteryHealth 2
08-28 06:53:24.319 D/StatusBar.BatteryController( 483): mOldstatus5status 5
08-28 06:53:24.319 D/StatusBar.BatteryController( 483): now old status is 5
08-28 06:53:26.089 E/SMD ( 104): DCD OFF
08-28 06:53:26.689 W/SignalStrength( 276): getCdmaLevel=1
08-28 06:53:26.689 W/SignalStrength( 276): getEvdoLevel=0
08-28 06:53:26.689 W/SignalStrength( 276): getCdmaLevel=1
08-28 06:53:26.689 W/SignalStrength( 276): getLevel=1
08-28 06:53:26.699 W/SignalStrength( 483): getCdmaLevel=1
08-28 06:53:26.699 W/SignalStrength( 483): getEvdoLevel=0
08-28 06:53:26.699 W/SignalStrength( 483): getCdmaLevel=1
08-28 06:53:26.699 W/SignalStrength( 483): getLevel=1
08-28 06:53:27.689 W/SignalStrength( 276): getCdmaLevel=0
08-28 06:53:27.689 W/SignalStrength( 276): getEvdoLevel=0
08-28 06:53:27.689 W/SignalStrength( 276): getCdmaLevel=0
08-28 06:53:27.689 W/SignalStrength( 276): getLevel=0
08-28 06:53:27.699 W/SignalStrength( 483): getCdmaLevel=0
08-28 06:53:27.699 W/SignalStrength( 483): getEvdoLevel=0
08-28 06:53:27.699 W/SignalStrength( 483): getCdmaLevel=0
08-28 06:53:27.699 W/SignalStrength( 483): getLevel=0
08-28 06:53:28.689 W/SignalStrength( 276): getCdmaLevel=1
08-28 06:53:28.689 W/SignalStrength( 276): getEvdoLevel=0
08-28 06:53:28.689 W/SignalStrength( 276): getCdmaLevel=1
08-28 06:53:28.689 W/SignalStrength( 276): getLevel=1
08-28 06:53:28.699 W/SignalStrength( 483): getCdmaLevel=1
08-28 06:53:28.699 W/SignalStrength( 483): getEvdoLevel=0
08-28 06:53:28.699 W/SignalStrength( 483): getCdmaLevel=1
08-28 06:53:28.699 W/SignalStrength( 483): getLevel=1
08-28 06:53:29.089 E/SMD ( 104): DCD OFF
08-28 06:53:30.689 W/SignalStrength( 276): getCdmaLevel=2
08-28 06:53:30.689 W/SignalStrength( 276): getEvdoLevel=0
08-28 06:53:30.689 W/SignalStrength( 276): getCdmaLevel=2
08-28 06:53:30.689 W/SignalStrength( 276): getLevel=2
08-28 06:53:30.699 W/SignalStrength( 483): getCdmaLevel=2
08-28 06:53:30.699 W/SignalStrength( 483): getEvdoLevel=0
08-28 06:53:30.699 W/SignalStrength( 483): getCdmaLevel=2
08-28 06:53:30.699 W/SignalStrength( 483): getLevel=2
08-28 06:53:32.099 E/SMD ( 104): DCD OFF
08-28 06:53:34.339 V/StatusBar.BatteryController( 483): status5batteryHealth 2
08-28 06:53:34.339 D/StatusBar.BatteryController( 483): mOldstatus5status 5
08-28 06:53:34.339 D/StatusBar.BatteryController( 483): now old status is 5
08-28 06:53:35.099 E/SMD ( 104): DCD OFF
08-28 06:53:36.699 W/SignalStrength( 276): getCdmaLevel=1
08-28 06:53:36.699 W/SignalStrength( 276): getEvdoLevel=0
08-28 06:53:36.699 W/SignalStrength( 276): getCdmaLevel=1
08-28 06:53:36.699 W/SignalStrength( 276): getLevel=1
08-28 06:53:36.699 W/SignalStrength( 483): getCdmaLevel=1
08-28 06:53:36.699 W/SignalStrength( 483): getEvdoLevel=0
08-28 06:53:36.699 W/SignalStrength( 483): getCdmaLevel=1
08-28 06:53:36.699 W/SignalStrength( 483): getLevel=1
08-28 06:53:37.699 W/SignalStrength( 276): getCdmaLevel=0
08-28 06:53:37.699 W/SignalStrength( 276): getEvdoLevel=0
08-28 06:53:37.699 W/SignalStrength( 276): getCdmaLevel=0
08-28 06:53:37.699 W/SignalStrength( 276): getLevel=0
08-28 06:53:37.699 W/SignalStrength( 483): getCdmaLevel=0
08-28 06:53:37.699 W/SignalStrength( 483): getEvdoLevel=0
08-28 06:53:37.699 W/SignalStrength( 483): getCdmaLevel=0
08-28 06:53:37.699 W/SignalStrength( 483): getLevel=0
08-28 06:53:38.099 E/SMD ( 104): DCD OFF
08-28 06:53:38.699 W/SignalStrength( 276): getCdmaLevel=1
08-28 06:53:38.699 W/SignalStrength( 276): getEvdoLevel=0
08-28 06:53:38.699 W/SignalStrength( 276): getCdmaLevel=1
08-28 06:53:38.699 W/SignalStrength( 276): getLevel=1
08-28 06:53:38.699 W/SignalStrength( 483): getCdmaLevel=1
08-28 06:53:38.699 W/SignalStrength( 483): getEvdoLevel=0
08-28 06:53:38.699 W/SignalStrength( 483): getCdmaLevel=1
08-28 06:53:38.699 W/SignalStrength( 483): getLevel=1
08-28 06:53:40.699 W/SignalStrength( 276): getCdmaLevel=2
08-28 06:53:40.699 W/SignalStrength( 276): getEvdoLevel=0
08-28 06:53:40.699 W/SignalStrength( 276): getCdmaLevel=2
08-28 06:53:40.699 W/SignalStrength( 276): getLevel=2
08-28 06:53:40.699 W/SignalStrength( 483): getCdmaLevel=2
08-28 06:53:40.699 W/SignalStrength( 483): getEvdoLevel=0
08-28 06:53:40.699 W/SignalStrength( 483): getCdmaLevel=2
08-28 06:53:40.699 W/SignalStrength( 483): getLevel=2
08-28 06:53:41.099 E/SMD ( 104): DCD OFF
08-28 06:53:44.099 E/SMD ( 104): DCD OFF
08-28 06:53:44.349 V/StatusBar.BatteryController( 483): status5batteryHealth 2
08-28 06:53:44.349 D/StatusBar.BatteryController( 483): mOldstatus5status 5
08-28 06:53:44.349 D/StatusBar.BatteryController( 483): now old status is 5
08-28 06:53:47.109 E/SMD ( 104): DCD OFF
08-28 06:53:50.109 E/SMD ( 104): DCD OFF
08-28 06:53:53.109 E/SMD ( 104): DCD OFF
08-28 06:53:54.379 V/StatusBar.BatteryController( 483): status5batteryHealth 2
08-28 06:53:54.379 D/StatusBar.BatteryController( 483): mOldstatus5status 5
08-28 06:53:54.379 D/StatusBar.BatteryController( 483): now old status is 5
08-28 06:53:56.109 E/SMD ( 104): DCD OFF
08-28 06:53:56.699 W/SignalStrength( 276): getCdmaLevel=1
08-28 06:53:56.699 W/SignalStrength( 276): getEvdoLevel=0
08-28 06:53:56.699 W/SignalStrength( 276): getCdmaLevel=1
08-28 06:53:56.699 W/SignalStrength( 276): getLevel=1
08-28 06:53:56.709 W/SignalStrength( 483): getCdmaLevel=1
08-28 06:53:56.709 W/SignalStrength( 483): getEvdoLevel=0
08-28 06:53:56.709 W/SignalStrength( 483): getCdmaLevel=1
08-28 06:53:56.709 W/SignalStrength( 483): getLevel=1
08-28 06:53:59.109 E/SMD ( 104): DCD OFF
08-28 06:54:02.109 E/SMD ( 104): DCD OFF
08-28 06:54:02.709 W/SignalStrength( 276): getCdmaLevel=0
08-28 06:54:02.709 W/SignalStrength( 276): getEvdoLevel=0
08-28 06:54:02.709 W/SignalStrength( 276): getCdmaLevel=0
08-28 06:54:02.709 W/SignalStrength( 276): getLevel=0
08-28 06:54:02.709 W/SignalStrength( 483): getCdmaLevel=0
08-28 06:54:02.709 W/SignalStrength( 483): getEvdoLevel=0
08-28 06:54:02.709 W/SignalStrength( 483): getCdmaLevel=0
08-28 06:54:02.709 W/SignalStrength( 483): getLevel=0
08-28 06:54:04.399 V/StatusBar.BatteryController( 483): status5batteryHealth 2
08-28 06:54:04.399 D/StatusBar.BatteryController( 483): mOldstatus5status 5
08-28 06:54:04.399 D/StatusBar.BatteryController( 483): now old status is 5
08-28 06:54:04.709 W/SignalStrength( 276): getCdmaLevel=1
08-28 06:54:04.709 W/SignalStrength( 276): getEvdoLevel=0
08-28 06:54:04.709 W/SignalStrength( 276): getCdmaLevel=1
08-28 06:54:04.709 W/SignalStrength( 276): getLevel=1
08-28 06:54:04.709 W/SignalStrength( 483): getCdmaLevel=1
08-28 06:54:04.709 W/SignalStrength( 483): getEvdoLevel=0
08-28 06:54:04.709 W/SignalStrength( 483): getCdmaLevel=1
08-28 06:54:04.709 W/SignalStrength( 483): getLevel=1
08-28 06:54:05.119 E/SMD ( 104): DCD OFF
08-28 06:54:05.709 W/SignalStrength( 276): getCdmaLevel=2
08-28 06:54:05.709 W/SignalStrength( 276): getEvdoLevel=0
08-28 06:54:05.709 W/SignalStrength( 276): getCdmaLevel=2
08-28 06:54:05.709 W/SignalStrength( 276): getLevel=2
08-28 06:54:05.709 W/SignalStrength( 483): getCdmaLevel=2
08-28 06:54:05.709 W/SignalStrength( 483): getEvdoLevel=0
08-28 06:54:05.709 W/SignalStrength( 483): getCdmaLevel=2
08-28 06:54:05.709 W/SignalStrength( 483): getLevel=2
08-28 06:54:08.119 E/SMD ( 104): DCD OFF
08-28 06:54:08.419 D/SensorManager( 867): registerListener :: handle = 0 name= BOSCH 3-axis Accelerometer delay= 10000 Listener= kvn@41432190
08-28 06:54:08.429 E/SensorManager( 867): thread start
08-28 06:54:08.429 E/SensorManager( 867): =======>>>Sensor Thread RUNNING <<<========
08-28 06:54:09.129 I/SensorManager( 867): Set normal delay = true
08-28 06:54:09.209 D/SensorManager( 867): unregisterListener:: disable all sensors for this listener, name = BOSCH 3-axis Accelerometer listener = kvn@41432190
08-28 06:54:11.119 E/SMD ( 104): DCD OFF
08-28 06:54:14.119 E/SMD ( 104): DCD OFF
08-28 06:54:14.409 V/StatusBar.BatteryController( 483): status5batteryHealth 2
08-28 06:54:14.409 D/StatusBar.BatteryController( 483): mOldstatus5status 5
08-28 06:54:14.409 D/StatusBar.BatteryController( 483): now old status is 5
08-28 06:54:17.129 E/SMD ( 104): DCD OFF
08-28 06:54:20.129 E/SMD ( 104): DCD OFF
08-28 06:54:23.129 E/SMD ( 104): DCD OFF
08-28 06:54:24.439 V/StatusBar.BatteryController( 483): status5batteryHealth 2
08-28 06:54:24.439 D/StatusBar.BatteryController( 483): mOldstatus5status 5
08-28 06:54:24.439 D/StatusBar.BatteryController( 483): now old status is 5
08-28 06:54:26.139 E/SMD ( 104): DCD OFF
08-28 06:54:29.139 E/SMD ( 104): DCD OFF
08-28 06:54:32.139 E/SMD ( 104): DCD OFF
08-28 06:54:34.459 V/StatusBar.BatteryController( 483): status5batteryHealth 2
08-28 06:54:34.459 D/StatusBar.BatteryController( 483): mOldstatus5status 5
08-28 06:54:34.459 D/StatusBar.BatteryController( 483): now old status is 5
08-28 06:54:35.149 E/SMD ( 104): DCD OFF
08-28 06:54:38.149 E/SMD ( 104): DCD OFF
08-28 06:54:41.149 E/SMD ( 104): DCD OFF
08-28 06:54:44.149 E/SMD ( 104): DCD OFF
08-28 06:54:44.469 V/StatusBar.BatteryController( 483): status5batteryHealth 2
08-28 06:54:44.469 D/StatusBar.BatteryController( 483): mOldstatus5status 5
08-28 06:54:44.469 D/StatusBar.BatteryController( 483): now old status is 5
08-28 06:54:47.149 E/SMD ( 104): DCD OFF
08-28 06:54:50.159 E/SMD ( 104): DCD OFF
08-28 06:54:53.159 E/SMD ( 104): DCD OFF
