08-28 02:27:08.129 I/GCoreUlr( 867): Ensuring that reporting is active for [account#15#]
08-28 02:27:08.139 I/GCoreUlr( 867): Starting service, intent=Intent { act=com.google.android.location.reporting.ACTION_LOCATION_STATUS cmp=xxxx (has extras) }, extras=Bundle[{status=LocationStatus[cell status: STATUS_SUCCESSFUL, wifi status: STATUS_SUCCESSFUL, elapsed realtime ns: 19183643000000]}]
08-28 02:27:14.309 V/StatusBar.BatteryController( 483): status5batteryHealth 2
08-28 02:27:14.309 D/StatusBar.BatteryController( 483): mOldstatus5status 5
08-28 02:27:14.309 D/StatusBar.BatteryController( 483): now old status is 5
08-28 02:27:24.329 V/StatusBar.BatteryController( 483): status5batteryHealth 2
08-28 02:27:24.329 D/StatusBar.BatteryController( 483): mOldstatus5status 5
08-28 02:27:24.329 D/StatusBar.BatteryController( 483): now old status is 5
08-28 02:27:34.349 V/StatusBar.BatteryController( 483): status5batteryHealth 2
08-28 02:27:34.349 D/StatusBar.BatteryController( 483): mOldstatus5status 5
08-28 02:27:34.349 D/StatusBar.BatteryController( 483): now old status is 5
08-28 02:27:44.369 V/StatusBar.BatteryController( 483): status5batteryHealth 2
08-28 02:27:44.369 D/StatusBar.BatteryController( 483): mOldstatus5status 5
08-28 02:27:44.369 D/StatusBar.BatteryController( 483): now old status is 5
08-28 02:27:49.529 W/ThrottleService( 276): unable to find stats for iface rmnet0
08-28 02:27:54.389 V/StatusBar.BatteryController( 483): status5batteryHealth 2
08-28 02:27:54.389 D/StatusBar.BatteryController( 483): mOldstatus5status 5
08-28 02:27:54.389 D/StatusBar.BatteryController( 483): now old status is 5
08-28 02:27:56.259 D/GCM ( 588): Ignoring attempt to send heartbeat on dead connection.
08-28 02:28:01.279 D/Tethering( 276): interfaceLinkStateChanged wlan0, true
08-28 02:28:01.279 D/Tethering( 276): interfaceStatusChanged wlan0, true
08-28 02:28:04.409 V/StatusBar.BatteryController( 483): status5batteryHealth 2
08-28 02:28:04.409 D/StatusBar.BatteryController( 483): mOldstatus5status 5
08-28 02:28:04.409 D/StatusBar.BatteryController( 483): now old status is 5
08-28 02:28:06.389 D/Tethering( 276): interfaceLinkStateChanged wlan0, true
08-28 02:28:06.389 D/Tethering( 276): interfaceStatusChanged wlan0, true
08-28 02:28:14.429 V/StatusBar.BatteryController( 483): status5batteryHealth 2
08-28 02:28:14.429 D/StatusBar.BatteryController( 483): mOldstatus5status 5
08-28 02:28:14.429 D/StatusBar.BatteryController( 483): now old status is 5
08-28 02:28:22.689 D/GpsLocationProvider( 276): ALARM_WAKEUP
08-28 02:28:22.689 D/GpsLocationProvider( 276): startNavigating
08-28 02:28:22.689 D/GpsLocationProvider( 276): GlobalConfig.GLOBALCONFIG_GPS_CDMA=true
08-28 02:28:22.689 D/GpsLocationProvider( 276): startNavigating with Position Mode = 0
08-28 02:28:22.689 E/libsecgps( 276): gps_start:
08-28 02:28:22.729 V/GpsLocationProvider( 276): reportStatus status: 3
08-28 02:28:22.729 V/GpsLocationProvider( 276): reportStatus status: 1
08-28 02:28:24.449 V/StatusBar.BatteryController( 483): status5batteryHealth 2
08-28 02:28:24.449 D/StatusBar.BatteryController( 483): mOldstatus5status 5
08-28 02:28:24.449 D/StatusBar.BatteryController( 483): now old status is 5
08-28 02:28:27.669 E/GPSD ( 119): SecLBS_update_location:
08-28 02:28:27.669 D/GpsLocationProvider( 276): TTFF: 4976
08-28 02:28:27.669 D/GpsLocationProvider( 276): got fix, hibernating
08-28 02:28:27.669 D/GpsLocationProvider( 276): stopNavigating
08-28 02:28:27.669 E/libsecgps( 276): gps_stop:
08-28 02:28:27.729 V/GpsLocationProvider( 276): reportStatus status: 2
08-28 02:28:27.729 V/GpsLocationProvider( 276): reportStatus status: 4
08-28 02:28:27.789 D/MyGPSClockApp( 6043): +onLocationChanged
08-28 02:28:27.789 D/MyGPSClockApp( 6043): +getGPSDatetime
08-28 02:28:27.789 D/MyGPSClockApp( 6043): GPSTime: 1409225325000
08-28 02:28:27.789 D/MyGPSClockApp( 6043): GPS Current time: Thu Aug 28 07:28:45 EDT 2014
08-28 02:28:27.789 D/MyGPSClockApp( 6043): -getGPSDatetime
08-28 02:28:27.789 D/MyGPSClockApp( 6043): -onLocationChanged
08-28 02:28:27.809 V/GpsLocationProvider( 276): reportStatus status: 2
08-28 02:28:28.029 I/GCoreUlr( 867): Successfully inserted location
08-28 02:28:28.029 I/GCoreUlr( 867): Not calling LocationReportingService, hasMoved: false, elapsed millis: 2418015, request: Phone
08-28 02:28:34.469 V/StatusBar.BatteryController( 483): status5batteryHealth 2
08-28 02:28:34.469 D/StatusBar.BatteryController( 483): mOldstatus5status 5
08-28 02:28:34.469 D/StatusBar.BatteryController( 483): now old status is 5
08-28 02:28:44.489 V/StatusBar.BatteryController( 483): status5batteryHealth 2
08-28 02:28:44.489 D/StatusBar.BatteryController( 483): mOldstatus5status 5
08-28 02:28:44.489 D/StatusBar.BatteryController( 483): now old status is 5
08-28 02:28:54.509 V/StatusBar.BatteryController( 483): status5batteryHealth 2
08-28 02:28:54.509 D/StatusBar.BatteryController( 483): mOldstatus5status 5
08-28 02:28:54.509 D/StatusBar.BatteryController( 483): now old status is 5
08-28 02:29:04.529 V/StatusBar.BatteryController( 483): status5batteryHealth 2
08-28 02:29:04.529 D/StatusBar.BatteryController( 483): mOldstatus5status 5
08-28 02:29:04.529 D/StatusBar.BatteryController( 483): now old status is 5
08-28 02:29:14.549 V/StatusBar.BatteryController( 483): status5batteryHealth 2
08-28 02:29:14.549 D/StatusBar.BatteryController( 483): mOldstatus5status 5
08-28 02:29:14.549 D/StatusBar.BatteryController( 483): now old status is 5
08-28 02:29:34.589 V/StatusBar.BatteryController( 483): status5batteryHealth 2
08-28 02:29:34.589 D/StatusBar.BatteryController( 483): mOldstatus5status 5
08-28 02:29:34.589 D/StatusBar.BatteryController( 483): now old status is 5
08-28 02:29:44.609 V/StatusBar.BatteryController( 483): status5batteryHealth 2
08-28 02:29:44.609 D/StatusBar.BatteryController( 483): mOldstatus5status 5
08-28 02:29:44.609 D/StatusBar.BatteryController( 483): now old status is 5
08-28 02:30:04.649 V/StatusBar.BatteryController( 483): status5batteryHealth 2
08-28 02:30:04.649 D/StatusBar.BatteryController( 483): mOldstatus5status 5
08-28 02:30:04.649 D/StatusBar.BatteryController( 483): now old status is 5
08-28 02:30:06.229 D/SensorManager( 867): registerListener :: handle = 0 name= BOSCH 3-axis Accelerometer delay= 10000 Listener= kvn@413a36f0
08-28 02:30:06.229 E/SensorManager( 867): thread start
08-28 02:30:06.229 E/SensorManager( 867): =======>>>Sensor Thread RUNNING <<<========
08-28 02:30:06.929 I/SensorManager( 867): Set normal delay = true
08-28 02:30:07.009 D/SensorManager( 867): unregisterListener:: disable all sensors for this listener, name = BOSCH 3-axis Accelerometer listener = kvn@413a36f0
08-28 02:30:14.669 V/StatusBar.BatteryController( 483): status5batteryHealth 2
08-28 02:30:14.669 D/StatusBar.BatteryController( 483): mOldstatus5status 5
08-28 02:30:14.669 D/StatusBar.BatteryController( 483): now old status is 5
08-28 02:30:34.709 V/StatusBar.BatteryController( 483): status5batteryHealth 2
08-28 02:30:34.709 D/StatusBar.BatteryController( 483): mOldstatus5status 5
08-28 02:30:34.709 D/StatusBar.BatteryController( 483): now old status is 5
08-28 02:30:44.729 V/StatusBar.BatteryController( 483): status5batteryHealth 2
08-28 02:30:44.729 D/StatusBar.BatteryController( 483): mOldstatus5status 5
08-28 02:30:44.739 D/StatusBar.BatteryController( 483): now old status is 5
08-28 02:30:54.749 V/StatusBar.BatteryController( 483): status5batteryHealth 2
08-28 02:30:54.749 D/StatusBar.BatteryController( 483): mOldstatus5status 5
08-28 02:30:54.749 D/StatusBar.BatteryController( 483): now old status is 5
08-28 02:31:04.769 V/StatusBar.BatteryController( 483): status5batteryHealth 2
08-28 02:31:04.769 D/StatusBar.BatteryController( 483): mOldstatus5status 5
08-28 02:31:04.769 D/StatusBar.BatteryController( 483): now old status is 5
08-28 02:31:14.789 V/StatusBar.BatteryController( 483): status5batteryHealth 2
08-28 02:31:14.789 D/StatusBar.BatteryController( 483): mOldstatus5status 5
08-28 02:31:14.789 D/StatusBar.BatteryController( 483): now old status is 5
08-28 02:31:34.829 V/StatusBar.BatteryController( 483): status5batteryHealth 2
08-28 02:31:34.829 D/StatusBar.BatteryController( 483): mOldstatus5status 5
08-28 02:31:34.829 D/StatusBar.BatteryController( 483): now old status is 5
08-28 02:31:44.859 V/StatusBar.BatteryController( 483): status5batteryHealth 2
08-28 02:31:44.859 D/StatusBar.BatteryController( 483): mOldstatus5status 5
08-28 02:31:44.859 D/StatusBar.BatteryController( 483): now old status is 5
08-28 02:31:54.869 V/StatusBar.BatteryController( 483): status5batteryHealth 2
08-28 02:31:54.869 D/StatusBar.BatteryController( 483): mOldstatus5status 5
08-28 02:31:54.869 D/StatusBar.BatteryController( 483): now old status is 5
08-28 02:32:14.909 V/StatusBar.BatteryController( 483): status5batteryHealth 2
08-28 02:32:14.919 D/StatusBar.BatteryController( 483): mOldstatus5status 5
08-28 02:32:14.919 D/StatusBar.BatteryController( 483): now old status is 5
08-28 02:32:27.949 D/Tethering( 276): interfaceLinkStateChanged wlan0, true
08-28 02:32:27.949 D/Tethering( 276): interfaceStatusChanged wlan0, true
08-28 02:33:05.189 D/SensorManager( 867): registerListener :: handle = 0 name= BOSCH 3-axis Accelerometer delay= 10000 Listener= kvn@412316b8
08-28 02:33:05.189 E/SensorManager( 867): thread start
08-28 02:33:05.189 E/SensorManager( 867): =======>>>Sensor Thread RUNNING <<<========
08-28 02:33:05.889 I/SensorManager( 867): Set normal delay = true
08-28 02:33:05.969 D/SensorManager( 867): unregisterListener:: disable all sensors for this listener, name = BOSCH 3-axis Accelerometer listener = kvn@412316b8
08-28 02:33:25.059 V/StatusBar.BatteryController( 483): status5batteryHealth 2
08-28 02:33:25.059 D/StatusBar.BatteryController( 483): mOldstatus5status 5
08-28 02:33:25.059 D/StatusBar.BatteryController( 483): now old status is 5
08-28 02:33:35.069 V/StatusBar.BatteryController( 483): status5batteryHealth 2
08-28 02:33:35.069 D/StatusBar.BatteryController( 483): mOldstatus5status 5
08-28 02:33:35.069 D/StatusBar.BatteryController( 483): now old status is 5
08-28 02:33:45.099 V/StatusBar.BatteryController( 483): status5batteryHealth 2
08-28 02:33:45.099 D/StatusBar.BatteryController( 483): mOldstatus5status 5
08-28 02:33:45.099 D/StatusBar.BatteryController( 483): now old status is 5
08-28 02:33:55.109 V/StatusBar.BatteryController( 483): status5batteryHealth 2
08-28 02:33:55.109 D/StatusBar.BatteryController( 483): mOldstatus5status 5
08-28 02:33:55.109 D/StatusBar.BatteryController( 483): now old status is 5
08-28 02:34:15.149 V/StatusBar.BatteryController( 483): status5batteryHealth 2
08-28 02:34:15.149 D/StatusBar.BatteryController( 483): mOldstatus5status 5
08-28 02:34:15.149 D/StatusBar.BatteryController( 483): now old status is 5
08-28 02:34:25.169 V/StatusBar.BatteryController( 483): status5batteryHealth 2
08-28 02:34:25.169 D/StatusBar.BatteryController( 483): mOldstatus5status 5
08-28 02:34:25.169 D/StatusBar.BatteryController( 483): now old status is 5
08-28 02:34:35.189 V/StatusBar.BatteryController( 483): status5batteryHealth 2
08-28 02:34:35.189 D/StatusBar.BatteryController( 483): mOldstatus5status 5
08-28 02:34:35.189 D/StatusBar.BatteryController( 483): now old status is 5
08-28 02:34:45.209 V/StatusBar.BatteryController( 483): status5batteryHealth 2
08-28 02:34:45.209 D/StatusBar.BatteryController( 483): mOldstatus5status 5
08-28 02:34:45.209 D/StatusBar.BatteryController( 483): now old status is 5
08-28 02:35:25.299 V/StatusBar.BatteryController( 483): status5batteryHealth 2
08-28 02:35:25.299 D/StatusBar.BatteryController( 483): mOldstatus5status 5
08-28 02:35:25.299 D/StatusBar.BatteryController( 483): now old status is 5
08-28 02:35:35.309 V/StatusBar.BatteryController( 483): status5batteryHealth 2
08-28 02:35:35.309 D/StatusBar.BatteryController( 483): mOldstatus5status 5
08-28 02:35:35.309 D/StatusBar.BatteryController( 483): now old status is 5
08-28 02:35:45.329 V/StatusBar.BatteryController( 483): status5batteryHealth 2
08-28 02:35:45.329 D/StatusBar.BatteryController( 483): mOldstatus5status 5
08-28 02:35:45.329 D/StatusBar.BatteryController( 483): now old status is 5
08-28 02:35:55.349 V/StatusBar.BatteryController( 483): status5batteryHealth 2
08-28 02:35:55.349 D/StatusBar.BatteryController( 483): mOldstatus5status 5
08-28 02:35:55.349 D/StatusBar.BatteryController( 483): now old status is 5
08-28 02:36:04.139 D/SensorManager( 867): registerListener :: handle = 0 name= BOSCH 3-axis Accelerometer delay= 10000 Listener= kvn@41451930
08-28 02:36:04.139 E/SensorManager( 867): thread start
08-28 02:36:04.139 E/SensorManager( 867): =======>>>Sensor Thread RUNNING <<<========
08-28 02:36:04.819 I/SensorManager( 867): Set normal delay = true
08-28 02:36:04.899 D/SensorManager( 867): unregisterListener:: disable all sensors for this listener, name = BOSCH 3-axis Accelerometer listener = kvn@41451930
08-28 02:36:05.369 V/StatusBar.BatteryController( 483): status5batteryHealth 2
08-28 02:36:05.369 D/StatusBar.BatteryController( 483): mOldstatus5status 5
08-28 02:36:05.369 D/StatusBar.BatteryController( 483): now old status is 5
08-28 02:36:15.389 V/StatusBar.BatteryController( 483): status5batteryHealth 2
08-28 02:36:15.389 D/StatusBar.BatteryController( 483): mOldstatus5status 5
08-28 02:36:15.389 D/StatusBar.BatteryController( 483): now old status is 5
08-28 02:36:15.409 E/WifiStateMachine( 276): set suspend optimizations failed!
08-28 02:36:15.929 E/WifiStateMachine( 276): set suspend optimizations failed!
08-28 02:36:25.409 V/StatusBar.BatteryController( 483): status5batteryHealth 2
08-28 02:36:25.409 D/StatusBar.BatteryController( 483): mOldstatus5status 5
08-28 02:36:25.409 D/StatusBar.BatteryController( 483): now old status is 5
08-28 02:36:25.529 D/Tethering( 276): interfaceLinkStateChanged wlan0, true
08-28 02:36:25.529 D/Tethering( 276): interfaceStatusChanged wlan0, true
08-28 02:36:45.449 V/StatusBar.BatteryController( 483): status5batteryHealth 2
08-28 02:36:45.449 D/StatusBar.BatteryController( 483): mOldstatus5status 5
08-28 02:36:45.449 D/StatusBar.BatteryController( 483): now old status is 5
08-28 02:37:15.509 V/StatusBar.BatteryController( 483): status5batteryHealth 2
08-28 02:37:15.509 D/StatusBar.BatteryController( 483): mOldstatus5status 5
08-28 02:37:15.509 D/StatusBar.BatteryController( 483): now old status is 5
08-28 02:37:25.529 V/StatusBar.BatteryController( 483): status5batteryHealth 2
08-28 02:37:25.529 D/StatusBar.BatteryController( 483): mOldstatus5status 5
08-28 02:37:25.529 D/StatusBar.BatteryController( 483): now old status is 5
08-28 02:37:45.569 V/StatusBar.BatteryController( 483): status5batteryHealth 2
08-28 02:37:45.569 D/StatusBar.BatteryController( 483): mOldstatus5status 5
08-28 02:37:45.569 D/StatusBar.BatteryController( 483): now old status is 5
08-28 02:37:49.539 W/ThrottleService( 276): unable to find stats for iface rmnet0
08-28 02:37:55.589 V/StatusBar.BatteryController( 483): status5batteryHealth 2
08-28 02:37:55.589 D/StatusBar.BatteryController( 483): mOldstatus5status 5
08-28 02:37:55.589 D/StatusBar.BatteryController( 483): now old status is 5
08-28 02:38:05.609 V/StatusBar.BatteryController( 483): status5batteryHealth 2
08-28 02:38:05.609 D/StatusBar.BatteryController( 483): mOldstatus5status 5
08-28 02:38:05.609 D/StatusBar.BatteryController( 483): now old status is 5
08-28 02:38:15.629 V/StatusBar.BatteryController( 483): status5batteryHealth 2
08-28 02:38:15.629 D/StatusBar.BatteryController( 483): mOldstatus5status 5
08-28 02:38:15.629 D/StatusBar.BatteryController( 483): now old status is 5
08-28 02:38:27.679 D/GpsLocationProvider( 276): ALARM_WAKEUP
08-28 02:38:27.679 D/GpsLocationProvider( 276): startNavigating
08-28 02:38:27.679 D/GpsLocationProvider( 276): GlobalConfig.GLOBALCONFIG_GPS_CDMA=true
08-28 02:38:27.679 D/GpsLocationProvider( 276): startNavigating with Position Mode = 0
08-28 02:38:27.679 E/libsecgps( 276): gps_start:
08-28 02:38:27.719 V/GpsLocationProvider( 276): reportStatus status: 3
08-28 02:38:27.719 V/GpsLocationProvider( 276): reportStatus status: 1
08-28 02:38:31.659 E/GPSD ( 119): SecLBS_update_location:
08-28 02:38:31.659 D/GpsLocationProvider( 276): TTFF: 3984
08-28 02:38:31.669 D/GpsLocationProvider( 276): got fix, hibernating
08-28 02:38:31.669 D/GpsLocationProvider( 276): stopNavigating
08-28 02:38:31.669 E/libsecgps( 276): gps_stop:
08-28 02:38:31.699 V/GpsLocationProvider( 276): reportStatus status: 2
08-28 02:38:31.709 V/GpsLocationProvider( 276): reportStatus status: 4
08-28 02:38:31.799 V/GpsLocationProvider( 276): reportStatus status: 2
08-28 02:38:32.019 I/GCoreUlr( 867): Successfully inserted location
08-28 02:38:32.019 I/GCoreUlr( 867): Not calling LocationReportingService, hasMoved: false, elapsed millis: 3022000, request: Phone
08-28 02:38:35.669 V/StatusBar.BatteryController( 483): status5batteryHealth 2
08-28 02:38:35.669 D/StatusBar.BatteryController( 483): mOldstatus5status 5
08-28 02:38:35.669 D/StatusBar.BatteryController( 483): now old status is 5
08-28 02:38:45.689 V/StatusBar.BatteryController( 483): status5batteryHealth 2
08-28 02:38:45.699 D/StatusBar.BatteryController( 483): mOldstatus5status 5
08-28 02:38:45.699 D/StatusBar.BatteryController( 483): now old status is 5
08-28 02:39:05.729 V/StatusBar.BatteryController( 483): status5batteryHealth 2
08-28 02:39:05.729 D/StatusBar.BatteryController( 483): mOldstatus5status 5
08-28 02:39:05.729 D/StatusBar.BatteryController( 483): now old status is 5
08-28 02:39:08.769 E/WifiStateMachine( 276): set suspend optimizations failed!
08-28 02:39:08.789 D/SensorManager( 867): registerListener :: handle = 0 name= BOSCH 3-axis Accelerometer delay= 10000 Listener= kvn@41167d08
08-28 02:39:08.789 E/SensorManager( 867): thread start
08-28 02:39:08.789 E/SensorManager( 867): =======>>>Sensor Thread RUNNING <<<========
08-28 02:39:09.499 D/Tethering( 276): interfaceLinkStateChanged wlan0, true
08-28 02:39:09.499 D/Tethering( 276): interfaceStatusChanged wlan0, true
08-28 02:39:09.499 D/Tethering( 276): interfaceLinkStateChanged wlan0, true
08-28 02:39:09.499 D/Tethering( 276): interfaceStatusChanged wlan0, true
08-28 02:39:09.629 E/WifiStateMachine( 276): set suspend optimizations failed!
08-28 02:39:09.639 I/SensorManager( 867): Set normal delay = true
08-28 02:39:09.719 D/SensorManager( 867): unregisterListener:: disable all sensors for this listener, name = BOSCH 3-axis Accelerometer listener = kvn@41167d08
08-28 02:39:09.749 I/GCoreUlr( 867): Received powerMode change from NLP: com.google.android.location.activity.LOW_POWER_MODE_ENABLED
08-28 02:39:09.749 I/GCoreUlr( 867): Starting service, intent=Intent { act=com.google.android.location.reporting.ACTION_UPDATE_ACTIVE_STATE cmp=xxxx }, extras=null
08-28 02:39:09.789 I/GCoreUlr( 867): Ensuring that reporting is active for [account#15#]
08-28 02:39:09.799 I/GCoreUlr( 867): Starting service, intent=Intent { act=com.google.android.location.reporting.ACTION_LOCATION_STATUS cmp=xxxx (has extras) }, extras=Bundle[{status=LocationStatus[cell status: STATUS_SUCCESSFUL, wifi status: STATUS_SUCCESSFUL, elapsed realtime ns: 19183643000000]}]
08-28 02:39:25.769 V/StatusBar.BatteryController( 483): status5batteryHealth 2
08-28 02:39:25.769 D/StatusBar.BatteryController( 483): mOldstatus5status 5
08-28 02:39:25.769 D/StatusBar.BatteryController( 483): now old status is 5
08-28 02:39:35.799 V/StatusBar.BatteryController( 483): status5batteryHealth 2
08-28 02:39:35.799 D/StatusBar.BatteryController( 483): mOldstatus5status 5
08-28 02:39:35.799 D/StatusBar.BatteryController( 483): now old status is 5
08-28 02:39:45.809 V/StatusBar.BatteryController( 483): status5batteryHealth 2
08-28 02:39:45.809 D/StatusBar.BatteryController( 483): mOldstatus5status 5
08-28 02:39:45.809 D/StatusBar.BatteryController( 483): now old status is 5
08-28 02:39:55.829 V/StatusBar.BatteryController( 483): status5batteryHealth 2
08-28 02:39:55.829 D/StatusBar.BatteryController( 483): mOldstatus5status 5
08-28 02:39:55.829 D/StatusBar.BatteryController( 483): now old status is 5
08-28 02:40:15.869 V/StatusBar.BatteryController( 483): status5batteryHealth 2
08-28 02:40:15.869 D/StatusBar.BatteryController( 483): mOldstatus5status 5
08-28 02:40:15.869 D/StatusBar.BatteryController( 483): now old status is 5
08-28 02:40:25.939 D/Tethering( 276): interfaceLinkStateChanged wlan0, true
08-28 02:40:25.939 D/Tethering( 276): interfaceStatusChanged wlan0, true
08-28 02:40:35.919 V/StatusBar.BatteryController( 483): status5batteryHealth 2
08-28 02:40:35.919 D/StatusBar.BatteryController( 483): mOldstatus5status 5
08-28 02:40:35.919 D/StatusBar.BatteryController( 483): now old status is 5
08-28 02:40:55.949 V/StatusBar.BatteryController( 483): status5batteryHealth 2
08-28 02:40:55.949 D/StatusBar.BatteryController( 483): mOldstatus5status 5
08-28 02:40:55.949 D/StatusBar.BatteryController( 483): now old status is 5
08-28 02:41:05.969 V/StatusBar.BatteryController( 483): status5batteryHealth 2
08-28 02:41:05.969 D/StatusBar.BatteryController( 483): mOldstatus5status 5
08-28 02:41:05.969 D/StatusBar.BatteryController( 483): now old status is 5
08-28 02:41:36.029 V/StatusBar.BatteryController( 483): status5batteryHealth 2
08-28 02:41:36.029 D/StatusBar.BatteryController( 483): mOldstatus5status 5
08-28 02:41:36.029 D/StatusBar.BatteryController( 483): now old status is 5
08-28 02:41:46.059 V/StatusBar.BatteryController( 483): status5batteryHealth 2
08-28 02:41:46.059 D/StatusBar.BatteryController( 483): mOldstatus5status 5
08-28 02:41:46.059 D/StatusBar.BatteryController( 483): now old status is 5
08-28 02:42:06.089 V/StatusBar.BatteryController( 483): status5batteryHealth 2
08-28 02:42:06.089 D/StatusBar.BatteryController( 483): mOldstatus5status 5
08-28 02:42:06.089 D/StatusBar.BatteryController( 483): now old status is 5
08-28 02:42:07.899 D/SensorManager( 867): registerListener :: handle = 0 name= BOSCH 3-axis Accelerometer delay= 10000 Listener= kvn@41253508
08-28 02:42:07.899 E/SensorManager( 867): thread start
08-28 02:42:07.899 E/SensorManager( 867): =======>>>Sensor Thread RUNNING <<<========
08-28 02:42:08.609 I/SensorManager( 867): Set normal delay = true
08-28 02:42:08.689 D/SensorManager( 867): unregisterListener:: disable all sensors for this listener, name = BOSCH 3-axis Accelerometer listener = kvn@41253508
08-28 02:42:16.109 V/StatusBar.BatteryController( 483): status5batteryHealth 2
08-28 02:42:16.109 D/StatusBar.BatteryController( 483): mOldstatus5status 5
08-28 02:42:16.109 D/StatusBar.BatteryController( 483): now old status is 5
08-28 02:42:20.679 I/EventLogService( 737): Aggregate from 1409206340511 (log), 1409206340511 (data)
08-28 02:42:26.129 V/StatusBar.BatteryController( 483): status5batteryHealth 2
08-28 02:42:26.129 D/StatusBar.BatteryController( 483): mOldstatus5status 5
08-28 02:42:26.129 D/StatusBar.BatteryController( 483): now old status is 5
08-28 02:42:36.149 V/StatusBar.BatteryController( 483): status5batteryHealth 2
08-28 02:42:36.149 D/StatusBar.BatteryController( 483): mOldstatus5status 5
08-28 02:42:36.149 D/StatusBar.BatteryController( 483): now old status is 5
08-28 02:42:46.169 V/StatusBar.BatteryController( 483): status5batteryHealth 2
08-28 02:42:46.169 D/StatusBar.BatteryController( 483): mOldstatus5status 5
08-28 02:42:46.169 D/StatusBar.BatteryController( 483): now old status is 5
08-28 02:42:56.189 V/StatusBar.BatteryController( 483): status5batteryHealth 2
08-28 02:42:56.189 D/StatusBar.BatteryController( 483): mOldstatus5status 5
08-28 02:42:56.189 D/StatusBar.BatteryController( 483): now old status is 5
08-28 02:42:56.339 D/GCM ( 588): Ignoring attempt to send heartbeat on dead connection.
08-28 02:43:01.359 D/Tethering( 276): interfaceLinkStateChanged wlan0, true
08-28 02:43:01.359 D/Tethering( 276): interfaceStatusChanged wlan0, true
08-28 02:43:06.209 V/StatusBar.BatteryController( 483): status5batteryHealth 2
08-28 02:43:06.209 D/StatusBar.BatteryController( 483): mOldstatus5status 5
08-28 02:43:06.209 D/StatusBar.BatteryController( 483): now old status is 5
08-28 02:43:06.489 D/Tethering( 276): interfaceLinkStateChanged wlan0, true
08-28 02:43:06.489 D/Tethering( 276): interfaceStatusChanged wlan0, true
08-28 02:43:16.229 V/StatusBar.BatteryController( 483): status5batteryHealth 2
08-28 02:43:16.229 D/StatusBar.BatteryController( 483): mOldstatus5status 5
08-28 02:43:16.229 D/StatusBar.BatteryController( 483): now old status is 5
08-28 02:43:46.289 V/StatusBar.BatteryController( 483): status5batteryHealth 2
08-28 02:43:46.289 D/StatusBar.BatteryController( 483): mOldstatus5status 5
08-28 02:43:46.289 D/StatusBar.BatteryController( 483): now old status is 5
08-28 02:44:05.609 I/GCoreUlr( 867): WorldUpdater received intent Intent { act=com.google.android.location.reporting.ACTION_UPDATE_WORLD flg=0x4 cmp=xxxx (has extras) } with receiverAction null
08-28 02:44:05.779 D/SyncManager( 276): setSyncAutomatically: , provider com.google.android.location.reporting -> true
08-28 02:44:05.779 D/SyncManager( 276): setSyncAutomatically: already set to true, doing nothing
08-28 02:44:05.919 I/GCoreUlr( 867): Ensuring that reporting is active for [account#15#]
08-28 02:44:05.929 I/GCoreUlr( 867): Starting service, intent=Intent { act=com.google.android.location.reporting.ACTION_LOCATION_STATUS cmp=xxxx (has extras) }, extras=Bundle[{status=LocationStatus[cell status: STATUS_SUCCESSFUL, wifi status: STATUS_SUCCESSFUL, elapsed realtime ns: 19183643000000]}]
08-28 02:44:05.939 I/AdsMeasurementBroadcastReceiver( 737): Reporting settings might have changed, alerting AdsMeasurementService
08-28 02:44:05.939 D/AdsMeasurementBroadcastReceiver( 737): Unauthorized to start the main service
08-28 02:44:06.329 V/StatusBar.BatteryController( 483): status5batteryHealth 2
08-28 02:44:06.329 D/StatusBar.BatteryController( 483): mOldstatus5status 5
08-28 02:44:06.329 D/StatusBar.BatteryController( 483): now old status is 5
08-28 02:44:16.349 V/StatusBar.BatteryController( 483): status5batteryHealth 2
08-28 02:44:16.349 D/StatusBar.BatteryController( 483): mOldstatus5status 5
08-28 02:44:16.349 D/StatusBar.BatteryController( 483): now old status is 5
08-28 02:44:20.749 D/Tethering( 276): interfaceLinkStateChanged wlan0, true
08-28 02:44:20.749 D/Tethering( 276): interfaceStatusChanged wlan0, true
08-28 02:44:26.369 V/StatusBar.BatteryController( 483): status5batteryHealth 2
08-28 02:44:26.369 D/StatusBar.BatteryController( 483): mOldstatus5status 5
08-28 02:44:26.369 D/StatusBar.BatteryController( 483): now old status is 5
08-28 02:44:27.159 D/Tethering( 276): interfaceLinkStateChanged wlan0, true
08-28 02:44:27.159 D/Tethering( 276): interfaceStatusChanged wlan0, true
08-28 02:44:43.839 D/Tethering( 276): interfaceLinkStateChanged wlan0, true
08-28 02:44:43.839 D/Tethering( 276): interfaceStatusChanged wlan0, true
08-28 02:44:46.409 V/StatusBar.BatteryController( 483): status5batteryHealth 2
08-28 02:44:46.409 D/StatusBar.BatteryController( 483): mOldstatus5status 5
08-28 02:44:46.409 D/StatusBar.BatteryController( 483): now old status is 5
08-28 02:44:48.849 D/Tethering( 276): interfaceLinkStateChanged wlan0, true
08-28 02:44:48.849 D/Tethering( 276): interfaceStatusChanged wlan0, true
08-28 02:44:56.429 V/StatusBar.BatteryController( 483): status5batteryHealth 2
08-28 02:44:56.429 D/StatusBar.BatteryController( 483): mOldstatus5status 5
08-28 02:44:56.429 D/StatusBar.BatteryController( 483): now old status is 5
08-28 02:45:06.449 V/StatusBar.BatteryController( 483): status5batteryHealth 2
08-28 02:45:06.449 D/StatusBar.BatteryController( 483): mOldstatus5status 5
08-28 02:45:06.449 D/StatusBar.BatteryController( 483): now old status is 5
08-28 02:45:06.859 D/SensorManager( 867): registerListener :: handle = 0 name= BOSCH 3-axis Accelerometer delay= 10000 Listener= kvn@413dbe10
08-28 02:45:06.859 E/SensorManager( 867): thread start
08-28 02:45:06.859 E/SensorManager( 867): =======>>>Sensor Thread RUNNING <<<========
08-28 02:45:07.559 I/SensorManager( 867): Set normal delay = true
08-28 02:45:07.639 D/SensorManager( 867): unregisterListener:: disable all sensors for this listener, name = BOSCH 3-axis Accelerometer listener = kvn@413dbe10
08-28 02:45:17.169 D/Tethering( 276): interfaceLinkStateChanged wlan0, true
08-28 02:45:17.169 D/Tethering( 276): interfaceStatusChanged wlan0, true
08-28 02:45:22.179 D/Tethering( 276): interfaceLinkStateChanged wlan0, true
08-28 02:45:22.179 D/Tethering( 276): interfaceStatusChanged wlan0, true
08-28 02:45:26.489 V/StatusBar.BatteryController( 483): status5batteryHealth 2
08-28 02:45:26.489 D/StatusBar.BatteryController( 483): mOldstatus5status 5
08-28 02:45:26.489 D/StatusBar.BatteryController( 483): now old status is 5
08-28 02:45:36.519 V/StatusBar.BatteryController( 483): status5batteryHealth 2
08-28 02:45:36.519 D/StatusBar.BatteryController( 483): mOldstatus5status 5
08-28 02:45:36.519 D/StatusBar.BatteryController( 483): now old status is 5
08-28 02:45:46.539 V/StatusBar.BatteryController( 483): status5batteryHealth 2
08-28 02:45:46.539 D/StatusBar.BatteryController( 483): mOldstatus5status 5
08-28 02:45:46.539 D/StatusBar.BatteryController( 483): now old status is 5
08-28 02:45:56.549 V/StatusBar.BatteryController( 483): status5batteryHealth 2
08-28 02:45:56.549 D/StatusBar.BatteryController( 483): mOldstatus5status 5
08-28 02:45:56.549 D/StatusBar.BatteryController( 483): now old status is 5
08-28 02:46:36.639 V/StatusBar.BatteryController( 483): status5batteryHealth 2
08-28 02:46:36.639 D/StatusBar.BatteryController( 483): mOldstatus5status 5
08-28 02:46:36.639 D/StatusBar.BatteryController( 483): now old status is 5
08-28 02:46:46.649 V/StatusBar.BatteryController( 483): status5batteryHealth 2
08-28 02:46:46.659 D/StatusBar.BatteryController( 483): mOldstatus5status 5
08-28 02:46:46.659 D/StatusBar.BatteryController( 483): now old status is 5
08-28 02:46:56.669 V/StatusBar.BatteryController( 483): status5batteryHealth 2
08-28 02:46:56.669 D/StatusBar.BatteryController( 483): mOldstatus5status 5
08-28 02:46:56.669 D/StatusBar.BatteryController( 483): now old status is 5
08-28 02:47:06.699 V/StatusBar.BatteryController( 483): status5batteryHealth 2
08-28 02:47:06.699 D/StatusBar.BatteryController( 483): mOldstatus5status 5
08-28 02:47:06.699 D/StatusBar.BatteryController( 483): now old status is 5
08-28 02:47:36.759 V/StatusBar.BatteryController( 483): status5batteryHealth 2
08-28 02:47:36.759 D/StatusBar.BatteryController( 483): mOldstatus5status 5
08-28 02:47:36.759 D/StatusBar.BatteryController( 483): now old status is 5
08-28 02:47:49.569 W/ThrottleService( 276): unable to find stats for iface rmnet0
08-28 02:48:05.809 D/SensorManager( 867): registerListener :: handle = 0 name= BOSCH 3-axis Accelerometer delay= 10000 Listener= kvn@4113e338
08-28 02:48:05.809 E/SensorManager( 867): thread start
08-28 02:48:05.809 E/SensorManager( 867): =======>>>Sensor Thread RUNNING <<<========
08-28 02:48:06.519 I/SensorManager( 867): Set normal delay = true
08-28 02:48:06.599 D/SensorManager( 867): unregisterListener:: disable all sensors for this listener, name = BOSCH 3-axis Accelerometer listener = kvn@4113e338
08-28 02:48:06.809 V/StatusBar.BatteryController( 483): status5batteryHealth 2
08-28 02:48:06.809 D/StatusBar.BatteryController( 483): mOldstatus5status 5
08-28 02:48:06.809 D/StatusBar.BatteryController( 483): now old status is 5
08-28 02:48:16.839 V/StatusBar.BatteryController( 483): status5batteryHealth 2
08-28 02:48:16.839 D/StatusBar.BatteryController( 483): mOldstatus5status 5
08-28 02:48:16.839 D/StatusBar.BatteryController( 483): now old status is 5
08-28 02:48:21.229 I/Icing ( 737): updateResources: need to parse gfv{com.google.android.gms}
08-28 02:48:21.279 I/Icing ( 737): Performing maintenance usage 1446535 budget 628242141 free 99.770% index free 99.949% purge? false target 439769498
08-28 02:48:26.849 V/StatusBar.BatteryController( 483): status5batteryHealth 2
08-28 02:48:26.849 D/StatusBar.BatteryController( 483): mOldstatus5status 5
08-28 02:48:26.849 D/StatusBar.BatteryController( 483): now old status is 5
08-28 02:48:31.679 D/GpsLocationProvider( 276): ALARM_WAKEUP
08-28 02:48:31.679 D/GpsLocationProvider( 276): startNavigating
08-28 02:48:31.679 D/GpsLocationProvider( 276): GlobalConfig.GLOBALCONFIG_GPS_CDMA=true
08-28 02:48:31.679 D/GpsLocationProvider( 276): startNavigating with Position Mode = 0
08-28 02:48:31.679 E/libsecgps( 276): gps_start:
08-28 02:48:31.709 V/GpsLocationProvider( 276): reportStatus status: 3
08-28 02:48:31.709 V/GpsLocationProvider( 276): reportStatus status: 1
08-28 02:48:35.659 E/GPSD ( 119): SecLBS_update_location:
08-28 02:48:35.659 D/GpsLocationProvider( 276): TTFF: 3982
08-28 02:48:35.669 D/GpsLocationProvider( 276): got fix, hibernating
08-28 02:48:35.669 D/GpsLocationProvider( 276): stopNavigating
08-28 02:48:35.669 E/libsecgps( 276): gps_stop:
08-28 02:48:35.699 V/GpsLocationProvider( 276): reportStatus status: 2
08-28 02:48:35.699 V/GpsLocationProvider( 276): reportStatus status: 4
08-28 02:48:35.749 D/MyGPSClockApp( 6043): +onLocationChanged
08-28 02:48:35.749 D/MyGPSClockApp( 6043): +getGPSDatetime
08-28 02:48:35.749 D/MyGPSClockApp( 6043): GPSTime: 1409226533000
08-28 02:48:35.749 D/MyGPSClockApp( 6043): GPS Current time: Thu Aug 28 07:48:53 EDT 2014
08-28 02:48:35.749 D/MyGPSClockApp( 6043): -getGPSDatetime
08-28 02:48:35.759 D/MyGPSClockApp( 6043): -onLocationChanged
08-28 02:48:35.789 V/GpsLocationProvider( 276): reportStatus status: 2
08-28 02:48:36.119 I/GCoreUlr( 867): Successfully inserted location
08-28 02:48:36.199 I/GCoreUlr( 867): Starting service, intent=Intent { cmp=xxxx }, extras=null
08-28 02:48:36.439 W/GLSUser ( 588): GoogleAccountDataService.getToken()
08-28 02:48:36.499 W/NetworkManagementSocketTagger( 867): untagSocket(55) failed with errno -22
08-28 02:48:36.499 I/mbh ( 867): I/O exception (org.apache.http.NoHttpResponseException) caught when processing request: The target server failed to respond
08-28 02:48:36.499 I/mbh ( 867): Retrying request
08-28 02:48:36.879 V/StatusBar.BatteryController( 483): status5batteryHealth 2
08-28 02:48:36.879 D/StatusBar.BatteryController( 483): mOldstatus5status 5
08-28 02:48:36.879 D/StatusBar.BatteryController( 483): now old status is 5
08-28 02:48:36.969 I/GCoreUlr( 867): Starting service, intent=Intent { act=com.google.android.location.reporting.ACTION_UPDATE_ACTIVE_STATE cmp=xxxx }, extras=null
08-28 02:48:36.979 I/AdsMeasurementBroadcastReceiver( 737): Reporting settings might have changed, alerting AdsMeasurementService
08-28 02:48:36.979 D/AdsMeasurementBroadcastReceiver( 737): Unauthorized to start the main service
08-28 02:48:36.979 I/GCoreUlr( 867): Batch Location Update succeeded for account account#15#
08-28 02:48:36.999 E/SqliteDatabaseCpp( 867): sqlite3_exec - Failed to set synchronous mode = 1(Normal)
08-28 02:48:37.109 I/GCoreUlr( 867): Ensuring that reporting is active for [account#15#]
08-28 02:48:37.109 I/GCoreUlr( 867): Starting service, intent=Intent { act=com.google.android.location.reporting.ACTION_LOCATION_STATUS cmp=xxxx (has extras) }, extras=Bundle[{status=LocationStatus[cell status: STATUS_SUCCESSFUL, wifi status: STATUS_SUCCESSFUL, elapsed realtime ns: 19183643000000]}]
08-28 02:48:46.899 V/StatusBar.BatteryController( 483): status5batteryHealth 2
08-28 02:48:46.899 D/StatusBar.BatteryController( 483): mOldstatus5status 5
08-28 02:48:46.899 D/StatusBar.BatteryController( 483): now old status is 5
08-28 02:48:51.499 D/Tethering( 276): interfaceLinkStateChanged wlan0, true
08-28 02:48:51.499 D/Tethering( 276): interfaceStatusChanged wlan0, true
08-28 02:48:57.009 V/StatusBar.BatteryController( 483): status5batteryHealth 2
08-28 02:48:57.009 D/StatusBar.BatteryController( 483): mOldstatus5status 5
08-28 02:48:57.009 D/StatusBar.BatteryController( 483): now old status is 5
08-28 02:49:05.329 V/StatusBar.BatteryController( 483): status5batteryHealth 2
08-28 02:49:05.329 D/StatusBar.BatteryController( 483): mOldstatus5status 5
08-28 02:49:05.329 D/StatusBar.BatteryController( 483): now old status is 5
08-28 02:49:15.329 V/StatusBar.BatteryController( 483): status5batteryHealth 2
08-28 02:49:15.329 D/StatusBar.BatteryController( 483): mOldstatus5status 5
08-28 02:49:15.329 D/StatusBar.BatteryController( 483): now old status is 5
08-28 02:49:25.349 V/StatusBar.BatteryController( 483): status5batteryHealth 2
08-28 02:49:25.349 D/StatusBar.BatteryController( 483): mOldstatus5status 5
08-28 02:49:25.349 D/StatusBar.BatteryController( 483): now old status is 5
08-28 02:49:45.389 V/StatusBar.BatteryController( 483): status5batteryHealth 2
08-28 02:49:45.389 D/StatusBar.BatteryController( 483): mOldstatus5status 5
08-28 02:49:45.389 D/StatusBar.BatteryController( 483): now old status is 5
08-28 02:49:55.409 V/StatusBar.BatteryController( 483): status5batteryHealth 2
08-28 02:49:55.409 D/StatusBar.BatteryController( 483): mOldstatus5status 5
08-28 02:49:55.409 D/StatusBar.BatteryController( 483): now old status is 5
08-28 02:50:05.439 V/StatusBar.BatteryController( 483): status5batteryHealth 2
08-28 02:50:05.439 D/StatusBar.BatteryController( 483): mOldstatus5status 5
08-28 02:50:05.439 D/StatusBar.BatteryController( 483): now old status is 5
08-28 02:50:15.449 V/StatusBar.BatteryController( 483): status5batteryHealth 2
08-28 02:50:15.449 D/StatusBar.BatteryController( 483): mOldstatus5status 5
08-28 02:50:15.449 D/StatusBar.BatteryController( 483): now old status is 5
08-28 02:50:25.469 V/StatusBar.BatteryController( 483): status5batteryHealth 2
08-28 02:50:25.469 D/StatusBar.BatteryController( 483): mOldstatus5status 5
08-28 02:50:25.469 D/StatusBar.BatteryController( 483): now old status is 5
08-28 02:51:04.769 D/SensorManager( 867): registerListener :: handle = 0 name= BOSCH 3-axis Accelerometer delay= 10000 Listener= kvn@4122e190
08-28 02:51:04.779 E/SensorManager( 867): thread start
08-28 02:51:04.779 E/SensorManager( 867): =======>>>Sensor Thread RUNNING <<<========
08-28 02:51:05.519 I/SensorManager( 867): Set normal delay = true
08-28 02:51:05.559 V/StatusBar.BatteryController( 483): status5batteryHealth 2
08-28 02:51:05.559 D/StatusBar.BatteryController( 483): mOldstatus5status 5
08-28 02:51:05.559 D/StatusBar.BatteryController( 483): now old status is 5
08-28 02:51:05.599 D/SensorManager( 867): unregisterListener:: disable all sensors for this listener, name = BOSCH 3-axis Accelerometer listener = kvn@4122e190
08-28 02:51:05.619 I/GCoreUlr( 867): Received powerMode change from NLP: com.google.android.location.activity.LOW_POWER_MODE_ENABLED
08-28 02:51:05.619 I/GCoreUlr( 867): Starting service, intent=Intent { act=com.google.android.location.reporting.ACTION_UPDATE_ACTIVE_STATE cmp=xxxx }, extras=null
08-28 02:51:05.669 I/GCoreUlr( 867): Ensuring that reporting is active for [account#15#]
08-28 02:51:05.669 I/GCoreUlr( 867): Starting service, intent=Intent { act=com.google.android.location.reporting.ACTION_LOCATION_STATUS cmp=xxxx (has extras) }, extras=Bundle[{status=LocationStatus[cell status: STATUS_SUCCESSFUL, wifi status: STATUS_SUCCESSFUL, elapsed realtime ns: 19183643000000]}]
08-28 02:51:15.569 V/StatusBar.BatteryController( 483): status5batteryHealth 2
08-28 02:51:15.569 D/StatusBar.BatteryController( 483): mOldstatus5status 5
08-28 02:51:15.569 D/StatusBar.BatteryController( 483): now old status is 5
08-28 02:51:25.589 V/StatusBar.BatteryController( 483): status5batteryHealth 2
08-28 02:51:25.589 D/StatusBar.BatteryController( 483): mOldstatus5status 5
08-28 02:51:25.589 D/StatusBar.BatteryController( 483): now old status is 5
08-28 02:51:55.649 V/StatusBar.BatteryController( 483): status5batteryHealth 2
08-28 02:51:55.649 D/StatusBar.BatteryController( 483): mOldstatus5status 5
08-28 02:51:55.649 D/StatusBar.BatteryController( 483): now old status is 5
08-28 02:52:15.689 V/StatusBar.BatteryController( 483): status5batteryHealth 2
08-28 02:52:15.689 D/StatusBar.BatteryController( 483): mOldstatus5status 5
08-28 02:52:15.689 D/StatusBar.BatteryController( 483): now old status is 5
08-28 02:52:35.739 V/StatusBar.BatteryController( 483): status5batteryHealth 2
08-28 02:52:35.739 D/StatusBar.BatteryController( 483): mOldstatus5status 5
08-28 02:52:35.739 D/StatusBar.BatteryController( 483): now old status is 5
08-28 02:52:45.749 V/StatusBar.BatteryController( 483): status5batteryHealth 2
08-28 02:52:45.749 D/StatusBar.BatteryController( 483): mOldstatus5status 5
08-28 02:52:45.749 D/StatusBar.BatteryController( 483): now old status is 5
08-28 02:52:47.009 D/Tethering( 276): interfaceLinkStateChanged wlan0, true
08-28 02:52:47.009 D/Tethering( 276): interfaceStatusChanged wlan0, true
08-28 02:53:05.789 V/StatusBar.BatteryController( 483): status5batteryHealth 2
08-28 02:53:05.789 D/StatusBar.BatteryController( 483): mOldstatus5status 5
08-28 02:53:05.789 D/StatusBar.BatteryController( 483): now old status is 5
08-28 02:53:25.829 V/StatusBar.BatteryController( 483): status5batteryHealth 2
08-28 02:53:25.829 D/StatusBar.BatteryController( 483): mOldstatus5status 5
08-28 02:53:25.829 D/StatusBar.BatteryController( 483): now old status is 5
08-28 02:53:35.849 V/StatusBar.BatteryController( 483): status5batteryHealth 2
08-28 02:53:35.849 D/StatusBar.BatteryController( 483): mOldstatus5status 5
08-28 02:53:35.849 D/StatusBar.BatteryController( 483): now old status is 5
08-28 02:54:03.779 D/SensorManager( 867): registerListener :: handle = 0 name= BOSCH 3-axis Accelerometer delay= 10000 Listener= kvn@41413980
08-28 02:54:03.779 E/SensorManager( 867): thread start
08-28 02:54:03.779 E/SensorManager( 867): =======>>>Sensor Thread RUNNING <<<========
08-28 02:54:04.469 I/SensorManager( 867): Set normal delay = true
08-28 02:54:04.549 D/SensorManager( 867): unregisterListener:: disable all sensors for this listener, name = BOSCH 3-axis Accelerometer listener = kvn@41413980
08-28 02:54:05.909 V/StatusBar.BatteryController( 483): status5batteryHealth 2
08-28 02:54:05.909 D/StatusBar.BatteryController( 483): mOldstatus5status 5
08-28 02:54:05.909 D/StatusBar.BatteryController( 483): now old status is 5
08-28 02:54:15.929 V/StatusBar.BatteryController( 483): status5batteryHealth 2
08-28 02:54:15.929 D/StatusBar.BatteryController( 483): mOldstatus5status 5
08-28 02:54:15.929 D/StatusBar.BatteryController( 483): now old status is 5
08-28 02:54:15.949 E/WifiStateMachine( 276): set suspend optimizations failed!
08-28 02:54:16.359 E/WifiStateMachine( 276): set suspend optimizations failed!
08-28 02:54:25.949 V/StatusBar.BatteryController( 483): status5batteryHealth 2
08-28 02:54:25.949 D/StatusBar.BatteryController( 483): mOldstatus5status 5
08-28 02:54:25.949 D/StatusBar.BatteryController( 483): now old status is 5
08-28 02:54:25.969 D/Tethering( 276): interfaceLinkStateChanged wlan0, true
08-28 02:54:25.969 D/Tethering( 276): interfaceStatusChanged wlan0, true
08-28 02:54:45.989 V/StatusBar.BatteryController( 483): status5batteryHealth 2
08-28 02:54:45.989 D/StatusBar.BatteryController( 483): mOldstatus5status 5
08-28 02:54:45.989 D/StatusBar.BatteryController( 483): now old status is 5
08-28 02:54:56.009 V/StatusBar.BatteryController( 483): status5batteryHealth 2
08-28 02:54:56.009 D/StatusBar.BatteryController( 483): mOldstatus5status 5
08-28 02:54:56.009 D/StatusBar.BatteryController( 483): now old status is 5
08-28 02:55:06.029 V/StatusBar.BatteryController( 483): status5batteryHealth 2
08-28 02:55:06.029 D/StatusBar.BatteryController( 483): mOldstatus5status 5
08-28 02:55:06.029 D/StatusBar.BatteryController( 483): now old status is 5
08-28 02:55:16.059 V/StatusBar.BatteryController( 483): status5batteryHealth 2
08-28 02:55:16.059 D/StatusBar.BatteryController( 483): mOldstatus5status 5
08-28 02:55:16.059 D/StatusBar.BatteryController( 483): now old status is 5
08-28 02:55:26.079 V/StatusBar.BatteryController( 483): status5batteryHealth 2
08-28 02:55:26.079 D/StatusBar.BatteryController( 483): mOldstatus5status 5
08-28 02:55:26.079 D/StatusBar.BatteryController( 483): now old status is 5
08-28 02:55:36.089 V/StatusBar.BatteryController( 483): status5batteryHealth 2
08-28 02:55:36.089 D/StatusBar.BatteryController( 483): mOldstatus5status 5
08-28 02:55:36.089 D/StatusBar.BatteryController( 483): now old status is 5
08-28 02:55:56.129 V/StatusBar.BatteryController( 483): status5batteryHealth 2
08-28 02:55:56.129 D/StatusBar.BatteryController( 483): mOldstatus5status 5
08-28 02:55:56.129 D/StatusBar.BatteryController( 483): now old status is 5
08-28 02:56:06.149 V/StatusBar.BatteryController( 483): status5batteryHealth 2
08-28 02:56:06.149 D/StatusBar.BatteryController( 483): mOldstatus5status 5
08-28 02:56:06.149 D/StatusBar.BatteryController( 483): now old status is 5
08-28 02:56:16.169 V/StatusBar.BatteryController( 483): status5batteryHealth 2
08-28 02:56:16.169 D/StatusBar.BatteryController( 483): mOldstatus5status 5
08-28 02:56:16.169 D/StatusBar.BatteryController( 483): now old status is 5
08-28 02:56:26.189 V/StatusBar.BatteryController( 483): status5batteryHealth 2
08-28 02:56:26.189 D/StatusBar.BatteryController( 483): mOldstatus5status 5
08-28 02:56:26.189 D/StatusBar.BatteryController( 483): now old status is 5
08-28 02:56:36.209 V/StatusBar.BatteryController( 483): status5batteryHealth 2
08-28 02:56:36.209 D/StatusBar.BatteryController( 483): mOldstatus5status 5
08-28 02:56:36.209 D/StatusBar.BatteryController( 483): now old status is 5
08-28 02:56:46.229 V/StatusBar.BatteryController( 483): status5batteryHealth 2
08-28 02:56:46.229 D/StatusBar.BatteryController( 483): mOldstatus5status 5
08-28 02:56:46.229 D/StatusBar.BatteryController( 483): now old status is 5
08-28 02:57:06.269 V/StatusBar.BatteryController( 483): status5batteryHealth 2
08-28 02:57:06.269 D/StatusBar.BatteryController( 483): mOldstatus5status 5
08-28 02:57:06.269 D/StatusBar.BatteryController( 483): now old status is 5
08-28 02:57:08.789 E/WifiStateMachine( 276): set suspend optimizations failed!
08-28 02:57:08.829 D/SensorManager( 867): registerListener :: handle = 0 name= BOSCH 3-axis Accelerometer delay= 10000 Listener= kvn@41455680
08-28 02:57:08.829 E/SensorManager( 867): thread start
08-28 02:57:08.829 E/SensorManager( 867): =======>>>Sensor Thread RUNNING <<<========
08-28 02:57:09.509 D/Tethering( 276): interfaceLinkStateChanged wlan0, true
08-28 02:57:09.509 D/Tethering( 276): interfaceStatusChanged wlan0, true
08-28 02:57:09.519 D/Tethering( 276): interfaceLinkStateChanged wlan0, true
08-28 02:57:09.519 D/Tethering( 276): interfaceStatusChanged wlan0, true
08-28 02:57:09.649 I/SensorManager( 867): Set normal delay = true
08-28 02:57:09.659 E/WifiStateMachine( 276): set suspend optimizations failed!
08-28 02:57:09.729 D/SensorManager( 867): unregisterListener:: disable all sensors for this listener, name = BOSCH 3-axis Accelerometer listener = kvn@41455680
08-28 02:57:09.999 I/GCoreUlr( 867): Successfully inserted location
08-28 02:57:09.999 I/GCoreUlr( 867): Not calling LocationReportingService, hasMoved: false, elapsed millis: 513874, request: Phone
08-28 02:57:16.289 V/StatusBar.BatteryController( 483): status5batteryHealth 2
08-28 02:57:16.289 D/StatusBar.BatteryController( 483): mOldstatus5status 5
08-28 02:57:16.289 D/StatusBar.BatteryController( 483): now old status is 5
08-28 02:57:24.759 D/Tethering( 276): interfaceLinkStateChanged wlan0, true
08-28 02:57:24.759 D/Tethering( 276): interfaceStatusChanged wlan0, true
08-28 02:57:26.309 V/StatusBar.BatteryController( 483): status5batteryHealth 2
08-28 02:57:26.309 D/StatusBar.BatteryController( 483): mOldstatus5status 5
08-28 02:57:26.309 D/StatusBar.BatteryController( 483): now old status is 5
08-28 02:57:31.159 D/Tethering( 276): interfaceLinkStateChanged wlan0, true
08-28 02:57:31.159 D/Tethering( 276): interfaceStatusChanged wlan0, true
08-28 02:57:36.329 V/StatusBar.BatteryController( 483): status5batteryHealth 2
08-28 02:57:36.329 D/StatusBar.BatteryController( 483): mOldstatus5status 5
08-28 02:57:36.329 D/StatusBar.BatteryController( 483): now old status is 5
08-28 02:57:47.839 D/Tethering( 276): interfaceLinkStateChanged wlan0, true
08-28 02:57:47.839 D/Tethering( 276): interfaceStatusChanged wlan0, true
08-28 02:57:49.549 W/ThrottleService( 276): unable to find stats for iface rmnet0
08-28 02:57:56.369 V/StatusBar.BatteryController( 483): status5batteryHealth 2
08-28 02:57:56.369 D/StatusBar.BatteryController( 483): mOldstatus5status 5
08-28 02:57:56.369 D/StatusBar.BatteryController( 483): now old status is 5
08-28 02:57:56.419 D/GCM ( 588): Ignoring attempt to send heartbeat on dead connection.
08-28 02:58:06.389 V/StatusBar.BatteryController( 483): status5batteryHealth 2
08-28 02:58:06.389 D/StatusBar.BatteryController( 483): mOldstatus5status 5
08-28 02:58:06.389 D/StatusBar.BatteryController( 483): now old status is 5
08-28 02:58:11.439 D/Tethering( 276): interfaceLinkStateChanged wlan0, true
08-28 02:58:11.439 D/Tethering( 276): interfaceStatusChanged wlan0, true
08-28 02:58:26.159 D/Tethering( 276): interfaceLinkStateChanged wlan0, true
08-28 02:58:26.159 D/Tethering( 276): interfaceStatusChanged wlan0, true
08-28 02:58:35.679 D/GpsLocationProvider( 276): ALARM_WAKEUP
08-28 02:58:35.679 D/GpsLocationProvider( 276): startNavigating
08-28 02:58:35.679 D/GpsLocationProvider( 276): GlobalConfig.GLOBALCONFIG_GPS_CDMA=true
08-28 02:58:35.679 D/GpsLocationProvider( 276): startNavigating with Position Mode = 0
08-28 02:58:35.679 E/libsecgps( 276): gps_start:
08-28 02:58:35.709 V/GpsLocationProvider( 276): reportStatus status: 3
08-28 02:58:35.709 V/GpsLocationProvider( 276): reportStatus status: 1
08-28 02:58:36.459 V/StatusBar.BatteryController( 483): status5batteryHealth 2
08-28 02:58:36.459 D/StatusBar.BatteryController( 483): mOldstatus5status 5
08-28 02:58:36.459 D/StatusBar.BatteryController( 483): now old status is 5
08-28 02:58:39.649 E/GPSD ( 119): SecLBS_update_location:
08-28 02:58:39.649 D/GpsLocationProvider( 276): TTFF: 3978
