08-28 04:29:59.269 V/StatusBar.BatteryController( 483): status5batteryHealth 2
08-28 04:29:59.269 D/StatusBar.BatteryController( 483): mOldstatus5status 5
08-28 04:29:59.269 D/StatusBar.BatteryController( 483): now old status is 5
08-28 04:30:08.169 D/SensorManager( 867): registerListener :: handle = 0 name= BOSCH 3-axis Accelerometer delay= 10000 Listener= kvn@41398a10
08-28 04:30:08.169 E/SensorManager( 867): thread start
08-28 04:30:08.169 E/SensorManager( 867): =======>>>Sensor Thread RUNNING <<<========
08-28 04:30:08.859 I/SensorManager( 867): Set normal delay = true
08-28 04:30:08.939 D/SensorManager( 867): unregisterListener:: disable all sensors for this listener, name = BOSCH 3-axis Accelerometer listener = kvn@41398a10
08-28 04:30:09.289 V/StatusBar.BatteryController( 483): status5batteryHealth 2
08-28 04:30:09.289 D/StatusBar.BatteryController( 483): mOldstatus5status 5
08-28 04:30:09.289 D/StatusBar.BatteryController( 483): now old status is 5
08-28 04:30:19.309 V/StatusBar.BatteryController( 483): status5batteryHealth 2
08-28 04:30:19.309 D/StatusBar.BatteryController( 483): mOldstatus5status 5
08-28 04:30:19.309 D/StatusBar.BatteryController( 483): now old status is 5
08-28 04:30:29.329 V/StatusBar.BatteryController( 483): status5batteryHealth 2
08-28 04:30:29.329 D/StatusBar.BatteryController( 483): mOldstatus5status 5
08-28 04:30:29.329 D/StatusBar.BatteryController( 483): now old status is 5
08-28 04:30:39.349 V/StatusBar.BatteryController( 483): status5batteryHealth 2
08-28 04:30:39.349 D/StatusBar.BatteryController( 483): mOldstatus5status 5
08-28 04:30:39.349 D/StatusBar.BatteryController( 483): now old status is 5
08-28 04:30:49.369 V/StatusBar.BatteryController( 483): status5batteryHealth 2
08-28 04:30:49.369 D/StatusBar.BatteryController( 483): mOldstatus5status 5
08-28 04:30:49.369 D/StatusBar.BatteryController( 483): now old status is 5
08-28 04:30:59.389 V/StatusBar.BatteryController( 483): status5batteryHealth 2
08-28 04:30:59.389 D/StatusBar.BatteryController( 483): mOldstatus5status 5
08-28 04:30:59.389 D/StatusBar.BatteryController( 483): now old status is 5
08-28 04:31:09.409 V/StatusBar.BatteryController( 483): status5batteryHealth 2
08-28 04:31:09.409 D/StatusBar.BatteryController( 483): mOldstatus5status 5
08-28 04:31:09.409 D/StatusBar.BatteryController( 483): now old status is 5
08-28 04:31:29.449 V/StatusBar.BatteryController( 483): status5batteryHealth 2
08-28 04:31:29.449 D/StatusBar.BatteryController( 483): mOldstatus5status 5
08-28 04:31:29.449 D/StatusBar.BatteryController( 483): now old status is 5
08-28 04:31:39.469 V/StatusBar.BatteryController( 483): status5batteryHealth 2
08-28 04:31:39.469 D/StatusBar.BatteryController( 483): mOldstatus5status 5
08-28 04:31:39.469 D/StatusBar.BatteryController( 483): now old status is 5
08-28 04:31:59.509 V/StatusBar.BatteryController( 483): status5batteryHealth 2
08-28 04:31:59.509 D/StatusBar.BatteryController( 483): mOldstatus5status 5
08-28 04:31:59.509 D/StatusBar.BatteryController( 483): now old status is 5
08-28 04:32:09.529 V/StatusBar.BatteryController( 483): status5batteryHealth 2
08-28 04:32:09.529 D/StatusBar.BatteryController( 483): mOldstatus5status 5
08-28 04:32:09.529 D/StatusBar.BatteryController( 483): now old status is 5
08-28 04:32:29.569 V/StatusBar.BatteryController( 483): status5batteryHealth 2
08-28 04:32:29.569 D/StatusBar.BatteryController( 483): mOldstatus5status 5
08-28 04:32:29.569 D/StatusBar.BatteryController( 483): now old status is 5
08-28 04:32:32.949 D/Tethering( 276): interfaceLinkStateChanged wlan0, true
08-28 04:32:32.949 D/Tethering( 276): interfaceStatusChanged wlan0, true
08-28 04:32:39.589 V/StatusBar.BatteryController( 483): status5batteryHealth 2
08-28 04:32:39.589 D/StatusBar.BatteryController( 483): mOldstatus5status 5
08-28 04:32:39.589 D/StatusBar.BatteryController( 483): now old status is 5
08-28 04:32:49.609 V/StatusBar.BatteryController( 483): status5batteryHealth 2
08-28 04:32:49.609 D/StatusBar.BatteryController( 483): mOldstatus5status 5
08-28 04:32:49.609 D/StatusBar.BatteryController( 483): now old status is 5
08-28 04:32:59.639 V/StatusBar.BatteryController( 483): status5batteryHealth 2
08-28 04:32:59.639 D/StatusBar.BatteryController( 483): mOldstatus5status 5
08-28 04:32:59.639 D/StatusBar.BatteryController( 483): now old status is 5
08-28 04:33:07.109 D/SensorManager( 867): registerListener :: handle = 0 name= BOSCH 3-axis Accelerometer delay= 10000 Listener= kvn@414113e0
08-28 04:33:07.109 E/SensorManager( 867): thread start
08-28 04:33:07.109 E/SensorManager( 867): =======>>>Sensor Thread RUNNING <<<========
08-28 04:33:07.819 I/SensorManager( 867): Set normal delay = true
08-28 04:33:07.899 D/SensorManager( 867): unregisterListener:: disable all sensors for this listener, name = BOSCH 3-axis Accelerometer listener = kvn@414113e0
08-28 04:33:09.659 V/StatusBar.BatteryController( 483): status5batteryHealth 2
08-28 04:33:09.659 D/StatusBar.BatteryController( 483): mOldstatus5status 5
08-28 04:33:09.659 D/StatusBar.BatteryController( 483): now old status is 5
08-28 04:33:29.699 V/StatusBar.BatteryController( 483): status5batteryHealth 2
08-28 04:33:29.699 D/StatusBar.BatteryController( 483): mOldstatus5status 5
08-28 04:33:29.699 D/StatusBar.BatteryController( 483): now old status is 5
08-28 04:33:49.729 V/StatusBar.BatteryController( 483): status5batteryHealth 2
08-28 04:33:49.729 D/StatusBar.BatteryController( 483): mOldstatus5status 5
08-28 04:33:49.729 D/StatusBar.BatteryController( 483): now old status is 5
08-28 04:33:59.749 V/StatusBar.BatteryController( 483): status5batteryHealth 2
08-28 04:33:59.749 D/StatusBar.BatteryController( 483): mOldstatus5status 5
08-28 04:33:59.749 D/StatusBar.BatteryController( 483): now old status is 5
08-28 04:34:09.769 V/StatusBar.BatteryController( 483): status5batteryHealth 2
08-28 04:34:09.769 D/StatusBar.BatteryController( 483): mOldstatus5status 5
08-28 04:34:09.769 D/StatusBar.BatteryController( 483): now old status is 5
08-28 04:34:29.419 W/SignalStrength( 276): getCdmaLevel=3
08-28 04:34:29.419 W/SignalStrength( 276): getEvdoLevel=0
08-28 04:34:29.419 W/SignalStrength( 276): getCdmaLevel=3
08-28 04:34:29.419 W/SignalStrength( 276): getLevel=3
08-28 04:34:29.429 W/SignalStrength( 483): getCdmaLevel=3
08-28 04:34:29.429 W/SignalStrength( 483): getEvdoLevel=0
08-28 04:34:29.429 W/SignalStrength( 483): getCdmaLevel=3
08-28 04:34:29.429 W/SignalStrength( 483): getLevel=3
08-28 04:34:36.419 W/SignalStrength( 276): getCdmaLevel=2
08-28 04:34:36.429 W/SignalStrength( 276): getEvdoLevel=0
08-28 04:34:36.429 W/SignalStrength( 276): getCdmaLevel=2
08-28 04:34:36.429 W/SignalStrength( 276): getLevel=2
08-28 04:34:36.429 W/SignalStrength( 483): getCdmaLevel=2
08-28 04:34:36.429 W/SignalStrength( 483): getEvdoLevel=0
08-28 04:34:36.429 W/SignalStrength( 483): getCdmaLevel=2
08-28 04:34:36.429 W/SignalStrength( 483): getLevel=2
08-28 04:34:49.849 V/StatusBar.BatteryController( 483): status5batteryHealth 2
08-28 04:34:49.849 D/StatusBar.BatteryController( 483): mOldstatus5status 5
08-28 04:34:49.849 D/StatusBar.BatteryController( 483): now old status is 5
08-28 04:34:51.429 W/SignalStrength( 276): getCdmaLevel=3
08-28 04:34:51.429 W/SignalStrength( 276): getEvdoLevel=0
08-28 04:34:51.429 W/SignalStrength( 276): getCdmaLevel=3
08-28 04:34:51.429 W/SignalStrength( 276): getLevel=3
08-28 04:34:51.439 W/SignalStrength( 483): getCdmaLevel=3
08-28 04:34:51.439 W/SignalStrength( 483): getEvdoLevel=0
08-28 04:34:51.439 W/SignalStrength( 483): getCdmaLevel=3
08-28 04:34:51.439 W/SignalStrength( 483): getLevel=3
08-28 04:34:54.429 W/SignalStrength( 276): getCdmaLevel=2
08-28 04:34:54.429 W/SignalStrength( 276): getEvdoLevel=0
08-28 04:34:54.429 W/SignalStrength( 276): getCdmaLevel=2
08-28 04:34:54.429 W/SignalStrength( 276): getLevel=2
08-28 04:34:54.439 W/SignalStrength( 483): getCdmaLevel=2
08-28 04:34:54.439 W/SignalStrength( 483): getEvdoLevel=0
08-28 04:34:54.439 W/SignalStrength( 483): getCdmaLevel=2
08-28 04:34:54.439 W/SignalStrength( 483): getLevel=2
08-28 04:34:59.869 V/StatusBar.BatteryController( 483): status5batteryHealth 2
08-28 04:34:59.869 D/StatusBar.BatteryController( 483): mOldstatus5status 5
08-28 04:34:59.869 D/StatusBar.BatteryController( 483): now old status is 5
08-28 04:35:09.889 V/StatusBar.BatteryController( 483): status5batteryHealth 2
08-28 04:35:09.889 D/StatusBar.BatteryController( 483): mOldstatus5status 5
08-28 04:35:09.889 D/StatusBar.BatteryController( 483): now old status is 5
08-28 04:35:19.909 V/StatusBar.BatteryController( 483): status5batteryHealth 2
08-28 04:35:19.909 D/StatusBar.BatteryController( 483): mOldstatus5status 5
08-28 04:35:19.909 D/StatusBar.BatteryController( 483): now old status is 5
08-28 04:35:39.949 V/StatusBar.BatteryController( 483): status5batteryHealth 2
08-28 04:35:39.959 D/StatusBar.BatteryController( 483): mOldstatus5status 5
08-28 04:35:39.959 D/StatusBar.BatteryController( 483): now old status is 5
08-28 04:35:49.969 V/StatusBar.BatteryController( 483): status5batteryHealth 2
08-28 04:35:49.969 D/StatusBar.BatteryController( 483): mOldstatus5status 5
08-28 04:35:49.969 D/StatusBar.BatteryController( 483): now old status is 5
08-28 04:35:52.449 W/SignalStrength( 276): getCdmaLevel=3
08-28 04:35:52.449 W/SignalStrength( 276): getEvdoLevel=0
08-28 04:35:52.449 W/SignalStrength( 276): getCdmaLevel=3
08-28 04:35:52.449 W/SignalStrength( 276): getLevel=3
08-28 04:35:52.459 W/SignalStrength( 483): getCdmaLevel=3
08-28 04:35:52.459 W/SignalStrength( 483): getEvdoLevel=0
08-28 04:35:52.459 W/SignalStrength( 483): getCdmaLevel=3
08-28 04:35:52.459 W/SignalStrength( 483): getLevel=3
08-28 04:35:55.449 W/SignalStrength( 276): getCdmaLevel=2
08-28 04:35:55.449 W/SignalStrength( 276): getEvdoLevel=0
08-28 04:35:55.449 W/SignalStrength( 276): getCdmaLevel=2
08-28 04:35:55.449 W/SignalStrength( 276): getLevel=2
08-28 04:35:55.459 W/SignalStrength( 483): getCdmaLevel=2
08-28 04:35:55.459 W/SignalStrength( 483): getEvdoLevel=0
08-28 04:35:55.459 W/SignalStrength( 483): getCdmaLevel=2
08-28 04:35:55.459 W/SignalStrength( 483): getLevel=2
08-28 04:35:59.999 V/StatusBar.BatteryController( 483): status5batteryHealth 2
08-28 04:35:59.999 D/StatusBar.BatteryController( 483): mOldstatus5status 5
08-28 04:35:59.999 D/StatusBar.BatteryController( 483): now old status is 5
08-28 04:36:06.079 D/SensorManager( 867): registerListener :: handle = 0 name= BOSCH 3-axis Accelerometer delay= 10000 Listener= kvn@411b6340
08-28 04:36:06.079 E/SensorManager( 867): thread start
08-28 04:36:06.089 E/SensorManager( 867): =======>>>Sensor Thread RUNNING <<<========
08-28 04:36:06.779 I/SensorManager( 867): Set normal delay = true
08-28 04:36:06.859 D/SensorManager( 867): unregisterListener:: disable all sensors for this listener, name = BOSCH 3-axis Accelerometer listener = kvn@411b6340
08-28 04:36:30.059 V/StatusBar.BatteryController( 483): status5batteryHealth 2
08-28 04:36:30.059 D/StatusBar.BatteryController( 483): mOldstatus5status 5
08-28 04:36:30.059 D/StatusBar.BatteryController( 483): now old status is 5
08-28 04:36:40.079 V/StatusBar.BatteryController( 483): status5batteryHealth 2
08-28 04:36:40.079 D/StatusBar.BatteryController( 483): mOldstatus5status 5
08-28 04:36:40.079 D/StatusBar.BatteryController( 483): now old status is 5
08-28 04:36:50.089 V/StatusBar.BatteryController( 483): status5batteryHealth 2
08-28 04:36:50.089 D/StatusBar.BatteryController( 483): mOldstatus5status 5
08-28 04:36:50.089 D/StatusBar.BatteryController( 483): now old status is 5
08-28 04:37:10.129 V/StatusBar.BatteryController( 483): status5batteryHealth 2
08-28 04:37:10.129 D/StatusBar.BatteryController( 483): mOldstatus5status 5
08-28 04:37:10.129 D/StatusBar.BatteryController( 483): now old status is 5
08-28 04:37:20.149 V/StatusBar.BatteryController( 483): status5batteryHealth 2
08-28 04:37:20.149 D/StatusBar.BatteryController( 483): mOldstatus5status 5
08-28 04:37:20.149 D/StatusBar.BatteryController( 483): now old status is 5
08-28 04:37:49.609 W/ThrottleService( 276): unable to find stats for iface rmnet0
08-28 04:38:00.239 V/StatusBar.BatteryController( 483): status5batteryHealth 2
08-28 04:38:00.239 D/StatusBar.BatteryController( 483): mOldstatus5status 5
08-28 04:38:00.239 D/StatusBar.BatteryController( 483): now old status is 5
08-28 04:38:10.249 V/StatusBar.BatteryController( 483): status5batteryHealth 2
08-28 04:38:10.249 D/StatusBar.BatteryController( 483): mOldstatus5status 5
08-28 04:38:10.249 D/StatusBar.BatteryController( 483): now old status is 5
08-28 04:38:20.269 V/StatusBar.BatteryController( 483): status5batteryHealth 2
08-28 04:38:20.269 D/StatusBar.BatteryController( 483): mOldstatus5status 5
08-28 04:38:20.269 D/StatusBar.BatteryController( 483): now old status is 5
08-28 04:38:40.309 V/StatusBar.BatteryController( 483): status5batteryHealth 2
08-28 04:38:40.309 D/StatusBar.BatteryController( 483): mOldstatus5status 5
08-28 04:38:40.309 D/StatusBar.BatteryController( 483): now old status is 5
08-28 04:38:50.329 V/StatusBar.BatteryController( 483): status5batteryHealth 2
08-28 04:38:50.329 D/StatusBar.BatteryController( 483): mOldstatus5status 5
08-28 04:38:50.329 D/StatusBar.BatteryController( 483): now old status is 5
08-28 04:39:05.069 D/SensorManager( 867): registerListener :: handle = 0 name= BOSCH 3-axis Accelerometer delay= 10000 Listener= kvn@411bee28
08-28 04:39:05.069 E/SensorManager( 867): thread start
08-28 04:39:05.069 E/SensorManager( 867): =======>>>Sensor Thread RUNNING <<<========
08-28 04:39:05.759 I/SensorManager( 867): Set normal delay = true
08-28 04:39:05.839 D/SensorManager( 867): unregisterListener:: disable all sensors for this listener, name = BOSCH 3-axis Accelerometer listener = kvn@411bee28
08-28 04:39:05.869 I/GCoreUlr( 867): Received powerMode change from NLP: com.google.android.location.activity.LOW_POWER_MODE_ENABLED
08-28 04:39:05.869 I/GCoreUlr( 867): Starting service, intent=Intent { act=com.google.android.location.reporting.ACTION_UPDATE_ACTIVE_STATE cmp=xxxx }, extras=null
08-28 04:39:05.919 I/GCoreUlr( 867): Ensuring that reporting is active for [account#15#]
08-28 04:39:05.919 I/GCoreUlr( 867): Starting service, intent=Intent { act=com.google.android.location.reporting.ACTION_LOCATION_STATUS cmp=xxxx (has extras) }, extras=Bundle[{status=LocationStatus[cell status: STATUS_SUCCESSFUL, wifi status: STATUS_SUCCESSFUL, elapsed realtime ns: 19183643000000]}]
08-28 04:39:10.369 V/StatusBar.BatteryController( 483): status5batteryHealth 2
08-28 04:39:10.369 D/StatusBar.BatteryController( 483): mOldstatus5status 5
08-28 04:39:10.369 D/StatusBar.BatteryController( 483): now old status is 5
08-28 04:39:18.609 D/GpsLocationProvider( 276): ALARM_WAKEUP
08-28 04:39:18.609 D/GpsLocationProvider( 276): startNavigating
08-28 04:39:18.609 D/GpsLocationProvider( 276): GlobalConfig.GLOBALCONFIG_GPS_CDMA=true
08-28 04:39:18.609 D/GpsLocationProvider( 276): startNavigating with Position Mode = 0
08-28 04:39:18.609 E/libsecgps( 276): gps_start:
08-28 04:39:18.649 V/GpsLocationProvider( 276): reportStatus status: 3
08-28 04:39:18.649 V/GpsLocationProvider( 276): reportStatus status: 1
08-28 04:39:20.389 V/StatusBar.BatteryController( 483): status5batteryHealth 2
08-28 04:39:20.389 D/StatusBar.BatteryController( 483): mOldstatus5status 5
08-28 04:39:20.389 D/StatusBar.BatteryController( 483): now old status is 5
08-28 04:39:22.599 E/GPSD ( 119): SecLBS_update_location:
08-28 04:39:22.599 D/GpsLocationProvider( 276): TTFF: 3992
08-28 04:39:22.599 D/GpsLocationProvider( 276): got fix, hibernating
08-28 04:39:22.599 D/GpsLocationProvider( 276): stopNavigating
08-28 04:39:22.599 E/libsecgps( 276): gps_stop:
08-28 04:39:22.629 V/GpsLocationProvider( 276): reportStatus status: 2
08-28 04:39:22.629 V/GpsLocationProvider( 276): reportStatus status: 4
08-28 04:39:22.669 D/MyGPSClockApp( 6043): +onLocationChanged
08-28 04:39:22.669 D/MyGPSClockApp( 6043): +getGPSDatetime
08-28 04:39:22.669 D/MyGPSClockApp( 6043): GPSTime: 1409233180000
08-28 04:39:22.669 D/MyGPSClockApp( 6043): GPS Current time: Thu Aug 28 09:39:40 EDT 2014
08-28 04:39:22.669 D/MyGPSClockApp( 6043): -getGPSDatetime
08-28 04:39:22.669 D/MyGPSClockApp( 6043): -onLocationChanged
08-28 04:39:22.729 V/GpsLocationProvider( 276): reportStatus status: 2
08-28 04:39:22.979 I/GCoreUlr( 867): Successfully inserted location
08-28 04:39:22.979 I/GCoreUlr( 867): Not calling LocationReportingService, hasMoved: false, elapsed millis: 3020990, request: Phone
08-28 04:39:40.429 V/StatusBar.BatteryController( 483): status5batteryHealth 2
08-28 04:39:40.429 D/StatusBar.BatteryController( 483): mOldstatus5status 5
08-28 04:39:40.429 D/StatusBar.BatteryController( 483): now old status is 5
08-28 04:39:50.449 V/StatusBar.BatteryController( 483): status5batteryHealth 2
08-28 04:39:50.449 D/StatusBar.BatteryController( 483): mOldstatus5status 5
08-28 04:39:50.449 D/StatusBar.BatteryController( 483): now old status is 5
08-28 04:40:00.479 V/StatusBar.BatteryController( 483): status5batteryHealth 2
08-28 04:40:00.479 D/StatusBar.BatteryController( 483): mOldstatus5status 5
08-28 04:40:00.479 D/StatusBar.BatteryController( 483): now old status is 5
08-28 04:40:20.509 V/StatusBar.BatteryController( 483): status5batteryHealth 2
08-28 04:40:20.509 D/StatusBar.BatteryController( 483): mOldstatus5status 5
08-28 04:40:20.509 D/StatusBar.BatteryController( 483): now old status is 5
08-28 04:40:30.529 V/StatusBar.BatteryController( 483): status5batteryHealth 2
08-28 04:40:30.529 D/StatusBar.BatteryController( 483): mOldstatus5status 5
08-28 04:40:30.529 D/StatusBar.BatteryController( 483): now old status is 5
08-28 04:40:50.569 V/StatusBar.BatteryController( 483): status5batteryHealth 2
08-28 04:40:50.569 D/StatusBar.BatteryController( 483): mOldstatus5status 5
08-28 04:40:50.569 D/StatusBar.BatteryController( 483): now old status is 5
08-28 04:41:00.599 V/StatusBar.BatteryController( 483): status5batteryHealth 2
08-28 04:41:00.599 D/StatusBar.BatteryController( 483): mOldstatus5status 5
08-28 04:41:00.599 D/StatusBar.BatteryController( 483): now old status is 5
08-28 04:41:10.609 V/StatusBar.BatteryController( 483): status5batteryHealth 2
08-28 04:41:10.609 D/StatusBar.BatteryController( 483): mOldstatus5status 5
08-28 04:41:10.609 D/StatusBar.BatteryController( 483): now old status is 5
08-28 04:41:20.629 V/StatusBar.BatteryController( 483): status5batteryHealth 2
08-28 04:41:20.629 D/StatusBar.BatteryController( 483): mOldstatus5status 5
08-28 04:41:20.629 D/StatusBar.BatteryController( 483): now old status is 5
08-28 04:41:30.649 V/StatusBar.BatteryController( 483): status5batteryHealth 2
08-28 04:41:30.649 D/StatusBar.BatteryController( 483): mOldstatus5status 5
08-28 04:41:30.649 D/StatusBar.BatteryController( 483): now old status is 5
08-28 04:41:50.689 V/StatusBar.BatteryController( 483): status5batteryHealth 2
08-28 04:41:50.689 D/StatusBar.BatteryController( 483): mOldstatus5status 5
08-28 04:41:50.689 D/StatusBar.BatteryController( 483): now old status is 5
08-28 04:42:04.019 D/SensorManager( 867): registerListener :: handle = 0 name= BOSCH 3-axis Accelerometer delay= 10000 Listener= kvn@41122308
08-28 04:42:04.019 E/SensorManager( 867): thread start
08-28 04:42:04.019 E/SensorManager( 867): =======>>>Sensor Thread RUNNING <<<========
08-28 04:42:04.709 I/SensorManager( 867): Set normal delay = true
08-28 04:42:04.789 D/SensorManager( 867): unregisterListener:: disable all sensors for this listener, name = BOSCH 3-axis Accelerometer listener = kvn@41122308
08-28 04:42:10.729 V/StatusBar.BatteryController( 483): status5batteryHealth 2
08-28 04:42:10.729 D/StatusBar.BatteryController( 483): mOldstatus5status 5
08-28 04:42:10.729 D/StatusBar.BatteryController( 483): now old status is 5
08-28 04:42:10.749 E/WifiStateMachine( 276): set suspend optimizations failed!
08-28 04:42:11.409 E/WifiStateMachine( 276): set suspend optimizations failed!
08-28 04:42:20.749 V/StatusBar.BatteryController( 483): status5batteryHealth 2
08-28 04:42:20.749 D/StatusBar.BatteryController( 483): mOldstatus5status 5
08-28 04:42:20.749 D/StatusBar.BatteryController( 483): now old status is 5
08-28 04:42:21.309 I/EventLogService( 737): Aggregate from 1409213541204 (log), 1409213541204 (data)
08-28 04:42:30.769 V/StatusBar.BatteryController( 483): status5batteryHealth 2
08-28 04:42:30.769 D/StatusBar.BatteryController( 483): mOldstatus5status 5
08-28 04:42:30.769 D/StatusBar.BatteryController( 483): now old status is 5
08-28 04:42:35.879 D/Tethering( 276): interfaceLinkStateChanged wlan0, true
08-28 04:42:35.879 D/Tethering( 276): interfaceStatusChanged wlan0, true
08-28 04:42:40.789 V/StatusBar.BatteryController( 483): status5batteryHealth 2
08-28 04:42:40.789 D/StatusBar.BatteryController( 483): mOldstatus5status 5
08-28 04:42:40.789 D/StatusBar.BatteryController( 483): now old status is 5
08-28 04:42:50.809 V/StatusBar.BatteryController( 483): status5batteryHealth 2
08-28 04:42:50.809 D/StatusBar.BatteryController( 483): mOldstatus5status 5
08-28 04:42:50.809 D/StatusBar.BatteryController( 483): now old status is 5
08-28 04:42:55.519 D/Tethering( 276): interfaceLinkStateChanged wlan0, true
08-28 04:42:55.519 D/Tethering( 276): interfaceStatusChanged wlan0, true
08-28 04:42:57.089 D/GCM ( 588): Ignoring attempt to send heartbeat on dead connection.
08-28 04:43:10.859 V/StatusBar.BatteryController( 483): status5batteryHealth 2
08-28 04:43:10.859 D/StatusBar.BatteryController( 483): mOldstatus5status 5
08-28 04:43:10.859 D/StatusBar.BatteryController( 483): now old status is 5
08-28 04:43:17.109 D/Tethering( 276): interfaceLinkStateChanged wlan0, true
08-28 04:43:17.109 D/Tethering( 276): interfaceStatusChanged wlan0, true
08-28 04:43:20.889 V/StatusBar.BatteryController( 483): status5batteryHealth 2
08-28 04:43:20.889 D/StatusBar.BatteryController( 483): mOldstatus5status 5
08-28 04:43:20.889 D/StatusBar.BatteryController( 483): now old status is 5
08-28 04:43:22.679 D/Tethering( 276): interfaceLinkStateChanged wlan0, true
08-28 04:43:22.679 D/Tethering( 276): interfaceStatusChanged wlan0, true
08-28 04:43:40.929 V/StatusBar.BatteryController( 483): status5batteryHealth 2
08-28 04:43:40.929 D/StatusBar.BatteryController( 483): mOldstatus5status 5
08-28 04:43:40.929 D/StatusBar.BatteryController( 483): now old status is 5
08-28 04:44:00.979 V/StatusBar.BatteryController( 483): status5batteryHealth 2
08-28 04:44:00.979 D/StatusBar.BatteryController( 483): mOldstatus5status 5
08-28 04:44:00.979 D/StatusBar.BatteryController( 483): now old status is 5
08-28 04:44:05.609 I/GCoreUlr( 867): WorldUpdater received intent Intent { act=com.google.android.location.reporting.ACTION_UPDATE_WORLD flg=0x4 cmp=xxxx (has extras) } with receiverAction null
08-28 04:44:05.689 D/SyncManager( 276): setSyncAutomatically: , provider com.google.android.location.reporting -> true
08-28 04:44:05.689 D/SyncManager( 276): setSyncAutomatically: already set to true, doing nothing
08-28 04:44:05.819 I/GCoreUlr( 867): Ensuring that reporting is active for [account#15#]
08-28 04:44:05.819 I/GCoreUlr( 867): Starting service, intent=Intent { act=com.google.android.location.reporting.ACTION_LOCATION_STATUS cmp=xxxx (has extras) }, extras=Bundle[{status=LocationStatus[cell status: STATUS_SUCCESSFUL, wifi status: STATUS_SUCCESSFUL, elapsed realtime ns: 19183643000000]}]
08-28 04:44:05.839 I/AdsMeasurementBroadcastReceiver( 737): Reporting settings might have changed, alerting AdsMeasurementService
08-28 04:44:05.839 D/AdsMeasurementBroadcastReceiver( 737): Unauthorized to start the main service
08-28 04:44:21.009 V/StatusBar.BatteryController( 483): status5batteryHealth 2
08-28 04:44:21.009 D/StatusBar.BatteryController( 483): mOldstatus5status 5
08-28 04:44:21.009 D/StatusBar.BatteryController( 483): now old status is 5
08-28 04:44:51.069 V/StatusBar.BatteryController( 483): status5batteryHealth 2
08-28 04:44:51.069 D/StatusBar.BatteryController( 483): mOldstatus5status 5
08-28 04:44:51.069 D/StatusBar.BatteryController( 483): now old status is 5
08-28 04:45:01.089 V/StatusBar.BatteryController( 483): status5batteryHealth 2
08-28 04:45:01.089 D/StatusBar.BatteryController( 483): mOldstatus5status 5
08-28 04:45:01.089 D/StatusBar.BatteryController( 483): now old status is 5
08-28 04:45:09.079 E/WifiStateMachine( 276): set suspend optimizations failed!
08-28 04:45:09.109 D/SensorManager( 867): registerListener :: handle = 0 name= BOSCH 3-axis Accelerometer delay= 10000 Listener= kvn@411792b0
08-28 04:45:09.119 E/SensorManager( 867): thread start
08-28 04:45:09.119 E/SensorManager( 867): =======>>>Sensor Thread RUNNING <<<========
08-28 04:45:09.799 D/Tethering( 276): interfaceLinkStateChanged wlan0, true
08-28 04:45:09.799 D/Tethering( 276): interfaceStatusChanged wlan0, true
08-28 04:45:09.799 D/Tethering( 276): interfaceLinkStateChanged wlan0, true
08-28 04:45:09.799 D/Tethering( 276): interfaceStatusChanged wlan0, true
08-28 04:45:09.859 I/SensorManager( 867): Set normal delay = true
08-28 04:45:09.929 D/SensorManager( 867): unregisterListener:: disable all sensors for this listener, name = BOSCH 3-axis Accelerometer listener = kvn@411792b0
08-28 04:45:09.949 E/WifiStateMachine( 276): set suspend optimizations failed!
08-28 04:45:10.089 I/GCoreUlr( 867): Successfully inserted location
08-28 04:45:10.089 I/GCoreUlr( 867): Not calling LocationReportingService, hasMoved: false, elapsed millis: 3368103, request: Phone
08-28 04:45:11.109 V/StatusBar.BatteryController( 483): status5batteryHealth 2
08-28 04:45:11.109 D/StatusBar.BatteryController( 483): mOldstatus5status 5
08-28 04:45:11.109 D/StatusBar.BatteryController( 483): now old status is 5
08-28 04:45:31.149 V/StatusBar.BatteryController( 483): status5batteryHealth 2
08-28 04:45:31.149 D/StatusBar.BatteryController( 483): mOldstatus5status 5
08-28 04:45:31.149 D/StatusBar.BatteryController( 483): now old status is 5
08-28 04:45:41.169 V/StatusBar.BatteryController( 483): status5batteryHealth 2
08-28 04:45:41.169 D/StatusBar.BatteryController( 483): mOldstatus5status 5
08-28 04:45:41.169 D/StatusBar.BatteryController( 483): now old status is 5
08-28 04:46:01.209 V/StatusBar.BatteryController( 483): status5batteryHealth 2
08-28 04:46:01.209 D/StatusBar.BatteryController( 483): mOldstatus5status 5
08-28 04:46:01.209 D/StatusBar.BatteryController( 483): now old status is 5
08-28 04:46:11.229 V/StatusBar.BatteryController( 483): status5batteryHealth 2
08-28 04:46:11.229 D/StatusBar.BatteryController( 483): mOldstatus5status 5
08-28 04:46:11.229 D/StatusBar.BatteryController( 483): now old status is 5
08-28 04:46:17.219 W/Smack/Packet( 588): notify conn break (IOEx), close connection
08-28 04:46:20.389 D/ConnectivityService( 276): handleInetConditionHoldEnd: net=1, condition=0, published condition=100
08-28 04:46:20.389 W/SignalStrength( 483): getCdmaLevel=2
08-28 04:46:20.389 W/SignalStrength( 483): getEvdoLevel=0
08-28 04:46:20.389 W/SignalStrength( 483): getCdmaLevel=2
08-28 04:46:20.389 W/SignalStrength( 483): getLevel=2
08-28 04:46:21.249 V/StatusBar.BatteryController( 483): status5batteryHealth 2
08-28 04:46:21.249 D/StatusBar.BatteryController( 483): mOldstatus5status 5
08-28 04:46:21.249 D/StatusBar.BatteryController( 483): now old status is 5
08-28 04:46:28.269 I/GTalkService/c( 588): [AndroidEndpoint@1092845504] connect: acct=1000000, state=CONNECTING
08-28 04:46:29.609 D/ConnectivityService( 276): handleInetConditionHoldEnd: net=1, condition=100, published condition=0
08-28 04:46:29.609 W/SignalStrength( 483): getCdmaLevel=2
08-28 04:46:29.609 W/SignalStrength( 483): getEvdoLevel=0
08-28 04:46:29.609 W/SignalStrength( 483): getCdmaLevel=2
08-28 04:46:29.609 W/SignalStrength( 483): getLevel=2
08-28 04:46:31.279 V/StatusBar.BatteryController( 483): status5batteryHealth 2
08-28 04:46:31.279 D/StatusBar.BatteryController( 483): mOldstatus5status 5
08-28 04:46:31.279 D/StatusBar.BatteryController( 483): now old status is 5
08-28 04:46:32.729 D/Tethering( 276): interfaceLinkStateChanged wlan0, true
08-28 04:46:32.729 D/Tethering( 276): interfaceStatusChanged wlan0, true
08-28 04:46:36.419 D/Tethering( 276): interfaceLinkStateChanged wlan0, true
08-28 04:46:36.419 D/Tethering( 276): interfaceStatusChanged wlan0, true
08-28 04:46:39.219 D/Tethering( 276): interfaceLinkStateChanged wlan0, true
08-28 04:46:39.219 D/Tethering( 276): interfaceStatusChanged wlan0, true
08-28 04:46:41.299 V/StatusBar.BatteryController( 483): status5batteryHealth 2
08-28 04:46:41.299 D/StatusBar.BatteryController( 483): mOldstatus5status 5
08-28 04:46:41.299 D/StatusBar.BatteryController( 483): now old status is 5
08-28 04:46:49.259 D/Tethering( 276): interfaceLinkStateChanged wlan0, true
08-28 04:46:49.259 D/Tethering( 276): interfaceStatusChanged wlan0, true
08-28 04:46:51.319 V/StatusBar.BatteryController( 483): status5batteryHealth 2
08-28 04:46:51.319 D/StatusBar.BatteryController( 483): mOldstatus5status 5
08-28 04:46:51.319 D/StatusBar.BatteryController( 483): now old status is 5
08-28 04:46:59.289 D/Tethering( 276): interfaceLinkStateChanged wlan0, true
08-28 04:46:59.289 D/Tethering( 276): interfaceStatusChanged wlan0, true
08-28 04:47:01.339 V/StatusBar.BatteryController( 483): status5batteryHealth 2
08-28 04:47:01.339 D/StatusBar.BatteryController( 483): mOldstatus5status 5
08-28 04:47:01.339 D/StatusBar.BatteryController( 483): now old status is 5
08-28 04:47:09.219 D/Tethering( 276): interfaceLinkStateChanged wlan0, true
08-28 04:47:09.219 D/Tethering( 276): interfaceStatusChanged wlan0, true
08-28 04:47:14.229 D/Tethering( 276): interfaceLinkStateChanged wlan0, true
08-28 04:47:14.229 D/Tethering( 276): interfaceStatusChanged wlan0, true
08-28 04:47:19.259 D/Tethering( 276): interfaceLinkStateChanged wlan0, true
08-28 04:47:19.259 D/Tethering( 276): interfaceStatusChanged wlan0, true
08-28 04:47:21.379 V/StatusBar.BatteryController( 483): status5batteryHealth 2
08-28 04:47:21.379 D/StatusBar.BatteryController( 483): mOldstatus5status 5
08-28 04:47:21.379 D/StatusBar.BatteryController( 483): now old status is 5
08-28 04:47:24.279 D/Tethering( 276): interfaceLinkStateChanged wlan0, true
08-28 04:47:24.279 D/Tethering( 276): interfaceStatusChanged wlan0, true
08-28 04:47:31.399 V/StatusBar.BatteryController( 483): status5batteryHealth 2
08-28 04:47:31.399 D/StatusBar.BatteryController( 483): mOldstatus5status 5
08-28 04:47:31.399 D/StatusBar.BatteryController( 483): now old status is 5
08-28 04:47:41.419 V/StatusBar.BatteryController( 483): status5batteryHealth 2
08-28 04:47:41.419 D/StatusBar.BatteryController( 483): mOldstatus5status 5
08-28 04:47:41.419 D/StatusBar.BatteryController( 483): now old status is 5
08-28 04:47:49.609 W/ThrottleService( 276): unable to find stats for iface rmnet0
08-28 04:47:51.429 V/StatusBar.BatteryController( 483): status5batteryHealth 2
08-28 04:47:51.429 D/StatusBar.BatteryController( 483): mOldstatus5status 5
08-28 04:47:51.429 D/StatusBar.BatteryController( 483): now old status is 5
08-28 04:48:08.109 D/SensorManager( 867): registerListener :: handle = 0 name= BOSCH 3-axis Accelerometer delay= 10000 Listener= kvn@412c33c0
08-28 04:48:08.109 E/SensorManager( 867): thread start
08-28 04:48:08.109 E/SensorManager( 867): =======>>>Sensor Thread RUNNING <<<========
08-28 04:48:08.799 I/SensorManager( 867): Set normal delay = true
08-28 04:48:08.879 D/SensorManager( 867): unregisterListener:: disable all sensors for this listener, name = BOSCH 3-axis Accelerometer listener = kvn@412c33c0
08-28 04:48:11.479 V/StatusBar.BatteryController( 483): status5batteryHealth 2
08-28 04:48:11.479 D/StatusBar.BatteryController( 483): mOldstatus5status 5
08-28 04:48:11.479 D/StatusBar.BatteryController( 483): now old status is 5
08-28 04:48:21.489 V/StatusBar.BatteryController( 483): status5batteryHealth 2
08-28 04:48:21.489 D/StatusBar.BatteryController( 483): mOldstatus5status 5
08-28 04:48:21.489 D/StatusBar.BatteryController( 483): now old status is 5
08-28 04:48:31.519 V/StatusBar.BatteryController( 483): status5batteryHealth 2
08-28 04:48:31.519 D/StatusBar.BatteryController( 483): mOldstatus5status 5
08-28 04:48:31.519 D/StatusBar.BatteryController( 483): now old status is 5
08-28 04:48:51.549 V/StatusBar.BatteryController( 483): status5batteryHealth 2
08-28 04:48:51.549 D/StatusBar.BatteryController( 483): mOldstatus5status 5
08-28 04:48:51.549 D/StatusBar.BatteryController( 483): now old status is 5
08-28 04:49:01.579 V/StatusBar.BatteryController( 483): status5batteryHealth 2
08-28 04:49:01.579 D/StatusBar.BatteryController( 483): mOldstatus5status 5
08-28 04:49:01.579 D/StatusBar.BatteryController( 483): now old status is 5
08-28 04:49:11.599 V/StatusBar.BatteryController( 483): status5batteryHealth 2
08-28 04:49:11.599 D/StatusBar.BatteryController( 483): mOldstatus5status 5
08-28 04:49:11.599 D/StatusBar.BatteryController( 483): now old status is 5
08-28 04:49:22.609 D/GpsLocationProvider( 276): ALARM_WAKEUP
08-28 04:49:22.609 D/GpsLocationProvider( 276): startNavigating
08-28 04:49:22.609 D/GpsLocationProvider( 276): GlobalConfig.GLOBALCONFIG_GPS_CDMA=true
08-28 04:49:22.609 D/GpsLocationProvider( 276): startNavigating with Position Mode = 0
08-28 04:49:22.609 E/libsecgps( 276): gps_start:
08-28 04:49:22.639 V/GpsLocationProvider( 276): reportStatus status: 3
08-28 04:49:22.639 V/GpsLocationProvider( 276): reportStatus status: 1
08-28 04:49:25.589 E/GPSD ( 119): SecLBS_update_location:
08-28 04:49:25.589 D/GpsLocationProvider( 276): TTFF: 2987
08-28 04:49:25.599 D/GpsLocationProvider( 276): got fix, hibernating
08-28 04:49:25.599 D/GpsLocationProvider( 276): stopNavigating
08-28 04:49:25.599 E/libsecgps( 276): gps_stop:
08-28 04:49:25.629 V/GpsLocationProvider( 276): reportStatus status: 2
08-28 04:49:25.639 V/GpsLocationProvider( 276): reportStatus status: 4
08-28 04:49:25.659 D/MyGPSClockApp( 6043): +onLocationChanged
08-28 04:49:25.659 D/MyGPSClockApp( 6043): +getGPSDatetime
08-28 04:49:25.659 D/MyGPSClockApp( 6043): GPSTime: 1409233783000
08-28 04:49:25.669 D/MyGPSClockApp( 6043): GPS Current time: Thu Aug 28 09:49:43 EDT 2014
08-28 04:49:25.669 D/MyGPSClockApp( 6043): -getGPSDatetime
08-28 04:49:25.669 D/MyGPSClockApp( 6043): -onLocationChanged
08-28 04:49:25.729 V/GpsLocationProvider( 276): reportStatus status: 2
08-28 04:49:25.929 I/GCoreUlr( 867): Successfully inserted location
08-28 04:49:25.989 I/GCoreUlr( 867): Starting service, intent=Intent { cmp=xxxx }, extras=null
08-28 04:49:26.229 W/GLSUser ( 588): GoogleAccountDataService.getToken()
08-28 04:49:26.289 W/NetworkManagementSocketTagger( 867): untagSocket(55) failed with errno -22
08-28 04:49:26.289 I/mbh ( 867): I/O exception (org.apache.http.NoHttpResponseException) caught when processing request: The target server failed to respond
08-28 04:49:26.289 I/mbh ( 867): Retrying request
08-28 04:49:26.779 I/GCoreUlr( 867): Starting service, intent=Intent { act=com.google.android.location.reporting.ACTION_UPDATE_ACTIVE_STATE cmp=xxxx }, extras=null
08-28 04:49:26.789 I/AdsMeasurementBroadcastReceiver( 737): Reporting settings might have changed, alerting AdsMeasurementService
08-28 04:49:26.789 D/AdsMeasurementBroadcastReceiver( 737): Unauthorized to start the main service
08-28 04:49:26.799 I/GCoreUlr( 867): Batch Location Update succeeded for account account#15#
08-28 04:49:26.819 E/SqliteDatabaseCpp( 867): sqlite3_exec - Failed to set synchronous mode = 1(Normal)
08-28 04:49:26.939 I/GCoreUlr( 867): Ensuring that reporting is active for [account#15#]
08-28 04:49:26.939 I/GCoreUlr( 867): Starting service, intent=Intent { act=com.google.android.location.reporting.ACTION_LOCATION_STATUS cmp=xxxx (has extras) }, extras=Bundle[{status=LocationStatus[cell status: STATUS_SUCCESSFUL, wifi status: STATUS_SUCCESSFUL, elapsed realtime ns: 19183643000000]}]
08-28 04:49:31.639 V/StatusBar.BatteryController( 483): status5batteryHealth 2
08-28 04:49:31.639 D/StatusBar.BatteryController( 483): mOldstatus5status 5
08-28 04:49:31.639 D/StatusBar.BatteryController( 483): now old status is 5
08-28 04:49:36.289 D/Tethering( 276): interfaceLinkStateChanged wlan0, true
08-28 04:49:36.289 D/Tethering( 276): interfaceStatusChanged wlan0, true
08-28 04:49:41.659 V/StatusBar.BatteryController( 483): status5batteryHealth 2
08-28 04:49:41.659 D/StatusBar.BatteryController( 483): mOldstatus5status 5
08-28 04:49:41.659 D/StatusBar.BatteryController( 483): now old status is 5
08-28 04:49:51.669 V/StatusBar.BatteryController( 483): status5batteryHealth 2
08-28 04:49:51.669 D/StatusBar.BatteryController( 483): mOldstatus5status 5
08-28 04:49:51.669 D/StatusBar.BatteryController( 483): now old status is 5
08-28 04:50:01.699 V/StatusBar.BatteryController( 483): status5batteryHealth 2
08-28 04:50:01.699 D/StatusBar.BatteryController( 483): mOldstatus5status 5
08-28 04:50:01.699 D/StatusBar.BatteryController( 483): now old status is 5
08-28 04:50:21.729 V/StatusBar.BatteryController( 483): status5batteryHealth 2
08-28 04:50:21.729 D/StatusBar.BatteryController( 483): mOldstatus5status 5
08-28 04:50:21.729 D/StatusBar.BatteryController( 483): now old status is 5
08-28 04:50:31.759 V/StatusBar.BatteryController( 483): status5batteryHealth 2
08-28 04:50:31.759 D/StatusBar.BatteryController( 483): mOldstatus5status 5
08-28 04:50:31.759 D/StatusBar.BatteryController( 483): now old status is 5
08-28 04:50:41.769 V/StatusBar.BatteryController( 483): status5batteryHealth 2
08-28 04:50:41.769 D/StatusBar.BatteryController( 483): mOldstatus5status 5
08-28 04:50:41.769 D/StatusBar.BatteryController( 483): now old status is 5
08-28 04:50:51.789 V/StatusBar.BatteryController( 483): status5batteryHealth 2
08-28 04:50:51.789 D/StatusBar.BatteryController( 483): mOldstatus5status 5
08-28 04:50:51.789 D/StatusBar.BatteryController( 483): now old status is 5
08-28 04:50:53.809 W/SignalStrength( 276): getCdmaLevel=3
08-28 04:50:53.809 W/SignalStrength( 276): getEvdoLevel=0
08-28 04:50:53.809 W/SignalStrength( 276): getCdmaLevel=3
08-28 04:50:53.809 W/SignalStrength( 276): getLevel=3
08-28 04:50:53.809 W/SignalStrength( 483): getCdmaLevel=3
08-28 04:50:53.809 W/SignalStrength( 483): getEvdoLevel=0
08-28 04:50:53.809 W/SignalStrength( 483): getCdmaLevel=3
08-28 04:50:53.809 W/SignalStrength( 483): getLevel=3
08-28 04:50:56.809 W/SignalStrength( 276): getCdmaLevel=2
08-28 04:50:56.809 W/SignalStrength( 276): getEvdoLevel=0
08-28 04:50:56.809 W/SignalStrength( 276): getCdmaLevel=2
08-28 04:50:56.809 W/SignalStrength( 276): getLevel=2
08-28 04:50:56.809 W/SignalStrength( 483): getCdmaLevel=2
08-28 04:50:56.809 W/SignalStrength( 483): getEvdoLevel=0
08-28 04:50:56.809 W/SignalStrength( 483): getCdmaLevel=2
08-28 04:50:56.809 W/SignalStrength( 483): getLevel=2
08-28 04:51:01.819 V/StatusBar.BatteryController( 483): status5batteryHealth 2
08-28 04:51:01.819 D/StatusBar.BatteryController( 483): mOldstatus5status 5
08-28 04:51:01.819 D/StatusBar.BatteryController( 483): now old status is 5
08-28 04:51:07.209 D/SensorManager( 867): registerListener :: handle = 0 name= BOSCH 3-axis Accelerometer delay= 10000 Listener= kvn@4141be50
08-28 04:51:07.209 E/SensorManager( 867): thread start
08-28 04:51:07.209 E/SensorManager( 867): =======>>>Sensor Thread RUNNING <<<========
08-28 04:51:08.009 I/SensorManager( 867): Set normal delay = true
08-28 04:51:08.089 D/SensorManager( 867): unregisterListener:: disable all sensors for this listener, name = BOSCH 3-axis Accelerometer listener = kvn@4141be50
08-28 04:51:08.129 I/GCoreUlr( 867): Received powerMode change from NLP: com.google.android.location.activity.LOW_POWER_MODE_ENABLED
08-28 04:51:08.129 I/GCoreUlr( 867): Starting service, intent=Intent { act=com.google.android.location.reporting.ACTION_UPDATE_ACTIVE_STATE cmp=xxxx }, extras=null
08-28 04:51:08.179 I/GCoreUlr( 867): Ensuring that reporting is active for [account#15#]
08-28 04:51:08.179 I/GCoreUlr( 867): Starting service, intent=Intent { act=com.google.android.location.reporting.ACTION_LOCATION_STATUS cmp=xxxx (has extras) }, extras=Bundle[{status=LocationStatus[cell status: STATUS_SUCCESSFUL, wifi status: STATUS_SUCCESSFUL, elapsed realtime ns: 19183643000000]}]
08-28 04:51:11.829 V/StatusBar.BatteryController( 483): status5batteryHealth 2
08-28 04:51:11.829 D/StatusBar.BatteryController( 483): mOldstatus5status 5
08-28 04:51:11.829 D/StatusBar.BatteryController( 483): now old status is 5
08-28 04:51:21.849 V/StatusBar.BatteryController( 483): status5batteryHealth 2
08-28 04:51:21.849 D/StatusBar.BatteryController( 483): mOldstatus5status 5
08-28 04:51:21.849 D/StatusBar.BatteryController( 483): now old status is 5
08-28 04:51:31.869 V/StatusBar.BatteryController( 483): status5batteryHealth 2
08-28 04:51:31.879 D/StatusBar.BatteryController( 483): mOldstatus5status 5
08-28 04:51:31.879 D/StatusBar.BatteryController( 483): now old status is 5
08-28 04:51:41.899 V/StatusBar.BatteryController( 483): status5batteryHealth 2
08-28 04:51:41.899 D/StatusBar.BatteryController( 483): mOldstatus5status 5
08-28 04:51:41.899 D/StatusBar.BatteryController( 483): now old status is 5
08-28 04:51:51.909 V/StatusBar.BatteryController( 483): status5batteryHealth 2
08-28 04:51:51.909 D/StatusBar.BatteryController( 483): mOldstatus5status 5
08-28 04:51:51.909 D/StatusBar.BatteryController( 483): now old status is 5
08-28 04:52:01.929 V/StatusBar.BatteryController( 483): status5batteryHealth 2
08-28 04:52:01.929 D/StatusBar.BatteryController( 483): mOldstatus5status 5
08-28 04:52:01.929 D/StatusBar.BatteryController( 483): now old status is 5
08-28 04:52:11.949 V/StatusBar.BatteryController( 483): status5batteryHealth 2
08-28 04:52:11.949 D/StatusBar.BatteryController( 483): mOldstatus5status 5
08-28 04:52:11.959 D/StatusBar.BatteryController( 483): now old status is 5
08-28 04:52:21.969 V/StatusBar.BatteryController( 483): status5batteryHealth 2
08-28 04:52:21.969 D/StatusBar.BatteryController( 483): mOldstatus5status 5
08-28 04:52:21.969 D/StatusBar.BatteryController( 483): now old status is 5
08-28 04:52:31.989 V/StatusBar.BatteryController( 483): status5batteryHealth 2
08-28 04:52:31.989 D/StatusBar.BatteryController( 483): mOldstatus5status 5
08-28 04:52:31.989 D/StatusBar.BatteryController( 483): now old status is 5
08-28 04:52:42.009 V/StatusBar.BatteryController( 483): status5batteryHealth 2
08-28 04:52:42.009 D/StatusBar.BatteryController( 483): mOldstatus5status 5
08-28 04:52:42.019 D/StatusBar.BatteryController( 483): now old status is 5
08-28 04:52:52.029 V/StatusBar.BatteryController( 483): status5batteryHealth 2
08-28 04:52:52.029 D/StatusBar.BatteryController( 483): mOldstatus5status 5
08-28 04:52:52.029 D/StatusBar.BatteryController( 483): now old status is 5
08-28 04:53:06.859 W/SignalStrength( 276): getCdmaLevel=3
08-28 04:53:06.859 W/SignalStrength( 276): getEvdoLevel=0
08-28 04:53:06.859 W/SignalStrength( 276): getCdmaLevel=3
08-28 04:53:06.859 W/SignalStrength( 276): getLevel=3
08-28 04:53:06.859 W/SignalStrength( 483): getCdmaLevel=3
08-28 04:53:06.859 W/SignalStrength( 483): getEvdoLevel=0
08-28 04:53:06.859 W/SignalStrength( 483): getCdmaLevel=3
08-28 04:53:06.859 W/SignalStrength( 483): getLevel=3
08-28 04:53:09.859 W/SignalStrength( 276): getCdmaLevel=2
08-28 04:53:09.859 W/SignalStrength( 276): getEvdoLevel=0
08-28 04:53:09.859 W/SignalStrength( 276): getCdmaLevel=2
08-28 04:53:09.859 W/SignalStrength( 276): getLevel=2
08-28 04:53:09.859 W/SignalStrength( 483): getCdmaLevel=2
08-28 04:53:09.859 W/SignalStrength( 483): getEvdoLevel=0
08-28 04:53:09.859 W/SignalStrength( 483): getCdmaLevel=2
08-28 04:53:09.859 W/SignalStrength( 483): getLevel=2
08-28 04:53:12.079 V/StatusBar.BatteryController( 483): status5batteryHealth 2
08-28 04:53:12.079 D/StatusBar.BatteryController( 483): mOldstatus5status 5
08-28 04:53:12.079 D/StatusBar.BatteryController( 483): now old status is 5
08-28 04:53:20.859 W/SignalStrength( 276): getCdmaLevel=3
08-28 04:53:20.859 W/SignalStrength( 276): getEvdoLevel=0
08-28 04:53:20.859 W/SignalStrength( 276): getCdmaLevel=3
08-28 04:53:20.859 W/SignalStrength( 276): getLevel=3
08-28 04:53:20.859 W/SignalStrength( 483): getCdmaLevel=3
08-28 04:53:20.859 W/SignalStrength( 483): getEvdoLevel=0
08-28 04:53:20.859 W/SignalStrength( 483): getCdmaLevel=3
08-28 04:53:20.859 W/SignalStrength( 483): getLevel=3
08-28 04:53:22.109 V/StatusBar.BatteryController( 483): status5batteryHealth 2
08-28 04:53:22.109 D/StatusBar.BatteryController( 483): mOldstatus5status 5
08-28 04:53:22.109 D/StatusBar.BatteryController( 483): now old status is 5
08-28 04:53:26.859 W/SignalStrength( 276): getCdmaLevel=2
08-28 04:53:26.859 W/SignalStrength( 276): getEvdoLevel=0
08-28 04:53:26.859 W/SignalStrength( 276): getCdmaLevel=2
08-28 04:53:26.859 W/SignalStrength( 276): getLevel=2
08-28 04:53:26.869 W/SignalStrength( 483): getCdmaLevel=2
08-28 04:53:26.869 W/SignalStrength( 483): getEvdoLevel=0
08-28 04:53:26.869 W/SignalStrength( 483): getCdmaLevel=2
08-28 04:53:26.869 W/SignalStrength( 483): getLevel=2
08-28 04:53:32.119 V/StatusBar.BatteryController( 483): status5batteryHealth 2
08-28 04:53:32.119 D/StatusBar.BatteryController( 483): mOldstatus5status 5
08-28 04:53:32.119 D/StatusBar.BatteryController( 483): now old status is 5
08-28 04:53:36.829 D/Tethering( 276): interfaceLinkStateChanged wlan0, true
08-28 04:53:36.829 D/Tethering( 276): interfaceStatusChanged wlan0, true
08-28 04:53:42.129 V/StatusBar.BatteryController( 483): status5batteryHealth 2
08-28 04:53:42.129 D/StatusBar.BatteryController( 483): mOldstatus5status 5
08-28 04:53:42.129 D/StatusBar.BatteryController( 483): now old status is 5
08-28 04:54:06.279 D/SensorManager( 867): registerListener :: handle = 0 name= BOSCH 3-axis Accelerometer delay= 10000 Listener= kvn@412a04c0
08-28 04:54:06.279 E/SensorManager( 867): thread start
08-28 04:54:06.279 E/SensorManager( 867): =======>>>Sensor Thread RUNNING <<<========
08-28 04:54:06.979 I/SensorManager( 867): Set normal delay = true
08-28 04:54:07.069 D/SensorManager( 867): unregisterListener:: disable all sensors for this listener, name = BOSCH 3-axis Accelerometer listener = kvn@412a04c0
08-28 04:54:12.189 V/StatusBar.BatteryController( 483): status5batteryHealth 2
08-28 04:54:12.189 D/StatusBar.BatteryController( 483): mOldstatus5status 5
08-28 04:54:12.189 D/StatusBar.BatteryController( 483): now old status is 5
08-28 04:54:32.229 V/StatusBar.BatteryController( 483): status5batteryHealth 2
08-28 04:54:32.229 D/StatusBar.BatteryController( 483): mOldstatus5status 5
08-28 04:54:32.229 D/StatusBar.BatteryController( 483): now old status is 5
08-28 04:54:42.249 V/StatusBar.BatteryController( 483): status5batteryHealth 2
08-28 04:54:42.249 D/StatusBar.BatteryController( 483): mOldstatus5status 5
08-28 04:54:42.249 D/StatusBar.BatteryController( 483): now old status is 5
08-28 04:54:52.269 V/StatusBar.BatteryController( 483): status5batteryHealth 2
08-28 04:54:52.269 D/StatusBar.BatteryController( 483): mOldstatus5status 5
08-28 04:54:52.269 D/StatusBar.BatteryController( 483): now old status is 5
08-28 04:55:12.309 V/StatusBar.BatteryController( 483): status5batteryHealth 2
08-28 04:55:12.309 D/StatusBar.BatteryController( 483): mOldstatus5status 5
08-28 04:55:12.309 D/StatusBar.BatteryController( 483): now old status is 5
08-28 04:55:22.329 V/StatusBar.BatteryController( 483): status5batteryHealth 2
08-28 04:55:22.329 D/StatusBar.BatteryController( 483): mOldstatus5status 5
08-28 04:55:22.329 D/StatusBar.BatteryController( 483): now old status is 5
08-28 04:55:32.349 V/StatusBar.BatteryController( 483): status5batteryHealth 2
08-28 04:55:32.349 D/StatusBar.BatteryController( 483): mOldstatus5status 5
08-28 04:55:32.349 D/StatusBar.BatteryController( 483): now old status is 5
08-28 04:55:42.369 V/StatusBar.BatteryController( 483): status5batteryHealth 2
08-28 04:55:42.369 D/StatusBar.BatteryController( 483): mOldstatus5status 5
08-28 04:55:42.369 D/StatusBar.BatteryController( 483): now old status is 5
08-28 04:55:52.389 V/StatusBar.BatteryController( 483): status5batteryHealth 2
08-28 04:55:52.389 D/StatusBar.BatteryController( 483): mOldstatus5status 5
08-28 04:55:52.389 D/StatusBar.BatteryController( 483): now old status is 5
08-28 04:56:32.469 V/StatusBar.BatteryController( 483): status5batteryHealth 2
08-28 04:56:32.469 D/StatusBar.BatteryController( 483): mOldstatus5status 5
08-28 04:56:32.469 D/StatusBar.BatteryController( 483): now old status is 5
08-28 04:56:52.509 V/StatusBar.BatteryController( 483): status5batteryHealth 2
08-28 04:56:52.509 D/StatusBar.BatteryController( 483): mOldstatus5status 5
08-28 04:56:52.509 D/StatusBar.BatteryController( 483): now old status is 5
08-28 04:57:05.219 D/SensorManager( 867): registerListener :: handle = 0 name= BOSCH 3-axis Accelerometer delay= 10000 Listener= kvn@4116c378
08-28 04:57:05.219 E/SensorManager( 867): thread start
08-28 04:57:05.219 E/SensorManager( 867): =======>>>Sensor Thread RUNNING <<<========
08-28 04:57:05.919 I/SensorManager( 867): Set normal delay = true
08-28 04:57:05.999 D/SensorManager( 867): unregisterListener:: disable all sensors for this listener, name = BOSCH 3-axis Accelerometer listener = kvn@4116c378
08-28 04:57:12.549 V/StatusBar.BatteryController( 483): status5batteryHealth 2
08-28 04:57:12.549 D/StatusBar.BatteryController( 483): mOldstatus5status 5
08-28 04:57:12.549 D/StatusBar.BatteryController( 483): now old status is 5
08-28 04:57:22.569 V/StatusBar.BatteryController( 483): status5batteryHealth 2
08-28 04:57:22.569 D/StatusBar.BatteryController( 483): mOldstatus5status 5
08-28 04:57:22.569 D/StatusBar.BatteryController( 483): now old status is 5
08-28 04:57:32.589 V/StatusBar.BatteryController( 483): status5batteryHealth 2
08-28 04:57:32.589 D/StatusBar.BatteryController( 483): mOldstatus5status 5
08-28 04:57:32.589 D/StatusBar.BatteryController( 483): now old status is 5
08-28 04:57:49.619 W/ThrottleService( 276): unable to find stats for iface rmnet0
